2024-10-28 02:03:41.231 8 DEBUG oslo_service.service [-] ml2_type_geneve.vni_ranges = [] log_opt_values /var/lib/kolla/venv/lib/python3.6/site-packages/oslo_config/cfg.py:2611
2024-10-28 02:03:41.231 8 DEBUG oslo_service.service [-] ml2_type_gre.tunnel_id_ranges = [] log_opt_values /var/lib/kolla/venv/lib/python3.6/site-packages/oslo_config/cfg.py:2611
2024-10-28 02:03:41.231 8 DEBUG oslo_service.service [-] ml2_type_vlan.network_vlan_ranges = [] log_opt_values /var/lib/kolla/venv/lib/python3.6/site-packages/oslo_config/cfg.py:2611
2024-10-28 02:03:41.231 8 DEBUG oslo_service.service [-] ml2_type_vxlan.vni_ranges = [] log_opt_values /var/lib/kolla/venv/lib/python3.6/site-packages/oslo_config/cfg.py:2611
2024-10-28 02:03:41.231 8 DEBUG oslo_service.service [-] ml2_type_vxlan.vxlan_group = None log_opt_values /var/lib/kolla/venv/lib/python3.6/site-packages/oslo_config/cfg.py:2611
2024-10-28 02:03:41.231 8 DEBUG oslo_service.service [-] database.backend = sqlalchemy log_opt_values /var/lib/kolla/venv/lib/python3.6/site-packages/oslo_config/cfg.py:2611
2024-10-28 02:03:41.231 8 DEBUG oslo_service.service [-] database.connection = **** log_opt_values /var/lib/kolla/venv/lib/python3.6/site-packages/oslo_config/cfg.py:2611
2024-10-28 02:03:41.232 8 DEBUG oslo_service.service [-] database.connection_debug = 0 log_opt_values /var/lib/kolla/venv/lib/python3.6/site-packages/oslo_config/cfg.py:2611
2024-10-28 02:03:41.232 8 DEBUG oslo_service.service [-] database.connection_parameters = log_opt_values /var/lib/kolla/venv/lib/python3.6/site-packages/oslo_config/cfg.py:2611
2024-10-28 02:03:41.232 8 DEBUG oslo_service.service [-] database.connection_recycle_time = 10 log_opt_values /var/lib/kolla/venv/lib/python3.6/site-packages/oslo_config/cfg.py:2611
2024-10-28 02:03:41.232 8 DEBUG oslo_service.service [-] database.connection_trace = False log_opt_values /var/lib/kolla/venv/lib/python3.6/site-packages/oslo_config/cfg.py:2611
2024-10-28 02:03:41.232 8 DEBUG oslo_service.service [-] database.db_inc_retry_interval = True log_opt_values /var/lib/kolla/venv/lib/python3.6/site-packages/oslo_config/cfg.py:2611
2024-10-28 02:03:41.232 8 DEBUG oslo_service.service [-] database.db_max_retries = 20 log_opt_values /var/lib/kolla/venv/lib/python3.6/site-packages/oslo_config/cfg.py:2611
2024-10-28 02:03:41.232 8 DEBUG oslo_service.service [-] database.db_max_retry_interval = 10 log_opt_values /var/lib/kolla/venv/lib/python3.6/site-packages/oslo_config/cfg.py:2611
2024-10-28 02:03:41.232 8 DEBUG oslo_service.service [-] database.db_retry_interval = 1 log_opt_values /var/lib/kolla/venv/lib/python3.6/site-packages/oslo_config/cfg.py:2611
2024-10-28 02:03:41.232 8 DEBUG oslo_service.service [-] database.max_overflow = 50 log_opt_values /var/lib/kolla/venv/lib/python3.6/site-packages/oslo_config/cfg.py:2611
2024-10-28 02:03:41.232 8 DEBUG oslo_service.service [-] database.max_pool_size = 1 log_opt_values /var/lib/kolla/venv/lib/python3.6/site-packages/oslo_config/cfg.py:2611
2024-10-28 02:03:41.232 8 DEBUG oslo_service.service [-] database.max_retries = -1 log_opt_values /var/lib/kolla/venv/lib/python3.6/site-packages/oslo_config/cfg.py:2611
2024-10-28 02:03:41.232 8 DEBUG oslo_service.service [-] database.mysql_enable_ndb = False log_opt_values /var/lib/kolla/venv/lib/python3.6/site-packages/oslo_config/cfg.py:2611
2024-10-28 02:03:41.232 8 DEBUG oslo_service.service [-] database.mysql_sql_mode = TRADITIONAL log_opt_values /var/lib/kolla/venv/lib/python3.6/site-packages/oslo_config/cfg.py:2611
2024-10-28 02:03:41.232 8 DEBUG oslo_service.service [-] database.pool_timeout = None log_opt_values /var/lib/kolla/venv/lib/python3.6/site-packages/oslo_config/cfg.py:2611
2024-10-28 02:03:41.232 8 DEBUG oslo_service.service [-] database.retry_interval = 10 log_opt_values /var/lib/kolla/venv/lib/python3.6/site-packages/oslo_config/cfg.py:2611
2024-10-28 02:03:41.233 8 DEBUG oslo_service.service [-] database.slave_connection = **** log_opt_values /var/lib/kolla/venv/lib/python3.6/site-packages/oslo_config/cfg.py:2611
2024-10-28 02:03:41.233 8 DEBUG oslo_service.service [-] database.sqlite_synchronous = True log_opt_values /var/lib/kolla/venv/lib/python3.6/site-packages/oslo_config/cfg.py:2611
2024-10-28 02:03:41.233 8 DEBUG oslo_service.service [-] database.use_db_reconnect = False log_opt_values /var/lib/kolla/venv/lib/python3.6/site-packages/oslo_config/cfg.py:2611
2024-10-28 02:03:41.233 8 DEBUG oslo_service.service [-] ******************************************************************************** log_opt_values /var/lib/kolla/venv/lib/python3.6/site-packages/oslo_config/cfg.py:2613
2024-10-28 02:03:42.439 23 DEBUG neutron.wsgi [-] (23) accepted ('10.0.0.17', 41520) server /var/lib/kolla/venv/lib/python3.6/site-packages/eventlet/wsgi.py:1004
2024-10-28 02:03:42.446 23 INFO neutron.wsgi [-] 10.0.0.17 "GET / HTTP/1.1" status: 200 len: 227 time: 0.0055780
2024-10-28 02:03:45.072 24 DEBUG neutron.api.rpc.handlers.dhcp_rpc [req-50a2a3a3-e4be-492f-9324-5c995029c951 - - - - -] get_active_networks_info from cn-jenkins-deploy-platform-ansible-os-2155-1 get_active_networks_info /var/lib/kolla/venv/lib/python3.6/site-packages/neutron/api/rpc/handlers/dhcp_rpc.py:159
2024-10-28 02:03:45.091 27 DEBUG neutron_lib.callbacks.manager [req-b64efa51-4b50-4696-a888-75d88be55583 - - - - -] Publish callbacks ['neutron.services.segments.db._update_segment_host_mapping_for_agent-8756853354560', 'neutron.services.l3_router.l3_router_plugin.DVRResourceOperationHandler.create_fip_agent_gw_ports-3922109'] for agent (8769a02d-2cfe-4a96-acd2-311cd1a53923), after_create _notify_loop /var/lib/kolla/venv/lib/python3.6/site-packages/neutron_lib/callbacks/manager.py:177
2024-10-28 02:03:45.112 24 DEBUG neutron.scheduler.dhcp_agent_scheduler [req-50a2a3a3-e4be-492f-9324-5c995029c951 - - - - -] No non-hosted networks auto_schedule_networks /var/lib/kolla/venv/lib/python3.6/site-packages/neutron/scheduler/dhcp_agent_scheduler.py:60
2024-10-28 02:03:57.609 26 DEBUG neutron_lib.callbacks.manager [req-955b123d-0179-4d9d-8c8d-7a42391a31b2 - - - - -] Publish callbacks ['neutron.services.segments.db._update_segment_host_mapping_for_agent-8756853354560', 'neutron.services.l3_router.l3_router_plugin.DVRResourceOperationHandler.create_fip_agent_gw_ports-3922109'] for agent (a57d3efd-0ab8-4007-95d8-9e29015ac19e), after_create _notify_loop /var/lib/kolla/venv/lib/python3.6/site-packages/neutron_lib/callbacks/manager.py:177
2024-10-28 02:04:12.500 23 DEBUG neutron.wsgi [-] (23) accepted ('10.0.0.17', 58436) server /var/lib/kolla/venv/lib/python3.6/site-packages/eventlet/wsgi.py:1004
2024-10-28 02:04:12.504 23 INFO neutron.wsgi [-] 10.0.0.17 "GET / HTTP/1.1" status: 200 len: 227 time: 0.0033333
2024-10-28 02:04:15.080 25 DEBUG neutron_lib.callbacks.manager [req-15a3a1e4-9ee8-417d-a24c-b87dd20ba203 - - - - -] Publish callbacks ['neutron.services.segments.db._update_segment_host_mapping_for_agent-8756853354560', 'neutron.plugins.ml2.plugin.Ml2Plugin._retry_binding_revived_agents--9223372036853974792'] for agent (8769a02d-2cfe-4a96-acd2-311cd1a53923), after_update _notify_loop /var/lib/kolla/venv/lib/python3.6/site-packages/neutron_lib/callbacks/manager.py:177
2024-10-28 02:04:27.191 30 DEBUG neutron.db.agents_db [req-cc00402f-5ede-4414-bc22-b667bd8ea1fd - - - - -] Agent healthcheck: found 2 active agents agent_health_check /var/lib/kolla/venv/lib/python3.6/site-packages/neutron/db/agents_db.py:318
2024-10-28 02:04:27.589 28 DEBUG neutron_lib.callbacks.manager [req-955b123d-0179-4d9d-8c8d-7a42391a31b2 - - - - -] Publish callbacks ['neutron.services.segments.db._update_segment_host_mapping_for_agent-8756853354560', 'neutron.plugins.ml2.plugin.Ml2Plugin._retry_binding_revived_agents--9223372036853974792'] for agent (a57d3efd-0ab8-4007-95d8-9e29015ac19e), after_update _notify_loop /var/lib/kolla/venv/lib/python3.6/site-packages/neutron_lib/callbacks/manager.py:177
2024-10-28 02:04:42.555 23 DEBUG neutron.wsgi [-] (23) accepted ('10.0.0.17', 60054) server /var/lib/kolla/venv/lib/python3.6/site-packages/eventlet/wsgi.py:1004
2024-10-28 02:04:42.559 23 INFO neutron.wsgi [-] 10.0.0.17 "GET / HTTP/1.1" status: 200 len: 227 time: 0.0027304
2024-10-28 02:04:45.068 24 DEBUG neutron_lib.callbacks.manager [req-99bf5bc9-e857-4c64-b7a8-519e20810806 - - - - -] Publish callbacks ['neutron.services.segments.db._update_segment_host_mapping_for_agent-8756853354560', 'neutron.plugins.ml2.plugin.Ml2Plugin._retry_binding_revived_agents--9223372036853974792'] for agent (8769a02d-2cfe-4a96-acd2-311cd1a53923), after_update _notify_loop /var/lib/kolla/venv/lib/python3.6/site-packages/neutron_lib/callbacks/manager.py:177
2024-10-28 02:04:57.592 29 DEBUG neutron_lib.callbacks.manager [req-955b123d-0179-4d9d-8c8d-7a42391a31b2 - - - - -] Publish callbacks ['neutron.services.segments.db._update_segment_host_mapping_for_agent-8756853354560', 'neutron.plugins.ml2.plugin.Ml2Plugin._retry_binding_revived_agents--9223372036853974792'] for agent (a57d3efd-0ab8-4007-95d8-9e29015ac19e), after_update _notify_loop /var/lib/kolla/venv/lib/python3.6/site-packages/neutron_lib/callbacks/manager.py:177
2024-10-28 02:05:04.189 30 DEBUG neutron.db.agents_db [req-cc00402f-5ede-4414-bc22-b667bd8ea1fd - - - - -] Agent healthcheck: found 2 active agents agent_health_check /var/lib/kolla/venv/lib/python3.6/site-packages/neutron/db/agents_db.py:318
2024-10-28 02:05:12.601 23 DEBUG neutron.wsgi [-] (23) accepted ('10.0.0.17', 36574) server /var/lib/kolla/venv/lib/python3.6/site-packages/eventlet/wsgi.py:1004
2024-10-28 02:05:12.604 23 INFO neutron.wsgi [-] 10.0.0.17 "GET / HTTP/1.1" status: 200 len: 227 time: 0.0028679
2024-10-28 02:05:15.067 27 DEBUG neutron_lib.callbacks.manager [req-823968d0-d202-4f11-8c43-023a21b17fab - - - - -] Publish callbacks ['neutron.services.segments.db._update_segment_host_mapping_for_agent-8756853354560', 'neutron.plugins.ml2.plugin.Ml2Plugin._retry_binding_revived_agents--9223372036853974792'] for agent (8769a02d-2cfe-4a96-acd2-311cd1a53923), after_update _notify_loop /var/lib/kolla/venv/lib/python3.6/site-packages/neutron_lib/callbacks/manager.py:177
2024-10-28 02:05:27.580 26 DEBUG neutron_lib.callbacks.manager [req-955b123d-0179-4d9d-8c8d-7a42391a31b2 - - - - -] Publish callbacks ['neutron.services.segments.db._update_segment_host_mapping_for_agent-8756853354560', 'neutron.plugins.ml2.plugin.Ml2Plugin._retry_binding_revived_agents--9223372036853974792'] for agent (a57d3efd-0ab8-4007-95d8-9e29015ac19e), after_update _notify_loop /var/lib/kolla/venv/lib/python3.6/site-packages/neutron_lib/callbacks/manager.py:177
2024-10-28 02:05:41.196 30 DEBUG neutron.db.agents_db [req-cc00402f-5ede-4414-bc22-b667bd8ea1fd - - - - -] Agent healthcheck: found 2 active agents agent_health_check /var/lib/kolla/venv/lib/python3.6/site-packages/neutron/db/agents_db.py:318
2024-10-28 02:05:42.650 23 DEBUG neutron.wsgi [-] (23) accepted ('10.0.0.17', 36648) server /var/lib/kolla/venv/lib/python3.6/site-packages/eventlet/wsgi.py:1004
2024-10-28 02:05:42.654 23 INFO neutron.wsgi [-] 10.0.0.17 "GET / HTTP/1.1" status: 200 len: 227 time: 0.0029182
2024-10-28 02:05:45.138 25 DEBUG neutron_lib.callbacks.manager [req-c181c3bc-4cc8-48d0-aebf-d955b975da57 - - - - -] Publish callbacks ['neutron.services.segments.db._update_segment_host_mapping_for_agent-8756853354560', 'neutron.plugins.ml2.plugin.Ml2Plugin._retry_binding_revived_agents--9223372036853974792'] for agent (8769a02d-2cfe-4a96-acd2-311cd1a53923), after_update _notify_loop /var/lib/kolla/venv/lib/python3.6/site-packages/neutron_lib/callbacks/manager.py:177
2024-10-28 02:05:57.583 28 DEBUG neutron_lib.callbacks.manager [req-955b123d-0179-4d9d-8c8d-7a42391a31b2 - - - - -] Publish callbacks ['neutron.services.segments.db._update_segment_host_mapping_for_agent-8756853354560', 'neutron.plugins.ml2.plugin.Ml2Plugin._retry_binding_revived_agents--9223372036853974792'] for agent (a57d3efd-0ab8-4007-95d8-9e29015ac19e), after_update _notify_loop /var/lib/kolla/venv/lib/python3.6/site-packages/neutron_lib/callbacks/manager.py:177
2024-10-28 02:06:12.709 23 DEBUG neutron.wsgi [-] (23) accepted ('10.0.0.17', 53604) server /var/lib/kolla/venv/lib/python3.6/site-packages/eventlet/wsgi.py:1004
2024-10-28 02:06:12.716 23 INFO neutron.wsgi [-] 10.0.0.17 "GET / HTTP/1.1" status: 200 len: 227 time: 0.0057757
2024-10-28 02:06:15.068 24 DEBUG neutron_lib.callbacks.manager [req-7c149732-a03d-4968-a44b-0372335653c5 - - - - -] Publish callbacks ['neutron.services.segments.db._update_segment_host_mapping_for_agent-8756853354560', 'neutron.plugins.ml2.plugin.Ml2Plugin._retry_binding_revived_agents--9223372036853974792'] for agent (8769a02d-2cfe-4a96-acd2-311cd1a53923), after_update _notify_loop /var/lib/kolla/venv/lib/python3.6/site-packages/neutron_lib/callbacks/manager.py:177
2024-10-28 02:06:18.193 30 DEBUG neutron.db.agents_db [req-cc00402f-5ede-4414-bc22-b667bd8ea1fd - - - - -] Agent healthcheck: found 2 active agents agent_health_check /var/lib/kolla/venv/lib/python3.6/site-packages/neutron/db/agents_db.py:318
2024-10-28 02:06:27.583 29 DEBUG neutron_lib.callbacks.manager [req-955b123d-0179-4d9d-8c8d-7a42391a31b2 - - - - -] Publish callbacks ['neutron.services.segments.db._update_segment_host_mapping_for_agent-8756853354560', 'neutron.plugins.ml2.plugin.Ml2Plugin._retry_binding_revived_agents--9223372036853974792'] for agent (a57d3efd-0ab8-4007-95d8-9e29015ac19e), after_update _notify_loop /var/lib/kolla/venv/lib/python3.6/site-packages/neutron_lib/callbacks/manager.py:177
2024-10-28 02:06:42.758 23 DEBUG neutron.wsgi [-] (23) accepted ('10.0.0.17', 38916) server /var/lib/kolla/venv/lib/python3.6/site-packages/eventlet/wsgi.py:1004
2024-10-28 02:06:42.761 23 INFO neutron.wsgi [-] 10.0.0.17 "GET / HTTP/1.1" status: 200 len: 227 time: 0.0027573
2024-10-28 02:06:45.064 27 DEBUG neutron_lib.callbacks.manager [req-b89214d0-d6bc-4fb8-9b54-ac86864fdcc1 - - - - -] Publish callbacks ['neutron.services.segments.db._update_segment_host_mapping_for_agent-8756853354560', 'neutron.plugins.ml2.plugin.Ml2Plugin._retry_binding_revived_agents--9223372036853974792'] for agent (8769a02d-2cfe-4a96-acd2-311cd1a53923), after_update _notify_loop /var/lib/kolla/venv/lib/python3.6/site-packages/neutron_lib/callbacks/manager.py:177
2024-10-28 02:06:55.194 30 DEBUG neutron.db.agents_db [req-cc00402f-5ede-4414-bc22-b667bd8ea1fd - - - - -] Agent healthcheck: found 2 active agents agent_health_check /var/lib/kolla/venv/lib/python3.6/site-packages/neutron/db/agents_db.py:318
2024-10-28 02:06:57.587 26 DEBUG neutron_lib.callbacks.manager [req-955b123d-0179-4d9d-8c8d-7a42391a31b2 - - - - -] Publish callbacks ['neutron.services.segments.db._update_segment_host_mapping_for_agent-8756853354560', 'neutron.plugins.ml2.plugin.Ml2Plugin._retry_binding_revived_agents--9223372036853974792'] for agent (a57d3efd-0ab8-4007-95d8-9e29015ac19e), after_update _notify_loop /var/lib/kolla/venv/lib/python3.6/site-packages/neutron_lib/callbacks/manager.py:177
2024-10-28 02:07:12.808 23 DEBUG neutron.wsgi [-] (23) accepted ('10.0.0.17', 48084) server /var/lib/kolla/venv/lib/python3.6/site-packages/eventlet/wsgi.py:1004
2024-10-28 02:07:12.812 23 INFO neutron.wsgi [-] 10.0.0.17 "GET / HTTP/1.1" status: 200 len: 227 time: 0.0028725
2024-10-28 02:07:15.059 25 DEBUG neutron_lib.callbacks.manager [req-ab37f955-3e65-4d31-a1fc-644a1010544a - - - - -] Publish callbacks ['neutron.services.segments.db._update_segment_host_mapping_for_agent-8756853354560', 'neutron.plugins.ml2.plugin.Ml2Plugin._retry_binding_revived_agents--9223372036853974792'] for agent (8769a02d-2cfe-4a96-acd2-311cd1a53923), after_update _notify_loop /var/lib/kolla/venv/lib/python3.6/site-packages/neutron_lib/callbacks/manager.py:177
2024-10-28 02:07:27.602 28 DEBUG neutron_lib.callbacks.manager [req-955b123d-0179-4d9d-8c8d-7a42391a31b2 - - - - -] Publish callbacks ['neutron.services.segments.db._update_segment_host_mapping_for_agent-8756853354560', 'neutron.plugins.ml2.plugin.Ml2Plugin._retry_binding_revived_agents--9223372036853974792'] for agent (a57d3efd-0ab8-4007-95d8-9e29015ac19e), after_update _notify_loop /var/lib/kolla/venv/lib/python3.6/site-packages/neutron_lib/callbacks/manager.py:177
2024-10-28 02:07:32.195 30 DEBUG neutron.db.agents_db [req-cc00402f-5ede-4414-bc22-b667bd8ea1fd - - - - -] Agent healthcheck: found 2 active agents agent_health_check /var/lib/kolla/venv/lib/python3.6/site-packages/neutron/db/agents_db.py:318
2024-10-28 02:07:42.861 23 DEBUG neutron.wsgi [-] (23) accepted ('10.0.0.17', 47714) server /var/lib/kolla/venv/lib/python3.6/site-packages/eventlet/wsgi.py:1004
2024-10-28 02:07:42.864 23 INFO neutron.wsgi [-] 10.0.0.17 "GET / HTTP/1.1" status: 200 len: 227 time: 0.0027041
2024-10-28 02:07:45.056 24 DEBUG neutron_lib.callbacks.manager [req-8fcec00c-2f55-4f64-83f9-cb1451f230e7 - - - - -] Publish callbacks ['neutron.services.segments.db._update_segment_host_mapping_for_agent-8756853354560', 'neutron.plugins.ml2.plugin.Ml2Plugin._retry_binding_revived_agents--9223372036853974792'] for agent (8769a02d-2cfe-4a96-acd2-311cd1a53923), after_update _notify_loop /var/lib/kolla/venv/lib/python3.6/site-packages/neutron_lib/callbacks/manager.py:177
2024-10-28 02:07:57.589 29 DEBUG neutron_lib.callbacks.manager [req-955b123d-0179-4d9d-8c8d-7a42391a31b2 - - - - -] Publish callbacks ['neutron.services.segments.db._update_segment_host_mapping_for_agent-8756853354560', 'neutron.plugins.ml2.plugin.Ml2Plugin._retry_binding_revived_agents--9223372036853974792'] for agent (a57d3efd-0ab8-4007-95d8-9e29015ac19e), after_update _notify_loop /var/lib/kolla/venv/lib/python3.6/site-packages/neutron_lib/callbacks/manager.py:177
2024-10-28 02:08:09.195 30 DEBUG neutron.db.agents_db [req-cc00402f-5ede-4414-bc22-b667bd8ea1fd - - - - -] Agent healthcheck: found 2 active agents agent_health_check /var/lib/kolla/venv/lib/python3.6/site-packages/neutron/db/agents_db.py:318
2024-10-28 02:08:12.929 23 DEBUG neutron.wsgi [-] (23) accepted ('10.0.0.17', 60778) server /var/lib/kolla/venv/lib/python3.6/site-packages/eventlet/wsgi.py:1004
2024-10-28 02:08:12.932 23 INFO neutron.wsgi [-] 10.0.0.17 "GET / HTTP/1.1" status: 200 len: 227 time: 0.0028110
2024-10-28 02:08:15.053 27 DEBUG neutron_lib.callbacks.manager [req-ba7c22dd-28f2-4ec5-9486-69664d4b79a6 - - - - -] Publish callbacks ['neutron.services.segments.db._update_segment_host_mapping_for_agent-8756853354560', 'neutron.plugins.ml2.plugin.Ml2Plugin._retry_binding_revived_agents--9223372036853974792'] for agent (8769a02d-2cfe-4a96-acd2-311cd1a53923), after_update _notify_loop /var/lib/kolla/venv/lib/python3.6/site-packages/neutron_lib/callbacks/manager.py:177
2024-10-28 02:08:27.594 26 DEBUG neutron_lib.callbacks.manager [req-955b123d-0179-4d9d-8c8d-7a42391a31b2 - - - - -] Publish callbacks ['neutron.services.segments.db._update_segment_host_mapping_for_agent-8756853354560', 'neutron.plugins.ml2.plugin.Ml2Plugin._retry_binding_revived_agents--9223372036853974792'] for agent (a57d3efd-0ab8-4007-95d8-9e29015ac19e), after_update _notify_loop /var/lib/kolla/venv/lib/python3.6/site-packages/neutron_lib/callbacks/manager.py:177
2024-10-28 02:08:42.978 23 DEBUG neutron.wsgi [-] (23) accepted ('10.0.0.17', 60660) server /var/lib/kolla/venv/lib/python3.6/site-packages/eventlet/wsgi.py:1004
2024-10-28 02:08:42.983 23 INFO neutron.wsgi [-] 10.0.0.17 "GET / HTTP/1.1" status: 200 len: 227 time: 0.0029960
2024-10-28 02:08:45.051 25 DEBUG neutron_lib.callbacks.manager [req-10c57882-aa72-442e-a901-40682c240273 - - - - -] Publish callbacks ['neutron.services.segments.db._update_segment_host_mapping_for_agent-8756853354560', 'neutron.plugins.ml2.plugin.Ml2Plugin._retry_binding_revived_agents--9223372036853974792'] for agent (8769a02d-2cfe-4a96-acd2-311cd1a53923), after_update _notify_loop /var/lib/kolla/venv/lib/python3.6/site-packages/neutron_lib/callbacks/manager.py:177
2024-10-28 02:08:46.198 30 DEBUG neutron.db.agents_db [req-cc00402f-5ede-4414-bc22-b667bd8ea1fd - - - - -] Agent healthcheck: found 2 active agents agent_health_check /var/lib/kolla/venv/lib/python3.6/site-packages/neutron/db/agents_db.py:318
2024-10-28 02:08:57.603 28 DEBUG neutron_lib.callbacks.manager [req-955b123d-0179-4d9d-8c8d-7a42391a31b2 - - - - -] Publish callbacks ['neutron.services.segments.db._update_segment_host_mapping_for_agent-8756853354560', 'neutron.plugins.ml2.plugin.Ml2Plugin._retry_binding_revived_agents--9223372036853974792'] for agent (a57d3efd-0ab8-4007-95d8-9e29015ac19e), after_update _notify_loop /var/lib/kolla/venv/lib/python3.6/site-packages/neutron_lib/callbacks/manager.py:177
2024-10-28 02:09:13.043 23 DEBUG neutron.wsgi [-] (23) accepted ('10.0.0.17', 56568) server /var/lib/kolla/venv/lib/python3.6/site-packages/eventlet/wsgi.py:1004
2024-10-28 02:09:13.048 23 INFO neutron.wsgi [-] 10.0.0.17 "GET / HTTP/1.1" status: 200 len: 227 time: 0.0034511
2024-10-28 02:09:15.050 24 DEBUG neutron_lib.callbacks.manager [req-78e4ce41-74ba-4fa9-af71-532958124e84 - - - - -] Publish callbacks ['neutron.services.segments.db._update_segment_host_mapping_for_agent-8756853354560', 'neutron.plugins.ml2.plugin.Ml2Plugin._retry_binding_revived_agents--9223372036853974792'] for agent (8769a02d-2cfe-4a96-acd2-311cd1a53923), after_update _notify_loop /var/lib/kolla/venv/lib/python3.6/site-packages/neutron_lib/callbacks/manager.py:177
2024-10-28 02:09:23.196 30 DEBUG neutron.db.agents_db [req-cc00402f-5ede-4414-bc22-b667bd8ea1fd - - - - -] Agent healthcheck: found 2 active agents agent_health_check /var/lib/kolla/venv/lib/python3.6/site-packages/neutron/db/agents_db.py:318
2024-10-28 02:09:27.599 29 DEBUG neutron_lib.callbacks.manager [req-955b123d-0179-4d9d-8c8d-7a42391a31b2 - - - - -] Publish callbacks ['neutron.services.segments.db._update_segment_host_mapping_for_agent-8756853354560', 'neutron.plugins.ml2.plugin.Ml2Plugin._retry_binding_revived_agents--9223372036853974792'] for agent (a57d3efd-0ab8-4007-95d8-9e29015ac19e), after_update _notify_loop /var/lib/kolla/venv/lib/python3.6/site-packages/neutron_lib/callbacks/manager.py:177
2024-10-28 02:09:43.093 23 DEBUG neutron.wsgi [-] (23) accepted ('10.0.0.17', 41748) server /var/lib/kolla/venv/lib/python3.6/site-packages/eventlet/wsgi.py:1004
2024-10-28 02:09:43.097 23 INFO neutron.wsgi [-] 10.0.0.17 "GET / HTTP/1.1" status: 200 len: 227 time: 0.0030782
2024-10-28 02:09:45.046 27 DEBUG neutron_lib.callbacks.manager [req-86b4b5c9-6e2f-4cef-b435-1834a0366e32 - - - - -] Publish callbacks ['neutron.services.segments.db._update_segment_host_mapping_for_agent-8756853354560', 'neutron.plugins.ml2.plugin.Ml2Plugin._retry_binding_revived_agents--9223372036853974792'] for agent (8769a02d-2cfe-4a96-acd2-311cd1a53923), after_update _notify_loop /var/lib/kolla/venv/lib/python3.6/site-packages/neutron_lib/callbacks/manager.py:177
2024-10-28 02:09:57.601 26 DEBUG neutron_lib.callbacks.manager [req-955b123d-0179-4d9d-8c8d-7a42391a31b2 - - - - -] Publish callbacks ['neutron.services.segments.db._update_segment_host_mapping_for_agent-8756853354560', 'neutron.plugins.ml2.plugin.Ml2Plugin._retry_binding_revived_agents--9223372036853974792'] for agent (a57d3efd-0ab8-4007-95d8-9e29015ac19e), after_update _notify_loop /var/lib/kolla/venv/lib/python3.6/site-packages/neutron_lib/callbacks/manager.py:177
2024-10-28 02:10:00.197 30 DEBUG neutron.db.agents_db [req-cc00402f-5ede-4414-bc22-b667bd8ea1fd - - - - -] Agent healthcheck: found 2 active agents agent_health_check /var/lib/kolla/venv/lib/python3.6/site-packages/neutron/db/agents_db.py:318
2024-10-28 02:10:13.144 23 DEBUG neutron.wsgi [-] (23) accepted ('10.0.0.17', 40620) server /var/lib/kolla/venv/lib/python3.6/site-packages/eventlet/wsgi.py:1004
2024-10-28 02:10:13.147 23 INFO neutron.wsgi [-] 10.0.0.17 "GET / HTTP/1.1" status: 200 len: 227 time: 0.0026641
2024-10-28 02:10:15.043 25 DEBUG neutron_lib.callbacks.manager [req-a1f033e0-a030-422d-8248-89bf27b9b326 - - - - -] Publish callbacks ['neutron.services.segments.db._update_segment_host_mapping_for_agent-8756853354560', 'neutron.plugins.ml2.plugin.Ml2Plugin._retry_binding_revived_agents--9223372036853974792'] for agent (8769a02d-2cfe-4a96-acd2-311cd1a53923), after_update _notify_loop /var/lib/kolla/venv/lib/python3.6/site-packages/neutron_lib/callbacks/manager.py:177
2024-10-28 02:10:27.602 28 DEBUG neutron_lib.callbacks.manager [req-955b123d-0179-4d9d-8c8d-7a42391a31b2 - - - - -] Publish callbacks ['neutron.services.segments.db._update_segment_host_mapping_for_agent-8756853354560', 'neutron.plugins.ml2.plugin.Ml2Plugin._retry_binding_revived_agents--9223372036853974792'] for agent (a57d3efd-0ab8-4007-95d8-9e29015ac19e), after_update _notify_loop /var/lib/kolla/venv/lib/python3.6/site-packages/neutron_lib/callbacks/manager.py:177
2024-10-28 02:10:37.194 30 DEBUG neutron.db.agents_db [req-cc00402f-5ede-4414-bc22-b667bd8ea1fd - - - - -] Agent healthcheck: found 2 active agents agent_health_check /var/lib/kolla/venv/lib/python3.6/site-packages/neutron/db/agents_db.py:318
2024-10-28 02:10:43.196 23 DEBUG neutron.wsgi [-] (23) accepted ('10.0.0.17', 41508) server /var/lib/kolla/venv/lib/python3.6/site-packages/eventlet/wsgi.py:1004
2024-10-28 02:10:43.201 23 INFO neutron.wsgi [-] 10.0.0.17 "GET / HTTP/1.1" status: 200 len: 227 time: 0.0040805
2024-10-28 02:10:45.042 24 DEBUG neutron_lib.callbacks.manager [req-96e6b3e0-e189-4f58-9c5a-ed1009ad22f3 - - - - -] Publish callbacks ['neutron.services.segments.db._update_segment_host_mapping_for_agent-8756853354560', 'neutron.plugins.ml2.plugin.Ml2Plugin._retry_binding_revived_agents--9223372036853974792'] for agent (8769a02d-2cfe-4a96-acd2-311cd1a53923), after_update _notify_loop /var/lib/kolla/venv/lib/python3.6/site-packages/neutron_lib/callbacks/manager.py:177
2024-10-28 02:10:57.606 29 DEBUG neutron_lib.callbacks.manager [req-955b123d-0179-4d9d-8c8d-7a42391a31b2 - - - - -] Publish callbacks ['neutron.services.segments.db._update_segment_host_mapping_for_agent-8756853354560', 'neutron.plugins.ml2.plugin.Ml2Plugin._retry_binding_revived_agents--9223372036853974792'] for agent (a57d3efd-0ab8-4007-95d8-9e29015ac19e), after_update _notify_loop /var/lib/kolla/venv/lib/python3.6/site-packages/neutron_lib/callbacks/manager.py:177
2024-10-28 02:11:13.247 23 DEBUG neutron.wsgi [-] (23) accepted ('10.0.0.17', 56378) server /var/lib/kolla/venv/lib/python3.6/site-packages/eventlet/wsgi.py:1004
2024-10-28 02:11:13.252 23 INFO neutron.wsgi [-] 10.0.0.17 "GET / HTTP/1.1" status: 200 len: 227 time: 0.0035281
2024-10-28 02:11:14.192 30 DEBUG neutron.db.agents_db [req-cc00402f-5ede-4414-bc22-b667bd8ea1fd - - - - -] Agent healthcheck: found 2 active agents agent_health_check /var/lib/kolla/venv/lib/python3.6/site-packages/neutron/db/agents_db.py:318
2024-10-28 02:11:15.040 27 DEBUG neutron_lib.callbacks.manager [req-e8a0c948-d932-4d7a-999a-881f20e9becd - - - - -] Publish callbacks ['neutron.services.segments.db._update_segment_host_mapping_for_agent-8756853354560', 'neutron.plugins.ml2.plugin.Ml2Plugin._retry_binding_revived_agents--9223372036853974792'] for agent (8769a02d-2cfe-4a96-acd2-311cd1a53923), after_update _notify_loop /var/lib/kolla/venv/lib/python3.6/site-packages/neutron_lib/callbacks/manager.py:177
2024-10-28 02:11:27.606 26 DEBUG neutron_lib.callbacks.manager [req-955b123d-0179-4d9d-8c8d-7a42391a31b2 - - - - -] Publish callbacks ['neutron.services.segments.db._update_segment_host_mapping_for_agent-8756853354560', 'neutron.plugins.ml2.plugin.Ml2Plugin._retry_binding_revived_agents--9223372036853974792'] for agent (a57d3efd-0ab8-4007-95d8-9e29015ac19e), after_update _notify_loop /var/lib/kolla/venv/lib/python3.6/site-packages/neutron_lib/callbacks/manager.py:177
2024-10-28 02:11:43.295 23 DEBUG neutron.wsgi [-] (23) accepted ('10.0.0.17', 60022) server /var/lib/kolla/venv/lib/python3.6/site-packages/eventlet/wsgi.py:1004
2024-10-28 02:11:43.299 23 INFO neutron.wsgi [-] 10.0.0.17 "GET / HTTP/1.1" status: 200 len: 227 time: 0.0028214
2024-10-28 02:11:45.037 25 DEBUG neutron_lib.callbacks.manager [req-a39fd54c-0fdd-42d5-a50a-a5f70def5fbd - - - - -] Publish callbacks ['neutron.services.segments.db._update_segment_host_mapping_for_agent-8756853354560', 'neutron.plugins.ml2.plugin.Ml2Plugin._retry_binding_revived_agents--9223372036853974792'] for agent (8769a02d-2cfe-4a96-acd2-311cd1a53923), after_update _notify_loop /var/lib/kolla/venv/lib/python3.6/site-packages/neutron_lib/callbacks/manager.py:177
2024-10-28 02:11:51.191 30 DEBUG neutron.db.agents_db [req-cc00402f-5ede-4414-bc22-b667bd8ea1fd - - - - -] Agent healthcheck: found 2 active agents agent_health_check /var/lib/kolla/venv/lib/python3.6/site-packages/neutron/db/agents_db.py:318
2024-10-28 02:11:57.607 28 DEBUG neutron_lib.callbacks.manager [req-955b123d-0179-4d9d-8c8d-7a42391a31b2 - - - - -] Publish callbacks ['neutron.services.segments.db._update_segment_host_mapping_for_agent-8756853354560', 'neutron.plugins.ml2.plugin.Ml2Plugin._retry_binding_revived_agents--9223372036853974792'] for agent (a57d3efd-0ab8-4007-95d8-9e29015ac19e), after_update _notify_loop /var/lib/kolla/venv/lib/python3.6/site-packages/neutron_lib/callbacks/manager.py:177
2024-10-28 02:12:13.343 23 DEBUG neutron.wsgi [-] (23) accepted ('10.0.0.17', 38948) server /var/lib/kolla/venv/lib/python3.6/site-packages/eventlet/wsgi.py:1004
2024-10-28 02:12:13.346 23 INFO neutron.wsgi [-] 10.0.0.17 "GET / HTTP/1.1" status: 200 len: 227 time: 0.0027127
2024-10-28 02:12:15.064 24 DEBUG neutron_lib.callbacks.manager [req-7ecd79df-b96f-4d74-b959-ad6d3205f66c - - - - -] Publish callbacks ['neutron.services.segments.db._update_segment_host_mapping_for_agent-8756853354560', 'neutron.plugins.ml2.plugin.Ml2Plugin._retry_binding_revived_agents--9223372036853974792'] for agent (8769a02d-2cfe-4a96-acd2-311cd1a53923), after_update _notify_loop /var/lib/kolla/venv/lib/python3.6/site-packages/neutron_lib/callbacks/manager.py:177
2024-10-28 02:12:27.611 29 DEBUG neutron_lib.callbacks.manager [req-955b123d-0179-4d9d-8c8d-7a42391a31b2 - - - - -] Publish callbacks ['neutron.services.segments.db._update_segment_host_mapping_for_agent-8756853354560', 'neutron.plugins.ml2.plugin.Ml2Plugin._retry_binding_revived_agents--9223372036853974792'] for agent (a57d3efd-0ab8-4007-95d8-9e29015ac19e), after_update _notify_loop /var/lib/kolla/venv/lib/python3.6/site-packages/neutron_lib/callbacks/manager.py:177
2024-10-28 02:12:28.200 30 DEBUG neutron.db.agents_db [req-cc00402f-5ede-4414-bc22-b667bd8ea1fd - - - - -] Agent healthcheck: found 2 active agents agent_health_check /var/lib/kolla/venv/lib/python3.6/site-packages/neutron/db/agents_db.py:318
2024-10-28 02:12:43.389 23 DEBUG neutron.wsgi [-] (23) accepted ('10.0.0.17', 51430) server /var/lib/kolla/venv/lib/python3.6/site-packages/eventlet/wsgi.py:1004
2024-10-28 02:12:43.394 23 INFO neutron.wsgi [-] 10.0.0.17 "GET / HTTP/1.1" status: 200 len: 227 time: 0.0038459
2024-10-28 02:12:45.033 27 DEBUG neutron_lib.callbacks.manager [req-0ac4e258-45ad-4cd6-876d-3fd92f297702 - - - - -] Publish callbacks ['neutron.services.segments.db._update_segment_host_mapping_for_agent-8756853354560', 'neutron.plugins.ml2.plugin.Ml2Plugin._retry_binding_revived_agents--9223372036853974792'] for agent (8769a02d-2cfe-4a96-acd2-311cd1a53923), after_update _notify_loop /var/lib/kolla/venv/lib/python3.6/site-packages/neutron_lib/callbacks/manager.py:177
2024-10-28 02:12:57.613 26 DEBUG neutron_lib.callbacks.manager [req-955b123d-0179-4d9d-8c8d-7a42391a31b2 - - - - -] Publish callbacks ['neutron.services.segments.db._update_segment_host_mapping_for_agent-8756853354560', 'neutron.plugins.ml2.plugin.Ml2Plugin._retry_binding_revived_agents--9223372036853974792'] for agent (a57d3efd-0ab8-4007-95d8-9e29015ac19e), after_update _notify_loop /var/lib/kolla/venv/lib/python3.6/site-packages/neutron_lib/callbacks/manager.py:177
2024-10-28 02:13:05.201 30 DEBUG neutron.db.agents_db [req-cc00402f-5ede-4414-bc22-b667bd8ea1fd - - - - -] Agent healthcheck: found 2 active agents agent_health_check /var/lib/kolla/venv/lib/python3.6/site-packages/neutron/db/agents_db.py:318
2024-10-28 02:13:13.458 23 DEBUG neutron.wsgi [-] (23) accepted ('10.0.0.17', 53234) server /var/lib/kolla/venv/lib/python3.6/site-packages/eventlet/wsgi.py:1004
2024-10-28 02:13:13.461 23 INFO neutron.wsgi [-] 10.0.0.17 "GET / HTTP/1.1" status: 200 len: 227 time: 0.0028143
2024-10-28 02:13:15.036 25 DEBUG neutron_lib.callbacks.manager [req-a6df0829-8d92-4d56-bfd9-4c89a89e7f15 - - - - -] Publish callbacks ['neutron.services.segments.db._update_segment_host_mapping_for_agent-8756853354560', 'neutron.plugins.ml2.plugin.Ml2Plugin._retry_binding_revived_agents--9223372036853974792'] for agent (8769a02d-2cfe-4a96-acd2-311cd1a53923), after_update _notify_loop /var/lib/kolla/venv/lib/python3.6/site-packages/neutron_lib/callbacks/manager.py:177
2024-10-28 02:13:27.621 28 DEBUG neutron_lib.callbacks.manager [req-955b123d-0179-4d9d-8c8d-7a42391a31b2 - - - - -] Publish callbacks ['neutron.services.segments.db._update_segment_host_mapping_for_agent-8756853354560', 'neutron.plugins.ml2.plugin.Ml2Plugin._retry_binding_revived_agents--9223372036853974792'] for agent (a57d3efd-0ab8-4007-95d8-9e29015ac19e), after_update _notify_loop /var/lib/kolla/venv/lib/python3.6/site-packages/neutron_lib/callbacks/manager.py:177
2024-10-28 02:13:42.197 30 DEBUG neutron.db.agents_db [req-cc00402f-5ede-4414-bc22-b667bd8ea1fd - - - - -] Agent healthcheck: found 2 active agents agent_health_check /var/lib/kolla/venv/lib/python3.6/site-packages/neutron/db/agents_db.py:318
2024-10-28 02:13:43.510 23 DEBUG neutron.wsgi [-] (23) accepted ('10.0.0.17', 34210) server /var/lib/kolla/venv/lib/python3.6/site-packages/eventlet/wsgi.py:1004
2024-10-28 02:13:43.515 23 INFO neutron.wsgi [-] 10.0.0.17 "GET / HTTP/1.1" status: 200 len: 227 time: 0.0032794
2024-10-28 02:13:45.041 24 DEBUG neutron_lib.callbacks.manager [req-806fd3f1-e949-4e26-a31a-ed3e621a48f7 - - - - -] Publish callbacks ['neutron.services.segments.db._update_segment_host_mapping_for_agent-8756853354560', 'neutron.plugins.ml2.plugin.Ml2Plugin._retry_binding_revived_agents--9223372036853974792'] for agent (8769a02d-2cfe-4a96-acd2-311cd1a53923), after_update _notify_loop /var/lib/kolla/venv/lib/python3.6/site-packages/neutron_lib/callbacks/manager.py:177
2024-10-28 02:13:57.625 29 DEBUG neutron_lib.callbacks.manager [req-955b123d-0179-4d9d-8c8d-7a42391a31b2 - - - - -] Publish callbacks ['neutron.services.segments.db._update_segment_host_mapping_for_agent-8756853354560', 'neutron.plugins.ml2.plugin.Ml2Plugin._retry_binding_revived_agents--9223372036853974792'] for agent (a57d3efd-0ab8-4007-95d8-9e29015ac19e), after_update _notify_loop /var/lib/kolla/venv/lib/python3.6/site-packages/neutron_lib/callbacks/manager.py:177
2024-10-28 02:14:13.577 23 DEBUG neutron.wsgi [-] (23) accepted ('10.0.0.17', 37960) server /var/lib/kolla/venv/lib/python3.6/site-packages/eventlet/wsgi.py:1004
2024-10-28 02:14:13.581 23 INFO neutron.wsgi [-] 10.0.0.17 "GET / HTTP/1.1" status: 200 len: 227 time: 0.0026333
2024-10-28 02:14:15.038 27 DEBUG neutron_lib.callbacks.manager [req-fc33e1dd-9e32-4b5f-88e2-2e31d75a987c - - - - -] Publish callbacks ['neutron.services.segments.db._update_segment_host_mapping_for_agent-8756853354560', 'neutron.plugins.ml2.plugin.Ml2Plugin._retry_binding_revived_agents--9223372036853974792'] for agent (8769a02d-2cfe-4a96-acd2-311cd1a53923), after_update _notify_loop /var/lib/kolla/venv/lib/python3.6/site-packages/neutron_lib/callbacks/manager.py:177
2024-10-28 02:14:19.197 30 DEBUG neutron.db.agents_db [req-cc00402f-5ede-4414-bc22-b667bd8ea1fd - - - - -] Agent healthcheck: found 2 active agents agent_health_check /var/lib/kolla/venv/lib/python3.6/site-packages/neutron/db/agents_db.py:318
2024-10-28 02:14:27.623 26 DEBUG neutron_lib.callbacks.manager [req-955b123d-0179-4d9d-8c8d-7a42391a31b2 - - - - -] Publish callbacks ['neutron.services.segments.db._update_segment_host_mapping_for_agent-8756853354560', 'neutron.plugins.ml2.plugin.Ml2Plugin._retry_binding_revived_agents--9223372036853974792'] for agent (a57d3efd-0ab8-4007-95d8-9e29015ac19e), after_update _notify_loop /var/lib/kolla/venv/lib/python3.6/site-packages/neutron_lib/callbacks/manager.py:177
2024-10-28 02:14:43.628 23 DEBUG neutron.wsgi [-] (23) accepted ('10.0.0.17', 57312) server /var/lib/kolla/venv/lib/python3.6/site-packages/eventlet/wsgi.py:1004
2024-10-28 02:14:43.632 23 INFO neutron.wsgi [-] 10.0.0.17 "GET / HTTP/1.1" status: 200 len: 227 time: 0.0025766
2024-10-28 02:14:45.034 25 DEBUG neutron_lib.callbacks.manager [req-6bdd3c09-8b17-4d22-92d5-b7e682e434a0 - - - - -] Publish callbacks ['neutron.services.segments.db._update_segment_host_mapping_for_agent-8756853354560', 'neutron.plugins.ml2.plugin.Ml2Plugin._retry_binding_revived_agents--9223372036853974792'] for agent (8769a02d-2cfe-4a96-acd2-311cd1a53923), after_update _notify_loop /var/lib/kolla/venv/lib/python3.6/site-packages/neutron_lib/callbacks/manager.py:177
2024-10-28 02:14:56.197 30 DEBUG neutron.db.agents_db [req-cc00402f-5ede-4414-bc22-b667bd8ea1fd - - - - -] Agent healthcheck: found 2 active agents agent_health_check /var/lib/kolla/venv/lib/python3.6/site-packages/neutron/db/agents_db.py:318
2024-10-28 02:14:57.624 28 DEBUG neutron_lib.callbacks.manager [req-955b123d-0179-4d9d-8c8d-7a42391a31b2 - - - - -] Publish callbacks ['neutron.services.segments.db._update_segment_host_mapping_for_agent-8756853354560', 'neutron.plugins.ml2.plugin.Ml2Plugin._retry_binding_revived_agents--9223372036853974792'] for agent (a57d3efd-0ab8-4007-95d8-9e29015ac19e), after_update _notify_loop /var/lib/kolla/venv/lib/python3.6/site-packages/neutron_lib/callbacks/manager.py:177
2024-10-28 02:15:13.682 23 DEBUG neutron.wsgi [-] (23) accepted ('10.0.0.17', 38526) server /var/lib/kolla/venv/lib/python3.6/site-packages/eventlet/wsgi.py:1004
2024-10-28 02:15:13.686 23 INFO neutron.wsgi [-] 10.0.0.17 "GET / HTTP/1.1" status: 200 len: 227 time: 0.0027010
2024-10-28 02:15:15.032 24 DEBUG neutron_lib.callbacks.manager [req-ab0929b1-6dfb-4c87-b16a-8d932e9fd6ee - - - - -] Publish callbacks ['neutron.services.segments.db._update_segment_host_mapping_for_agent-8756853354560', 'neutron.plugins.ml2.plugin.Ml2Plugin._retry_binding_revived_agents--9223372036853974792'] for agent (8769a02d-2cfe-4a96-acd2-311cd1a53923), after_update _notify_loop /var/lib/kolla/venv/lib/python3.6/site-packages/neutron_lib/callbacks/manager.py:177
2024-10-28 02:15:15.614 8 INFO oslo_service.service [-] Caught SIGTERM, stopping children
2024-10-28 02:15:15.615 8 DEBUG oslo_concurrency.lockutils [-] Acquired lock "singleton_lock" lock /var/lib/kolla/venv/lib/python3.6/site-packages/oslo_concurrency/lockutils.py:294
2024-10-28 02:15:15.615 8 DEBUG oslo_concurrency.lockutils [-] Releasing lock "singleton_lock" lock /var/lib/kolla/venv/lib/python3.6/site-packages/oslo_concurrency/lockutils.py:312
2024-10-28 02:15:15.615 8 DEBUG oslo_service.service [-] Stop services. stop /var/lib/kolla/venv/lib/python3.6/site-packages/oslo_service/service.py:695
2024-10-28 02:15:15.615 8 DEBUG neutron.service [-] calling RpcWorker stop() stop /var/lib/kolla/venv/lib/python3.6/site-packages/neutron/service.py:138
2024-10-28 02:15:15.615 8 DEBUG neutron.service [-] calling RpcWorker stop() stop /var/lib/kolla/venv/lib/python3.6/site-packages/neutron/service.py:138
2024-10-28 02:15:15.615 8 DEBUG oslo_service.service [-] Killing children. stop /var/lib/kolla/venv/lib/python3.6/site-packages/oslo_service/service.py:700
2024-10-28 02:15:15.616 29 DEBUG neutron.service [-] calling RpcWorker stop() stop /var/lib/kolla/venv/lib/python3.6/site-packages/neutron/service.py:138
2024-10-28 02:15:15.616 24 DEBUG neutron.service [-] calling RpcWorker stop() stop /var/lib/kolla/venv/lib/python3.6/site-packages/neutron/service.py:138
2024-10-28 02:15:15.616 25 DEBUG neutron.service [-] calling RpcWorker stop() stop /var/lib/kolla/venv/lib/python3.6/site-packages/neutron/service.py:138
2024-10-28 02:15:15.617 24 DEBUG neutron.service [-] calling stop on stop /var/lib/kolla/venv/lib/python3.6/site-packages/neutron/service.py:141
2024-10-28 02:15:15.617 29 DEBUG neutron.service [-] calling stop on stop /var/lib/kolla/venv/lib/python3.6/site-packages/neutron/service.py:141
2024-10-28 02:15:15.620 28 DEBUG neutron.service [-] calling RpcWorker stop() stop /var/lib/kolla/venv/lib/python3.6/site-packages/neutron/service.py:138
2024-10-28 02:15:15.619 26 DEBUG neutron.service [-] calling RpcWorker stop() stop /var/lib/kolla/venv/lib/python3.6/site-packages/neutron/service.py:138
2024-10-28 02:15:15.623 23 INFO neutron.wsgi [-] (23) wsgi exited, is_accepting=True
2024-10-28 02:15:15.620 28 DEBUG neutron.service [-] calling stop on stop /var/lib/kolla/venv/lib/python3.6/site-packages/neutron/service.py:141
2024-10-28 02:15:15.623 23 DEBUG oslo_concurrency.lockutils [req-0d6a0e9a-af1c-4115-b1ec-b717dd8123a2 - - - - -] Acquired lock "singleton_lock" lock /var/lib/kolla/venv/lib/python3.6/site-packages/oslo_concurrency/lockutils.py:294
2024-10-28 02:15:15.624 23 DEBUG oslo_concurrency.lockutils [req-0d6a0e9a-af1c-4115-b1ec-b717dd8123a2 - - - - -] Releasing lock "singleton_lock" lock /var/lib/kolla/venv/lib/python3.6/site-packages/oslo_concurrency/lockutils.py:312
2024-10-28 02:15:15.617 25 DEBUG neutron.service [-] calling stop on stop /var/lib/kolla/venv/lib/python3.6/site-packages/neutron/service.py:141
2024-10-28 02:15:15.628 8 INFO oslo_service.service [-] Waiting on 8 children to exit
2024-10-28 02:15:15.628 8 INFO oslo_service.service [-] Child 23 exited with status 0
2024-10-28 02:15:15.628 30 DEBUG neutron.service [-] calling RpcWorker stop() stop /var/lib/kolla/venv/lib/python3.6/site-packages/neutron/service.py:138
2024-10-28 02:15:15.629 30 DEBUG neutron.service [-] calling stop on stop /var/lib/kolla/venv/lib/python3.6/site-packages/neutron/service.py:141
2024-10-28 02:15:15.620 26 DEBUG neutron.service [-] calling stop on stop /var/lib/kolla/venv/lib/python3.6/site-packages/neutron/service.py:141
2024-10-28 02:15:15.640 27 DEBUG neutron.service [-] calling RpcWorker stop() stop /var/lib/kolla/venv/lib/python3.6/site-packages/neutron/service.py:138
2024-10-28 02:15:15.640 27 DEBUG neutron.service [-] calling stop on stop /var/lib/kolla/venv/lib/python3.6/site-packages/neutron/service.py:141
2024-10-28 02:15:15.830 28 DEBUG oslo_concurrency.lockutils [req-0d6a0e9a-af1c-4115-b1ec-b717dd8123a2 - - - - -] Acquired lock "singleton_lock" lock /var/lib/kolla/venv/lib/python3.6/site-packages/oslo_concurrency/lockutils.py:294
2024-10-28 02:15:15.830 28 DEBUG oslo_concurrency.lockutils [req-0d6a0e9a-af1c-4115-b1ec-b717dd8123a2 - - - - -] Releasing lock "singleton_lock" lock /var/lib/kolla/venv/lib/python3.6/site-packages/oslo_concurrency/lockutils.py:312
2024-10-28 02:15:15.831 28 DEBUG neutron.service [req-0d6a0e9a-af1c-4115-b1ec-b717dd8123a2 - - - - -] calling RpcWorker wait() _wait /var/lib/kolla/venv/lib/python3.6/site-packages/neutron/service.py:128
2024-10-28 02:15:15.832 28 DEBUG neutron.service [req-0d6a0e9a-af1c-4115-b1ec-b717dd8123a2 - - - - -] calling wait on _wait /var/lib/kolla/venv/lib/python3.6/site-packages/neutron/service.py:131
2024-10-28 02:15:15.839 28 WARNING amqp [req-0d6a0e9a-af1c-4115-b1ec-b717dd8123a2 - - - - -] Received method (60, 30) during closing channel 1. This method will be ignored
2024-10-28 02:15:15.841 28 DEBUG neutron.service [req-0d6a0e9a-af1c-4115-b1ec-b717dd8123a2 - - - - -] returning from RpcWorker wait() _wait /var/lib/kolla/venv/lib/python3.6/site-packages/neutron/service.py:135
2024-10-28 02:15:15.847 8 INFO oslo_service.service [-] Child 28 exited with status 0
2024-10-28 02:15:16.154 24 DEBUG neutron.service [-] calling stop on stop /var/lib/kolla/venv/lib/python3.6/site-packages/neutron/service.py:141
2024-10-28 02:15:16.162 25 DEBUG neutron.service [-] calling stop on stop /var/lib/kolla/venv/lib/python3.6/site-packages/neutron/service.py:141
2024-10-28 02:15:16.167 26 DEBUG neutron.service [-] calling stop on stop /var/lib/kolla/venv/lib/python3.6/site-packages/neutron/service.py:141
2024-10-28 02:15:16.173 24 DEBUG neutron.service [-] calling stop on stop /var/lib/kolla/venv/lib/python3.6/site-packages/neutron/service.py:141
2024-10-28 02:15:16.177 25 DEBUG neutron.service [-] calling stop on stop /var/lib/kolla/venv/lib/python3.6/site-packages/neutron/service.py:141
2024-10-28 02:15:16.177 26 DEBUG neutron.service [-] calling stop on stop /var/lib/kolla/venv/lib/python3.6/site-packages/neutron/service.py:141
2024-10-28 02:15:16.181 27 DEBUG oslo_concurrency.lockutils [req-0d6a0e9a-af1c-4115-b1ec-b717dd8123a2 - - - - -] Acquired lock "singleton_lock" lock /var/lib/kolla/venv/lib/python3.6/site-packages/oslo_concurrency/lockutils.py:294
2024-10-28 02:15:16.182 27 DEBUG oslo_concurrency.lockutils [req-0d6a0e9a-af1c-4115-b1ec-b717dd8123a2 - - - - -] Releasing lock "singleton_lock" lock /var/lib/kolla/venv/lib/python3.6/site-packages/oslo_concurrency/lockutils.py:312
2024-10-28 02:15:16.182 27 DEBUG neutron.service [req-0d6a0e9a-af1c-4115-b1ec-b717dd8123a2 - - - - -] calling RpcWorker wait() _wait /var/lib/kolla/venv/lib/python3.6/site-packages/neutron/service.py:128
2024-10-28 02:15:16.182 27 DEBUG neutron.service [req-0d6a0e9a-af1c-4115-b1ec-b717dd8123a2 - - - - -] calling wait on _wait /var/lib/kolla/venv/lib/python3.6/site-packages/neutron/service.py:131
2024-10-28 02:15:16.188 27 WARNING amqp [req-0d6a0e9a-af1c-4115-b1ec-b717dd8123a2 - - - - -] Received method (60, 30) during closing channel 1. This method will be ignored
2024-10-28 02:15:16.191 27 DEBUG neutron.service [req-0d6a0e9a-af1c-4115-b1ec-b717dd8123a2 - - - - -] returning from RpcWorker wait() _wait /var/lib/kolla/venv/lib/python3.6/site-packages/neutron/service.py:135
2024-10-28 02:15:16.193 26 DEBUG neutron.service [-] calling stop on stop /var/lib/kolla/venv/lib/python3.6/site-packages/neutron/service.py:141
2024-10-28 02:15:16.202 8 INFO oslo_service.service [-] Child 27 exited with status 0
2024-10-28 02:15:16.207 26 DEBUG oslo_concurrency.lockutils [req-0d6a0e9a-af1c-4115-b1ec-b717dd8123a2 - - - - -] Acquired lock "singleton_lock" lock /var/lib/kolla/venv/lib/python3.6/site-packages/oslo_concurrency/lockutils.py:294
2024-10-28 02:15:16.209 30 DEBUG oslo_concurrency.lockutils [req-0d6a0e9a-af1c-4115-b1ec-b717dd8123a2 - - - - -] Acquired lock "singleton_lock" lock /var/lib/kolla/venv/lib/python3.6/site-packages/oslo_concurrency/lockutils.py:294
2024-10-28 02:15:16.210 30 DEBUG oslo_concurrency.lockutils [req-0d6a0e9a-af1c-4115-b1ec-b717dd8123a2 - - - - -] Releasing lock "singleton_lock" lock /var/lib/kolla/venv/lib/python3.6/site-packages/oslo_concurrency/lockutils.py:312
2024-10-28 02:15:16.210 30 DEBUG neutron.service [req-0d6a0e9a-af1c-4115-b1ec-b717dd8123a2 - - - - -] calling RpcWorker wait() _wait /var/lib/kolla/venv/lib/python3.6/site-packages/neutron/service.py:128
2024-10-28 02:15:16.211 30 DEBUG neutron.service [req-0d6a0e9a-af1c-4115-b1ec-b717dd8123a2 - - - - -] calling wait on _wait /var/lib/kolla/venv/lib/python3.6/site-packages/neutron/service.py:131
2024-10-28 02:15:16.213 26 DEBUG oslo_concurrency.lockutils [req-0d6a0e9a-af1c-4115-b1ec-b717dd8123a2 - - - - -] Releasing lock "singleton_lock" lock /var/lib/kolla/venv/lib/python3.6/site-packages/oslo_concurrency/lockutils.py:312
2024-10-28 02:15:16.214 26 DEBUG neutron.service [req-0d6a0e9a-af1c-4115-b1ec-b717dd8123a2 - - - - -] calling RpcWorker wait() _wait /var/lib/kolla/venv/lib/python3.6/site-packages/neutron/service.py:128
2024-10-28 02:15:16.214 26 DEBUG neutron.service [req-0d6a0e9a-af1c-4115-b1ec-b717dd8123a2 - - - - -] calling wait on _wait /var/lib/kolla/venv/lib/python3.6/site-packages/neutron/service.py:131
2024-10-28 02:15:16.216 29 DEBUG oslo_concurrency.lockutils [req-0d6a0e9a-af1c-4115-b1ec-b717dd8123a2 - - - - -] Acquired lock "singleton_lock" lock /var/lib/kolla/venv/lib/python3.6/site-packages/oslo_concurrency/lockutils.py:294
2024-10-28 02:15:16.217 29 DEBUG oslo_concurrency.lockutils [req-0d6a0e9a-af1c-4115-b1ec-b717dd8123a2 - - - - -] Releasing lock "singleton_lock" lock /var/lib/kolla/venv/lib/python3.6/site-packages/oslo_concurrency/lockutils.py:312
2024-10-28 02:15:16.217 29 DEBUG neutron.service [req-0d6a0e9a-af1c-4115-b1ec-b717dd8123a2 - - - - -] calling RpcWorker wait() _wait /var/lib/kolla/venv/lib/python3.6/site-packages/neutron/service.py:128
2024-10-28 02:15:16.218 29 DEBUG neutron.service [req-0d6a0e9a-af1c-4115-b1ec-b717dd8123a2 - - - - -] calling wait on _wait /var/lib/kolla/venv/lib/python3.6/site-packages/neutron/service.py:131
2024-10-28 02:15:16.220 30 WARNING amqp [req-0d6a0e9a-af1c-4115-b1ec-b717dd8123a2 - - - - -] Received method (60, 30) during closing channel 1. This method will be ignored
2024-10-28 02:15:16.222 30 DEBUG neutron.service [req-0d6a0e9a-af1c-4115-b1ec-b717dd8123a2 - - - - -] returning from RpcWorker wait() _wait /var/lib/kolla/venv/lib/python3.6/site-packages/neutron/service.py:135
2024-10-28 02:15:16.227 26 WARNING amqp [req-0d6a0e9a-af1c-4115-b1ec-b717dd8123a2 - - - - -] Received method (60, 30) during closing channel 1. This method will be ignored
2024-10-28 02:15:16.230 29 WARNING amqp [req-0d6a0e9a-af1c-4115-b1ec-b717dd8123a2 - - - - -] Received method (60, 30) during closing channel 1. This method will be ignored
2024-10-28 02:15:16.231 29 DEBUG neutron.service [req-0d6a0e9a-af1c-4115-b1ec-b717dd8123a2 - - - - -] returning from RpcWorker wait() _wait /var/lib/kolla/venv/lib/python3.6/site-packages/neutron/service.py:135
2024-10-28 02:15:16.231 8 INFO oslo_service.service [-] Child 30 exited with status 0
2024-10-28 02:15:16.231 26 DEBUG neutron.service [req-0d6a0e9a-af1c-4115-b1ec-b717dd8123a2 - - - - -] calling wait on _wait /var/lib/kolla/venv/lib/python3.6/site-packages/neutron/service.py:131
2024-10-28 02:15:16.239 26 WARNING amqp [req-0d6a0e9a-af1c-4115-b1ec-b717dd8123a2 - - - - -] Received method (60, 30) during closing channel 1. This method will be ignored
