2024-10-24 00:33:31.171 133635 DEBUG oslo_service.service [req-8ab31976-1a23-4f92-873f-ad150b5a4710 - - - - -] cyborg.insecure = False log_opt_values /usr/lib/python3/dist-packages/oslo_config/cfg.py:2609
2024-10-24 00:33:31.171 133635 DEBUG oslo_service.service [req-8ab31976-1a23-4f92-873f-ad150b5a4710 - - - - -] cyborg.keyfile = None log_opt_values /usr/lib/python3/dist-packages/oslo_config/cfg.py:2609
2024-10-24 00:33:31.171 133635 DEBUG oslo_service.service [req-8ab31976-1a23-4f92-873f-ad150b5a4710 - - - - -] cyborg.max_version = None log_opt_values /usr/lib/python3/dist-packages/oslo_config/cfg.py:2609
2024-10-24 00:33:31.172 133635 DEBUG oslo_service.service [req-8ab31976-1a23-4f92-873f-ad150b5a4710 - - - - -] cyborg.min_version = None log_opt_values /usr/lib/python3/dist-packages/oslo_config/cfg.py:2609
2024-10-24 00:33:31.172 133635 DEBUG oslo_service.service [req-8ab31976-1a23-4f92-873f-ad150b5a4710 - - - - -] cyborg.region_name = None log_opt_values /usr/lib/python3/dist-packages/oslo_config/cfg.py:2609
2024-10-24 00:33:31.172 133635 DEBUG oslo_service.service [req-8ab31976-1a23-4f92-873f-ad150b5a4710 - - - - -] cyborg.service_name = None log_opt_values /usr/lib/python3/dist-packages/oslo_config/cfg.py:2609
2024-10-24 00:33:31.172 133635 DEBUG oslo_service.service [req-8ab31976-1a23-4f92-873f-ad150b5a4710 - - - - -] cyborg.service_type = accelerator log_opt_values /usr/lib/python3/dist-packages/oslo_config/cfg.py:2609
2024-10-24 00:33:31.172 133635 DEBUG oslo_service.service [req-8ab31976-1a23-4f92-873f-ad150b5a4710 - - - - -] cyborg.split_loggers = False log_opt_values /usr/lib/python3/dist-packages/oslo_config/cfg.py:2609
2024-10-24 00:33:31.172 133635 DEBUG oslo_service.service [req-8ab31976-1a23-4f92-873f-ad150b5a4710 - - - - -] cyborg.status_code_retries = None log_opt_values /usr/lib/python3/dist-packages/oslo_config/cfg.py:2609
2024-10-24 00:33:31.173 133635 DEBUG oslo_service.service [req-8ab31976-1a23-4f92-873f-ad150b5a4710 - - - - -] cyborg.status_code_retry_delay = None log_opt_values /usr/lib/python3/dist-packages/oslo_config/cfg.py:2609
2024-10-24 00:33:31.173 133635 DEBUG oslo_service.service [req-8ab31976-1a23-4f92-873f-ad150b5a4710 - - - - -] cyborg.timeout = None log_opt_values /usr/lib/python3/dist-packages/oslo_config/cfg.py:2609
2024-10-24 00:33:31.173 133635 DEBUG oslo_service.service [req-8ab31976-1a23-4f92-873f-ad150b5a4710 - - - - -] cyborg.valid_interfaces = ['internal', 'public'] log_opt_values /usr/lib/python3/dist-packages/oslo_config/cfg.py:2609
2024-10-24 00:33:31.173 133635 DEBUG oslo_service.service [req-8ab31976-1a23-4f92-873f-ad150b5a4710 - - - - -] cyborg.version = None log_opt_values /usr/lib/python3/dist-packages/oslo_config/cfg.py:2609
2024-10-24 00:33:31.174 133635 DEBUG oslo_service.service [req-8ab31976-1a23-4f92-873f-ad150b5a4710 - - - - -] database.backend = sqlalchemy log_opt_values /usr/lib/python3/dist-packages/oslo_config/cfg.py:2609
2024-10-24 00:33:31.174 133635 DEBUG oslo_service.service [req-8ab31976-1a23-4f92-873f-ad150b5a4710 - - - - -] database.connection = **** log_opt_values /usr/lib/python3/dist-packages/oslo_config/cfg.py:2609
2024-10-24 00:33:31.174 133635 DEBUG oslo_service.service [req-8ab31976-1a23-4f92-873f-ad150b5a4710 - - - - -] database.connection_debug = 0 log_opt_values /usr/lib/python3/dist-packages/oslo_config/cfg.py:2609
2024-10-24 00:33:31.174 133635 DEBUG oslo_service.service [req-8ab31976-1a23-4f92-873f-ad150b5a4710 - - - - -] database.connection_parameters = log_opt_values /usr/lib/python3/dist-packages/oslo_config/cfg.py:2609
2024-10-24 00:33:31.174 133635 DEBUG oslo_service.service [req-8ab31976-1a23-4f92-873f-ad150b5a4710 - - - - -] database.connection_recycle_time = 3600 log_opt_values /usr/lib/python3/dist-packages/oslo_config/cfg.py:2609
2024-10-24 00:33:31.176 133635 DEBUG oslo_service.service [req-8ab31976-1a23-4f92-873f-ad150b5a4710 - - - - -] database.connection_trace = False log_opt_values /usr/lib/python3/dist-packages/oslo_config/cfg.py:2609
2024-10-24 00:33:31.176 133635 DEBUG oslo_service.service [req-8ab31976-1a23-4f92-873f-ad150b5a4710 - - - - -] database.db_inc_retry_interval = True log_opt_values /usr/lib/python3/dist-packages/oslo_config/cfg.py:2609
2024-10-24 00:33:31.176 133635 DEBUG oslo_service.service [req-8ab31976-1a23-4f92-873f-ad150b5a4710 - - - - -] database.db_max_retries = 20 log_opt_values /usr/lib/python3/dist-packages/oslo_config/cfg.py:2609
2024-10-24 00:33:31.176 133635 DEBUG oslo_service.service [req-8ab31976-1a23-4f92-873f-ad150b5a4710 - - - - -] database.db_max_retry_interval = 10 log_opt_values /usr/lib/python3/dist-packages/oslo_config/cfg.py:2609
2024-10-24 00:33:31.177 133635 DEBUG oslo_service.service [req-8ab31976-1a23-4f92-873f-ad150b5a4710 - - - - -] database.db_retry_interval = 1 log_opt_values /usr/lib/python3/dist-packages/oslo_config/cfg.py:2609
2024-10-24 00:33:31.177 133635 DEBUG oslo_service.service [req-8ab31976-1a23-4f92-873f-ad150b5a4710 - - - - -] database.max_overflow = 50 log_opt_values /usr/lib/python3/dist-packages/oslo_config/cfg.py:2609
2024-10-24 00:33:31.177 133635 DEBUG oslo_service.service [req-8ab31976-1a23-4f92-873f-ad150b5a4710 - - - - -] database.max_pool_size = 4 log_opt_values /usr/lib/python3/dist-packages/oslo_config/cfg.py:2609
2024-10-24 00:33:31.177 133635 DEBUG oslo_service.service [req-8ab31976-1a23-4f92-873f-ad150b5a4710 - - - - -] database.max_retries = 10 log_opt_values /usr/lib/python3/dist-packages/oslo_config/cfg.py:2609
2024-10-24 00:33:31.177 133635 DEBUG oslo_service.service [req-8ab31976-1a23-4f92-873f-ad150b5a4710 - - - - -] database.mysql_enable_ndb = False log_opt_values /usr/lib/python3/dist-packages/oslo_config/cfg.py:2609
2024-10-24 00:33:31.177 133635 DEBUG oslo_service.service [req-8ab31976-1a23-4f92-873f-ad150b5a4710 - - - - -] database.mysql_sql_mode = TRADITIONAL log_opt_values /usr/lib/python3/dist-packages/oslo_config/cfg.py:2609
2024-10-24 00:33:31.178 133635 DEBUG oslo_service.service [req-8ab31976-1a23-4f92-873f-ad150b5a4710 - - - - -] database.pool_timeout = None log_opt_values /usr/lib/python3/dist-packages/oslo_config/cfg.py:2609
2024-10-24 00:33:31.178 133635 DEBUG oslo_service.service [req-8ab31976-1a23-4f92-873f-ad150b5a4710 - - - - -] database.retry_interval = 10 log_opt_values /usr/lib/python3/dist-packages/oslo_config/cfg.py:2609
2024-10-24 00:33:31.178 133635 DEBUG oslo_service.service [req-8ab31976-1a23-4f92-873f-ad150b5a4710 - - - - -] database.slave_connection = **** log_opt_values /usr/lib/python3/dist-packages/oslo_config/cfg.py:2609
2024-10-24 00:33:31.178 133635 DEBUG oslo_service.service [req-8ab31976-1a23-4f92-873f-ad150b5a4710 - - - - -] database.sqlite_synchronous = True log_opt_values /usr/lib/python3/dist-packages/oslo_config/cfg.py:2609
2024-10-24 00:33:31.178 133635 DEBUG oslo_service.service [req-8ab31976-1a23-4f92-873f-ad150b5a4710 - - - - -] database.use_db_reconnect = False log_opt_values /usr/lib/python3/dist-packages/oslo_config/cfg.py:2609
2024-10-24 00:33:31.178 133635 DEBUG oslo_service.service [req-8ab31976-1a23-4f92-873f-ad150b5a4710 - - - - -] api_database.backend = sqlalchemy log_opt_values /usr/lib/python3/dist-packages/oslo_config/cfg.py:2609
2024-10-24 00:33:31.179 133635 DEBUG oslo_service.service [req-8ab31976-1a23-4f92-873f-ad150b5a4710 - - - - -] api_database.connection = **** log_opt_values /usr/lib/python3/dist-packages/oslo_config/cfg.py:2609
2024-10-24 00:33:31.179 133635 DEBUG oslo_service.service [req-8ab31976-1a23-4f92-873f-ad150b5a4710 - - - - -] api_database.connection_debug = 0 log_opt_values /usr/lib/python3/dist-packages/oslo_config/cfg.py:2609
2024-10-24 00:33:31.179 133635 DEBUG oslo_service.service [req-8ab31976-1a23-4f92-873f-ad150b5a4710 - - - - -] api_database.connection_parameters = log_opt_values /usr/lib/python3/dist-packages/oslo_config/cfg.py:2609
2024-10-24 00:33:31.179 133635 DEBUG oslo_service.service [req-8ab31976-1a23-4f92-873f-ad150b5a4710 - - - - -] api_database.connection_recycle_time = 3600 log_opt_values /usr/lib/python3/dist-packages/oslo_config/cfg.py:2609
2024-10-24 00:33:31.179 133635 DEBUG oslo_service.service [req-8ab31976-1a23-4f92-873f-ad150b5a4710 - - - - -] api_database.connection_trace = False log_opt_values /usr/lib/python3/dist-packages/oslo_config/cfg.py:2609
2024-10-24 00:33:31.180 133635 DEBUG oslo_service.service [req-8ab31976-1a23-4f92-873f-ad150b5a4710 - - - - -] api_database.db_inc_retry_interval = True log_opt_values /usr/lib/python3/dist-packages/oslo_config/cfg.py:2609
2024-10-24 00:33:31.180 133635 DEBUG oslo_service.service [req-8ab31976-1a23-4f92-873f-ad150b5a4710 - - - - -] api_database.db_max_retries = 20 log_opt_values /usr/lib/python3/dist-packages/oslo_config/cfg.py:2609
2024-10-24 00:33:31.180 133635 DEBUG oslo_service.service [req-8ab31976-1a23-4f92-873f-ad150b5a4710 - - - - -] api_database.db_max_retry_interval = 10 log_opt_values /usr/lib/python3/dist-packages/oslo_config/cfg.py:2609
2024-10-24 00:33:31.180 133635 DEBUG oslo_service.service [req-8ab31976-1a23-4f92-873f-ad150b5a4710 - - - - -] api_database.db_retry_interval = 1 log_opt_values /usr/lib/python3/dist-packages/oslo_config/cfg.py:2609
2024-10-24 00:33:31.180 133635 DEBUG oslo_service.service [req-8ab31976-1a23-4f92-873f-ad150b5a4710 - - - - -] api_database.max_overflow = 50 log_opt_values /usr/lib/python3/dist-packages/oslo_config/cfg.py:2609
2024-10-24 00:33:31.180 133635 DEBUG oslo_service.service [req-8ab31976-1a23-4f92-873f-ad150b5a4710 - - - - -] api_database.max_pool_size = 4 log_opt_values /usr/lib/python3/dist-packages/oslo_config/cfg.py:2609
2024-10-24 00:33:31.181 133635 DEBUG oslo_service.service [req-8ab31976-1a23-4f92-873f-ad150b5a4710 - - - - -] api_database.max_retries = 10 log_opt_values /usr/lib/python3/dist-packages/oslo_config/cfg.py:2609
2024-10-24 00:33:31.181 133635 DEBUG oslo_service.service [req-8ab31976-1a23-4f92-873f-ad150b5a4710 - - - - -] api_database.mysql_enable_ndb = False log_opt_values /usr/lib/python3/dist-packages/oslo_config/cfg.py:2609
2024-10-24 00:33:31.181 133635 DEBUG oslo_service.service [req-8ab31976-1a23-4f92-873f-ad150b5a4710 - - - - -] api_database.mysql_sql_mode = TRADITIONAL log_opt_values /usr/lib/python3/dist-packages/oslo_config/cfg.py:2609
2024-10-24 00:33:31.181 133635 DEBUG oslo_service.service [req-8ab31976-1a23-4f92-873f-ad150b5a4710 - - - - -] api_database.pool_timeout = None log_opt_values /usr/lib/python3/dist-packages/oslo_config/cfg.py:2609
2024-10-24 00:33:31.181 133635 DEBUG oslo_service.service [req-8ab31976-1a23-4f92-873f-ad150b5a4710 - - - - -] api_database.retry_interval = 10 log_opt_values /usr/lib/python3/dist-packages/oslo_config/cfg.py:2609
2024-10-24 00:33:31.181 133635 DEBUG oslo_service.service [req-8ab31976-1a23-4f92-873f-ad150b5a4710 - - - - -] api_database.slave_connection = **** log_opt_values /usr/lib/python3/dist-packages/oslo_config/cfg.py:2609
2024-10-24 00:33:31.182 133635 DEBUG oslo_service.service [req-8ab31976-1a23-4f92-873f-ad150b5a4710 - - - - -] api_database.sqlite_synchronous = True log_opt_values /usr/lib/python3/dist-packages/oslo_config/cfg.py:2609
2024-10-24 00:33:31.182 133635 DEBUG oslo_service.service [req-8ab31976-1a23-4f92-873f-ad150b5a4710 - - - - -] devices.enabled_mdev_types = [] log_opt_values /usr/lib/python3/dist-packages/oslo_config/cfg.py:2609
2024-10-24 00:33:31.182 133635 DEBUG oslo_service.service [req-8ab31976-1a23-4f92-873f-ad150b5a4710 - - - - -] ephemeral_storage_encryption.cipher = aes-xts-plain64 log_opt_values /usr/lib/python3/dist-packages/oslo_config/cfg.py:2609
2024-10-24 00:33:31.182 133635 DEBUG oslo_service.service [req-8ab31976-1a23-4f92-873f-ad150b5a4710 - - - - -] ephemeral_storage_encryption.enabled = False log_opt_values /usr/lib/python3/dist-packages/oslo_config/cfg.py:2609
2024-10-24 00:33:31.182 133635 DEBUG oslo_service.service [req-8ab31976-1a23-4f92-873f-ad150b5a4710 - - - - -] ephemeral_storage_encryption.key_size = 512 log_opt_values /usr/lib/python3/dist-packages/oslo_config/cfg.py:2609
2024-10-24 00:33:31.182 133635 WARNING oslo_config.cfg [req-8ab31976-1a23-4f92-873f-ad150b5a4710 - - - - -] Deprecated: Option "api_servers" from group "glance" is deprecated for removal ( Support for image service configuration via standard keystoneauth1 Adapter options was added in the 17.0.0 Queens release. The api_servers option was retained temporarily to allow consumers time to cut over to a real load balancing solution. ). Its value may be silently ignored in the future.
2024-10-24 00:33:31.183 133635 DEBUG oslo_service.service [req-8ab31976-1a23-4f92-873f-ad150b5a4710 - - - - -] glance.api_servers = ['http://252.12.225.21:9292'] log_opt_values /usr/lib/python3/dist-packages/oslo_config/cfg.py:2609
2024-10-24 00:33:31.183 133635 DEBUG oslo_service.service [req-8ab31976-1a23-4f92-873f-ad150b5a4710 - - - - -] glance.cafile = None log_opt_values /usr/lib/python3/dist-packages/oslo_config/cfg.py:2609
2024-10-24 00:33:31.183 133635 DEBUG oslo_service.service [req-8ab31976-1a23-4f92-873f-ad150b5a4710 - - - - -] glance.certfile = None log_opt_values /usr/lib/python3/dist-packages/oslo_config/cfg.py:2609
2024-10-24 00:33:31.183 133635 DEBUG oslo_service.service [req-8ab31976-1a23-4f92-873f-ad150b5a4710 - - - - -] glance.collect_timing = False log_opt_values /usr/lib/python3/dist-packages/oslo_config/cfg.py:2609
2024-10-24 00:33:31.184 133635 DEBUG oslo_service.service [req-8ab31976-1a23-4f92-873f-ad150b5a4710 - - - - -] glance.connect_retries = None log_opt_values /usr/lib/python3/dist-packages/oslo_config/cfg.py:2609
2024-10-24 00:33:31.184 135047 DEBUG nova.service [req-9f0bac9d-3395-4373-af9c-91bb5df7c1ac - - - - -] Creating RPC server for service scheduler start /usr/lib/python3/dist-packages/nova/service.py:182
2024-10-24 00:33:31.184 133635 DEBUG oslo_service.service [req-8ab31976-1a23-4f92-873f-ad150b5a4710 - - - - -] glance.connect_retry_delay = None log_opt_values /usr/lib/python3/dist-packages/oslo_config/cfg.py:2609
2024-10-24 00:33:31.185 133635 DEBUG oslo_service.service [req-8ab31976-1a23-4f92-873f-ad150b5a4710 - - - - -] glance.debug = False log_opt_values /usr/lib/python3/dist-packages/oslo_config/cfg.py:2609
2024-10-24 00:33:31.185 133635 DEBUG oslo_service.service [req-8ab31976-1a23-4f92-873f-ad150b5a4710 - - - - -] glance.default_trusted_certificate_ids = [] log_opt_values /usr/lib/python3/dist-packages/oslo_config/cfg.py:2609
2024-10-24 00:33:31.186 133635 DEBUG oslo_service.service [req-8ab31976-1a23-4f92-873f-ad150b5a4710 - - - - -] glance.enable_certificate_validation = False log_opt_values /usr/lib/python3/dist-packages/oslo_config/cfg.py:2609
2024-10-24 00:33:31.187 133635 DEBUG oslo_service.service [req-8ab31976-1a23-4f92-873f-ad150b5a4710 - - - - -] glance.enable_rbd_download = False log_opt_values /usr/lib/python3/dist-packages/oslo_config/cfg.py:2609
2024-10-24 00:33:31.187 133635 DEBUG oslo_service.service [req-8ab31976-1a23-4f92-873f-ad150b5a4710 - - - - -] glance.endpoint_override = None log_opt_values /usr/lib/python3/dist-packages/oslo_config/cfg.py:2609
2024-10-24 00:33:31.187 133635 DEBUG oslo_service.service [req-8ab31976-1a23-4f92-873f-ad150b5a4710 - - - - -] glance.insecure = False log_opt_values /usr/lib/python3/dist-packages/oslo_config/cfg.py:2609
2024-10-24 00:33:31.187 133635 DEBUG oslo_service.service [req-8ab31976-1a23-4f92-873f-ad150b5a4710 - - - - -] glance.keyfile = None log_opt_values /usr/lib/python3/dist-packages/oslo_config/cfg.py:2609
2024-10-24 00:33:31.188 133635 DEBUG oslo_service.service [req-8ab31976-1a23-4f92-873f-ad150b5a4710 - - - - -] glance.max_version = None log_opt_values /usr/lib/python3/dist-packages/oslo_config/cfg.py:2609
2024-10-24 00:33:31.188 133635 DEBUG oslo_service.service [req-8ab31976-1a23-4f92-873f-ad150b5a4710 - - - - -] glance.min_version = None log_opt_values /usr/lib/python3/dist-packages/oslo_config/cfg.py:2609
2024-10-24 00:33:31.188 133635 DEBUG oslo_service.service [req-8ab31976-1a23-4f92-873f-ad150b5a4710 - - - - -] glance.num_retries = 3 log_opt_values /usr/lib/python3/dist-packages/oslo_config/cfg.py:2609
2024-10-24 00:33:31.189 133635 DEBUG oslo_service.service [req-8ab31976-1a23-4f92-873f-ad150b5a4710 - - - - -] glance.rbd_ceph_conf = log_opt_values /usr/lib/python3/dist-packages/oslo_config/cfg.py:2609
2024-10-24 00:33:31.191 133635 DEBUG oslo_service.service [req-8ab31976-1a23-4f92-873f-ad150b5a4710 - - - - -] glance.rbd_connect_timeout = 5 log_opt_values /usr/lib/python3/dist-packages/oslo_config/cfg.py:2609
2024-10-24 00:33:31.193 133635 DEBUG oslo_service.service [req-8ab31976-1a23-4f92-873f-ad150b5a4710 - - - - -] glance.rbd_pool = log_opt_values /usr/lib/python3/dist-packages/oslo_config/cfg.py:2609
2024-10-24 00:33:31.193 133635 DEBUG oslo_service.service [req-8ab31976-1a23-4f92-873f-ad150b5a4710 - - - - -] glance.rbd_user = log_opt_values /usr/lib/python3/dist-packages/oslo_config/cfg.py:2609
2024-10-24 00:33:31.193 133635 DEBUG oslo_service.service [req-8ab31976-1a23-4f92-873f-ad150b5a4710 - - - - -] glance.region_name = None log_opt_values /usr/lib/python3/dist-packages/oslo_config/cfg.py:2609
2024-10-24 00:33:31.194 133635 DEBUG oslo_service.service [req-8ab31976-1a23-4f92-873f-ad150b5a4710 - - - - -] glance.service_name = None log_opt_values /usr/lib/python3/dist-packages/oslo_config/cfg.py:2609
2024-10-24 00:33:31.194 133635 DEBUG oslo_service.service [req-8ab31976-1a23-4f92-873f-ad150b5a4710 - - - - -] glance.service_type = image log_opt_values /usr/lib/python3/dist-packages/oslo_config/cfg.py:2609
2024-10-24 00:33:31.195 133635 DEBUG oslo_service.service [req-8ab31976-1a23-4f92-873f-ad150b5a4710 - - - - -] glance.split_loggers = False log_opt_values /usr/lib/python3/dist-packages/oslo_config/cfg.py:2609
2024-10-24 00:33:31.195 133635 DEBUG oslo_service.service [req-8ab31976-1a23-4f92-873f-ad150b5a4710 - - - - -] glance.status_code_retries = None log_opt_values /usr/lib/python3/dist-packages/oslo_config/cfg.py:2609
2024-10-24 00:33:31.197 133635 DEBUG oslo_service.service [req-8ab31976-1a23-4f92-873f-ad150b5a4710 - - - - -] glance.status_code_retry_delay = None log_opt_values /usr/lib/python3/dist-packages/oslo_config/cfg.py:2609
2024-10-24 00:33:31.197 133635 DEBUG oslo_service.service [req-8ab31976-1a23-4f92-873f-ad150b5a4710 - - - - -] glance.timeout = None log_opt_values /usr/lib/python3/dist-packages/oslo_config/cfg.py:2609
2024-10-24 00:33:31.197 133635 DEBUG oslo_service.service [req-8ab31976-1a23-4f92-873f-ad150b5a4710 - - - - -] glance.valid_interfaces = ['internal', 'public'] log_opt_values /usr/lib/python3/dist-packages/oslo_config/cfg.py:2609
2024-10-24 00:33:31.197 133635 DEBUG oslo_service.service [req-8ab31976-1a23-4f92-873f-ad150b5a4710 - - - - -] glance.verify_glance_signatures = False log_opt_values /usr/lib/python3/dist-packages/oslo_config/cfg.py:2609
2024-10-24 00:33:31.197 133635 DEBUG oslo_service.service [req-8ab31976-1a23-4f92-873f-ad150b5a4710 - - - - -] glance.version = None log_opt_values /usr/lib/python3/dist-packages/oslo_config/cfg.py:2609
2024-10-24 00:33:31.197 133635 DEBUG oslo_service.service [req-8ab31976-1a23-4f92-873f-ad150b5a4710 - - - - -] guestfs.debug = False log_opt_values /usr/lib/python3/dist-packages/oslo_config/cfg.py:2609
2024-10-24 00:33:31.198 133635 DEBUG oslo_service.service [req-8ab31976-1a23-4f92-873f-ad150b5a4710 - - - - -] hyperv.config_drive_cdrom = False log_opt_values /usr/lib/python3/dist-packages/oslo_config/cfg.py:2609
2024-10-24 00:33:31.198 133635 DEBUG oslo_service.service [req-8ab31976-1a23-4f92-873f-ad150b5a4710 - - - - -] hyperv.config_drive_inject_password = False log_opt_values /usr/lib/python3/dist-packages/oslo_config/cfg.py:2609
2024-10-24 00:33:31.198 133635 DEBUG oslo_service.service [req-8ab31976-1a23-4f92-873f-ad150b5a4710 - - - - -] hyperv.dynamic_memory_ratio = 1.0 log_opt_values /usr/lib/python3/dist-packages/oslo_config/cfg.py:2609
2024-10-24 00:33:31.198 133635 DEBUG oslo_service.service [req-8ab31976-1a23-4f92-873f-ad150b5a4710 - - - - -] hyperv.enable_instance_metrics_collection = False log_opt_values /usr/lib/python3/dist-packages/oslo_config/cfg.py:2609
2024-10-24 00:33:31.198 133635 DEBUG oslo_service.service [req-8ab31976-1a23-4f92-873f-ad150b5a4710 - - - - -] hyperv.enable_remotefx = False log_opt_values /usr/lib/python3/dist-packages/oslo_config/cfg.py:2609
2024-10-24 00:33:31.198 133635 DEBUG oslo_service.service [req-8ab31976-1a23-4f92-873f-ad150b5a4710 - - - - -] hyperv.instances_path_share = log_opt_values /usr/lib/python3/dist-packages/oslo_config/cfg.py:2609
2024-10-24 00:33:31.199 133635 DEBUG oslo_service.service [req-8ab31976-1a23-4f92-873f-ad150b5a4710 - - - - -] hyperv.iscsi_initiator_list = [] log_opt_values /usr/lib/python3/dist-packages/oslo_config/cfg.py:2609
2024-10-24 00:33:31.199 133635 DEBUG oslo_service.service [req-8ab31976-1a23-4f92-873f-ad150b5a4710 - - - - -] hyperv.limit_cpu_features = False log_opt_values /usr/lib/python3/dist-packages/oslo_config/cfg.py:2609
2024-10-24 00:33:31.199 133635 DEBUG oslo_service.service [req-8ab31976-1a23-4f92-873f-ad150b5a4710 - - - - -] hyperv.mounted_disk_query_retry_count = 10 log_opt_values /usr/lib/python3/dist-packages/oslo_config/cfg.py:2609
2024-10-24 00:33:31.199 133635 DEBUG oslo_service.service [req-8ab31976-1a23-4f92-873f-ad150b5a4710 - - - - -] hyperv.mounted_disk_query_retry_interval = 5 log_opt_values /usr/lib/python3/dist-packages/oslo_config/cfg.py:2609
2024-10-24 00:33:31.199 133635 DEBUG oslo_service.service [req-8ab31976-1a23-4f92-873f-ad150b5a4710 - - - - -] hyperv.power_state_check_timeframe = 60 log_opt_values /usr/lib/python3/dist-packages/oslo_config/cfg.py:2609
2024-10-24 00:33:31.199 133635 DEBUG oslo_service.service [req-8ab31976-1a23-4f92-873f-ad150b5a4710 - - - - -] hyperv.power_state_event_polling_interval = 2 log_opt_values /usr/lib/python3/dist-packages/oslo_config/cfg.py:2609
2024-10-24 00:33:31.200 133635 DEBUG oslo_service.service [req-8ab31976-1a23-4f92-873f-ad150b5a4710 - - - - -] hyperv.qemu_img_cmd = qemu-img.exe log_opt_values /usr/lib/python3/dist-packages/oslo_config/cfg.py:2609
2024-10-24 00:33:31.200 133635 DEBUG oslo_service.service [req-8ab31976-1a23-4f92-873f-ad150b5a4710 - - - - -] hyperv.use_multipath_io = False log_opt_values /usr/lib/python3/dist-packages/oslo_config/cfg.py:2609
2024-10-24 00:33:31.200 133635 DEBUG oslo_service.service [req-8ab31976-1a23-4f92-873f-ad150b5a4710 - - - - -] hyperv.volume_attach_retry_count = 10 log_opt_values /usr/lib/python3/dist-packages/oslo_config/cfg.py:2609
2024-10-24 00:33:31.200 133635 DEBUG oslo_service.service [req-8ab31976-1a23-4f92-873f-ad150b5a4710 - - - - -] hyperv.volume_attach_retry_interval = 5 log_opt_values /usr/lib/python3/dist-packages/oslo_config/cfg.py:2609
2024-10-24 00:33:31.200 133635 DEBUG oslo_service.service [req-8ab31976-1a23-4f92-873f-ad150b5a4710 - - - - -] hyperv.vswitch_name = None log_opt_values /usr/lib/python3/dist-packages/oslo_config/cfg.py:2609
2024-10-24 00:33:31.201 133635 DEBUG oslo_service.service [req-8ab31976-1a23-4f92-873f-ad150b5a4710 - - - - -] hyperv.wait_soft_reboot_seconds = 60 log_opt_values /usr/lib/python3/dist-packages/oslo_config/cfg.py:2609
2024-10-24 00:33:31.201 133635 DEBUG oslo_service.service [req-8ab31976-1a23-4f92-873f-ad150b5a4710 - - - - -] mks.enabled = False log_opt_values /usr/lib/python3/dist-packages/oslo_config/cfg.py:2609
2024-10-24 00:33:31.201 133635 DEBUG oslo_service.service [req-8ab31976-1a23-4f92-873f-ad150b5a4710 - - - - -] mks.mksproxy_base_url = http://127.0.0.1:6090/ log_opt_values /usr/lib/python3/dist-packages/oslo_config/cfg.py:2609
2024-10-24 00:33:31.202 133635 DEBUG oslo_service.service [req-8ab31976-1a23-4f92-873f-ad150b5a4710 - - - - -] image_cache.manager_interval = 2400 log_opt_values /usr/lib/python3/dist-packages/oslo_config/cfg.py:2609
2024-10-24 00:33:31.202 133635 DEBUG oslo_service.service [req-8ab31976-1a23-4f92-873f-ad150b5a4710 - - - - -] image_cache.precache_concurrency = 1 log_opt_values /usr/lib/python3/dist-packages/oslo_config/cfg.py:2609
2024-10-24 00:33:31.202 133635 DEBUG oslo_service.service [req-8ab31976-1a23-4f92-873f-ad150b5a4710 - - - - -] image_cache.remove_unused_base_images = True log_opt_values /usr/lib/python3/dist-packages/oslo_config/cfg.py:2609
2024-10-24 00:33:31.202 133635 DEBUG oslo_service.service [req-8ab31976-1a23-4f92-873f-ad150b5a4710 - - - - -] image_cache.remove_unused_original_minimum_age_seconds = 86400 log_opt_values /usr/lib/python3/dist-packages/oslo_config/cfg.py:2609
2024-10-24 00:33:31.202 133635 DEBUG oslo_service.service [req-8ab31976-1a23-4f92-873f-ad150b5a4710 - - - - -] image_cache.remove_unused_resized_minimum_age_seconds = 3600 log_opt_values /usr/lib/python3/dist-packages/oslo_config/cfg.py:2609
2024-10-24 00:33:31.202 133635 DEBUG oslo_service.service [req-8ab31976-1a23-4f92-873f-ad150b5a4710 - - - - -] image_cache.subdirectory_name = _base log_opt_values /usr/lib/python3/dist-packages/oslo_config/cfg.py:2609
2024-10-24 00:33:31.203 133635 DEBUG oslo_service.service [req-8ab31976-1a23-4f92-873f-ad150b5a4710 - - - - -] ironic.api_max_retries = 60 log_opt_values /usr/lib/python3/dist-packages/oslo_config/cfg.py:2609
2024-10-24 00:33:31.203 133635 DEBUG oslo_service.service [req-8ab31976-1a23-4f92-873f-ad150b5a4710 - - - - -] ironic.api_retry_interval = 2 log_opt_values /usr/lib/python3/dist-packages/oslo_config/cfg.py:2609
2024-10-24 00:33:31.203 133635 DEBUG oslo_service.service [req-8ab31976-1a23-4f92-873f-ad150b5a4710 - - - - -] ironic.auth_section = None log_opt_values /usr/lib/python3/dist-packages/oslo_config/cfg.py:2609
2024-10-24 00:33:31.203 133635 DEBUG oslo_service.service [req-8ab31976-1a23-4f92-873f-ad150b5a4710 - - - - -] ironic.auth_type = None log_opt_values /usr/lib/python3/dist-packages/oslo_config/cfg.py:2609
2024-10-24 00:33:31.203 133635 DEBUG oslo_service.service [req-8ab31976-1a23-4f92-873f-ad150b5a4710 - - - - -] ironic.cafile = None log_opt_values /usr/lib/python3/dist-packages/oslo_config/cfg.py:2609
2024-10-24 00:33:31.203 135044 DEBUG oslo_messaging._drivers.amqpdriver [-] Listener is running poll /usr/lib/python3/dist-packages/oslo_messaging/_drivers/amqpdriver.py:343
2024-10-24 00:33:31.203 135044 DEBUG oslo_messaging._drivers.amqpdriver [-] AMQPListener connection consume poll /usr/lib/python3/dist-packages/oslo_messaging/_drivers/amqpdriver.py:357
2024-10-24 00:33:31.203 133635 DEBUG oslo_service.service [req-8ab31976-1a23-4f92-873f-ad150b5a4710 - - - - -] ironic.certfile = None log_opt_values /usr/lib/python3/dist-packages/oslo_config/cfg.py:2609
2024-10-24 00:33:31.204 133635 DEBUG oslo_service.service [req-8ab31976-1a23-4f92-873f-ad150b5a4710 - - - - -] ironic.collect_timing = False log_opt_values /usr/lib/python3/dist-packages/oslo_config/cfg.py:2609
2024-10-24 00:33:31.204 133635 DEBUG oslo_service.service [req-8ab31976-1a23-4f92-873f-ad150b5a4710 - - - - -] ironic.connect_retries = None log_opt_values /usr/lib/python3/dist-packages/oslo_config/cfg.py:2609
2024-10-24 00:33:31.204 133635 DEBUG oslo_service.service [req-8ab31976-1a23-4f92-873f-ad150b5a4710 - - - - -] ironic.connect_retry_delay = None log_opt_values /usr/lib/python3/dist-packages/oslo_config/cfg.py:2609
2024-10-24 00:33:31.204 135044 DEBUG nova.service [req-4f9ec7e1-f5a5-47ad-bb8f-b74947c8873a - - - - -] Join ServiceGroup membership for this service scheduler start /usr/lib/python3/dist-packages/nova/service.py:199
2024-10-24 00:33:31.204 133635 DEBUG oslo_service.service [req-8ab31976-1a23-4f92-873f-ad150b5a4710 - - - - -] ironic.endpoint_override = None log_opt_values /usr/lib/python3/dist-packages/oslo_config/cfg.py:2609
2024-10-24 00:33:31.204 133635 DEBUG oslo_service.service [req-8ab31976-1a23-4f92-873f-ad150b5a4710 - - - - -] ironic.insecure = False log_opt_values /usr/lib/python3/dist-packages/oslo_config/cfg.py:2609
2024-10-24 00:33:31.204 135044 DEBUG nova.servicegroup.drivers.db [req-4f9ec7e1-f5a5-47ad-bb8f-b74947c8873a - - - - -] DB_Driver: join new ServiceGroup member juju-d399ee-0-lxd-7 to the scheduler group, service = join /usr/lib/python3/dist-packages/nova/servicegroup/drivers/db.py:44
2024-10-24 00:33:31.204 133635 DEBUG oslo_service.service [req-8ab31976-1a23-4f92-873f-ad150b5a4710 - - - - -] ironic.keyfile = None log_opt_values /usr/lib/python3/dist-packages/oslo_config/cfg.py:2609
2024-10-24 00:33:31.204 135045 DEBUG oslo_messaging._drivers.amqpdriver [-] Listener is running poll /usr/lib/python3/dist-packages/oslo_messaging/_drivers/amqpdriver.py:343
2024-10-24 00:33:31.204 135046 DEBUG oslo_messaging._drivers.amqpdriver [-] Listener is running poll /usr/lib/python3/dist-packages/oslo_messaging/_drivers/amqpdriver.py:343
2024-10-24 00:33:31.204 135045 DEBUG oslo_messaging._drivers.amqpdriver [-] AMQPListener connection consume poll /usr/lib/python3/dist-packages/oslo_messaging/_drivers/amqpdriver.py:357
2024-10-24 00:33:31.204 133635 DEBUG oslo_service.service [req-8ab31976-1a23-4f92-873f-ad150b5a4710 - - - - -] ironic.max_version = None log_opt_values /usr/lib/python3/dist-packages/oslo_config/cfg.py:2609
2024-10-24 00:33:31.205 133635 DEBUG oslo_service.service [req-8ab31976-1a23-4f92-873f-ad150b5a4710 - - - - -] ironic.min_version = None log_opt_values /usr/lib/python3/dist-packages/oslo_config/cfg.py:2609
2024-10-24 00:33:31.205 133635 DEBUG oslo_service.service [req-8ab31976-1a23-4f92-873f-ad150b5a4710 - - - - -] ironic.partition_key = None log_opt_values /usr/lib/python3/dist-packages/oslo_config/cfg.py:2609
2024-10-24 00:33:31.205 135046 DEBUG oslo_messaging._drivers.amqpdriver [-] AMQPListener connection consume poll /usr/lib/python3/dist-packages/oslo_messaging/_drivers/amqpdriver.py:357
2024-10-24 00:33:31.205 133635 DEBUG oslo_service.service [req-8ab31976-1a23-4f92-873f-ad150b5a4710 - - - - -] ironic.peer_list = [] log_opt_values /usr/lib/python3/dist-packages/oslo_config/cfg.py:2609
2024-10-24 00:33:31.205 133635 DEBUG oslo_service.service [req-8ab31976-1a23-4f92-873f-ad150b5a4710 - - - - -] ironic.region_name = None log_opt_values /usr/lib/python3/dist-packages/oslo_config/cfg.py:2609
2024-10-24 00:33:31.205 135045 DEBUG nova.service [req-5ea131a1-9478-4288-8ec2-8e4d3975381e - - - - -] Join ServiceGroup membership for this service scheduler start /usr/lib/python3/dist-packages/nova/service.py:199
2024-10-24 00:33:31.205 133635 DEBUG oslo_service.service [req-8ab31976-1a23-4f92-873f-ad150b5a4710 - - - - -] ironic.serial_console_state_timeout = 10 log_opt_values /usr/lib/python3/dist-packages/oslo_config/cfg.py:2609
2024-10-24 00:33:31.205 133635 DEBUG oslo_service.service [req-8ab31976-1a23-4f92-873f-ad150b5a4710 - - - - -] ironic.service_name = None log_opt_values /usr/lib/python3/dist-packages/oslo_config/cfg.py:2609
2024-10-24 00:33:31.205 135045 DEBUG nova.servicegroup.drivers.db [req-5ea131a1-9478-4288-8ec2-8e4d3975381e - - - - -] DB_Driver: join new ServiceGroup member juju-d399ee-0-lxd-7 to the scheduler group, service = join /usr/lib/python3/dist-packages/nova/servicegroup/drivers/db.py:44
2024-10-24 00:33:31.206 133635 DEBUG oslo_service.service [req-8ab31976-1a23-4f92-873f-ad150b5a4710 - - - - -] ironic.service_type = baremetal log_opt_values /usr/lib/python3/dist-packages/oslo_config/cfg.py:2609
2024-10-24 00:33:31.206 133635 DEBUG oslo_service.service [req-8ab31976-1a23-4f92-873f-ad150b5a4710 - - - - -] ironic.split_loggers = False log_opt_values /usr/lib/python3/dist-packages/oslo_config/cfg.py:2609
2024-10-24 00:33:31.206 133635 DEBUG oslo_service.service [req-8ab31976-1a23-4f92-873f-ad150b5a4710 - - - - -] ironic.status_code_retries = None log_opt_values /usr/lib/python3/dist-packages/oslo_config/cfg.py:2609
2024-10-24 00:33:31.206 133635 DEBUG oslo_service.service [req-8ab31976-1a23-4f92-873f-ad150b5a4710 - - - - -] ironic.status_code_retry_delay = None log_opt_values /usr/lib/python3/dist-packages/oslo_config/cfg.py:2609
2024-10-24 00:33:31.206 133635 DEBUG oslo_service.service [req-8ab31976-1a23-4f92-873f-ad150b5a4710 - - - - -] ironic.timeout = None log_opt_values /usr/lib/python3/dist-packages/oslo_config/cfg.py:2609
2024-10-24 00:33:31.206 133635 DEBUG oslo_service.service [req-8ab31976-1a23-4f92-873f-ad150b5a4710 - - - - -] ironic.valid_interfaces = ['internal', 'public'] log_opt_values /usr/lib/python3/dist-packages/oslo_config/cfg.py:2609
2024-10-24 00:33:31.206 133635 DEBUG oslo_service.service [req-8ab31976-1a23-4f92-873f-ad150b5a4710 - - - - -] ironic.version = None log_opt_values /usr/lib/python3/dist-packages/oslo_config/cfg.py:2609
2024-10-24 00:33:31.207 133635 DEBUG oslo_service.service [req-8ab31976-1a23-4f92-873f-ad150b5a4710 - - - - -] key_manager.backend = barbican log_opt_values /usr/lib/python3/dist-packages/oslo_config/cfg.py:2609
2024-10-24 00:33:31.207 133635 DEBUG oslo_service.service [req-8ab31976-1a23-4f92-873f-ad150b5a4710 - - - - -] key_manager.fixed_key = **** log_opt_values /usr/lib/python3/dist-packages/oslo_config/cfg.py:2609
2024-10-24 00:33:31.207 135044 DEBUG oslo_messaging._drivers.amqpdriver [-] AMQPListener connection timeout poll /usr/lib/python3/dist-packages/oslo_messaging/_drivers/amqpdriver.py:360
2024-10-24 00:33:31.207 133635 DEBUG oslo_service.service [req-8ab31976-1a23-4f92-873f-ad150b5a4710 - - - - -] barbican.auth_endpoint = http://localhost/identity/v3 log_opt_values /usr/lib/python3/dist-packages/oslo_config/cfg.py:2609
2024-10-24 00:33:31.207 135044 DEBUG oslo_messaging._drivers.amqpdriver [-] Listener is running poll /usr/lib/python3/dist-packages/oslo_messaging/_drivers/amqpdriver.py:343
2024-10-24 00:33:31.207 135044 DEBUG oslo_messaging._drivers.amqpdriver [-] AMQPListener connection consume poll /usr/lib/python3/dist-packages/oslo_messaging/_drivers/amqpdriver.py:357
2024-10-24 00:33:31.207 135046 DEBUG nova.service [req-cef5fe8e-03fe-41cd-9801-4ecb49d9646e - - - - -] Join ServiceGroup membership for this service scheduler start /usr/lib/python3/dist-packages/nova/service.py:199
2024-10-24 00:33:31.207 133635 DEBUG oslo_service.service [req-8ab31976-1a23-4f92-873f-ad150b5a4710 - - - - -] barbican.barbican_api_version = None log_opt_values /usr/lib/python3/dist-packages/oslo_config/cfg.py:2609
2024-10-24 00:33:31.207 133635 DEBUG oslo_service.service [req-8ab31976-1a23-4f92-873f-ad150b5a4710 - - - - -] barbican.barbican_endpoint = None log_opt_values /usr/lib/python3/dist-packages/oslo_config/cfg.py:2609
2024-10-24 00:33:31.207 135046 DEBUG nova.servicegroup.drivers.db [req-cef5fe8e-03fe-41cd-9801-4ecb49d9646e - - - - -] DB_Driver: join new ServiceGroup member juju-d399ee-0-lxd-7 to the scheduler group, service = join /usr/lib/python3/dist-packages/nova/servicegroup/drivers/db.py:44
2024-10-24 00:33:31.207 133635 DEBUG oslo_service.service [req-8ab31976-1a23-4f92-873f-ad150b5a4710 - - - - -] barbican.barbican_endpoint_type = public log_opt_values /usr/lib/python3/dist-packages/oslo_config/cfg.py:2609
2024-10-24 00:33:31.208 133635 DEBUG oslo_service.service [req-8ab31976-1a23-4f92-873f-ad150b5a4710 - - - - -] barbican.barbican_region_name = None log_opt_values /usr/lib/python3/dist-packages/oslo_config/cfg.py:2609
2024-10-24 00:33:31.208 135045 DEBUG oslo_messaging._drivers.amqpdriver [-] AMQPListener connection timeout poll /usr/lib/python3/dist-packages/oslo_messaging/_drivers/amqpdriver.py:360
2024-10-24 00:33:31.208 133635 DEBUG oslo_service.service [req-8ab31976-1a23-4f92-873f-ad150b5a4710 - - - - -] barbican.cafile = None log_opt_values /usr/lib/python3/dist-packages/oslo_config/cfg.py:2609
2024-10-24 00:33:31.208 135045 DEBUG oslo_messaging._drivers.amqpdriver [-] Listener is running poll /usr/lib/python3/dist-packages/oslo_messaging/_drivers/amqpdriver.py:343
2024-10-24 00:33:31.208 135045 DEBUG oslo_messaging._drivers.amqpdriver [-] AMQPListener connection consume poll /usr/lib/python3/dist-packages/oslo_messaging/_drivers/amqpdriver.py:357
2024-10-24 00:33:31.208 133635 DEBUG oslo_service.service [req-8ab31976-1a23-4f92-873f-ad150b5a4710 - - - - -] barbican.certfile = None log_opt_values /usr/lib/python3/dist-packages/oslo_config/cfg.py:2609
2024-10-24 00:33:31.208 135046 DEBUG oslo_messaging._drivers.amqpdriver [-] AMQPListener connection timeout poll /usr/lib/python3/dist-packages/oslo_messaging/_drivers/amqpdriver.py:360
2024-10-24 00:33:31.208 133635 DEBUG oslo_service.service [req-8ab31976-1a23-4f92-873f-ad150b5a4710 - - - - -] barbican.collect_timing = False log_opt_values /usr/lib/python3/dist-packages/oslo_config/cfg.py:2609
2024-10-24 00:33:31.208 135046 DEBUG oslo_messaging._drivers.amqpdriver [-] Listener is running poll /usr/lib/python3/dist-packages/oslo_messaging/_drivers/amqpdriver.py:343
2024-10-24 00:33:31.208 135046 DEBUG oslo_messaging._drivers.amqpdriver [-] AMQPListener connection consume poll /usr/lib/python3/dist-packages/oslo_messaging/_drivers/amqpdriver.py:357
2024-10-24 00:33:31.208 133635 DEBUG oslo_service.service [req-8ab31976-1a23-4f92-873f-ad150b5a4710 - - - - -] barbican.insecure = False log_opt_values /usr/lib/python3/dist-packages/oslo_config/cfg.py:2609
2024-10-24 00:33:31.208 133635 DEBUG oslo_service.service [req-8ab31976-1a23-4f92-873f-ad150b5a4710 - - - - -] barbican.keyfile = None log_opt_values /usr/lib/python3/dist-packages/oslo_config/cfg.py:2609
2024-10-24 00:33:31.209 133635 DEBUG oslo_service.service [req-8ab31976-1a23-4f92-873f-ad150b5a4710 - - - - -] barbican.number_of_retries = 60 log_opt_values /usr/lib/python3/dist-packages/oslo_config/cfg.py:2609
2024-10-24 00:33:31.209 133635 DEBUG oslo_service.service [req-8ab31976-1a23-4f92-873f-ad150b5a4710 - - - - -] barbican.retry_delay = 1 log_opt_values /usr/lib/python3/dist-packages/oslo_config/cfg.py:2609
2024-10-24 00:33:31.209 133635 DEBUG oslo_service.service [req-8ab31976-1a23-4f92-873f-ad150b5a4710 - - - - -] barbican.send_service_user_token = False log_opt_values /usr/lib/python3/dist-packages/oslo_config/cfg.py:2609
2024-10-24 00:33:31.209 133635 DEBUG oslo_service.service [req-8ab31976-1a23-4f92-873f-ad150b5a4710 - - - - -] barbican.split_loggers = False log_opt_values /usr/lib/python3/dist-packages/oslo_config/cfg.py:2609
2024-10-24 00:33:31.209 133635 DEBUG oslo_service.service [req-8ab31976-1a23-4f92-873f-ad150b5a4710 - - - - -] barbican.timeout = None log_opt_values /usr/lib/python3/dist-packages/oslo_config/cfg.py:2609
2024-10-24 00:33:31.209 133635 DEBUG oslo_service.service [req-8ab31976-1a23-4f92-873f-ad150b5a4710 - - - - -] barbican.verify_ssl = True log_opt_values /usr/lib/python3/dist-packages/oslo_config/cfg.py:2609
2024-10-24 00:33:31.209 133635 DEBUG oslo_service.service [req-8ab31976-1a23-4f92-873f-ad150b5a4710 - - - - -] barbican.verify_ssl_path = None log_opt_values /usr/lib/python3/dist-packages/oslo_config/cfg.py:2609
2024-10-24 00:33:31.210 133635 DEBUG oslo_service.service [req-8ab31976-1a23-4f92-873f-ad150b5a4710 - - - - -] barbican_service_user.auth_section = None log_opt_values /usr/lib/python3/dist-packages/oslo_config/cfg.py:2609
2024-10-24 00:33:31.210 133635 DEBUG oslo_service.service [req-8ab31976-1a23-4f92-873f-ad150b5a4710 - - - - -] barbican_service_user.auth_type = None log_opt_values /usr/lib/python3/dist-packages/oslo_config/cfg.py:2609
2024-10-24 00:33:31.210 133635 DEBUG oslo_service.service [req-8ab31976-1a23-4f92-873f-ad150b5a4710 - - - - -] barbican_service_user.cafile = None log_opt_values /usr/lib/python3/dist-packages/oslo_config/cfg.py:2609
2024-10-24 00:33:31.210 133635 DEBUG oslo_service.service [req-8ab31976-1a23-4f92-873f-ad150b5a4710 - - - - -] barbican_service_user.certfile = None log_opt_values /usr/lib/python3/dist-packages/oslo_config/cfg.py:2609
2024-10-24 00:33:31.210 133635 DEBUG oslo_service.service [req-8ab31976-1a23-4f92-873f-ad150b5a4710 - - - - -] barbican_service_user.collect_timing = False log_opt_values /usr/lib/python3/dist-packages/oslo_config/cfg.py:2609
2024-10-24 00:33:31.211 133635 DEBUG oslo_service.service [req-8ab31976-1a23-4f92-873f-ad150b5a4710 - - - - -] barbican_service_user.insecure = False log_opt_values /usr/lib/python3/dist-packages/oslo_config/cfg.py:2609
2024-10-24 00:33:31.211 133635 DEBUG oslo_service.service [req-8ab31976-1a23-4f92-873f-ad150b5a4710 - - - - -] barbican_service_user.keyfile = None log_opt_values /usr/lib/python3/dist-packages/oslo_config/cfg.py:2609
2024-10-24 00:33:31.211 133635 DEBUG oslo_service.service [req-8ab31976-1a23-4f92-873f-ad150b5a4710 - - - - -] barbican_service_user.split_loggers = False log_opt_values /usr/lib/python3/dist-packages/oslo_config/cfg.py:2609
2024-10-24 00:33:31.211 133635 DEBUG oslo_service.service [req-8ab31976-1a23-4f92-873f-ad150b5a4710 - - - - -] barbican_service_user.timeout = None log_opt_values /usr/lib/python3/dist-packages/oslo_config/cfg.py:2609
2024-10-24 00:33:31.211 133635 DEBUG oslo_service.service [req-8ab31976-1a23-4f92-873f-ad150b5a4710 - - - - -] vault.approle_role_id = None log_opt_values /usr/lib/python3/dist-packages/oslo_config/cfg.py:2609
2024-10-24 00:33:31.211 133635 DEBUG oslo_service.service [req-8ab31976-1a23-4f92-873f-ad150b5a4710 - - - - -] vault.approle_secret_id = None log_opt_values /usr/lib/python3/dist-packages/oslo_config/cfg.py:2609
2024-10-24 00:33:31.212 133635 DEBUG oslo_service.service [req-8ab31976-1a23-4f92-873f-ad150b5a4710 - - - - -] vault.cafile = None log_opt_values /usr/lib/python3/dist-packages/oslo_config/cfg.py:2609
2024-10-24 00:33:31.212 133635 DEBUG oslo_service.service [req-8ab31976-1a23-4f92-873f-ad150b5a4710 - - - - -] vault.certfile = None log_opt_values /usr/lib/python3/dist-packages/oslo_config/cfg.py:2609
2024-10-24 00:33:31.212 133635 DEBUG oslo_service.service [req-8ab31976-1a23-4f92-873f-ad150b5a4710 - - - - -] vault.collect_timing = False log_opt_values /usr/lib/python3/dist-packages/oslo_config/cfg.py:2609
2024-10-24 00:33:31.212 133635 DEBUG oslo_service.service [req-8ab31976-1a23-4f92-873f-ad150b5a4710 - - - - -] vault.insecure = False log_opt_values /usr/lib/python3/dist-packages/oslo_config/cfg.py:2609
2024-10-24 00:33:31.212 133635 DEBUG oslo_service.service [req-8ab31976-1a23-4f92-873f-ad150b5a4710 - - - - -] vault.keyfile = None log_opt_values /usr/lib/python3/dist-packages/oslo_config/cfg.py:2609
2024-10-24 00:33:31.212 133635 DEBUG oslo_service.service [req-8ab31976-1a23-4f92-873f-ad150b5a4710 - - - - -] vault.kv_mountpoint = secret log_opt_values /usr/lib/python3/dist-packages/oslo_config/cfg.py:2609
2024-10-24 00:33:31.213 133635 DEBUG oslo_service.service [req-8ab31976-1a23-4f92-873f-ad150b5a4710 - - - - -] vault.kv_version = 2 log_opt_values /usr/lib/python3/dist-packages/oslo_config/cfg.py:2609
2024-10-24 00:33:31.213 133635 DEBUG oslo_service.service [req-8ab31976-1a23-4f92-873f-ad150b5a4710 - - - - -] vault.namespace = None log_opt_values /usr/lib/python3/dist-packages/oslo_config/cfg.py:2609
2024-10-24 00:33:31.213 133635 DEBUG oslo_service.service [req-8ab31976-1a23-4f92-873f-ad150b5a4710 - - - - -] vault.root_token_id = None log_opt_values /usr/lib/python3/dist-packages/oslo_config/cfg.py:2609
2024-10-24 00:33:31.213 133635 DEBUG oslo_service.service [req-8ab31976-1a23-4f92-873f-ad150b5a4710 - - - - -] vault.split_loggers = False log_opt_values /usr/lib/python3/dist-packages/oslo_config/cfg.py:2609
2024-10-24 00:33:31.213 133635 DEBUG oslo_service.service [req-8ab31976-1a23-4f92-873f-ad150b5a4710 - - - - -] vault.ssl_ca_crt_file = None log_opt_values /usr/lib/python3/dist-packages/oslo_config/cfg.py:2609
2024-10-24 00:33:31.213 133635 DEBUG oslo_service.service [req-8ab31976-1a23-4f92-873f-ad150b5a4710 - - - - -] vault.timeout = None log_opt_values /usr/lib/python3/dist-packages/oslo_config/cfg.py:2609
2024-10-24 00:33:31.214 133635 DEBUG oslo_service.service [req-8ab31976-1a23-4f92-873f-ad150b5a4710 - - - - -] vault.use_ssl = False log_opt_values /usr/lib/python3/dist-packages/oslo_config/cfg.py:2609
2024-10-24 00:33:31.214 133635 DEBUG oslo_service.service [req-8ab31976-1a23-4f92-873f-ad150b5a4710 - - - - -] vault.vault_url = http://127.0.0.1:8200 log_opt_values /usr/lib/python3/dist-packages/oslo_config/cfg.py:2609
2024-10-24 00:33:31.214 133635 DEBUG oslo_service.service [req-8ab31976-1a23-4f92-873f-ad150b5a4710 - - - - -] keystone.cafile = None log_opt_values /usr/lib/python3/dist-packages/oslo_config/cfg.py:2609
2024-10-24 00:33:31.214 133635 DEBUG oslo_service.service [req-8ab31976-1a23-4f92-873f-ad150b5a4710 - - - - -] keystone.certfile = None log_opt_values /usr/lib/python3/dist-packages/oslo_config/cfg.py:2609
2024-10-24 00:33:31.214 133635 DEBUG oslo_service.service [req-8ab31976-1a23-4f92-873f-ad150b5a4710 - - - - -] keystone.collect_timing = False log_opt_values /usr/lib/python3/dist-packages/oslo_config/cfg.py:2609
2024-10-24 00:33:31.215 133635 DEBUG oslo_service.service [req-8ab31976-1a23-4f92-873f-ad150b5a4710 - - - - -] keystone.connect_retries = None log_opt_values /usr/lib/python3/dist-packages/oslo_config/cfg.py:2609
2024-10-24 00:33:31.216 133635 DEBUG oslo_service.service [req-8ab31976-1a23-4f92-873f-ad150b5a4710 - - - - -] keystone.connect_retry_delay = None log_opt_values /usr/lib/python3/dist-packages/oslo_config/cfg.py:2609
2024-10-24 00:33:31.216 133635 DEBUG oslo_service.service [req-8ab31976-1a23-4f92-873f-ad150b5a4710 - - - - -] keystone.endpoint_override = None log_opt_values /usr/lib/python3/dist-packages/oslo_config/cfg.py:2609
2024-10-24 00:33:31.216 133635 DEBUG oslo_service.service [req-8ab31976-1a23-4f92-873f-ad150b5a4710 - - - - -] keystone.insecure = False log_opt_values /usr/lib/python3/dist-packages/oslo_config/cfg.py:2609
2024-10-24 00:33:31.216 133635 DEBUG oslo_service.service [req-8ab31976-1a23-4f92-873f-ad150b5a4710 - - - - -] keystone.keyfile = None log_opt_values /usr/lib/python3/dist-packages/oslo_config/cfg.py:2609
2024-10-24 00:33:31.216 135047 DEBUG oslo_messaging._drivers.amqpdriver [-] Listener is running poll /usr/lib/python3/dist-packages/oslo_messaging/_drivers/amqpdriver.py:343
2024-10-24 00:33:31.216 133635 DEBUG oslo_service.service [req-8ab31976-1a23-4f92-873f-ad150b5a4710 - - - - -] keystone.max_version = None log_opt_values /usr/lib/python3/dist-packages/oslo_config/cfg.py:2609
2024-10-24 00:33:31.216 135047 DEBUG oslo_messaging._drivers.amqpdriver [-] AMQPListener connection consume poll /usr/lib/python3/dist-packages/oslo_messaging/_drivers/amqpdriver.py:357
2024-10-24 00:33:31.217 133635 DEBUG oslo_service.service [req-8ab31976-1a23-4f92-873f-ad150b5a4710 - - - - -] keystone.min_version = None log_opt_values /usr/lib/python3/dist-packages/oslo_config/cfg.py:2609
2024-10-24 00:33:31.217 133635 DEBUG oslo_service.service [req-8ab31976-1a23-4f92-873f-ad150b5a4710 - - - - -] keystone.region_name = None log_opt_values /usr/lib/python3/dist-packages/oslo_config/cfg.py:2609
2024-10-24 00:33:31.217 133635 DEBUG oslo_service.service [req-8ab31976-1a23-4f92-873f-ad150b5a4710 - - - - -] keystone.service_name = None log_opt_values /usr/lib/python3/dist-packages/oslo_config/cfg.py:2609
2024-10-24 00:33:31.218 133635 DEBUG oslo_service.service [req-8ab31976-1a23-4f92-873f-ad150b5a4710 - - - - -] keystone.service_type = identity log_opt_values /usr/lib/python3/dist-packages/oslo_config/cfg.py:2609
2024-10-24 00:33:31.217 135047 DEBUG nova.service [req-9f0bac9d-3395-4373-af9c-91bb5df7c1ac - - - - -] Join ServiceGroup membership for this service scheduler start /usr/lib/python3/dist-packages/nova/service.py:199
2024-10-24 00:33:31.218 133635 DEBUG oslo_service.service [req-8ab31976-1a23-4f92-873f-ad150b5a4710 - - - - -] keystone.split_loggers = False log_opt_values /usr/lib/python3/dist-packages/oslo_config/cfg.py:2609
2024-10-24 00:33:31.218 133635 DEBUG oslo_service.service [req-8ab31976-1a23-4f92-873f-ad150b5a4710 - - - - -] keystone.status_code_retries = None log_opt_values /usr/lib/python3/dist-packages/oslo_config/cfg.py:2609
2024-10-24 00:33:31.218 135047 DEBUG nova.servicegroup.drivers.db [req-9f0bac9d-3395-4373-af9c-91bb5df7c1ac - - - - -] DB_Driver: join new ServiceGroup member juju-d399ee-0-lxd-7 to the scheduler group, service = join /usr/lib/python3/dist-packages/nova/servicegroup/drivers/db.py:44
2024-10-24 00:33:31.218 133635 DEBUG oslo_service.service [req-8ab31976-1a23-4f92-873f-ad150b5a4710 - - - - -] keystone.status_code_retry_delay = None log_opt_values /usr/lib/python3/dist-packages/oslo_config/cfg.py:2609
2024-10-24 00:33:31.218 133635 DEBUG oslo_service.service [req-8ab31976-1a23-4f92-873f-ad150b5a4710 - - - - -] keystone.timeout = None log_opt_values /usr/lib/python3/dist-packages/oslo_config/cfg.py:2609
2024-10-24 00:33:31.218 133635 DEBUG oslo_service.service [req-8ab31976-1a23-4f92-873f-ad150b5a4710 - - - - -] keystone.valid_interfaces = ['internal', 'public'] log_opt_values /usr/lib/python3/dist-packages/oslo_config/cfg.py:2609
2024-10-24 00:33:31.219 133635 DEBUG oslo_service.service [req-8ab31976-1a23-4f92-873f-ad150b5a4710 - - - - -] keystone.version = None log_opt_values /usr/lib/python3/dist-packages/oslo_config/cfg.py:2609
2024-10-24 00:33:31.219 133635 DEBUG oslo_service.service [req-8ab31976-1a23-4f92-873f-ad150b5a4710 - - - - -] libvirt.connection_uri = log_opt_values /usr/lib/python3/dist-packages/oslo_config/cfg.py:2609
2024-10-24 00:33:31.220 133635 DEBUG oslo_service.service [req-8ab31976-1a23-4f92-873f-ad150b5a4710 - - - - -] libvirt.cpu_mode = None log_opt_values /usr/lib/python3/dist-packages/oslo_config/cfg.py:2609
2024-10-24 00:33:31.220 133635 DEBUG oslo_service.service [req-8ab31976-1a23-4f92-873f-ad150b5a4710 - - - - -] libvirt.cpu_model_extra_flags = [] log_opt_values /usr/lib/python3/dist-packages/oslo_config/cfg.py:2609
2024-10-24 00:33:31.220 133635 DEBUG oslo_service.service [req-8ab31976-1a23-4f92-873f-ad150b5a4710 - - - - -] libvirt.cpu_models = [] log_opt_values /usr/lib/python3/dist-packages/oslo_config/cfg.py:2609
2024-10-24 00:33:31.220 133635 DEBUG oslo_service.service [req-8ab31976-1a23-4f92-873f-ad150b5a4710 - - - - -] libvirt.device_detach_attempts = 8 log_opt_values /usr/lib/python3/dist-packages/oslo_config/cfg.py:2609
