2024-10-24 00:35:09.354 148573 DEBUG oslo_service.service [req-52572908-4f25-470d-92b2-8222e328d036 - - - - -] oslo_policy.remote_content_type = application/x-www-form-urlencoded log_opt_values /usr/lib/python3/dist-packages/oslo_config/cfg.py:2609
2024-10-24 00:35:09.354 148573 DEBUG oslo_service.service [req-52572908-4f25-470d-92b2-8222e328d036 - - - - -] oslo_policy.remote_ssl_ca_crt_file = None log_opt_values /usr/lib/python3/dist-packages/oslo_config/cfg.py:2609
2024-10-24 00:35:09.354 148573 DEBUG oslo_service.service [req-52572908-4f25-470d-92b2-8222e328d036 - - - - -] oslo_policy.remote_ssl_client_crt_file = None log_opt_values /usr/lib/python3/dist-packages/oslo_config/cfg.py:2609
2024-10-24 00:35:09.355 148573 DEBUG oslo_service.service [req-52572908-4f25-470d-92b2-8222e328d036 - - - - -] oslo_policy.remote_ssl_client_key_file = None log_opt_values /usr/lib/python3/dist-packages/oslo_config/cfg.py:2609
2024-10-24 00:35:09.355 148573 DEBUG oslo_service.service [req-52572908-4f25-470d-92b2-8222e328d036 - - - - -] oslo_policy.remote_ssl_verify_server_crt = False log_opt_values /usr/lib/python3/dist-packages/oslo_config/cfg.py:2609
2024-10-24 00:35:09.355 148573 DEBUG oslo_service.service [req-52572908-4f25-470d-92b2-8222e328d036 - - - - -] oslo_versionedobjects.fatal_exception_format_errors = False log_opt_values /usr/lib/python3/dist-packages/oslo_config/cfg.py:2609
2024-10-24 00:35:09.355 148573 DEBUG oslo_service.service [req-52572908-4f25-470d-92b2-8222e328d036 - - - - -] oslo_middleware.http_basic_auth_user_file = /etc/htpasswd log_opt_values /usr/lib/python3/dist-packages/oslo_config/cfg.py:2609
2024-10-24 00:35:09.355 148573 DEBUG oslo_service.service [req-52572908-4f25-470d-92b2-8222e328d036 - - - - -] profiler.connection_string = messaging:// log_opt_values /usr/lib/python3/dist-packages/oslo_config/cfg.py:2609
2024-10-24 00:35:09.355 148573 DEBUG oslo_service.service [req-52572908-4f25-470d-92b2-8222e328d036 - - - - -] profiler.enabled = False log_opt_values /usr/lib/python3/dist-packages/oslo_config/cfg.py:2609
2024-10-24 00:35:09.356 148573 DEBUG oslo_service.service [req-52572908-4f25-470d-92b2-8222e328d036 - - - - -] profiler.es_doc_type = notification log_opt_values /usr/lib/python3/dist-packages/oslo_config/cfg.py:2609
2024-10-24 00:35:09.356 148573 DEBUG oslo_service.service [req-52572908-4f25-470d-92b2-8222e328d036 - - - - -] profiler.es_scroll_size = 10000 log_opt_values /usr/lib/python3/dist-packages/oslo_config/cfg.py:2609
2024-10-24 00:35:09.356 148573 DEBUG oslo_service.service [req-52572908-4f25-470d-92b2-8222e328d036 - - - - -] profiler.es_scroll_time = 2m log_opt_values /usr/lib/python3/dist-packages/oslo_config/cfg.py:2609
2024-10-24 00:35:09.356 148573 DEBUG oslo_service.service [req-52572908-4f25-470d-92b2-8222e328d036 - - - - -] profiler.filter_error_trace = False log_opt_values /usr/lib/python3/dist-packages/oslo_config/cfg.py:2609
2024-10-24 00:35:09.356 148573 DEBUG oslo_service.service [req-52572908-4f25-470d-92b2-8222e328d036 - - - - -] profiler.hmac_keys = SECRET_KEY log_opt_values /usr/lib/python3/dist-packages/oslo_config/cfg.py:2609
2024-10-24 00:35:09.357 148573 DEBUG oslo_service.service [req-52572908-4f25-470d-92b2-8222e328d036 - - - - -] profiler.sentinel_service_name = mymaster log_opt_values /usr/lib/python3/dist-packages/oslo_config/cfg.py:2609
2024-10-24 00:35:09.358 148573 DEBUG oslo_service.service [req-52572908-4f25-470d-92b2-8222e328d036 - - - - -] profiler.socket_timeout = 0.1 log_opt_values /usr/lib/python3/dist-packages/oslo_config/cfg.py:2609
2024-10-24 00:35:09.359 148573 DEBUG oslo_service.service [req-52572908-4f25-470d-92b2-8222e328d036 - - - - -] profiler.trace_sqlalchemy = False log_opt_values /usr/lib/python3/dist-packages/oslo_config/cfg.py:2609
2024-10-24 00:35:09.359 148573 DEBUG oslo_service.service [req-52572908-4f25-470d-92b2-8222e328d036 - - - - -] remote_debug.host = None log_opt_values /usr/lib/python3/dist-packages/oslo_config/cfg.py:2609
2024-10-24 00:35:09.359 148573 DEBUG oslo_service.service [req-52572908-4f25-470d-92b2-8222e328d036 - - - - -] remote_debug.port = None log_opt_values /usr/lib/python3/dist-packages/oslo_config/cfg.py:2609
2024-10-24 00:35:09.359 148573 DEBUG oslo_service.service [req-52572908-4f25-470d-92b2-8222e328d036 - - - - -] oslo_messaging_rabbit.amqp_auto_delete = False log_opt_values /usr/lib/python3/dist-packages/oslo_config/cfg.py:2609
2024-10-24 00:35:09.359 148573 DEBUG oslo_service.service [req-52572908-4f25-470d-92b2-8222e328d036 - - - - -] oslo_messaging_rabbit.amqp_durable_queues = False log_opt_values /usr/lib/python3/dist-packages/oslo_config/cfg.py:2609
2024-10-24 00:35:09.359 148573 DEBUG oslo_service.service [req-52572908-4f25-470d-92b2-8222e328d036 - - - - -] oslo_messaging_rabbit.conn_pool_min_size = 2 log_opt_values /usr/lib/python3/dist-packages/oslo_config/cfg.py:2609
2024-10-24 00:35:09.360 148573 DEBUG oslo_service.service [req-52572908-4f25-470d-92b2-8222e328d036 - - - - -] oslo_messaging_rabbit.conn_pool_ttl = 1200 log_opt_values /usr/lib/python3/dist-packages/oslo_config/cfg.py:2609
2024-10-24 00:35:09.360 148573 DEBUG oslo_service.service [req-52572908-4f25-470d-92b2-8222e328d036 - - - - -] oslo_messaging_rabbit.direct_mandatory_flag = True log_opt_values /usr/lib/python3/dist-packages/oslo_config/cfg.py:2609
2024-10-24 00:35:09.360 148573 DEBUG oslo_service.service [req-52572908-4f25-470d-92b2-8222e328d036 - - - - -] oslo_messaging_rabbit.enable_cancel_on_failover = False log_opt_values /usr/lib/python3/dist-packages/oslo_config/cfg.py:2609
2024-10-24 00:35:09.361 148573 DEBUG oslo_service.service [req-52572908-4f25-470d-92b2-8222e328d036 - - - - -] oslo_messaging_rabbit.heartbeat_in_pthread = True log_opt_values /usr/lib/python3/dist-packages/oslo_config/cfg.py:2609
2024-10-24 00:35:09.361 148573 DEBUG oslo_service.service [req-52572908-4f25-470d-92b2-8222e328d036 - - - - -] oslo_messaging_rabbit.heartbeat_rate = 2 log_opt_values /usr/lib/python3/dist-packages/oslo_config/cfg.py:2609
2024-10-24 00:35:09.361 148573 DEBUG oslo_service.service [req-52572908-4f25-470d-92b2-8222e328d036 - - - - -] oslo_messaging_rabbit.heartbeat_timeout_threshold = 60 log_opt_values /usr/lib/python3/dist-packages/oslo_config/cfg.py:2609
2024-10-24 00:35:09.362 148573 DEBUG oslo_service.service [req-52572908-4f25-470d-92b2-8222e328d036 - - - - -] oslo_messaging_rabbit.kombu_compression = None log_opt_values /usr/lib/python3/dist-packages/oslo_config/cfg.py:2609
2024-10-24 00:35:09.362 148573 DEBUG oslo_service.service [req-52572908-4f25-470d-92b2-8222e328d036 - - - - -] oslo_messaging_rabbit.kombu_failover_strategy = round-robin log_opt_values /usr/lib/python3/dist-packages/oslo_config/cfg.py:2609
2024-10-24 00:35:09.362 148573 DEBUG oslo_service.service [req-52572908-4f25-470d-92b2-8222e328d036 - - - - -] oslo_messaging_rabbit.kombu_missing_consumer_retry_timeout = 60 log_opt_values /usr/lib/python3/dist-packages/oslo_config/cfg.py:2609
2024-10-24 00:35:09.362 148573 DEBUG oslo_service.service [req-52572908-4f25-470d-92b2-8222e328d036 - - - - -] oslo_messaging_rabbit.kombu_reconnect_delay = 1.0 log_opt_values /usr/lib/python3/dist-packages/oslo_config/cfg.py:2609
2024-10-24 00:35:09.362 148573 DEBUG oslo_service.service [req-52572908-4f25-470d-92b2-8222e328d036 - - - - -] oslo_messaging_rabbit.rabbit_ha_queues = False log_opt_values /usr/lib/python3/dist-packages/oslo_config/cfg.py:2609
2024-10-24 00:35:09.362 148573 DEBUG oslo_service.service [req-52572908-4f25-470d-92b2-8222e328d036 - - - - -] oslo_messaging_rabbit.rabbit_interval_max = 30 log_opt_values /usr/lib/python3/dist-packages/oslo_config/cfg.py:2609
2024-10-24 00:35:09.363 148573 DEBUG oslo_service.service [req-52572908-4f25-470d-92b2-8222e328d036 - - - - -] oslo_messaging_rabbit.rabbit_login_method = AMQPLAIN log_opt_values /usr/lib/python3/dist-packages/oslo_config/cfg.py:2609
2024-10-24 00:35:09.363 148573 DEBUG oslo_service.service [req-52572908-4f25-470d-92b2-8222e328d036 - - - - -] oslo_messaging_rabbit.rabbit_qos_prefetch_count = 0 log_opt_values /usr/lib/python3/dist-packages/oslo_config/cfg.py:2609
2024-10-24 00:35:09.363 148573 DEBUG oslo_service.service [req-52572908-4f25-470d-92b2-8222e328d036 - - - - -] oslo_messaging_rabbit.rabbit_quorum_queue = False log_opt_values /usr/lib/python3/dist-packages/oslo_config/cfg.py:2609
2024-10-24 00:35:09.363 148573 DEBUG oslo_service.service [req-52572908-4f25-470d-92b2-8222e328d036 - - - - -] oslo_messaging_rabbit.rabbit_retry_backoff = 2 log_opt_values /usr/lib/python3/dist-packages/oslo_config/cfg.py:2609
2024-10-24 00:35:09.363 148573 DEBUG oslo_service.service [req-52572908-4f25-470d-92b2-8222e328d036 - - - - -] oslo_messaging_rabbit.rabbit_retry_interval = 1 log_opt_values /usr/lib/python3/dist-packages/oslo_config/cfg.py:2609
2024-10-24 00:35:09.363 148573 DEBUG oslo_service.service [req-52572908-4f25-470d-92b2-8222e328d036 - - - - -] oslo_messaging_rabbit.rabbit_transient_queues_ttl = 1800 log_opt_values /usr/lib/python3/dist-packages/oslo_config/cfg.py:2609
2024-10-24 00:35:09.364 148573 DEBUG oslo_service.service [req-52572908-4f25-470d-92b2-8222e328d036 - - - - -] oslo_messaging_rabbit.rpc_conn_pool_size = 30 log_opt_values /usr/lib/python3/dist-packages/oslo_config/cfg.py:2609
2024-10-24 00:35:09.364 148573 DEBUG oslo_service.service [req-52572908-4f25-470d-92b2-8222e328d036 - - - - -] oslo_messaging_rabbit.ssl = False log_opt_values /usr/lib/python3/dist-packages/oslo_config/cfg.py:2609
2024-10-24 00:35:09.364 148573 DEBUG oslo_service.service [req-52572908-4f25-470d-92b2-8222e328d036 - - - - -] oslo_messaging_rabbit.ssl_ca_file = log_opt_values /usr/lib/python3/dist-packages/oslo_config/cfg.py:2609
2024-10-24 00:35:09.365 148573 DEBUG oslo_service.service [req-52572908-4f25-470d-92b2-8222e328d036 - - - - -] oslo_messaging_rabbit.ssl_cert_file = log_opt_values /usr/lib/python3/dist-packages/oslo_config/cfg.py:2609
2024-10-24 00:35:09.365 148573 DEBUG oslo_service.service [req-52572908-4f25-470d-92b2-8222e328d036 - - - - -] oslo_messaging_rabbit.ssl_key_file = log_opt_values /usr/lib/python3/dist-packages/oslo_config/cfg.py:2609
2024-10-24 00:35:09.365 148573 DEBUG oslo_service.service [req-52572908-4f25-470d-92b2-8222e328d036 - - - - -] oslo_messaging_rabbit.ssl_version = log_opt_values /usr/lib/python3/dist-packages/oslo_config/cfg.py:2609
2024-10-24 00:35:09.365 148573 DEBUG oslo_service.service [req-52572908-4f25-470d-92b2-8222e328d036 - - - - -] oslo_messaging_notifications.driver = ['messagingv2'] log_opt_values /usr/lib/python3/dist-packages/oslo_config/cfg.py:2609
2024-10-24 00:35:09.366 148573 DEBUG oslo_service.service [req-52572908-4f25-470d-92b2-8222e328d036 - - - - -] oslo_messaging_notifications.retry = -1 log_opt_values /usr/lib/python3/dist-packages/oslo_config/cfg.py:2609
2024-10-24 00:35:09.366 148573 DEBUG oslo_service.service [req-52572908-4f25-470d-92b2-8222e328d036 - - - - -] oslo_messaging_notifications.topics = ['notifications'] log_opt_values /usr/lib/python3/dist-packages/oslo_config/cfg.py:2609
2024-10-24 00:35:09.366 148573 DEBUG oslo_service.service [req-52572908-4f25-470d-92b2-8222e328d036 - - - - -] oslo_messaging_notifications.transport_url = **** log_opt_values /usr/lib/python3/dist-packages/oslo_config/cfg.py:2609
2024-10-24 00:35:09.366 148573 DEBUG oslo_service.service [req-52572908-4f25-470d-92b2-8222e328d036 - - - - -] oslo_limit.auth_section = None log_opt_values /usr/lib/python3/dist-packages/oslo_config/cfg.py:2609
2024-10-24 00:35:09.366 148573 DEBUG oslo_service.service [req-52572908-4f25-470d-92b2-8222e328d036 - - - - -] oslo_limit.auth_type = None log_opt_values /usr/lib/python3/dist-packages/oslo_config/cfg.py:2609
2024-10-24 00:35:09.367 148573 DEBUG oslo_service.service [req-52572908-4f25-470d-92b2-8222e328d036 - - - - -] oslo_limit.cafile = None log_opt_values /usr/lib/python3/dist-packages/oslo_config/cfg.py:2609
2024-10-24 00:35:09.367 148573 DEBUG oslo_service.service [req-52572908-4f25-470d-92b2-8222e328d036 - - - - -] oslo_limit.certfile = None log_opt_values /usr/lib/python3/dist-packages/oslo_config/cfg.py:2609
2024-10-24 00:35:09.367 148573 DEBUG oslo_service.service [req-52572908-4f25-470d-92b2-8222e328d036 - - - - -] oslo_limit.collect_timing = False log_opt_values /usr/lib/python3/dist-packages/oslo_config/cfg.py:2609
2024-10-24 00:35:09.367 148573 DEBUG oslo_service.service [req-52572908-4f25-470d-92b2-8222e328d036 - - - - -] oslo_limit.connect_retries = None log_opt_values /usr/lib/python3/dist-packages/oslo_config/cfg.py:2609
2024-10-24 00:35:09.367 148573 DEBUG oslo_service.service [req-52572908-4f25-470d-92b2-8222e328d036 - - - - -] oslo_limit.connect_retry_delay = None log_opt_values /usr/lib/python3/dist-packages/oslo_config/cfg.py:2609
2024-10-24 00:35:09.367 148573 DEBUG oslo_service.service [req-52572908-4f25-470d-92b2-8222e328d036 - - - - -] oslo_limit.endpoint_id = None log_opt_values /usr/lib/python3/dist-packages/oslo_config/cfg.py:2609
2024-10-24 00:35:09.367 148573 DEBUG oslo_service.service [req-52572908-4f25-470d-92b2-8222e328d036 - - - - -] oslo_limit.endpoint_override = None log_opt_values /usr/lib/python3/dist-packages/oslo_config/cfg.py:2609
2024-10-24 00:35:09.368 148573 DEBUG oslo_service.service [req-52572908-4f25-470d-92b2-8222e328d036 - - - - -] oslo_limit.insecure = False log_opt_values /usr/lib/python3/dist-packages/oslo_config/cfg.py:2609
2024-10-24 00:35:09.368 148573 DEBUG oslo_service.service [req-52572908-4f25-470d-92b2-8222e328d036 - - - - -] oslo_limit.keyfile = None log_opt_values /usr/lib/python3/dist-packages/oslo_config/cfg.py:2609
2024-10-24 00:35:09.368 148573 DEBUG oslo_service.service [req-52572908-4f25-470d-92b2-8222e328d036 - - - - -] oslo_limit.max_version = None log_opt_values /usr/lib/python3/dist-packages/oslo_config/cfg.py:2609
2024-10-24 00:35:09.368 148573 DEBUG oslo_service.service [req-52572908-4f25-470d-92b2-8222e328d036 - - - - -] oslo_limit.min_version = None log_opt_values /usr/lib/python3/dist-packages/oslo_config/cfg.py:2609
2024-10-24 00:35:09.368 148573 DEBUG oslo_service.service [req-52572908-4f25-470d-92b2-8222e328d036 - - - - -] oslo_limit.region_name = None log_opt_values /usr/lib/python3/dist-packages/oslo_config/cfg.py:2609
2024-10-24 00:35:09.368 148573 DEBUG oslo_service.service [req-52572908-4f25-470d-92b2-8222e328d036 - - - - -] oslo_limit.service_name = None log_opt_values /usr/lib/python3/dist-packages/oslo_config/cfg.py:2609
2024-10-24 00:35:09.369 148573 DEBUG oslo_service.service [req-52572908-4f25-470d-92b2-8222e328d036 - - - - -] oslo_limit.service_type = None log_opt_values /usr/lib/python3/dist-packages/oslo_config/cfg.py:2609
2024-10-24 00:35:09.369 148573 DEBUG oslo_service.service [req-52572908-4f25-470d-92b2-8222e328d036 - - - - -] oslo_limit.split_loggers = False log_opt_values /usr/lib/python3/dist-packages/oslo_config/cfg.py:2609
2024-10-24 00:35:09.369 148573 DEBUG oslo_service.service [req-52572908-4f25-470d-92b2-8222e328d036 - - - - -] oslo_limit.status_code_retries = None log_opt_values /usr/lib/python3/dist-packages/oslo_config/cfg.py:2609
2024-10-24 00:35:09.369 148573 DEBUG oslo_service.service [req-52572908-4f25-470d-92b2-8222e328d036 - - - - -] oslo_limit.status_code_retry_delay = None log_opt_values /usr/lib/python3/dist-packages/oslo_config/cfg.py:2609
2024-10-24 00:35:09.369 148573 DEBUG oslo_service.service [req-52572908-4f25-470d-92b2-8222e328d036 - - - - -] oslo_limit.timeout = None log_opt_values /usr/lib/python3/dist-packages/oslo_config/cfg.py:2609
2024-10-24 00:35:09.369 148573 DEBUG oslo_service.service [req-52572908-4f25-470d-92b2-8222e328d036 - - - - -] oslo_limit.valid_interfaces = None log_opt_values /usr/lib/python3/dist-packages/oslo_config/cfg.py:2609
2024-10-24 00:35:09.369 148573 DEBUG oslo_service.service [req-52572908-4f25-470d-92b2-8222e328d036 - - - - -] oslo_limit.version = None log_opt_values /usr/lib/python3/dist-packages/oslo_config/cfg.py:2609
2024-10-24 00:35:09.370 148573 DEBUG oslo_service.service [req-52572908-4f25-470d-92b2-8222e328d036 - - - - -] oslo_reports.file_event_handler = None log_opt_values /usr/lib/python3/dist-packages/oslo_config/cfg.py:2609
2024-10-24 00:35:09.370 148573 DEBUG oslo_service.service [req-52572908-4f25-470d-92b2-8222e328d036 - - - - -] oslo_reports.file_event_handler_interval = 1 log_opt_values /usr/lib/python3/dist-packages/oslo_config/cfg.py:2609
2024-10-24 00:35:09.370 148573 DEBUG oslo_service.service [req-52572908-4f25-470d-92b2-8222e328d036 - - - - -] oslo_reports.log_dir = None log_opt_values /usr/lib/python3/dist-packages/oslo_config/cfg.py:2609
2024-10-24 00:35:09.370 148573 DEBUG oslo_service.service [req-52572908-4f25-470d-92b2-8222e328d036 - - - - -] ******************************************************************************** log_opt_values /usr/lib/python3/dist-packages/oslo_config/cfg.py:2613
2024-10-24 00:35:10.265 149133 DEBUG oslo_messaging._drivers.amqpdriver [-] AMQPListener connection timeout poll /usr/lib/python3/dist-packages/oslo_messaging/_drivers/amqpdriver.py:360
2024-10-24 00:35:10.266 149133 DEBUG oslo_messaging._drivers.amqpdriver [-] Listener is running poll /usr/lib/python3/dist-packages/oslo_messaging/_drivers/amqpdriver.py:343
2024-10-24 00:35:10.266 149133 DEBUG oslo_messaging._drivers.amqpdriver [-] AMQPListener connection consume poll /usr/lib/python3/dist-packages/oslo_messaging/_drivers/amqpdriver.py:357
2024-10-24 00:35:10.280 149124 DEBUG oslo_messaging._drivers.amqpdriver [-] AMQPListener connection timeout poll /usr/lib/python3/dist-packages/oslo_messaging/_drivers/amqpdriver.py:360
2024-10-24 00:35:10.280 149124 DEBUG oslo_messaging._drivers.amqpdriver [-] Listener is running poll /usr/lib/python3/dist-packages/oslo_messaging/_drivers/amqpdriver.py:343
2024-10-24 00:35:10.281 149124 DEBUG oslo_messaging._drivers.amqpdriver [-] AMQPListener connection consume poll /usr/lib/python3/dist-packages/oslo_messaging/_drivers/amqpdriver.py:357
2024-10-24 00:35:10.282 149131 DEBUG oslo_messaging._drivers.amqpdriver [-] AMQPListener connection timeout poll /usr/lib/python3/dist-packages/oslo_messaging/_drivers/amqpdriver.py:360
2024-10-24 00:35:10.283 149131 DEBUG oslo_messaging._drivers.amqpdriver [-] Listener is running poll /usr/lib/python3/dist-packages/oslo_messaging/_drivers/amqpdriver.py:343
2024-10-24 00:35:10.283 149131 DEBUG oslo_messaging._drivers.amqpdriver [-] AMQPListener connection consume poll /usr/lib/python3/dist-packages/oslo_messaging/_drivers/amqpdriver.py:357
2024-10-24 00:35:10.293 149134 DEBUG oslo_messaging._drivers.amqpdriver [-] AMQPListener connection timeout poll /usr/lib/python3/dist-packages/oslo_messaging/_drivers/amqpdriver.py:360
2024-10-24 00:35:10.293 149134 DEBUG oslo_messaging._drivers.amqpdriver [-] Listener is running poll /usr/lib/python3/dist-packages/oslo_messaging/_drivers/amqpdriver.py:343
2024-10-24 00:35:10.294 149134 DEBUG oslo_messaging._drivers.amqpdriver [-] AMQPListener connection consume poll /usr/lib/python3/dist-packages/oslo_messaging/_drivers/amqpdriver.py:357
2024-10-24 00:35:12.268 149133 DEBUG oslo_messaging._drivers.amqpdriver [-] AMQPListener connection timeout poll /usr/lib/python3/dist-packages/oslo_messaging/_drivers/amqpdriver.py:360
2024-10-24 00:35:12.268 149133 DEBUG oslo_messaging._drivers.amqpdriver [-] Listener is running poll /usr/lib/python3/dist-packages/oslo_messaging/_drivers/amqpdriver.py:343
2024-10-24 00:35:12.268 149133 DEBUG oslo_messaging._drivers.amqpdriver [-] AMQPListener connection consume poll /usr/lib/python3/dist-packages/oslo_messaging/_drivers/amqpdriver.py:357
2024-10-24 00:35:12.283 149124 DEBUG oslo_messaging._drivers.amqpdriver [-] AMQPListener connection timeout poll /usr/lib/python3/dist-packages/oslo_messaging/_drivers/amqpdriver.py:360
2024-10-24 00:35:12.283 149124 DEBUG oslo_messaging._drivers.amqpdriver [-] Listener is running poll /usr/lib/python3/dist-packages/oslo_messaging/_drivers/amqpdriver.py:343
2024-10-24 00:35:12.283 149124 DEBUG oslo_messaging._drivers.amqpdriver [-] AMQPListener connection consume poll /usr/lib/python3/dist-packages/oslo_messaging/_drivers/amqpdriver.py:357
2024-10-24 00:35:12.285 149131 DEBUG oslo_messaging._drivers.amqpdriver [-] AMQPListener connection timeout poll /usr/lib/python3/dist-packages/oslo_messaging/_drivers/amqpdriver.py:360
2024-10-24 00:35:12.285 149131 DEBUG oslo_messaging._drivers.amqpdriver [-] Listener is running poll /usr/lib/python3/dist-packages/oslo_messaging/_drivers/amqpdriver.py:343
2024-10-24 00:35:12.285 149131 DEBUG oslo_messaging._drivers.amqpdriver [-] AMQPListener connection consume poll /usr/lib/python3/dist-packages/oslo_messaging/_drivers/amqpdriver.py:357
2024-10-24 00:35:12.296 149134 DEBUG oslo_messaging._drivers.amqpdriver [-] AMQPListener connection timeout poll /usr/lib/python3/dist-packages/oslo_messaging/_drivers/amqpdriver.py:360
2024-10-24 00:35:12.296 149134 DEBUG oslo_messaging._drivers.amqpdriver [-] Listener is running poll /usr/lib/python3/dist-packages/oslo_messaging/_drivers/amqpdriver.py:343
2024-10-24 00:35:12.296 149134 DEBUG oslo_messaging._drivers.amqpdriver [-] AMQPListener connection consume poll /usr/lib/python3/dist-packages/oslo_messaging/_drivers/amqpdriver.py:357
2024-10-24 00:35:16.271 149133 DEBUG oslo_messaging._drivers.amqpdriver [-] AMQPListener connection timeout poll /usr/lib/python3/dist-packages/oslo_messaging/_drivers/amqpdriver.py:360
2024-10-24 00:35:16.271 149133 DEBUG oslo_messaging._drivers.amqpdriver [-] Listener is running poll /usr/lib/python3/dist-packages/oslo_messaging/_drivers/amqpdriver.py:343
2024-10-24 00:35:16.271 149133 DEBUG oslo_messaging._drivers.amqpdriver [-] AMQPListener connection consume poll /usr/lib/python3/dist-packages/oslo_messaging/_drivers/amqpdriver.py:357
2024-10-24 00:35:16.285 149124 DEBUG oslo_messaging._drivers.amqpdriver [-] AMQPListener connection timeout poll /usr/lib/python3/dist-packages/oslo_messaging/_drivers/amqpdriver.py:360
2024-10-24 00:35:16.285 149124 DEBUG oslo_messaging._drivers.amqpdriver [-] Listener is running poll /usr/lib/python3/dist-packages/oslo_messaging/_drivers/amqpdriver.py:343
2024-10-24 00:35:16.286 149124 DEBUG oslo_messaging._drivers.amqpdriver [-] AMQPListener connection consume poll /usr/lib/python3/dist-packages/oslo_messaging/_drivers/amqpdriver.py:357
2024-10-24 00:35:16.287 149131 DEBUG oslo_messaging._drivers.amqpdriver [-] AMQPListener connection timeout poll /usr/lib/python3/dist-packages/oslo_messaging/_drivers/amqpdriver.py:360
2024-10-24 00:35:16.288 149131 DEBUG oslo_messaging._drivers.amqpdriver [-] Listener is running poll /usr/lib/python3/dist-packages/oslo_messaging/_drivers/amqpdriver.py:343
2024-10-24 00:35:16.288 149131 DEBUG oslo_messaging._drivers.amqpdriver [-] AMQPListener connection consume poll /usr/lib/python3/dist-packages/oslo_messaging/_drivers/amqpdriver.py:357
2024-10-24 00:35:16.299 149134 DEBUG oslo_messaging._drivers.amqpdriver [-] AMQPListener connection timeout poll /usr/lib/python3/dist-packages/oslo_messaging/_drivers/amqpdriver.py:360
2024-10-24 00:35:16.299 149134 DEBUG oslo_messaging._drivers.amqpdriver [-] Listener is running poll /usr/lib/python3/dist-packages/oslo_messaging/_drivers/amqpdriver.py:343
2024-10-24 00:35:16.299 149134 DEBUG oslo_messaging._drivers.amqpdriver [-] AMQPListener connection consume poll /usr/lib/python3/dist-packages/oslo_messaging/_drivers/amqpdriver.py:357
2024-10-24 00:35:24.272 149133 DEBUG oslo_messaging._drivers.amqpdriver [-] AMQPListener connection timeout poll /usr/lib/python3/dist-packages/oslo_messaging/_drivers/amqpdriver.py:360
2024-10-24 00:35:24.272 149133 DEBUG oslo_messaging._drivers.amqpdriver [-] Listener is running poll /usr/lib/python3/dist-packages/oslo_messaging/_drivers/amqpdriver.py:343
2024-10-24 00:35:24.272 149133 DEBUG oslo_messaging._drivers.amqpdriver [-] AMQPListener connection consume poll /usr/lib/python3/dist-packages/oslo_messaging/_drivers/amqpdriver.py:357
2024-10-24 00:35:24.286 149124 DEBUG oslo_messaging._drivers.amqpdriver [-] AMQPListener connection timeout poll /usr/lib/python3/dist-packages/oslo_messaging/_drivers/amqpdriver.py:360
2024-10-24 00:35:24.287 149124 DEBUG oslo_messaging._drivers.amqpdriver [-] Listener is running poll /usr/lib/python3/dist-packages/oslo_messaging/_drivers/amqpdriver.py:343
2024-10-24 00:35:24.288 149124 DEBUG oslo_messaging._drivers.amqpdriver [-] AMQPListener connection consume poll /usr/lib/python3/dist-packages/oslo_messaging/_drivers/amqpdriver.py:357
2024-10-24 00:35:24.288 149131 DEBUG oslo_messaging._drivers.amqpdriver [-] AMQPListener connection timeout poll /usr/lib/python3/dist-packages/oslo_messaging/_drivers/amqpdriver.py:360
2024-10-24 00:35:24.289 149131 DEBUG oslo_messaging._drivers.amqpdriver [-] Listener is running poll /usr/lib/python3/dist-packages/oslo_messaging/_drivers/amqpdriver.py:343
2024-10-24 00:35:24.289 149131 DEBUG oslo_messaging._drivers.amqpdriver [-] AMQPListener connection consume poll /usr/lib/python3/dist-packages/oslo_messaging/_drivers/amqpdriver.py:357
2024-10-24 00:35:24.300 149134 DEBUG oslo_messaging._drivers.amqpdriver [-] AMQPListener connection timeout poll /usr/lib/python3/dist-packages/oslo_messaging/_drivers/amqpdriver.py:360
2024-10-24 00:35:24.300 149134 DEBUG oslo_messaging._drivers.amqpdriver [-] Listener is running poll /usr/lib/python3/dist-packages/oslo_messaging/_drivers/amqpdriver.py:343
2024-10-24 00:35:24.301 149134 DEBUG oslo_messaging._drivers.amqpdriver [-] AMQPListener connection consume poll /usr/lib/python3/dist-packages/oslo_messaging/_drivers/amqpdriver.py:357
2024-10-24 00:35:36.278 149124 DEBUG oslo_service.periodic_task [req-b439041e-d6e9-434c-b6c1-01713aadd7c8 - - - - -] Running periodic task SchedulerManager._discover_hosts_in_cells run_periodic_tasks /usr/lib/python3/dist-packages/oslo_service/periodic_task.py:210
2024-10-24 00:35:36.279 149124 DEBUG oslo_db.sqlalchemy.engines [req-b439041e-d6e9-434c-b6c1-01713aadd7c8 - - - - -] Parent process 148573 forked (149124) with an open database connection, which is being discarded and recreated. checkout /usr/lib/python3/dist-packages/oslo_db/sqlalchemy/engines.py:413
2024-10-24 00:35:36.285 149124 DEBUG oslo_concurrency.lockutils [req-b439041e-d6e9-434c-b6c1-01713aadd7c8 - - - - -] Lock "1a630e05-3144-4bc2-80a4-d731acdd7067" acquired by "nova.context.set_target_cell..get_or_set_cached_cell_and_set_connections" :: waited 0.000s inner /usr/lib/python3/dist-packages/oslo_concurrency/lockutils.py:386
2024-10-24 00:35:36.287 149124 DEBUG oslo_concurrency.lockutils [req-b439041e-d6e9-434c-b6c1-01713aadd7c8 - - - - -] Lock "1a630e05-3144-4bc2-80a4-d731acdd7067" "released" by "nova.context.set_target_cell..get_or_set_cached_cell_and_set_connections" :: held 0.002s inner /usr/lib/python3/dist-packages/oslo_concurrency/lockutils.py:400
2024-10-24 00:35:36.292 149124 DEBUG oslo_db.sqlalchemy.engines [req-b439041e-d6e9-434c-b6c1-01713aadd7c8 - - - - -] MySQL server mode set to STRICT_TRANS_TABLES,STRICT_ALL_TABLES,NO_ZERO_IN_DATE,NO_ZERO_DATE,ERROR_FOR_DIVISION_BY_ZERO,TRADITIONAL,NO_ENGINE_SUBSTITUTION _check_effective_sql_mode /usr/lib/python3/dist-packages/oslo_db/sqlalchemy/engines.py:314
2024-10-24 00:35:36.293 149134 DEBUG oslo_service.periodic_task [req-bb634491-1a47-4130-8a99-460397471863 - - - - -] Running periodic task SchedulerManager._discover_hosts_in_cells run_periodic_tasks /usr/lib/python3/dist-packages/oslo_service/periodic_task.py:210
2024-10-24 00:35:36.294 149134 DEBUG oslo_db.sqlalchemy.engines [req-bb634491-1a47-4130-8a99-460397471863 - - - - -] Parent process 148573 forked (149134) with an open database connection, which is being discarded and recreated. checkout /usr/lib/python3/dist-packages/oslo_db/sqlalchemy/engines.py:413
2024-10-24 00:35:36.301 149134 DEBUG oslo_concurrency.lockutils [req-bb634491-1a47-4130-8a99-460397471863 - - - - -] Lock "1a630e05-3144-4bc2-80a4-d731acdd7067" acquired by "nova.context.set_target_cell..get_or_set_cached_cell_and_set_connections" :: waited 0.000s inner /usr/lib/python3/dist-packages/oslo_concurrency/lockutils.py:386
2024-10-24 00:35:36.302 149134 DEBUG oslo_concurrency.lockutils [req-bb634491-1a47-4130-8a99-460397471863 - - - - -] Lock "1a630e05-3144-4bc2-80a4-d731acdd7067" "released" by "nova.context.set_target_cell..get_or_set_cached_cell_and_set_connections" :: held 0.002s inner /usr/lib/python3/dist-packages/oslo_concurrency/lockutils.py:400
2024-10-24 00:35:36.307 149134 DEBUG oslo_db.sqlalchemy.engines [req-bb634491-1a47-4130-8a99-460397471863 - - - - -] MySQL server mode set to STRICT_TRANS_TABLES,STRICT_ALL_TABLES,NO_ZERO_IN_DATE,NO_ZERO_DATE,ERROR_FOR_DIVISION_BY_ZERO,TRADITIONAL,NO_ENGINE_SUBSTITUTION _check_effective_sql_mode /usr/lib/python3/dist-packages/oslo_db/sqlalchemy/engines.py:314
2024-10-24 00:35:36.342 149124 INFO nova.scheduler.manager [req-b439041e-d6e9-434c-b6c1-01713aadd7c8 - - - - -] Discovered 1 new hosts: cell1:cn-jenkins-deploy-platform-juju-os-440-1
2024-10-24 00:35:48.266 149133 DEBUG oslo_service.periodic_task [req-d429d02d-42a3-4879-9429-bf89e5e57821 - - - - -] Running periodic task SchedulerManager._discover_hosts_in_cells run_periodic_tasks /usr/lib/python3/dist-packages/oslo_service/periodic_task.py:210
2024-10-24 00:35:48.267 149133 DEBUG oslo_db.sqlalchemy.engines [req-d429d02d-42a3-4879-9429-bf89e5e57821 - - - - -] Parent process 148573 forked (149133) with an open database connection, which is being discarded and recreated. checkout /usr/lib/python3/dist-packages/oslo_db/sqlalchemy/engines.py:413
2024-10-24 00:35:48.273 149133 DEBUG oslo_concurrency.lockutils [req-d429d02d-42a3-4879-9429-bf89e5e57821 - - - - -] Lock "1a630e05-3144-4bc2-80a4-d731acdd7067" acquired by "nova.context.set_target_cell..get_or_set_cached_cell_and_set_connections" :: waited 0.000s inner /usr/lib/python3/dist-packages/oslo_concurrency/lockutils.py:386
2024-10-24 00:35:48.275 149133 DEBUG oslo_concurrency.lockutils [req-d429d02d-42a3-4879-9429-bf89e5e57821 - - - - -] Lock "1a630e05-3144-4bc2-80a4-d731acdd7067" "released" by "nova.context.set_target_cell..get_or_set_cached_cell_and_set_connections" :: held 0.002s inner /usr/lib/python3/dist-packages/oslo_concurrency/lockutils.py:400
2024-10-24 00:35:48.280 149133 DEBUG oslo_db.sqlalchemy.engines [req-d429d02d-42a3-4879-9429-bf89e5e57821 - - - - -] MySQL server mode set to STRICT_TRANS_TABLES,STRICT_ALL_TABLES,NO_ZERO_IN_DATE,NO_ZERO_DATE,ERROR_FOR_DIVISION_BY_ZERO,TRADITIONAL,NO_ENGINE_SUBSTITUTION _check_effective_sql_mode /usr/lib/python3/dist-packages/oslo_db/sqlalchemy/engines.py:314
2024-10-24 00:35:54.256 149133 DEBUG oslo_messaging._drivers.amqpdriver [-] AMQPListener connection timeout poll /usr/lib/python3/dist-packages/oslo_messaging/_drivers/amqpdriver.py:360
2024-10-24 00:35:54.257 149133 DEBUG oslo_messaging._drivers.amqpdriver [-] Listener is running poll /usr/lib/python3/dist-packages/oslo_messaging/_drivers/amqpdriver.py:343
2024-10-24 00:35:54.257 149133 DEBUG oslo_messaging._drivers.amqpdriver [-] AMQPListener connection consume poll /usr/lib/python3/dist-packages/oslo_messaging/_drivers/amqpdriver.py:357
2024-10-24 00:35:54.268 149124 DEBUG oslo_messaging._drivers.amqpdriver [-] AMQPListener connection timeout poll /usr/lib/python3/dist-packages/oslo_messaging/_drivers/amqpdriver.py:360
2024-10-24 00:35:54.269 149124 DEBUG oslo_messaging._drivers.amqpdriver [-] Listener is running poll /usr/lib/python3/dist-packages/oslo_messaging/_drivers/amqpdriver.py:343
2024-10-24 00:35:54.269 149124 DEBUG oslo_messaging._drivers.amqpdriver [-] AMQPListener connection consume poll /usr/lib/python3/dist-packages/oslo_messaging/_drivers/amqpdriver.py:357
2024-10-24 00:35:54.273 149131 DEBUG oslo_messaging._drivers.amqpdriver [-] AMQPListener connection timeout poll /usr/lib/python3/dist-packages/oslo_messaging/_drivers/amqpdriver.py:360
2024-10-24 00:35:54.273 149131 DEBUG oslo_messaging._drivers.amqpdriver [-] Listener is running poll /usr/lib/python3/dist-packages/oslo_messaging/_drivers/amqpdriver.py:343
2024-10-24 00:35:54.273 149131 DEBUG oslo_messaging._drivers.amqpdriver [-] AMQPListener connection consume poll /usr/lib/python3/dist-packages/oslo_messaging/_drivers/amqpdriver.py:357
2024-10-24 00:35:54.289 149134 DEBUG oslo_messaging._drivers.amqpdriver [-] AMQPListener connection timeout poll /usr/lib/python3/dist-packages/oslo_messaging/_drivers/amqpdriver.py:360
2024-10-24 00:35:54.289 149134 DEBUG oslo_messaging._drivers.amqpdriver [-] Listener is running poll /usr/lib/python3/dist-packages/oslo_messaging/_drivers/amqpdriver.py:343
2024-10-24 00:35:54.289 149134 DEBUG oslo_messaging._drivers.amqpdriver [-] AMQPListener connection consume poll /usr/lib/python3/dist-packages/oslo_messaging/_drivers/amqpdriver.py:357
2024-10-24 00:35:55.281 149131 DEBUG oslo_service.periodic_task [req-7309936a-e9fc-4d76-98e1-64272b9ec922 - - - - -] Running periodic task SchedulerManager._discover_hosts_in_cells run_periodic_tasks /usr/lib/python3/dist-packages/oslo_service/periodic_task.py:210
2024-10-24 00:35:55.282 149131 DEBUG oslo_db.sqlalchemy.engines [req-7309936a-e9fc-4d76-98e1-64272b9ec922 - - - - -] Parent process 148573 forked (149131) with an open database connection, which is being discarded and recreated. checkout /usr/lib/python3/dist-packages/oslo_db/sqlalchemy/engines.py:413
2024-10-24 00:35:55.289 149131 DEBUG oslo_concurrency.lockutils [req-7309936a-e9fc-4d76-98e1-64272b9ec922 - - - - -] Lock "1a630e05-3144-4bc2-80a4-d731acdd7067" acquired by "nova.context.set_target_cell..get_or_set_cached_cell_and_set_connections" :: waited 0.000s inner /usr/lib/python3/dist-packages/oslo_concurrency/lockutils.py:386
2024-10-24 00:35:55.291 149131 DEBUG oslo_concurrency.lockutils [req-7309936a-e9fc-4d76-98e1-64272b9ec922 - - - - -] Lock "1a630e05-3144-4bc2-80a4-d731acdd7067" "released" by "nova.context.set_target_cell..get_or_set_cached_cell_and_set_connections" :: held 0.002s inner /usr/lib/python3/dist-packages/oslo_concurrency/lockutils.py:400
2024-10-24 00:35:55.298 149131 DEBUG oslo_db.sqlalchemy.engines [req-7309936a-e9fc-4d76-98e1-64272b9ec922 - - - - -] MySQL server mode set to STRICT_TRANS_TABLES,STRICT_ALL_TABLES,NO_ZERO_IN_DATE,NO_ZERO_DATE,ERROR_FOR_DIVISION_BY_ZERO,TRADITIONAL,NO_ENGINE_SUBSTITUTION _check_effective_sql_mode /usr/lib/python3/dist-packages/oslo_db/sqlalchemy/engines.py:314
2024-10-24 00:36:06.329 149134 DEBUG oslo_service.periodic_task [req-bb634491-1a47-4130-8a99-460397471863 - - - - -] Running periodic task SchedulerManager._discover_hosts_in_cells run_periodic_tasks /usr/lib/python3/dist-packages/oslo_service/periodic_task.py:210
2024-10-24 00:36:06.334 149134 DEBUG oslo_concurrency.lockutils [req-72552d90-da29-4d85-9303-625725623ea1 - - - - -] Lock "1a630e05-3144-4bc2-80a4-d731acdd7067" acquired by "nova.context.set_target_cell..get_or_set_cached_cell_and_set_connections" :: waited 0.000s inner /usr/lib/python3/dist-packages/oslo_concurrency/lockutils.py:386
2024-10-24 00:36:06.334 149134 DEBUG oslo_concurrency.lockutils [req-72552d90-da29-4d85-9303-625725623ea1 - - - - -] Lock "1a630e05-3144-4bc2-80a4-d731acdd7067" "released" by "nova.context.set_target_cell..get_or_set_cached_cell_and_set_connections" :: held 0.000s inner /usr/lib/python3/dist-packages/oslo_concurrency/lockutils.py:400
2024-10-24 00:36:06.345 149124 DEBUG oslo_service.periodic_task [req-b439041e-d6e9-434c-b6c1-01713aadd7c8 - - - - -] Running periodic task SchedulerManager._discover_hosts_in_cells run_periodic_tasks /usr/lib/python3/dist-packages/oslo_service/periodic_task.py:210
2024-10-24 00:36:06.349 149124 DEBUG oslo_concurrency.lockutils [req-d44c9862-57b6-4536-84f8-11bfe5c4c9ad - - - - -] Lock "1a630e05-3144-4bc2-80a4-d731acdd7067" acquired by "nova.context.set_target_cell..get_or_set_cached_cell_and_set_connections" :: waited 0.000s inner /usr/lib/python3/dist-packages/oslo_concurrency/lockutils.py:386
2024-10-24 00:36:06.350 149124 DEBUG oslo_concurrency.lockutils [req-d44c9862-57b6-4536-84f8-11bfe5c4c9ad - - - - -] Lock "1a630e05-3144-4bc2-80a4-d731acdd7067" "released" by "nova.context.set_target_cell..get_or_set_cached_cell_and_set_connections" :: held 0.000s inner /usr/lib/python3/dist-packages/oslo_concurrency/lockutils.py:400
2024-10-24 00:36:18.294 149133 DEBUG oslo_service.periodic_task [req-d429d02d-42a3-4879-9429-bf89e5e57821 - - - - -] Running periodic task SchedulerManager._discover_hosts_in_cells run_periodic_tasks /usr/lib/python3/dist-packages/oslo_service/periodic_task.py:210
2024-10-24 00:36:18.298 149133 DEBUG oslo_concurrency.lockutils [req-109febdc-4c1b-4fb6-9d32-c02679f0e13f - - - - -] Lock "1a630e05-3144-4bc2-80a4-d731acdd7067" acquired by "nova.context.set_target_cell..get_or_set_cached_cell_and_set_connections" :: waited 0.000s inner /usr/lib/python3/dist-packages/oslo_concurrency/lockutils.py:386
2024-10-24 00:36:18.298 149133 DEBUG oslo_concurrency.lockutils [req-109febdc-4c1b-4fb6-9d32-c02679f0e13f - - - - -] Lock "1a630e05-3144-4bc2-80a4-d731acdd7067" "released" by "nova.context.set_target_cell..get_or_set_cached_cell_and_set_connections" :: held 0.000s inner /usr/lib/python3/dist-packages/oslo_concurrency/lockutils.py:400
2024-10-24 00:36:25.311 149131 DEBUG oslo_service.periodic_task [req-7309936a-e9fc-4d76-98e1-64272b9ec922 - - - - -] Running periodic task SchedulerManager._discover_hosts_in_cells run_periodic_tasks /usr/lib/python3/dist-packages/oslo_service/periodic_task.py:210
2024-10-24 00:36:25.315 149131 DEBUG oslo_concurrency.lockutils [req-6f1ada03-7018-4b23-9327-904066fa7978 - - - - -] Lock "1a630e05-3144-4bc2-80a4-d731acdd7067" acquired by "nova.context.set_target_cell..get_or_set_cached_cell_and_set_connections" :: waited 0.000s inner /usr/lib/python3/dist-packages/oslo_concurrency/lockutils.py:386
2024-10-24 00:36:25.315 149131 DEBUG oslo_concurrency.lockutils [req-6f1ada03-7018-4b23-9327-904066fa7978 - - - - -] Lock "1a630e05-3144-4bc2-80a4-d731acdd7067" "released" by "nova.context.set_target_cell..get_or_set_cached_cell_and_set_connections" :: held 0.000s inner /usr/lib/python3/dist-packages/oslo_concurrency/lockutils.py:400
2024-10-24 00:36:26.260 149133 DEBUG oslo_messaging._drivers.amqpdriver [-] AMQPListener connection timeout poll /usr/lib/python3/dist-packages/oslo_messaging/_drivers/amqpdriver.py:360
2024-10-24 00:36:26.260 149133 DEBUG oslo_messaging._drivers.amqpdriver [-] Listener is running poll /usr/lib/python3/dist-packages/oslo_messaging/_drivers/amqpdriver.py:343
2024-10-24 00:36:26.260 149133 DEBUG oslo_messaging._drivers.amqpdriver [-] AMQPListener connection consume poll /usr/lib/python3/dist-packages/oslo_messaging/_drivers/amqpdriver.py:357
2024-10-24 00:36:26.272 149124 DEBUG oslo_messaging._drivers.amqpdriver [-] AMQPListener connection timeout poll /usr/lib/python3/dist-packages/oslo_messaging/_drivers/amqpdriver.py:360
2024-10-24 00:36:26.272 149124 DEBUG oslo_messaging._drivers.amqpdriver [-] Listener is running poll /usr/lib/python3/dist-packages/oslo_messaging/_drivers/amqpdriver.py:343
2024-10-24 00:36:26.272 149124 DEBUG oslo_messaging._drivers.amqpdriver [-] AMQPListener connection consume poll /usr/lib/python3/dist-packages/oslo_messaging/_drivers/amqpdriver.py:357
2024-10-24 00:36:26.275 149131 DEBUG oslo_messaging._drivers.amqpdriver [-] AMQPListener connection timeout poll /usr/lib/python3/dist-packages/oslo_messaging/_drivers/amqpdriver.py:360
2024-10-24 00:36:26.276 149131 DEBUG oslo_messaging._drivers.amqpdriver [-] Listener is running poll /usr/lib/python3/dist-packages/oslo_messaging/_drivers/amqpdriver.py:343
2024-10-24 00:36:26.276 149131 DEBUG oslo_messaging._drivers.amqpdriver [-] AMQPListener connection consume poll /usr/lib/python3/dist-packages/oslo_messaging/_drivers/amqpdriver.py:357
2024-10-24 00:36:26.290 149134 DEBUG oslo_messaging._drivers.amqpdriver [-] AMQPListener connection timeout poll /usr/lib/python3/dist-packages/oslo_messaging/_drivers/amqpdriver.py:360
2024-10-24 00:36:26.291 149134 DEBUG oslo_messaging._drivers.amqpdriver [-] Listener is running poll /usr/lib/python3/dist-packages/oslo_messaging/_drivers/amqpdriver.py:343
2024-10-24 00:36:26.291 149134 DEBUG oslo_messaging._drivers.amqpdriver [-] AMQPListener connection consume poll /usr/lib/python3/dist-packages/oslo_messaging/_drivers/amqpdriver.py:357
2024-10-24 00:36:36.340 149134 DEBUG oslo_service.periodic_task [req-72552d90-da29-4d85-9303-625725623ea1 - - - - -] Running periodic task SchedulerManager._discover_hosts_in_cells run_periodic_tasks /usr/lib/python3/dist-packages/oslo_service/periodic_task.py:210
2024-10-24 00:36:36.344 149134 DEBUG oslo_concurrency.lockutils [req-87e731d9-ac98-4bc6-a22c-1b94765166c0 - - - - -] Lock "1a630e05-3144-4bc2-80a4-d731acdd7067" acquired by "nova.context.set_target_cell..get_or_set_cached_cell_and_set_connections" :: waited 0.000s inner /usr/lib/python3/dist-packages/oslo_concurrency/lockutils.py:386
2024-10-24 00:36:36.345 149134 DEBUG oslo_concurrency.lockutils [req-87e731d9-ac98-4bc6-a22c-1b94765166c0 - - - - -] Lock "1a630e05-3144-4bc2-80a4-d731acdd7067" "released" by "nova.context.set_target_cell..get_or_set_cached_cell_and_set_connections" :: held 0.000s inner /usr/lib/python3/dist-packages/oslo_concurrency/lockutils.py:400
2024-10-24 00:36:36.355 149124 DEBUG oslo_service.periodic_task [req-d44c9862-57b6-4536-84f8-11bfe5c4c9ad - - - - -] Running periodic task SchedulerManager._discover_hosts_in_cells run_periodic_tasks /usr/lib/python3/dist-packages/oslo_service/periodic_task.py:210
2024-10-24 00:36:36.360 149124 DEBUG oslo_concurrency.lockutils [req-4cf9350b-c826-4512-83ed-64d9cc4d81ca - - - - -] Lock "1a630e05-3144-4bc2-80a4-d731acdd7067" acquired by "nova.context.set_target_cell..get_or_set_cached_cell_and_set_connections" :: waited 0.000s inner /usr/lib/python3/dist-packages/oslo_concurrency/lockutils.py:386
2024-10-24 00:36:36.360 149124 DEBUG oslo_concurrency.lockutils [req-4cf9350b-c826-4512-83ed-64d9cc4d81ca - - - - -] Lock "1a630e05-3144-4bc2-80a4-d731acdd7067" "released" by "nova.context.set_target_cell..get_or_set_cached_cell_and_set_connections" :: held 0.000s inner /usr/lib/python3/dist-packages/oslo_concurrency/lockutils.py:400
2024-10-24 00:36:48.306 149133 DEBUG oslo_service.periodic_task [req-109febdc-4c1b-4fb6-9d32-c02679f0e13f - - - - -] Running periodic task SchedulerManager._discover_hosts_in_cells run_periodic_tasks /usr/lib/python3/dist-packages/oslo_service/periodic_task.py:210
2024-10-24 00:36:48.310 149133 DEBUG oslo_concurrency.lockutils [req-d3c4ee8e-6603-4543-96b8-4d5b326df8d1 - - - - -] Lock "1a630e05-3144-4bc2-80a4-d731acdd7067" acquired by "nova.context.set_target_cell..get_or_set_cached_cell_and_set_connections" :: waited 0.000s inner /usr/lib/python3/dist-packages/oslo_concurrency/lockutils.py:386
2024-10-24 00:36:48.310 149133 DEBUG oslo_concurrency.lockutils [req-d3c4ee8e-6603-4543-96b8-4d5b326df8d1 - - - - -] Lock "1a630e05-3144-4bc2-80a4-d731acdd7067" "released" by "nova.context.set_target_cell..get_or_set_cached_cell_and_set_connections" :: held 0.000s inner /usr/lib/python3/dist-packages/oslo_concurrency/lockutils.py:400
2024-10-24 00:36:55.321 149131 DEBUG oslo_service.periodic_task [req-6f1ada03-7018-4b23-9327-904066fa7978 - - - - -] Running periodic task SchedulerManager._discover_hosts_in_cells run_periodic_tasks /usr/lib/python3/dist-packages/oslo_service/periodic_task.py:210
2024-10-24 00:36:55.325 149131 DEBUG oslo_concurrency.lockutils [req-7089dbf8-89a9-4a73-93a1-164191ef9bb2 - - - - -] Lock "1a630e05-3144-4bc2-80a4-d731acdd7067" acquired by "nova.context.set_target_cell..get_or_set_cached_cell_and_set_connections" :: waited 0.000s inner /usr/lib/python3/dist-packages/oslo_concurrency/lockutils.py:386
2024-10-24 00:36:55.325 149131 DEBUG oslo_concurrency.lockutils [req-7089dbf8-89a9-4a73-93a1-164191ef9bb2 - - - - -] Lock "1a630e05-3144-4bc2-80a4-d731acdd7067" "released" by "nova.context.set_target_cell..get_or_set_cached_cell_and_set_connections" :: held 0.000s inner /usr/lib/python3/dist-packages/oslo_concurrency/lockutils.py:400
2024-10-24 00:37:06.367 149124 DEBUG oslo_service.periodic_task [req-4cf9350b-c826-4512-83ed-64d9cc4d81ca - - - - -] Running periodic task SchedulerManager._discover_hosts_in_cells run_periodic_tasks /usr/lib/python3/dist-packages/oslo_service/periodic_task.py:210
2024-10-24 00:37:06.371 149124 DEBUG oslo_concurrency.lockutils [req-2b73260a-2d23-464b-8bc4-8ba380858949 - - - - -] Lock "1a630e05-3144-4bc2-80a4-d731acdd7067" acquired by "nova.context.set_target_cell..get_or_set_cached_cell_and_set_connections" :: waited 0.000s inner /usr/lib/python3/dist-packages/oslo_concurrency/lockutils.py:386
2024-10-24 00:37:06.371 149124 DEBUG oslo_concurrency.lockutils [req-2b73260a-2d23-464b-8bc4-8ba380858949 - - - - -] Lock "1a630e05-3144-4bc2-80a4-d731acdd7067" "released" by "nova.context.set_target_cell..get_or_set_cached_cell_and_set_connections" :: held 0.000s inner /usr/lib/python3/dist-packages/oslo_concurrency/lockutils.py:400
2024-10-24 00:37:07.295 149134 DEBUG oslo_service.periodic_task [req-87e731d9-ac98-4bc6-a22c-1b94765166c0 - - - - -] Running periodic task SchedulerManager._discover_hosts_in_cells run_periodic_tasks /usr/lib/python3/dist-packages/oslo_service/periodic_task.py:210
2024-10-24 00:37:07.299 149134 DEBUG oslo_concurrency.lockutils [req-1d6697b2-70ef-495d-b3bd-2dee6e30e890 - - - - -] Lock "1a630e05-3144-4bc2-80a4-d731acdd7067" acquired by "nova.context.set_target_cell..get_or_set_cached_cell_and_set_connections" :: waited 0.000s inner /usr/lib/python3/dist-packages/oslo_concurrency/lockutils.py:386
2024-10-24 00:37:07.299 149134 DEBUG oslo_concurrency.lockutils [req-1d6697b2-70ef-495d-b3bd-2dee6e30e890 - - - - -] Lock "1a630e05-3144-4bc2-80a4-d731acdd7067" "released" by "nova.context.set_target_cell..get_or_set_cached_cell_and_set_connections" :: held 0.000s inner /usr/lib/python3/dist-packages/oslo_concurrency/lockutils.py:400
2024-10-24 00:37:18.318 149133 DEBUG oslo_service.periodic_task [req-d3c4ee8e-6603-4543-96b8-4d5b326df8d1 - - - - -] Running periodic task SchedulerManager._discover_hosts_in_cells run_periodic_tasks /usr/lib/python3/dist-packages/oslo_service/periodic_task.py:210
2024-10-24 00:37:18.322 149133 DEBUG oslo_concurrency.lockutils [req-e7972681-45d7-4489-a550-d018f7a7bfed - - - - -] Lock "1a630e05-3144-4bc2-80a4-d731acdd7067" acquired by "nova.context.set_target_cell..get_or_set_cached_cell_and_set_connections" :: waited 0.000s inner /usr/lib/python3/dist-packages/oslo_concurrency/lockutils.py:386
2024-10-24 00:37:18.323 149133 DEBUG oslo_concurrency.lockutils [req-e7972681-45d7-4489-a550-d018f7a7bfed - - - - -] Lock "1a630e05-3144-4bc2-80a4-d731acdd7067" "released" by "nova.context.set_target_cell..get_or_set_cached_cell_and_set_connections" :: held 0.000s inner /usr/lib/python3/dist-packages/oslo_concurrency/lockutils.py:400
2024-10-24 00:37:26.283 149131 DEBUG oslo_service.periodic_task [req-7089dbf8-89a9-4a73-93a1-164191ef9bb2 - - - - -] Running periodic task SchedulerManager._discover_hosts_in_cells run_periodic_tasks /usr/lib/python3/dist-packages/oslo_service/periodic_task.py:210
2024-10-24 00:37:26.287 149131 DEBUG oslo_concurrency.lockutils [req-f8774875-bfb7-4e08-86bb-db49ed4aca13 - - - - -] Lock "1a630e05-3144-4bc2-80a4-d731acdd7067" acquired by "nova.context.set_target_cell..get_or_set_cached_cell_and_set_connections" :: waited 0.000s inner /usr/lib/python3/dist-packages/oslo_concurrency/lockutils.py:386
2024-10-24 00:37:26.287 149131 DEBUG oslo_concurrency.lockutils [req-f8774875-bfb7-4e08-86bb-db49ed4aca13 - - - - -] Lock "1a630e05-3144-4bc2-80a4-d731acdd7067" "released" by "nova.context.set_target_cell..get_or_set_cached_cell_and_set_connections" :: held 0.000s inner /usr/lib/python3/dist-packages/oslo_concurrency/lockutils.py:400
2024-10-24 00:37:30.266 149133 DEBUG oslo_messaging._drivers.amqpdriver [-] AMQPListener connection timeout poll /usr/lib/python3/dist-packages/oslo_messaging/_drivers/amqpdriver.py:360
2024-10-24 00:37:30.266 149133 DEBUG oslo_messaging._drivers.amqpdriver [-] Listener is running poll /usr/lib/python3/dist-packages/oslo_messaging/_drivers/amqpdriver.py:343
2024-10-24 00:37:30.266 149133 DEBUG oslo_messaging._drivers.amqpdriver [-] AMQPListener connection consume poll /usr/lib/python3/dist-packages/oslo_messaging/_drivers/amqpdriver.py:357
2024-10-24 00:37:30.277 149124 DEBUG oslo_messaging._drivers.amqpdriver [-] AMQPListener connection timeout poll /usr/lib/python3/dist-packages/oslo_messaging/_drivers/amqpdriver.py:360
2024-10-24 00:37:30.278 149124 DEBUG oslo_messaging._drivers.amqpdriver [-] Listener is running poll /usr/lib/python3/dist-packages/oslo_messaging/_drivers/amqpdriver.py:343
2024-10-24 00:37:30.278 149124 DEBUG oslo_messaging._drivers.amqpdriver [-] AMQPListener connection consume poll /usr/lib/python3/dist-packages/oslo_messaging/_drivers/amqpdriver.py:357
2024-10-24 00:37:30.280 149131 DEBUG oslo_messaging._drivers.amqpdriver [-] AMQPListener connection timeout poll /usr/lib/python3/dist-packages/oslo_messaging/_drivers/amqpdriver.py:360
2024-10-24 00:37:30.281 149131 DEBUG oslo_messaging._drivers.amqpdriver [-] Listener is running poll /usr/lib/python3/dist-packages/oslo_messaging/_drivers/amqpdriver.py:343
2024-10-24 00:37:30.281 149131 DEBUG oslo_messaging._drivers.amqpdriver [-] AMQPListener connection consume poll /usr/lib/python3/dist-packages/oslo_messaging/_drivers/amqpdriver.py:357
2024-10-24 00:37:30.297 149134 DEBUG oslo_messaging._drivers.amqpdriver [-] AMQPListener connection timeout poll /usr/lib/python3/dist-packages/oslo_messaging/_drivers/amqpdriver.py:360
2024-10-24 00:37:30.298 149134 DEBUG oslo_messaging._drivers.amqpdriver [-] Listener is running poll /usr/lib/python3/dist-packages/oslo_messaging/_drivers/amqpdriver.py:343
