2024-10-24 00:35:05.783 139017 DEBUG oslo_service.service [req-cb3b5acd-48e8-4bec-ba55-eb8ea70e9581 - - - - -] Stop services. stop /usr/lib/python3/dist-packages/oslo_service/service.py:695
2024-10-24 00:35:05.784 139017 DEBUG oslo_service.service [req-cb3b5acd-48e8-4bec-ba55-eb8ea70e9581 - - - - -] Killing children. stop /usr/lib/python3/dist-packages/oslo_service/service.py:700
2024-10-24 00:35:05.784 139017 INFO oslo_service.service [req-cb3b5acd-48e8-4bec-ba55-eb8ea70e9581 - - - - -] Waiting on 4 children to exit
2024-10-24 00:35:05.791 139017 INFO oslo_service.service [req-cb3b5acd-48e8-4bec-ba55-eb8ea70e9581 - - - - -] Child 139927 killed by signal 15
2024-10-24 00:35:05.791 139017 INFO oslo_service.service [req-cb3b5acd-48e8-4bec-ba55-eb8ea70e9581 - - - - -] Child 139926 killed by signal 15
2024-10-24 00:35:05.792 139017 INFO oslo_service.service [req-cb3b5acd-48e8-4bec-ba55-eb8ea70e9581 - - - - -] Child 139933 killed by signal 15
2024-10-24 00:35:05.792 139017 INFO oslo_service.service [req-cb3b5acd-48e8-4bec-ba55-eb8ea70e9581 - - - - -] Child 139934 killed by signal 15
2024-10-24 00:35:07.733 148434 DEBUG oslo_db.sqlalchemy.engines [req-2e088b13-0e7b-419d-9093-9426a695dacc - - - - -] MySQL server mode set to STRICT_TRANS_TABLES,STRICT_ALL_TABLES,NO_ZERO_IN_DATE,NO_ZERO_DATE,ERROR_FOR_DIVISION_BY_ZERO,TRADITIONAL,NO_ENGINE_SUBSTITUTION _check_effective_sql_mode /usr/lib/python3/dist-packages/oslo_db/sqlalchemy/engines.py:314
2024-10-24 00:35:07.828 148434 DEBUG nova.context [req-2e088b13-0e7b-419d-9093-9426a695dacc - - - - -] Found 2 cells: 00000000-0000-0000-0000-000000000000(cell0),1a630e05-3144-4bc2-80a4-d731acdd7067(cell1) load_cells /usr/lib/python3/dist-packages/nova/context.py:464
2024-10-24 00:35:07.830 148434 DEBUG oslo_concurrency.lockutils [req-2e088b13-0e7b-419d-9093-9426a695dacc - - - - -] Lock "00000000-0000-0000-0000-000000000000" acquired by "nova.context.set_target_cell..get_or_set_cached_cell_and_set_connections" :: waited 0.000s inner /usr/lib/python3/dist-packages/oslo_concurrency/lockutils.py:386
2024-10-24 00:35:07.831 148434 DEBUG oslo_concurrency.lockutils [req-2e088b13-0e7b-419d-9093-9426a695dacc - - - - -] Lock "00000000-0000-0000-0000-000000000000" "released" by "nova.context.set_target_cell..get_or_set_cached_cell_and_set_connections" :: held 0.001s inner /usr/lib/python3/dist-packages/oslo_concurrency/lockutils.py:400
2024-10-24 00:35:07.831 148434 DEBUG oslo_concurrency.lockutils [req-2e088b13-0e7b-419d-9093-9426a695dacc - - - - -] Lock "1a630e05-3144-4bc2-80a4-d731acdd7067" acquired by "nova.context.set_target_cell..get_or_set_cached_cell_and_set_connections" :: waited 0.000s inner /usr/lib/python3/dist-packages/oslo_concurrency/lockutils.py:386
2024-10-24 00:35:07.832 148434 DEBUG oslo_concurrency.lockutils [req-2e088b13-0e7b-419d-9093-9426a695dacc - - - - -] Lock "1a630e05-3144-4bc2-80a4-d731acdd7067" "released" by "nova.context.set_target_cell..get_or_set_cached_cell_and_set_connections" :: held 0.001s inner /usr/lib/python3/dist-packages/oslo_concurrency/lockutils.py:400
2024-10-24 00:35:07.839 148434 DEBUG oslo_db.sqlalchemy.engines [req-2e088b13-0e7b-419d-9093-9426a695dacc - - - - -] MySQL server mode set to STRICT_TRANS_TABLES,STRICT_ALL_TABLES,NO_ZERO_IN_DATE,NO_ZERO_DATE,ERROR_FOR_DIVISION_BY_ZERO,TRADITIONAL,NO_ENGINE_SUBSTITUTION _check_effective_sql_mode /usr/lib/python3/dist-packages/oslo_db/sqlalchemy/engines.py:314
2024-10-24 00:35:07.840 148434 DEBUG oslo_db.sqlalchemy.engines [req-2e088b13-0e7b-419d-9093-9426a695dacc - - - - -] MySQL server mode set to STRICT_TRANS_TABLES,STRICT_ALL_TABLES,NO_ZERO_IN_DATE,NO_ZERO_DATE,ERROR_FOR_DIVISION_BY_ZERO,TRADITIONAL,NO_ENGINE_SUBSTITUTION _check_effective_sql_mode /usr/lib/python3/dist-packages/oslo_db/sqlalchemy/engines.py:314
2024-10-24 00:35:07.907 148434 DEBUG oslo_concurrency.lockutils [req-2e088b13-0e7b-419d-9093-9426a695dacc - - - - -] Acquired lock "singleton_lock" lock /usr/lib/python3/dist-packages/oslo_concurrency/lockutils.py:294
2024-10-24 00:35:07.908 148434 DEBUG oslo_concurrency.lockutils [req-2e088b13-0e7b-419d-9093-9426a695dacc - - - - -] Releasing lock "singleton_lock" lock /usr/lib/python3/dist-packages/oslo_concurrency/lockutils.py:312
2024-10-24 00:35:07.908 148434 INFO oslo_service.service [req-2e088b13-0e7b-419d-9093-9426a695dacc - - - - -] Starting 4 workers
2024-10-24 00:35:07.913 148434 DEBUG oslo_service.service [req-2e088b13-0e7b-419d-9093-9426a695dacc - - - - -] Started child 148862 _start_child /usr/lib/python3/dist-packages/oslo_service/service.py:575
2024-10-24 00:35:07.917 148862 INFO nova.service [-] Starting conductor node (version 25.2.1)
2024-10-24 00:35:07.918 148434 DEBUG oslo_service.service [req-2e088b13-0e7b-419d-9093-9426a695dacc - - - - -] Started child 148863 _start_child /usr/lib/python3/dist-packages/oslo_service/service.py:575
2024-10-24 00:35:07.922 148863 INFO nova.service [-] Starting conductor node (version 25.2.1)
2024-10-24 00:35:07.923 148434 DEBUG oslo_service.service [req-2e088b13-0e7b-419d-9093-9426a695dacc - - - - -] Started child 148864 _start_child /usr/lib/python3/dist-packages/oslo_service/service.py:575
2024-10-24 00:35:07.927 148862 DEBUG oslo_db.sqlalchemy.engines [req-43284367-00be-4503-8a7b-499f28fe1e03 - - - - -] MySQL server mode set to STRICT_TRANS_TABLES,STRICT_ALL_TABLES,NO_ZERO_IN_DATE,NO_ZERO_DATE,ERROR_FOR_DIVISION_BY_ZERO,TRADITIONAL,NO_ENGINE_SUBSTITUTION _check_effective_sql_mode /usr/lib/python3/dist-packages/oslo_db/sqlalchemy/engines.py:314
2024-10-24 00:35:07.928 148864 INFO nova.service [-] Starting conductor node (version 25.2.1)
2024-10-24 00:35:07.929 148434 DEBUG oslo_service.service [req-2e088b13-0e7b-419d-9093-9426a695dacc - - - - -] Started child 148866 _start_child /usr/lib/python3/dist-packages/oslo_service/service.py:575
2024-10-24 00:35:07.931 148434 DEBUG oslo_service.service [req-2e088b13-0e7b-419d-9093-9426a695dacc - - - - -] Full set of CONF: wait /usr/lib/python3/dist-packages/oslo_service/service.py:649
2024-10-24 00:35:07.932 148434 DEBUG oslo_service.service [req-2e088b13-0e7b-419d-9093-9426a695dacc - - - - -] ******************************************************************************** log_opt_values /usr/lib/python3/dist-packages/oslo_config/cfg.py:2589
2024-10-24 00:35:07.932 148434 DEBUG oslo_service.service [req-2e088b13-0e7b-419d-9093-9426a695dacc - - - - -] Configuration options gathered from: log_opt_values /usr/lib/python3/dist-packages/oslo_config/cfg.py:2590
2024-10-24 00:35:07.932 148434 DEBUG oslo_service.service [req-2e088b13-0e7b-419d-9093-9426a695dacc - - - - -] command line args: ['--config-file=/etc/nova/nova.conf', '--log-file=/var/log/nova/nova-conductor.log'] log_opt_values /usr/lib/python3/dist-packages/oslo_config/cfg.py:2591
2024-10-24 00:35:07.932 148434 DEBUG oslo_service.service [req-2e088b13-0e7b-419d-9093-9426a695dacc - - - - -] config files: ['/etc/nova/nova.conf'] log_opt_values /usr/lib/python3/dist-packages/oslo_config/cfg.py:2592
2024-10-24 00:35:07.933 148434 DEBUG oslo_service.service [req-2e088b13-0e7b-419d-9093-9426a695dacc - - - - -] ================================================================================ log_opt_values /usr/lib/python3/dist-packages/oslo_config/cfg.py:2594
2024-10-24 00:35:07.933 148863 DEBUG oslo_db.sqlalchemy.engines [req-c6a1e8ea-6bf7-4df4-b446-b809cbf1c99c - - - - -] MySQL server mode set to STRICT_TRANS_TABLES,STRICT_ALL_TABLES,NO_ZERO_IN_DATE,NO_ZERO_DATE,ERROR_FOR_DIVISION_BY_ZERO,TRADITIONAL,NO_ENGINE_SUBSTITUTION _check_effective_sql_mode /usr/lib/python3/dist-packages/oslo_db/sqlalchemy/engines.py:314
2024-10-24 00:35:07.933 148434 DEBUG oslo_service.service [req-2e088b13-0e7b-419d-9093-9426a695dacc - - - - -] allow_resize_to_same_host = False log_opt_values /usr/lib/python3/dist-packages/oslo_config/cfg.py:2602
2024-10-24 00:35:07.933 148434 DEBUG oslo_service.service [req-2e088b13-0e7b-419d-9093-9426a695dacc - - - - -] arq_binding_timeout = 300 log_opt_values /usr/lib/python3/dist-packages/oslo_config/cfg.py:2602
2024-10-24 00:35:07.933 148434 DEBUG oslo_service.service [req-2e088b13-0e7b-419d-9093-9426a695dacc - - - - -] block_device_allocate_retries = 60 log_opt_values /usr/lib/python3/dist-packages/oslo_config/cfg.py:2602
2024-10-24 00:35:07.933 148866 INFO nova.service [-] Starting conductor node (version 25.2.1)
2024-10-24 00:35:07.934 148434 DEBUG oslo_service.service [req-2e088b13-0e7b-419d-9093-9426a695dacc - - - - -] block_device_allocate_retries_interval = 3 log_opt_values /usr/lib/python3/dist-packages/oslo_config/cfg.py:2602
2024-10-24 00:35:07.934 148434 DEBUG oslo_service.service [req-2e088b13-0e7b-419d-9093-9426a695dacc - - - - -] cert = self.pem log_opt_values /usr/lib/python3/dist-packages/oslo_config/cfg.py:2602
2024-10-24 00:35:07.935 148434 DEBUG oslo_service.service [req-2e088b13-0e7b-419d-9093-9426a695dacc - - - - -] compute_driver = libvirt.LibvirtDriver log_opt_values /usr/lib/python3/dist-packages/oslo_config/cfg.py:2602
2024-10-24 00:35:07.935 148434 DEBUG oslo_service.service [req-2e088b13-0e7b-419d-9093-9426a695dacc - - - - -] compute_monitors = [] log_opt_values /usr/lib/python3/dist-packages/oslo_config/cfg.py:2602
2024-10-24 00:35:07.935 148434 DEBUG oslo_service.service [req-2e088b13-0e7b-419d-9093-9426a695dacc - - - - -] config_dir = [] log_opt_values /usr/lib/python3/dist-packages/oslo_config/cfg.py:2602
2024-10-24 00:35:07.935 148434 DEBUG oslo_service.service [req-2e088b13-0e7b-419d-9093-9426a695dacc - - - - -] config_drive_format = iso9660 log_opt_values /usr/lib/python3/dist-packages/oslo_config/cfg.py:2602
2024-10-24 00:35:07.936 148434 DEBUG oslo_service.service [req-2e088b13-0e7b-419d-9093-9426a695dacc - - - - -] config_file = ['/etc/nova/nova.conf'] log_opt_values /usr/lib/python3/dist-packages/oslo_config/cfg.py:2602
2024-10-24 00:35:07.936 148434 DEBUG oslo_service.service [req-2e088b13-0e7b-419d-9093-9426a695dacc - - - - -] config_source = [] log_opt_values /usr/lib/python3/dist-packages/oslo_config/cfg.py:2602
2024-10-24 00:35:07.936 148434 DEBUG oslo_service.service [req-2e088b13-0e7b-419d-9093-9426a695dacc - - - - -] console_host = juju-d399ee-0-lxd-7 log_opt_values /usr/lib/python3/dist-packages/oslo_config/cfg.py:2602
2024-10-24 00:35:07.937 148434 DEBUG oslo_service.service [req-2e088b13-0e7b-419d-9093-9426a695dacc - - - - -] control_exchange = nova log_opt_values /usr/lib/python3/dist-packages/oslo_config/cfg.py:2602
2024-10-24 00:35:07.937 148434 DEBUG oslo_service.service [req-2e088b13-0e7b-419d-9093-9426a695dacc - - - - -] cpu_allocation_ratio = 2.0 log_opt_values /usr/lib/python3/dist-packages/oslo_config/cfg.py:2602
2024-10-24 00:35:07.937 148434 DEBUG oslo_service.service [req-2e088b13-0e7b-419d-9093-9426a695dacc - - - - -] daemon = False log_opt_values /usr/lib/python3/dist-packages/oslo_config/cfg.py:2602
2024-10-24 00:35:07.937 148434 DEBUG oslo_service.service [req-2e088b13-0e7b-419d-9093-9426a695dacc - - - - -] debug = True log_opt_values /usr/lib/python3/dist-packages/oslo_config/cfg.py:2602
2024-10-24 00:35:07.938 148434 DEBUG oslo_service.service [req-2e088b13-0e7b-419d-9093-9426a695dacc - - - - -] default_access_ip_network_name = None log_opt_values /usr/lib/python3/dist-packages/oslo_config/cfg.py:2602
2024-10-24 00:35:07.938 148434 DEBUG oslo_service.service [req-2e088b13-0e7b-419d-9093-9426a695dacc - - - - -] default_availability_zone = nova log_opt_values /usr/lib/python3/dist-packages/oslo_config/cfg.py:2602
2024-10-24 00:35:07.938 148434 DEBUG oslo_service.service [req-2e088b13-0e7b-419d-9093-9426a695dacc - - - - -] default_ephemeral_format = None log_opt_values /usr/lib/python3/dist-packages/oslo_config/cfg.py:2602
2024-10-24 00:35:07.938 148434 DEBUG oslo_service.service [req-2e088b13-0e7b-419d-9093-9426a695dacc - - - - -] default_log_levels = ['amqp=WARN', 'amqplib=WARN', 'boto=WARN', 'qpid=WARN', 'sqlalchemy=WARN', 'suds=INFO', 'oslo.messaging=INFO', 'oslo_messaging=DEBUG', 'iso8601=WARN', 'requests.packages.urllib3.connectionpool=WARN', 'urllib3.connectionpool=WARN', 'websocket=WARN', 'requests.packages.urllib3.util.retry=WARN', 'urllib3.util.retry=WARN', 'keystonemiddleware=WARN', 'routes.middleware=WARN', 'stevedore=WARN', 'taskflow=WARN', 'keystoneauth=WARN', 'oslo.cache=INFO', 'dogpile.core.dogpile=INFO', 'glanceclient=WARN', 'oslo.privsep.daemon=INFO'] log_opt_values /usr/lib/python3/dist-packages/oslo_config/cfg.py:2602
2024-10-24 00:35:07.939 148434 DEBUG oslo_service.service [req-2e088b13-0e7b-419d-9093-9426a695dacc - - - - -] default_schedule_zone = None log_opt_values /usr/lib/python3/dist-packages/oslo_config/cfg.py:2602
2024-10-24 00:35:07.939 148434 DEBUG oslo_service.service [req-2e088b13-0e7b-419d-9093-9426a695dacc - - - - -] disk_allocation_ratio = 1.0 log_opt_values /usr/lib/python3/dist-packages/oslo_config/cfg.py:2602
2024-10-24 00:35:07.939 148864 DEBUG oslo_db.sqlalchemy.engines [req-18b5666e-cec5-4447-826a-478b22637ddc - - - - -] MySQL server mode set to STRICT_TRANS_TABLES,STRICT_ALL_TABLES,NO_ZERO_IN_DATE,NO_ZERO_DATE,ERROR_FOR_DIVISION_BY_ZERO,TRADITIONAL,NO_ENGINE_SUBSTITUTION _check_effective_sql_mode /usr/lib/python3/dist-packages/oslo_db/sqlalchemy/engines.py:314
2024-10-24 00:35:07.939 148434 DEBUG oslo_service.service [req-2e088b13-0e7b-419d-9093-9426a695dacc - - - - -] enable_new_services = True log_opt_values /usr/lib/python3/dist-packages/oslo_config/cfg.py:2602
2024-10-24 00:35:07.940 148434 DEBUG oslo_service.service [req-2e088b13-0e7b-419d-9093-9426a695dacc - - - - -] enabled_apis = ['osapi_compute', 'metadata'] log_opt_values /usr/lib/python3/dist-packages/oslo_config/cfg.py:2602
2024-10-24 00:35:07.940 148434 DEBUG oslo_service.service [req-2e088b13-0e7b-419d-9093-9426a695dacc - - - - -] enabled_ssl_apis = [] log_opt_values /usr/lib/python3/dist-packages/oslo_config/cfg.py:2602
2024-10-24 00:35:07.940 148434 DEBUG oslo_service.service [req-2e088b13-0e7b-419d-9093-9426a695dacc - - - - -] fatal_deprecations = False log_opt_values /usr/lib/python3/dist-packages/oslo_config/cfg.py:2602
2024-10-24 00:35:07.940 148434 DEBUG oslo_service.service [req-2e088b13-0e7b-419d-9093-9426a695dacc - - - - -] flat_injected = False log_opt_values /usr/lib/python3/dist-packages/oslo_config/cfg.py:2602
2024-10-24 00:35:07.940 148434 DEBUG oslo_service.service [req-2e088b13-0e7b-419d-9093-9426a695dacc - - - - -] force_config_drive = False log_opt_values /usr/lib/python3/dist-packages/oslo_config/cfg.py:2602
2024-10-24 00:35:07.941 148434 DEBUG oslo_service.service [req-2e088b13-0e7b-419d-9093-9426a695dacc - - - - -] force_raw_images = True log_opt_values /usr/lib/python3/dist-packages/oslo_config/cfg.py:2602
2024-10-24 00:35:07.941 148434 DEBUG oslo_service.service [req-2e088b13-0e7b-419d-9093-9426a695dacc - - - - -] graceful_shutdown_timeout = 60 log_opt_values /usr/lib/python3/dist-packages/oslo_config/cfg.py:2602
2024-10-24 00:35:07.941 148434 DEBUG oslo_service.service [req-2e088b13-0e7b-419d-9093-9426a695dacc - - - - -] heal_instance_info_cache_interval = 60 log_opt_values /usr/lib/python3/dist-packages/oslo_config/cfg.py:2602
2024-10-24 00:35:07.942 148434 DEBUG oslo_service.service [req-2e088b13-0e7b-419d-9093-9426a695dacc - - - - -] host = juju-d399ee-0-lxd-7 log_opt_values /usr/lib/python3/dist-packages/oslo_config/cfg.py:2602
2024-10-24 00:35:07.942 148434 DEBUG oslo_service.service [req-2e088b13-0e7b-419d-9093-9426a695dacc - - - - -] initial_cpu_allocation_ratio = 16.0 log_opt_values /usr/lib/python3/dist-packages/oslo_config/cfg.py:2602
2024-10-24 00:35:07.942 148434 DEBUG oslo_service.service [req-2e088b13-0e7b-419d-9093-9426a695dacc - - - - -] initial_disk_allocation_ratio = 1.0 log_opt_values /usr/lib/python3/dist-packages/oslo_config/cfg.py:2602
2024-10-24 00:35:07.942 148434 DEBUG oslo_service.service [req-2e088b13-0e7b-419d-9093-9426a695dacc - - - - -] initial_ram_allocation_ratio = 1.5 log_opt_values /usr/lib/python3/dist-packages/oslo_config/cfg.py:2602
2024-10-24 00:35:07.943 148434 DEBUG oslo_service.service [req-2e088b13-0e7b-419d-9093-9426a695dacc - - - - -] injected_network_template = /usr/lib/python3/dist-packages/nova/virt/interfaces.template log_opt_values /usr/lib/python3/dist-packages/oslo_config/cfg.py:2602
2024-10-24 00:35:07.943 148434 DEBUG oslo_service.service [req-2e088b13-0e7b-419d-9093-9426a695dacc - - - - -] instance_build_timeout = 0 log_opt_values /usr/lib/python3/dist-packages/oslo_config/cfg.py:2602
2024-10-24 00:35:07.943 148434 DEBUG oslo_service.service [req-2e088b13-0e7b-419d-9093-9426a695dacc - - - - -] instance_delete_interval = 300 log_opt_values /usr/lib/python3/dist-packages/oslo_config/cfg.py:2602
2024-10-24 00:35:07.943 148434 DEBUG oslo_service.service [req-2e088b13-0e7b-419d-9093-9426a695dacc - - - - -] instance_format = [instance: %(uuid)s] log_opt_values /usr/lib/python3/dist-packages/oslo_config/cfg.py:2602
2024-10-24 00:35:07.943 148434 DEBUG oslo_service.service [req-2e088b13-0e7b-419d-9093-9426a695dacc - - - - -] instance_name_template = instance-%08x log_opt_values /usr/lib/python3/dist-packages/oslo_config/cfg.py:2602
2024-10-24 00:35:07.944 148434 DEBUG oslo_service.service [req-2e088b13-0e7b-419d-9093-9426a695dacc - - - - -] instance_usage_audit = False log_opt_values /usr/lib/python3/dist-packages/oslo_config/cfg.py:2602
2024-10-24 00:35:07.944 148434 DEBUG oslo_service.service [req-2e088b13-0e7b-419d-9093-9426a695dacc - - - - -] instance_usage_audit_period = month log_opt_values /usr/lib/python3/dist-packages/oslo_config/cfg.py:2602
2024-10-24 00:35:07.944 148434 DEBUG oslo_service.service [req-2e088b13-0e7b-419d-9093-9426a695dacc - - - - -] instance_uuid_format = [instance: %(uuid)s] log_opt_values /usr/lib/python3/dist-packages/oslo_config/cfg.py:2602
2024-10-24 00:35:07.944 148434 DEBUG oslo_service.service [req-2e088b13-0e7b-419d-9093-9426a695dacc - - - - -] instances_path = /var/lib/nova/instances log_opt_values /usr/lib/python3/dist-packages/oslo_config/cfg.py:2602
2024-10-24 00:35:07.944 148434 DEBUG oslo_service.service [req-2e088b13-0e7b-419d-9093-9426a695dacc - - - - -] internal_service_availability_zone = internal log_opt_values /usr/lib/python3/dist-packages/oslo_config/cfg.py:2602
2024-10-24 00:35:07.945 148434 DEBUG oslo_service.service [req-2e088b13-0e7b-419d-9093-9426a695dacc - - - - -] key = None log_opt_values /usr/lib/python3/dist-packages/oslo_config/cfg.py:2602
2024-10-24 00:35:07.945 148862 DEBUG nova.service [req-43284367-00be-4503-8a7b-499f28fe1e03 - - - - -] Creating RPC server for service conductor start /usr/lib/python3/dist-packages/nova/service.py:182
2024-10-24 00:35:07.945 148434 DEBUG oslo_service.service [req-2e088b13-0e7b-419d-9093-9426a695dacc - - - - -] live_migration_retry_count = 30 log_opt_values /usr/lib/python3/dist-packages/oslo_config/cfg.py:2602
2024-10-24 00:35:07.945 148434 DEBUG oslo_service.service [req-2e088b13-0e7b-419d-9093-9426a695dacc - - - - -] log_config_append = None log_opt_values /usr/lib/python3/dist-packages/oslo_config/cfg.py:2602
2024-10-24 00:35:07.945 148434 DEBUG oslo_service.service [req-2e088b13-0e7b-419d-9093-9426a695dacc - - - - -] log_date_format = %Y-%m-%d %H:%M:%S log_opt_values /usr/lib/python3/dist-packages/oslo_config/cfg.py:2602
2024-10-24 00:35:07.945 148434 DEBUG oslo_service.service [req-2e088b13-0e7b-419d-9093-9426a695dacc - - - - -] log_dir = /var/log/nova log_opt_values /usr/lib/python3/dist-packages/oslo_config/cfg.py:2602
2024-10-24 00:35:07.946 148434 DEBUG oslo_service.service [req-2e088b13-0e7b-419d-9093-9426a695dacc - - - - -] log_file = /var/log/nova/nova-conductor.log log_opt_values /usr/lib/python3/dist-packages/oslo_config/cfg.py:2602
2024-10-24 00:35:07.946 148434 DEBUG oslo_service.service [req-2e088b13-0e7b-419d-9093-9426a695dacc - - - - -] log_options = True log_opt_values /usr/lib/python3/dist-packages/oslo_config/cfg.py:2602
2024-10-24 00:35:07.946 148434 DEBUG oslo_service.service [req-2e088b13-0e7b-419d-9093-9426a695dacc - - - - -] log_rotate_interval = 1 log_opt_values /usr/lib/python3/dist-packages/oslo_config/cfg.py:2602
2024-10-24 00:35:07.946 148434 DEBUG oslo_service.service [req-2e088b13-0e7b-419d-9093-9426a695dacc - - - - -] log_rotate_interval_type = days log_opt_values /usr/lib/python3/dist-packages/oslo_config/cfg.py:2602
2024-10-24 00:35:07.946 148863 DEBUG nova.service [req-c6a1e8ea-6bf7-4df4-b446-b809cbf1c99c - - - - -] Creating RPC server for service conductor start /usr/lib/python3/dist-packages/nova/service.py:182
2024-10-24 00:35:07.946 148434 DEBUG oslo_service.service [req-2e088b13-0e7b-419d-9093-9426a695dacc - - - - -] log_rotation_type = none log_opt_values /usr/lib/python3/dist-packages/oslo_config/cfg.py:2602
2024-10-24 00:35:07.946 148866 DEBUG oslo_db.sqlalchemy.engines [req-1e68ec9c-1823-4591-822e-52394402c075 - - - - -] MySQL server mode set to STRICT_TRANS_TABLES,STRICT_ALL_TABLES,NO_ZERO_IN_DATE,NO_ZERO_DATE,ERROR_FOR_DIVISION_BY_ZERO,TRADITIONAL,NO_ENGINE_SUBSTITUTION _check_effective_sql_mode /usr/lib/python3/dist-packages/oslo_db/sqlalchemy/engines.py:314
2024-10-24 00:35:07.947 148434 DEBUG oslo_service.service [req-2e088b13-0e7b-419d-9093-9426a695dacc - - - - -] logging_context_format_string = %(asctime)s.%(msecs)03d %(process)d %(levelname)s %(name)s [%(request_id)s %(user_identity)s] %(instance)s%(message)s log_opt_values /usr/lib/python3/dist-packages/oslo_config/cfg.py:2602
2024-10-24 00:35:07.947 148434 DEBUG oslo_service.service [req-2e088b13-0e7b-419d-9093-9426a695dacc - - - - -] logging_debug_format_suffix = %(funcName)s %(pathname)s:%(lineno)d log_opt_values /usr/lib/python3/dist-packages/oslo_config/cfg.py:2602
2024-10-24 00:35:07.947 148434 DEBUG oslo_service.service [req-2e088b13-0e7b-419d-9093-9426a695dacc - - - - -] logging_default_format_string = %(asctime)s.%(msecs)03d %(process)d %(levelname)s %(name)s [-] %(instance)s%(message)s log_opt_values /usr/lib/python3/dist-packages/oslo_config/cfg.py:2602
2024-10-24 00:35:07.947 148434 DEBUG oslo_service.service [req-2e088b13-0e7b-419d-9093-9426a695dacc - - - - -] logging_exception_prefix = %(asctime)s.%(msecs)03d %(process)d ERROR %(name)s %(instance)s log_opt_values /usr/lib/python3/dist-packages/oslo_config/cfg.py:2602
2024-10-24 00:35:07.947 148434 DEBUG oslo_service.service [req-2e088b13-0e7b-419d-9093-9426a695dacc - - - - -] logging_user_identity_format = %(user)s %(project)s %(domain)s %(user_domain)s %(project_domain)s log_opt_values /usr/lib/python3/dist-packages/oslo_config/cfg.py:2602
2024-10-24 00:35:07.947 148434 DEBUG oslo_service.service [req-2e088b13-0e7b-419d-9093-9426a695dacc - - - - -] long_rpc_timeout = 1800 log_opt_values /usr/lib/python3/dist-packages/oslo_config/cfg.py:2602
2024-10-24 00:35:07.948 148434 DEBUG oslo_service.service [req-2e088b13-0e7b-419d-9093-9426a695dacc - - - - -] max_concurrent_builds = 10 log_opt_values /usr/lib/python3/dist-packages/oslo_config/cfg.py:2602
2024-10-24 00:35:07.948 148434 DEBUG oslo_service.service [req-2e088b13-0e7b-419d-9093-9426a695dacc - - - - -] max_concurrent_live_migrations = 1 log_opt_values /usr/lib/python3/dist-packages/oslo_config/cfg.py:2602
2024-10-24 00:35:07.948 148434 DEBUG oslo_service.service [req-2e088b13-0e7b-419d-9093-9426a695dacc - - - - -] max_concurrent_snapshots = 5 log_opt_values /usr/lib/python3/dist-packages/oslo_config/cfg.py:2602
2024-10-24 00:35:07.948 148434 DEBUG oslo_service.service [req-2e088b13-0e7b-419d-9093-9426a695dacc - - - - -] max_local_block_devices = 3 log_opt_values /usr/lib/python3/dist-packages/oslo_config/cfg.py:2602
2024-10-24 00:35:07.948 148434 DEBUG oslo_service.service [req-2e088b13-0e7b-419d-9093-9426a695dacc - - - - -] max_logfile_count = 30 log_opt_values /usr/lib/python3/dist-packages/oslo_config/cfg.py:2602
2024-10-24 00:35:07.949 148434 DEBUG oslo_service.service [req-2e088b13-0e7b-419d-9093-9426a695dacc - - - - -] max_logfile_size_mb = 200 log_opt_values /usr/lib/python3/dist-packages/oslo_config/cfg.py:2602
2024-10-24 00:35:07.949 148434 DEBUG oslo_service.service [req-2e088b13-0e7b-419d-9093-9426a695dacc - - - - -] maximum_instance_delete_attempts = 5 log_opt_values /usr/lib/python3/dist-packages/oslo_config/cfg.py:2602
2024-10-24 00:35:07.949 148434 DEBUG oslo_service.service [req-2e088b13-0e7b-419d-9093-9426a695dacc - - - - -] metadata_listen = 0.0.0.0 log_opt_values /usr/lib/python3/dist-packages/oslo_config/cfg.py:2602
2024-10-24 00:35:07.949 148434 DEBUG oslo_service.service [req-2e088b13-0e7b-419d-9093-9426a695dacc - - - - -] metadata_listen_port = 8765 log_opt_values /usr/lib/python3/dist-packages/oslo_config/cfg.py:2602
2024-10-24 00:35:07.949 148434 DEBUG oslo_service.service [req-2e088b13-0e7b-419d-9093-9426a695dacc - - - - -] metadata_workers = None log_opt_values /usr/lib/python3/dist-packages/oslo_config/cfg.py:2602
2024-10-24 00:35:07.950 148434 DEBUG oslo_service.service [req-2e088b13-0e7b-419d-9093-9426a695dacc - - - - -] migrate_max_retries = -1 log_opt_values /usr/lib/python3/dist-packages/oslo_config/cfg.py:2602
2024-10-24 00:35:07.950 148434 DEBUG oslo_service.service [req-2e088b13-0e7b-419d-9093-9426a695dacc - - - - -] mkisofs_cmd = genisoimage log_opt_values /usr/lib/python3/dist-packages/oslo_config/cfg.py:2602
2024-10-24 00:35:07.950 148434 DEBUG oslo_service.service [req-2e088b13-0e7b-419d-9093-9426a695dacc - - - - -] my_block_storage_ip = 252.12.221.136 log_opt_values /usr/lib/python3/dist-packages/oslo_config/cfg.py:2602
2024-10-24 00:35:07.950 148434 DEBUG oslo_service.service [req-2e088b13-0e7b-419d-9093-9426a695dacc - - - - -] my_ip = 252.12.221.136 log_opt_values /usr/lib/python3/dist-packages/oslo_config/cfg.py:2602
2024-10-24 00:35:07.950 148434 DEBUG oslo_service.service [req-2e088b13-0e7b-419d-9093-9426a695dacc - - - - -] network_allocate_retries = 0 log_opt_values /usr/lib/python3/dist-packages/oslo_config/cfg.py:2602
2024-10-24 00:35:07.951 148434 DEBUG oslo_service.service [req-2e088b13-0e7b-419d-9093-9426a695dacc - - - - -] non_inheritable_image_properties = ['cache_in_nova', 'bittorrent'] log_opt_values /usr/lib/python3/dist-packages/oslo_config/cfg.py:2602
2024-10-24 00:35:07.951 148434 DEBUG oslo_service.service [req-2e088b13-0e7b-419d-9093-9426a695dacc - - - - -] osapi_compute_listen = 0.0.0.0 log_opt_values /usr/lib/python3/dist-packages/oslo_config/cfg.py:2602
2024-10-24 00:35:07.951 148434 DEBUG oslo_service.service [req-2e088b13-0e7b-419d-9093-9426a695dacc - - - - -] osapi_compute_listen_port = 8764 log_opt_values /usr/lib/python3/dist-packages/oslo_config/cfg.py:2602
2024-10-24 00:35:07.951 148434 DEBUG oslo_service.service [req-2e088b13-0e7b-419d-9093-9426a695dacc - - - - -] osapi_compute_unique_server_name_scope = log_opt_values /usr/lib/python3/dist-packages/oslo_config/cfg.py:2602
2024-10-24 00:35:07.951 148434 DEBUG oslo_service.service [req-2e088b13-0e7b-419d-9093-9426a695dacc - - - - -] osapi_compute_workers = 4 log_opt_values /usr/lib/python3/dist-packages/oslo_config/cfg.py:2602
2024-10-24 00:35:07.952 148434 DEBUG oslo_service.service [req-2e088b13-0e7b-419d-9093-9426a695dacc - - - - -] password_length = 12 log_opt_values /usr/lib/python3/dist-packages/oslo_config/cfg.py:2602
2024-10-24 00:35:07.952 148434 DEBUG oslo_service.service [req-2e088b13-0e7b-419d-9093-9426a695dacc - - - - -] periodic_enable = True log_opt_values /usr/lib/python3/dist-packages/oslo_config/cfg.py:2602
2024-10-24 00:35:07.952 148434 DEBUG oslo_service.service [req-2e088b13-0e7b-419d-9093-9426a695dacc - - - - -] periodic_fuzzy_delay = 60 log_opt_values /usr/lib/python3/dist-packages/oslo_config/cfg.py:2602
2024-10-24 00:35:07.952 148434 DEBUG oslo_service.service [req-2e088b13-0e7b-419d-9093-9426a695dacc - - - - -] pointer_model = usbtablet log_opt_values /usr/lib/python3/dist-packages/oslo_config/cfg.py:2602
2024-10-24 00:35:07.952 148434 DEBUG oslo_service.service [req-2e088b13-0e7b-419d-9093-9426a695dacc - - - - -] preallocate_images = none log_opt_values /usr/lib/python3/dist-packages/oslo_config/cfg.py:2602
2024-10-24 00:35:07.953 148434 DEBUG oslo_service.service [req-2e088b13-0e7b-419d-9093-9426a695dacc - - - - -] publish_errors = False log_opt_values /usr/lib/python3/dist-packages/oslo_config/cfg.py:2602
2024-10-24 00:35:07.953 148434 DEBUG oslo_service.service [req-2e088b13-0e7b-419d-9093-9426a695dacc - - - - -] pybasedir = /usr/lib/python3/dist-packages log_opt_values /usr/lib/python3/dist-packages/oslo_config/cfg.py:2602
2024-10-24 00:35:07.953 148434 DEBUG oslo_service.service [req-2e088b13-0e7b-419d-9093-9426a695dacc - - - - -] ram_allocation_ratio = 0.98 log_opt_values /usr/lib/python3/dist-packages/oslo_config/cfg.py:2602
2024-10-24 00:35:07.953 148434 DEBUG oslo_service.service [req-2e088b13-0e7b-419d-9093-9426a695dacc - - - - -] rate_limit_burst = 0 log_opt_values /usr/lib/python3/dist-packages/oslo_config/cfg.py:2602
2024-10-24 00:35:07.953 148434 DEBUG oslo_service.service [req-2e088b13-0e7b-419d-9093-9426a695dacc - - - - -] rate_limit_except_level = CRITICAL log_opt_values /usr/lib/python3/dist-packages/oslo_config/cfg.py:2602
2024-10-24 00:35:07.953 148434 DEBUG oslo_service.service [req-2e088b13-0e7b-419d-9093-9426a695dacc - - - - -] rate_limit_interval = 0 log_opt_values /usr/lib/python3/dist-packages/oslo_config/cfg.py:2602
2024-10-24 00:35:07.954 148434 DEBUG oslo_service.service [req-2e088b13-0e7b-419d-9093-9426a695dacc - - - - -] reboot_timeout = 0 log_opt_values /usr/lib/python3/dist-packages/oslo_config/cfg.py:2602
2024-10-24 00:35:07.954 148434 DEBUG oslo_service.service [req-2e088b13-0e7b-419d-9093-9426a695dacc - - - - -] reclaim_instance_interval = 0 log_opt_values /usr/lib/python3/dist-packages/oslo_config/cfg.py:2602
2024-10-24 00:35:07.954 148434 DEBUG oslo_service.service [req-2e088b13-0e7b-419d-9093-9426a695dacc - - - - -] record = None log_opt_values /usr/lib/python3/dist-packages/oslo_config/cfg.py:2602
2024-10-24 00:35:07.954 148434 DEBUG oslo_service.service [req-2e088b13-0e7b-419d-9093-9426a695dacc - - - - -] report_interval = 10 log_opt_values /usr/lib/python3/dist-packages/oslo_config/cfg.py:2602
2024-10-24 00:35:07.954 148434 DEBUG oslo_service.service [req-2e088b13-0e7b-419d-9093-9426a695dacc - - - - -] rescue_timeout = 0 log_opt_values /usr/lib/python3/dist-packages/oslo_config/cfg.py:2602
2024-10-24 00:35:07.955 148434 DEBUG oslo_service.service [req-2e088b13-0e7b-419d-9093-9426a695dacc - - - - -] reserved_host_cpus = 0 log_opt_values /usr/lib/python3/dist-packages/oslo_config/cfg.py:2602
2024-10-24 00:35:07.955 148434 DEBUG oslo_service.service [req-2e088b13-0e7b-419d-9093-9426a695dacc - - - - -] reserved_host_disk_mb = 0 log_opt_values /usr/lib/python3/dist-packages/oslo_config/cfg.py:2602
2024-10-24 00:35:07.955 148434 DEBUG oslo_service.service [req-2e088b13-0e7b-419d-9093-9426a695dacc - - - - -] reserved_host_memory_mb = 512 log_opt_values /usr/lib/python3/dist-packages/oslo_config/cfg.py:2602
2024-10-24 00:35:07.955 148434 DEBUG oslo_service.service [req-2e088b13-0e7b-419d-9093-9426a695dacc - - - - -] reserved_huge_pages = None log_opt_values /usr/lib/python3/dist-packages/oslo_config/cfg.py:2602
2024-10-24 00:35:07.955 148434 DEBUG oslo_service.service [req-2e088b13-0e7b-419d-9093-9426a695dacc - - - - -] resize_confirm_window = 0 log_opt_values /usr/lib/python3/dist-packages/oslo_config/cfg.py:2602
2024-10-24 00:35:07.955 148434 DEBUG oslo_service.service [req-2e088b13-0e7b-419d-9093-9426a695dacc - - - - -] resize_fs_using_block_device = False log_opt_values /usr/lib/python3/dist-packages/oslo_config/cfg.py:2602
2024-10-24 00:35:07.956 148434 DEBUG oslo_service.service [req-2e088b13-0e7b-419d-9093-9426a695dacc - - - - -] resume_guests_state_on_host_boot = False log_opt_values /usr/lib/python3/dist-packages/oslo_config/cfg.py:2602
2024-10-24 00:35:07.956 148434 DEBUG oslo_service.service [req-2e088b13-0e7b-419d-9093-9426a695dacc - - - - -] rootwrap_config = /etc/nova/rootwrap.conf log_opt_values /usr/lib/python3/dist-packages/oslo_config/cfg.py:2602
2024-10-24 00:35:07.956 148434 DEBUG oslo_service.service [req-2e088b13-0e7b-419d-9093-9426a695dacc - - - - -] rpc_response_timeout = 60 log_opt_values /usr/lib/python3/dist-packages/oslo_config/cfg.py:2602
2024-10-24 00:35:07.956 148434 DEBUG oslo_service.service [req-2e088b13-0e7b-419d-9093-9426a695dacc - - - - -] run_external_periodic_tasks = True log_opt_values /usr/lib/python3/dist-packages/oslo_config/cfg.py:2602
2024-10-24 00:35:07.957 148434 DEBUG oslo_service.service [req-2e088b13-0e7b-419d-9093-9426a695dacc - - - - -] running_deleted_instance_action = reap log_opt_values /usr/lib/python3/dist-packages/oslo_config/cfg.py:2602
2024-10-24 00:35:07.957 148434 DEBUG oslo_service.service [req-2e088b13-0e7b-419d-9093-9426a695dacc - - - - -] running_deleted_instance_poll_interval = 1800 log_opt_values /usr/lib/python3/dist-packages/oslo_config/cfg.py:2602
2024-10-24 00:35:07.957 148434 DEBUG oslo_service.service [req-2e088b13-0e7b-419d-9093-9426a695dacc - - - - -] running_deleted_instance_timeout = 0 log_opt_values /usr/lib/python3/dist-packages/oslo_config/cfg.py:2602
2024-10-24 00:35:07.957 148434 DEBUG oslo_service.service [req-2e088b13-0e7b-419d-9093-9426a695dacc - - - - -] scheduler_instance_sync_interval = 120 log_opt_values /usr/lib/python3/dist-packages/oslo_config/cfg.py:2602
2024-10-24 00:35:07.958 148434 DEBUG oslo_service.service [req-2e088b13-0e7b-419d-9093-9426a695dacc - - - - -] service_down_time = 60 log_opt_values /usr/lib/python3/dist-packages/oslo_config/cfg.py:2602
2024-10-24 00:35:07.958 148434 DEBUG oslo_service.service [req-2e088b13-0e7b-419d-9093-9426a695dacc - - - - -] servicegroup_driver = db log_opt_values /usr/lib/python3/dist-packages/oslo_config/cfg.py:2602
2024-10-24 00:35:07.958 148434 DEBUG oslo_service.service [req-2e088b13-0e7b-419d-9093-9426a695dacc - - - - -] shelved_offload_time = 0 log_opt_values /usr/lib/python3/dist-packages/oslo_config/cfg.py:2602
2024-10-24 00:35:07.958 148434 DEBUG oslo_service.service [req-2e088b13-0e7b-419d-9093-9426a695dacc - - - - -] shelved_poll_interval = 3600 log_opt_values /usr/lib/python3/dist-packages/oslo_config/cfg.py:2602
2024-10-24 00:35:07.958 148434 DEBUG oslo_service.service [req-2e088b13-0e7b-419d-9093-9426a695dacc - - - - -] shutdown_timeout = 60 log_opt_values /usr/lib/python3/dist-packages/oslo_config/cfg.py:2602
2024-10-24 00:35:07.959 148434 DEBUG oslo_service.service [req-2e088b13-0e7b-419d-9093-9426a695dacc - - - - -] source_is_ipv6 = False log_opt_values /usr/lib/python3/dist-packages/oslo_config/cfg.py:2602
2024-10-24 00:35:07.960 148434 DEBUG oslo_service.service [req-2e088b13-0e7b-419d-9093-9426a695dacc - - - - -] ssl_only = False log_opt_values /usr/lib/python3/dist-packages/oslo_config/cfg.py:2602
2024-10-24 00:35:07.960 148434 DEBUG oslo_service.service [req-2e088b13-0e7b-419d-9093-9426a695dacc - - - - -] state_path = /var/lib/nova log_opt_values /usr/lib/python3/dist-packages/oslo_config/cfg.py:2602
2024-10-24 00:35:07.960 148434 DEBUG oslo_service.service [req-2e088b13-0e7b-419d-9093-9426a695dacc - - - - -] sync_power_state_interval = 600 log_opt_values /usr/lib/python3/dist-packages/oslo_config/cfg.py:2602
2024-10-24 00:35:07.961 148434 DEBUG oslo_service.service [req-2e088b13-0e7b-419d-9093-9426a695dacc - - - - -] sync_power_state_pool_size = 1000 log_opt_values /usr/lib/python3/dist-packages/oslo_config/cfg.py:2602
2024-10-24 00:35:07.962 148434 DEBUG oslo_service.service [req-2e088b13-0e7b-419d-9093-9426a695dacc - - - - -] syslog_log_facility = LOG_USER log_opt_values /usr/lib/python3/dist-packages/oslo_config/cfg.py:2602
2024-10-24 00:35:07.962 148434 DEBUG oslo_service.service [req-2e088b13-0e7b-419d-9093-9426a695dacc - - - - -] tempdir = None log_opt_values /usr/lib/python3/dist-packages/oslo_config/cfg.py:2602
2024-10-24 00:35:07.962 148434 DEBUG oslo_service.service [req-2e088b13-0e7b-419d-9093-9426a695dacc - - - - -] timeout_nbd = 10 log_opt_values /usr/lib/python3/dist-packages/oslo_config/cfg.py:2602
2024-10-24 00:35:07.962 148434 DEBUG oslo_service.service [req-2e088b13-0e7b-419d-9093-9426a695dacc - - - - -] transport_url = **** log_opt_values /usr/lib/python3/dist-packages/oslo_config/cfg.py:2602
2024-10-24 00:35:07.963 148434 DEBUG oslo_service.service [req-2e088b13-0e7b-419d-9093-9426a695dacc - - - - -] update_resources_interval = 0 log_opt_values /usr/lib/python3/dist-packages/oslo_config/cfg.py:2602
2024-10-24 00:35:07.963 148864 DEBUG nova.service [req-18b5666e-cec5-4447-826a-478b22637ddc - - - - -] Creating RPC server for service conductor start /usr/lib/python3/dist-packages/nova/service.py:182
2024-10-24 00:35:07.963 148434 DEBUG oslo_service.service [req-2e088b13-0e7b-419d-9093-9426a695dacc - - - - -] use_cow_images = True log_opt_values /usr/lib/python3/dist-packages/oslo_config/cfg.py:2602
2024-10-24 00:35:07.964 148434 DEBUG oslo_service.service [req-2e088b13-0e7b-419d-9093-9426a695dacc - - - - -] use_eventlog = False log_opt_values /usr/lib/python3/dist-packages/oslo_config/cfg.py:2602
2024-10-24 00:35:07.965 148434 DEBUG oslo_service.service [req-2e088b13-0e7b-419d-9093-9426a695dacc - - - - -] use_journal = False log_opt_values /usr/lib/python3/dist-packages/oslo_config/cfg.py:2602
2024-10-24 00:35:07.965 148434 DEBUG oslo_service.service [req-2e088b13-0e7b-419d-9093-9426a695dacc - - - - -] use_json = False log_opt_values /usr/lib/python3/dist-packages/oslo_config/cfg.py:2602
2024-10-24 00:35:07.965 148434 DEBUG oslo_service.service [req-2e088b13-0e7b-419d-9093-9426a695dacc - - - - -] use_rootwrap_daemon = False log_opt_values /usr/lib/python3/dist-packages/oslo_config/cfg.py:2602
2024-10-24 00:35:07.966 148434 DEBUG oslo_service.service [req-2e088b13-0e7b-419d-9093-9426a695dacc - - - - -] use_stderr = False log_opt_values /usr/lib/python3/dist-packages/oslo_config/cfg.py:2602
2024-10-24 00:35:07.966 148434 DEBUG oslo_service.service [req-2e088b13-0e7b-419d-9093-9426a695dacc - - - - -] use_syslog = False log_opt_values /usr/lib/python3/dist-packages/oslo_config/cfg.py:2602
2024-10-24 00:35:07.966 148434 DEBUG oslo_service.service [req-2e088b13-0e7b-419d-9093-9426a695dacc - - - - -] vcpu_pin_set = None log_opt_values /usr/lib/python3/dist-packages/oslo_config/cfg.py:2602
2024-10-24 00:35:07.966 148434 DEBUG oslo_service.service [req-2e088b13-0e7b-419d-9093-9426a695dacc - - - - -] vif_plugging_is_fatal = True log_opt_values /usr/lib/python3/dist-packages/oslo_config/cfg.py:2602
2024-10-24 00:35:07.966 148434 DEBUG oslo_service.service [req-2e088b13-0e7b-419d-9093-9426a695dacc - - - - -] vif_plugging_timeout = 300 log_opt_values /usr/lib/python3/dist-packages/oslo_config/cfg.py:2602
2024-10-24 00:35:07.967 148434 DEBUG oslo_service.service [req-2e088b13-0e7b-419d-9093-9426a695dacc - - - - -] virt_mkfs = [] log_opt_values /usr/lib/python3/dist-packages/oslo_config/cfg.py:2602
2024-10-24 00:35:07.967 148434 DEBUG oslo_service.service [req-2e088b13-0e7b-419d-9093-9426a695dacc - - - - -] volume_usage_poll_interval = 0 log_opt_values /usr/lib/python3/dist-packages/oslo_config/cfg.py:2602
2024-10-24 00:35:07.967 148434 DEBUG oslo_service.service [req-2e088b13-0e7b-419d-9093-9426a695dacc - - - - -] watch_log_file = False log_opt_values /usr/lib/python3/dist-packages/oslo_config/cfg.py:2602
2024-10-24 00:35:07.967 148434 DEBUG oslo_service.service [req-2e088b13-0e7b-419d-9093-9426a695dacc - - - - -] web = /usr/share/spice-html5 log_opt_values /usr/lib/python3/dist-packages/oslo_config/cfg.py:2602
2024-10-24 00:35:07.967 148434 DEBUG oslo_service.service [req-2e088b13-0e7b-419d-9093-9426a695dacc - - - - -] oslo_concurrency.disable_process_locking = False log_opt_values /usr/lib/python3/dist-packages/oslo_config/cfg.py:2609
2024-10-24 00:35:07.968 148434 DEBUG oslo_service.service [req-2e088b13-0e7b-419d-9093-9426a695dacc - - - - -] oslo_concurrency.lock_path = /var/lock/nova log_opt_values /usr/lib/python3/dist-packages/oslo_config/cfg.py:2609
2024-10-24 00:35:07.968 148434 DEBUG oslo_service.service [req-2e088b13-0e7b-419d-9093-9426a695dacc - - - - -] oslo_messaging_metrics.metrics_buffer_size = 1000 log_opt_values /usr/lib/python3/dist-packages/oslo_config/cfg.py:2609
2024-10-24 00:35:07.968 148434 DEBUG oslo_service.service [req-2e088b13-0e7b-419d-9093-9426a695dacc - - - - -] oslo_messaging_metrics.metrics_enabled = False log_opt_values /usr/lib/python3/dist-packages/oslo_config/cfg.py:2609
2024-10-24 00:35:07.968 148434 DEBUG oslo_service.service [req-2e088b13-0e7b-419d-9093-9426a695dacc - - - - -] oslo_messaging_metrics.metrics_process_name = log_opt_values /usr/lib/python3/dist-packages/oslo_config/cfg.py:2609
2024-10-24 00:35:07.968 148434 DEBUG oslo_service.service [req-2e088b13-0e7b-419d-9093-9426a695dacc - - - - -] oslo_messaging_metrics.metrics_socket_file = /var/tmp/metrics_collector.sock log_opt_values /usr/lib/python3/dist-packages/oslo_config/cfg.py:2609
2024-10-24 00:35:07.969 148434 DEBUG oslo_service.service [req-2e088b13-0e7b-419d-9093-9426a695dacc - - - - -] oslo_messaging_metrics.metrics_thread_stop_timeout = 10 log_opt_values /usr/lib/python3/dist-packages/oslo_config/cfg.py:2609
2024-10-24 00:35:07.968 148862 DEBUG oslo_messaging._drivers.amqpdriver [-] Listener is running poll /usr/lib/python3/dist-packages/oslo_messaging/_drivers/amqpdriver.py:343
2024-10-24 00:35:07.969 148862 DEBUG oslo_messaging._drivers.amqpdriver [-] AMQPListener connection consume poll /usr/lib/python3/dist-packages/oslo_messaging/_drivers/amqpdriver.py:357
2024-10-24 00:35:07.969 148434 WARNING oslo_config.cfg [req-2e088b13-0e7b-419d-9093-9426a695dacc - - - - -] Deprecated: Option "auth_strategy" from group "api" is deprecated for removal ( The only non-default choice, ``noauth2``, is for internal development and testing purposes only and should not be used in deployments. This option and its middleware, NoAuthMiddleware[V2_18], will be removed in a future release. ). Its value may be silently ignored in the future.
2024-10-24 00:35:07.969 148434 DEBUG oslo_service.service [req-2e088b13-0e7b-419d-9093-9426a695dacc - - - - -] api.auth_strategy = keystone log_opt_values /usr/lib/python3/dist-packages/oslo_config/cfg.py:2609
2024-10-24 00:35:07.970 148434 DEBUG oslo_service.service [req-2e088b13-0e7b-419d-9093-9426a695dacc - - - - -] api.compute_link_prefix = None log_opt_values /usr/lib/python3/dist-packages/oslo_config/cfg.py:2609
2024-10-24 00:35:07.969 148862 DEBUG nova.service [req-43284367-00be-4503-8a7b-499f28fe1e03 - - - - -] Join ServiceGroup membership for this service conductor start /usr/lib/python3/dist-packages/nova/service.py:199
2024-10-24 00:35:07.970 148434 DEBUG oslo_service.service [req-2e088b13-0e7b-419d-9093-9426a695dacc - - - - -] api.config_drive_skip_versions = 1.0 2007-01-19 2007-03-01 2007-08-29 2007-10-10 2007-12-15 2008-02-01 2008-09-01 log_opt_values /usr/lib/python3/dist-packages/oslo_config/cfg.py:2609
2024-10-24 00:35:07.970 148862 DEBUG nova.servicegroup.drivers.db [req-43284367-00be-4503-8a7b-499f28fe1e03 - - - - -] DB_Driver: join new ServiceGroup member juju-d399ee-0-lxd-7 to the conductor group, service = join /usr/lib/python3/dist-packages/nova/servicegroup/drivers/db.py:44
2024-10-24 00:35:07.970 148434 DEBUG oslo_service.service [req-2e088b13-0e7b-419d-9093-9426a695dacc - - - - -] api.dhcp_domain = novalocal log_opt_values /usr/lib/python3/dist-packages/oslo_config/cfg.py:2609
2024-10-24 00:35:07.970 148434 DEBUG oslo_service.service [req-2e088b13-0e7b-419d-9093-9426a695dacc - - - - -] api.enable_instance_password = True log_opt_values /usr/lib/python3/dist-packages/oslo_config/cfg.py:2609
2024-10-24 00:35:07.970 148434 DEBUG oslo_service.service [req-2e088b13-0e7b-419d-9093-9426a695dacc - - - - -] api.glance_link_prefix = None log_opt_values /usr/lib/python3/dist-packages/oslo_config/cfg.py:2609
2024-10-24 00:35:07.971 148434 DEBUG oslo_service.service [req-2e088b13-0e7b-419d-9093-9426a695dacc - - - - -] api.instance_list_cells_batch_fixed_size = 100 log_opt_values /usr/lib/python3/dist-packages/oslo_config/cfg.py:2609
2024-10-24 00:35:07.970 148863 DEBUG oslo_messaging._drivers.amqpdriver [-] Listener is running poll /usr/lib/python3/dist-packages/oslo_messaging/_drivers/amqpdriver.py:343
2024-10-24 00:35:07.971 148863 DEBUG oslo_messaging._drivers.amqpdriver [-] AMQPListener connection consume poll /usr/lib/python3/dist-packages/oslo_messaging/_drivers/amqpdriver.py:357
2024-10-24 00:35:07.971 148862 DEBUG oslo_messaging._drivers.amqpdriver [-] received message msg_id: bbb681f1f23c4947bcc9f40f7db39482 reply to reply_1d25a331840946438e8f1999edf3a253 __call__ /usr/lib/python3/dist-packages/oslo_messaging/_drivers/amqpdriver.py:320
2024-10-24 00:35:07.971 148434 DEBUG oslo_service.service [req-2e088b13-0e7b-419d-9093-9426a695dacc - - - - -] api.instance_list_cells_batch_strategy = distributed log_opt_values /usr/lib/python3/dist-packages/oslo_config/cfg.py:2609
2024-10-24 00:35:07.971 148434 DEBUG oslo_service.service [req-2e088b13-0e7b-419d-9093-9426a695dacc - - - - -] api.instance_list_per_project_cells = False log_opt_values /usr/lib/python3/dist-packages/oslo_config/cfg.py:2609
2024-10-24 00:35:07.971 148434 DEBUG oslo_service.service [req-2e088b13-0e7b-419d-9093-9426a695dacc - - - - -] api.list_records_by_skipping_down_cells = True log_opt_values /usr/lib/python3/dist-packages/oslo_config/cfg.py:2609
2024-10-24 00:35:07.972 148434 DEBUG oslo_service.service [req-2e088b13-0e7b-419d-9093-9426a695dacc - - - - -] api.local_metadata_per_cell = False log_opt_values /usr/lib/python3/dist-packages/oslo_config/cfg.py:2609
2024-10-24 00:35:07.971 148863 DEBUG nova.service [req-c6a1e8ea-6bf7-4df4-b446-b809cbf1c99c - - - - -] Join ServiceGroup membership for this service conductor start /usr/lib/python3/dist-packages/nova/service.py:199
2024-10-24 00:35:07.972 148434 DEBUG oslo_service.service [req-2e088b13-0e7b-419d-9093-9426a695dacc - - - - -] api.max_limit = 1000 log_opt_values /usr/lib/python3/dist-packages/oslo_config/cfg.py:2609
2024-10-24 00:35:07.972 148863 DEBUG nova.servicegroup.drivers.db [req-c6a1e8ea-6bf7-4df4-b446-b809cbf1c99c - - - - -] DB_Driver: join new ServiceGroup member juju-d399ee-0-lxd-7 to the conductor group, service = join /usr/lib/python3/dist-packages/nova/servicegroup/drivers/db.py:44
2024-10-24 00:35:07.972 148434 DEBUG oslo_service.service [req-2e088b13-0e7b-419d-9093-9426a695dacc - - - - -] api.metadata_cache_expiration = 15 log_opt_values /usr/lib/python3/dist-packages/oslo_config/cfg.py:2609
2024-10-24 00:35:07.972 148434 DEBUG oslo_service.service [req-2e088b13-0e7b-419d-9093-9426a695dacc - - - - -] api.neutron_default_tenant_id = default log_opt_values /usr/lib/python3/dist-packages/oslo_config/cfg.py:2609
2024-10-24 00:35:07.973 148434 DEBUG oslo_service.service [req-2e088b13-0e7b-419d-9093-9426a695dacc - - - - -] api.use_forwarded_for = False log_opt_values /usr/lib/python3/dist-packages/oslo_config/cfg.py:2609
2024-10-24 00:35:07.973 148434 DEBUG oslo_service.service [req-2e088b13-0e7b-419d-9093-9426a695dacc - - - - -] api.use_neutron_default_nets = False log_opt_values /usr/lib/python3/dist-packages/oslo_config/cfg.py:2609
2024-10-24 00:35:07.973 148862 DEBUG oslo_messaging._drivers.amqpdriver [-] AMQPListener connection timeout poll /usr/lib/python3/dist-packages/oslo_messaging/_drivers/amqpdriver.py:360
2024-10-24 00:35:07.973 148862 DEBUG oslo_messaging._drivers.amqpdriver [-] Listener is running poll /usr/lib/python3/dist-packages/oslo_messaging/_drivers/amqpdriver.py:343
2024-10-24 00:35:07.973 148434 DEBUG oslo_service.service [req-2e088b13-0e7b-419d-9093-9426a695dacc - - - - -] api.vendordata_dynamic_connect_timeout = 5 log_opt_values /usr/lib/python3/dist-packages/oslo_config/cfg.py:2609
2024-10-24 00:35:07.973 148862 DEBUG oslo_messaging._drivers.amqpdriver [-] Poll the incoming message with unique_id: ffc783c08170407f905778941a45446a poll /usr/lib/python3/dist-packages/oslo_messaging/_drivers/amqpdriver.py:346
2024-10-24 00:35:07.973 148434 DEBUG oslo_service.service [req-2e088b13-0e7b-419d-9093-9426a695dacc - - - - -] api.vendordata_dynamic_failure_fatal = False log_opt_values /usr/lib/python3/dist-packages/oslo_config/cfg.py:2609
2024-10-24 00:35:07.973 148434 DEBUG oslo_service.service [req-2e088b13-0e7b-419d-9093-9426a695dacc - - - - -] api.vendordata_dynamic_read_timeout = 5 log_opt_values /usr/lib/python3/dist-packages/oslo_config/cfg.py:2609
2024-10-24 00:35:07.973 148862 DEBUG oslo_messaging._drivers.amqpdriver [-] Listener is running poll /usr/lib/python3/dist-packages/oslo_messaging/_drivers/amqpdriver.py:343
2024-10-24 00:35:07.973 148862 DEBUG oslo_messaging._drivers.amqpdriver [-] AMQPListener connection consume poll /usr/lib/python3/dist-packages/oslo_messaging/_drivers/amqpdriver.py:357
2024-10-24 00:35:07.973 148434 DEBUG oslo_service.service [req-2e088b13-0e7b-419d-9093-9426a695dacc - - - - -] api.vendordata_dynamic_ssl_certfile = log_opt_values /usr/lib/python3/dist-packages/oslo_config/cfg.py:2609
2024-10-24 00:35:07.974 148434 DEBUG oslo_service.service [req-2e088b13-0e7b-419d-9093-9426a695dacc - - - - -] api.vendordata_dynamic_targets = [] log_opt_values /usr/lib/python3/dist-packages/oslo_config/cfg.py:2609
2024-10-24 00:35:07.974 148434 DEBUG oslo_service.service [req-2e088b13-0e7b-419d-9093-9426a695dacc - - - - -] api.vendordata_jsonfile_path = None log_opt_values /usr/lib/python3/dist-packages/oslo_config/cfg.py:2609
2024-10-24 00:35:07.974 148434 DEBUG oslo_service.service [req-2e088b13-0e7b-419d-9093-9426a695dacc - - - - -] api.vendordata_providers = ['StaticJSON'] log_opt_values /usr/lib/python3/dist-packages/oslo_config/cfg.py:2609
2024-10-24 00:35:07.974 148863 DEBUG oslo_messaging._drivers.amqpdriver [-] AMQPListener connection timeout poll /usr/lib/python3/dist-packages/oslo_messaging/_drivers/amqpdriver.py:360
2024-10-24 00:35:07.974 148434 DEBUG oslo_service.service [req-2e088b13-0e7b-419d-9093-9426a695dacc - - - - -] cache.backend = dogpile.cache.null log_opt_values /usr/lib/python3/dist-packages/oslo_config/cfg.py:2609
