2024-10-24 02:28:14.618 7 DEBUG oslo_service.service [-] ml2_type_gre.tunnel_id_ranges = [] log_opt_values /var/lib/kolla/venv/lib/python3.6/site-packages/oslo_config/cfg.py:2611
2024-10-24 02:28:14.618 7 DEBUG oslo_service.service [-] ml2_type_vlan.network_vlan_ranges = [] log_opt_values /var/lib/kolla/venv/lib/python3.6/site-packages/oslo_config/cfg.py:2611
2024-10-24 02:28:14.618 7 DEBUG oslo_service.service [-] ml2_type_vxlan.vni_ranges = [] log_opt_values /var/lib/kolla/venv/lib/python3.6/site-packages/oslo_config/cfg.py:2611
2024-10-24 02:28:14.618 7 DEBUG oslo_service.service [-] ml2_type_vxlan.vxlan_group = None log_opt_values /var/lib/kolla/venv/lib/python3.6/site-packages/oslo_config/cfg.py:2611
2024-10-24 02:28:14.618 7 DEBUG oslo_service.service [-] database.backend = sqlalchemy log_opt_values /var/lib/kolla/venv/lib/python3.6/site-packages/oslo_config/cfg.py:2611
2024-10-24 02:28:14.618 7 DEBUG oslo_service.service [-] database.connection = **** log_opt_values /var/lib/kolla/venv/lib/python3.6/site-packages/oslo_config/cfg.py:2611
2024-10-24 02:28:14.618 7 DEBUG oslo_service.service [-] database.connection_debug = 0 log_opt_values /var/lib/kolla/venv/lib/python3.6/site-packages/oslo_config/cfg.py:2611
2024-10-24 02:28:14.619 7 DEBUG oslo_service.service [-] database.connection_parameters = log_opt_values /var/lib/kolla/venv/lib/python3.6/site-packages/oslo_config/cfg.py:2611
2024-10-24 02:28:14.619 7 DEBUG oslo_service.service [-] database.connection_recycle_time = 10 log_opt_values /var/lib/kolla/venv/lib/python3.6/site-packages/oslo_config/cfg.py:2611
2024-10-24 02:28:14.619 7 DEBUG oslo_service.service [-] database.connection_trace = False log_opt_values /var/lib/kolla/venv/lib/python3.6/site-packages/oslo_config/cfg.py:2611
2024-10-24 02:28:14.619 7 DEBUG oslo_service.service [-] database.db_inc_retry_interval = True log_opt_values /var/lib/kolla/venv/lib/python3.6/site-packages/oslo_config/cfg.py:2611
2024-10-24 02:28:14.619 7 DEBUG oslo_service.service [-] database.db_max_retries = 20 log_opt_values /var/lib/kolla/venv/lib/python3.6/site-packages/oslo_config/cfg.py:2611
2024-10-24 02:28:14.619 7 DEBUG oslo_service.service [-] database.db_max_retry_interval = 10 log_opt_values /var/lib/kolla/venv/lib/python3.6/site-packages/oslo_config/cfg.py:2611
2024-10-24 02:28:14.619 7 DEBUG oslo_service.service [-] database.db_retry_interval = 1 log_opt_values /var/lib/kolla/venv/lib/python3.6/site-packages/oslo_config/cfg.py:2611
2024-10-24 02:28:14.619 7 DEBUG oslo_service.service [-] database.max_overflow = 50 log_opt_values /var/lib/kolla/venv/lib/python3.6/site-packages/oslo_config/cfg.py:2611
2024-10-24 02:28:14.619 7 DEBUG oslo_service.service [-] database.max_pool_size = 1 log_opt_values /var/lib/kolla/venv/lib/python3.6/site-packages/oslo_config/cfg.py:2611
2024-10-24 02:28:14.619 7 DEBUG oslo_service.service [-] database.max_retries = -1 log_opt_values /var/lib/kolla/venv/lib/python3.6/site-packages/oslo_config/cfg.py:2611
2024-10-24 02:28:14.619 7 DEBUG oslo_service.service [-] database.mysql_enable_ndb = False log_opt_values /var/lib/kolla/venv/lib/python3.6/site-packages/oslo_config/cfg.py:2611
2024-10-24 02:28:14.619 7 DEBUG oslo_service.service [-] database.mysql_sql_mode = TRADITIONAL log_opt_values /var/lib/kolla/venv/lib/python3.6/site-packages/oslo_config/cfg.py:2611
2024-10-24 02:28:14.620 7 DEBUG oslo_service.service [-] database.pool_timeout = None log_opt_values /var/lib/kolla/venv/lib/python3.6/site-packages/oslo_config/cfg.py:2611
2024-10-24 02:28:14.620 7 DEBUG oslo_service.service [-] database.retry_interval = 10 log_opt_values /var/lib/kolla/venv/lib/python3.6/site-packages/oslo_config/cfg.py:2611
2024-10-24 02:28:14.620 7 DEBUG oslo_service.service [-] database.slave_connection = **** log_opt_values /var/lib/kolla/venv/lib/python3.6/site-packages/oslo_config/cfg.py:2611
2024-10-24 02:28:14.620 7 DEBUG oslo_service.service [-] database.sqlite_synchronous = True log_opt_values /var/lib/kolla/venv/lib/python3.6/site-packages/oslo_config/cfg.py:2611
2024-10-24 02:28:14.620 7 DEBUG oslo_service.service [-] database.use_db_reconnect = False log_opt_values /var/lib/kolla/venv/lib/python3.6/site-packages/oslo_config/cfg.py:2611
2024-10-24 02:28:14.620 7 DEBUG oslo_service.service [-] ******************************************************************************** log_opt_values /var/lib/kolla/venv/lib/python3.6/site-packages/oslo_config/cfg.py:2613
2024-10-24 02:28:15.218 22 DEBUG neutron.wsgi [-] (22) accepted ('10.0.0.34', 48684) server /var/lib/kolla/venv/lib/python3.6/site-packages/eventlet/wsgi.py:1004
2024-10-24 02:28:15.227 22 INFO neutron.wsgi [-] 10.0.0.34 "GET / HTTP/1.1" status: 200 len: 227 time: 0.0063815
2024-10-24 02:28:18.232 23 DEBUG neutron.api.rpc.handlers.dhcp_rpc [req-65c194f9-caab-4693-a300-6e464b626f5a - - - - -] get_active_networks_info from cn-jenkins-deploy-platform-ansible-os-2135-1 get_active_networks_info /var/lib/kolla/venv/lib/python3.6/site-packages/neutron/api/rpc/handlers/dhcp_rpc.py:159
2024-10-24 02:28:18.258 26 DEBUG neutron_lib.callbacks.manager [req-96e09ebc-d37d-4710-8194-f48bbb38bf2d - - - - -] Publish callbacks ['neutron.services.segments.db._update_segment_host_mapping_for_agent-8790805559616', 'neutron.services.l3_router.l3_router_plugin.DVRResourceOperationHandler.create_fip_agent_gw_ports-451261'] for agent (a22b83c9-3347-47eb-8814-689c78b9c584), after_create _notify_loop /var/lib/kolla/venv/lib/python3.6/site-packages/neutron_lib/callbacks/manager.py:177
2024-10-24 02:28:18.279 23 DEBUG neutron.scheduler.dhcp_agent_scheduler [req-65c194f9-caab-4693-a300-6e464b626f5a - - - - -] No non-hosted networks auto_schedule_networks /var/lib/kolla/venv/lib/python3.6/site-packages/neutron/scheduler/dhcp_agent_scheduler.py:60
2024-10-24 02:28:30.220 27 DEBUG neutron_lib.callbacks.manager [req-00253f32-78be-46ee-9331-90a0c01dfc0d - - - - -] Publish callbacks ['neutron.services.segments.db._update_segment_host_mapping_for_agent-8790805559616', 'neutron.services.l3_router.l3_router_plugin.DVRResourceOperationHandler.create_fip_agent_gw_ports-451261'] for agent (06efbaa4-b76c-48a0-bf41-0f47d0045d03), after_create _notify_loop /var/lib/kolla/venv/lib/python3.6/site-packages/neutron_lib/callbacks/manager.py:177
2024-10-24 02:28:45.275 22 DEBUG neutron.wsgi [-] (22) accepted ('10.0.0.34', 32892) server /var/lib/kolla/venv/lib/python3.6/site-packages/eventlet/wsgi.py:1004
2024-10-24 02:28:45.281 22 INFO neutron.wsgi [-] 10.0.0.34 "GET / HTTP/1.1" status: 200 len: 227 time: 0.0050588
2024-10-24 02:28:48.252 28 DEBUG neutron_lib.callbacks.manager [req-666ba3e5-e168-4ef4-b37d-803f4b7a287f - - - - -] Publish callbacks ['neutron.services.segments.db._update_segment_host_mapping_for_agent-8790805559616', 'neutron.plugins.ml2.plugin.Ml2Plugin._retry_binding_revived_agents--9223372036851126114'] for agent (a22b83c9-3347-47eb-8814-689c78b9c584), after_update _notify_loop /var/lib/kolla/venv/lib/python3.6/site-packages/neutron_lib/callbacks/manager.py:177
2024-10-24 02:29:00.199 24 DEBUG neutron_lib.callbacks.manager [req-00253f32-78be-46ee-9331-90a0c01dfc0d - - - - -] Publish callbacks ['neutron.services.segments.db._update_segment_host_mapping_for_agent-8790805559616', 'neutron.plugins.ml2.plugin.Ml2Plugin._retry_binding_revived_agents--9223372036851126114'] for agent (06efbaa4-b76c-48a0-bf41-0f47d0045d03), after_update _notify_loop /var/lib/kolla/venv/lib/python3.6/site-packages/neutron_lib/callbacks/manager.py:177
2024-10-24 02:29:15.330 22 DEBUG neutron.wsgi [-] (22) accepted ('10.0.0.34', 46552) server /var/lib/kolla/venv/lib/python3.6/site-packages/eventlet/wsgi.py:1004
2024-10-24 02:29:15.334 22 INFO neutron.wsgi [-] 10.0.0.34 "GET / HTTP/1.1" status: 200 len: 227 time: 0.0032735
2024-10-24 02:29:18.232 23 DEBUG neutron_lib.callbacks.manager [req-71986324-2edb-4bbf-8f46-8a8c59663216 - - - - -] Publish callbacks ['neutron.services.segments.db._update_segment_host_mapping_for_agent-8790805559616', 'neutron.plugins.ml2.plugin.Ml2Plugin._retry_binding_revived_agents--9223372036851126114'] for agent (a22b83c9-3347-47eb-8814-689c78b9c584), after_update _notify_loop /var/lib/kolla/venv/lib/python3.6/site-packages/neutron_lib/callbacks/manager.py:177
2024-10-24 02:29:22.556 29 DEBUG neutron.db.agents_db [req-a7a12834-8878-4f51-908a-9c052b0b18cd - - - - -] Agent healthcheck: found 2 active agents agent_health_check /var/lib/kolla/venv/lib/python3.6/site-packages/neutron/db/agents_db.py:318
2024-10-24 02:29:30.221 25 DEBUG neutron_lib.callbacks.manager [req-00253f32-78be-46ee-9331-90a0c01dfc0d - - - - -] Publish callbacks ['neutron.services.segments.db._update_segment_host_mapping_for_agent-8790805559616', 'neutron.plugins.ml2.plugin.Ml2Plugin._retry_binding_revived_agents--9223372036851126114'] for agent (06efbaa4-b76c-48a0-bf41-0f47d0045d03), after_update _notify_loop /var/lib/kolla/venv/lib/python3.6/site-packages/neutron_lib/callbacks/manager.py:177
2024-10-24 02:29:45.385 22 DEBUG neutron.wsgi [-] (22) accepted ('10.0.0.34', 40592) server /var/lib/kolla/venv/lib/python3.6/site-packages/eventlet/wsgi.py:1004
2024-10-24 02:29:45.391 22 INFO neutron.wsgi [-] 10.0.0.34 "GET / HTTP/1.1" status: 200 len: 227 time: 0.0046663
2024-10-24 02:29:48.226 26 DEBUG neutron_lib.callbacks.manager [req-21e5bda2-836e-425b-b50d-478d0ff8cc2f - - - - -] Publish callbacks ['neutron.services.segments.db._update_segment_host_mapping_for_agent-8790805559616', 'neutron.plugins.ml2.plugin.Ml2Plugin._retry_binding_revived_agents--9223372036851126114'] for agent (a22b83c9-3347-47eb-8814-689c78b9c584), after_update _notify_loop /var/lib/kolla/venv/lib/python3.6/site-packages/neutron_lib/callbacks/manager.py:177
2024-10-24 02:29:59.554 29 DEBUG neutron.db.agents_db [req-a7a12834-8878-4f51-908a-9c052b0b18cd - - - - -] Agent healthcheck: found 2 active agents agent_health_check /var/lib/kolla/venv/lib/python3.6/site-packages/neutron/db/agents_db.py:318
2024-10-24 02:30:00.193 27 DEBUG neutron_lib.callbacks.manager [req-00253f32-78be-46ee-9331-90a0c01dfc0d - - - - -] Publish callbacks ['neutron.services.segments.db._update_segment_host_mapping_for_agent-8790805559616', 'neutron.plugins.ml2.plugin.Ml2Plugin._retry_binding_revived_agents--9223372036851126114'] for agent (06efbaa4-b76c-48a0-bf41-0f47d0045d03), after_update _notify_loop /var/lib/kolla/venv/lib/python3.6/site-packages/neutron_lib/callbacks/manager.py:177
2024-10-24 02:30:15.437 22 DEBUG neutron.wsgi [-] (22) accepted ('10.0.0.34', 50630) server /var/lib/kolla/venv/lib/python3.6/site-packages/eventlet/wsgi.py:1004
2024-10-24 02:30:15.442 22 INFO neutron.wsgi [-] 10.0.0.34 "GET / HTTP/1.1" status: 200 len: 227 time: 0.0037453
2024-10-24 02:30:18.225 28 DEBUG neutron_lib.callbacks.manager [req-af5327eb-dd5e-41c2-bf79-bddb4249da35 - - - - -] Publish callbacks ['neutron.services.segments.db._update_segment_host_mapping_for_agent-8790805559616', 'neutron.plugins.ml2.plugin.Ml2Plugin._retry_binding_revived_agents--9223372036851126114'] for agent (a22b83c9-3347-47eb-8814-689c78b9c584), after_update _notify_loop /var/lib/kolla/venv/lib/python3.6/site-packages/neutron_lib/callbacks/manager.py:177
2024-10-24 02:30:30.182 24 DEBUG neutron_lib.callbacks.manager [req-00253f32-78be-46ee-9331-90a0c01dfc0d - - - - -] Publish callbacks ['neutron.services.segments.db._update_segment_host_mapping_for_agent-8790805559616', 'neutron.plugins.ml2.plugin.Ml2Plugin._retry_binding_revived_agents--9223372036851126114'] for agent (06efbaa4-b76c-48a0-bf41-0f47d0045d03), after_update _notify_loop /var/lib/kolla/venv/lib/python3.6/site-packages/neutron_lib/callbacks/manager.py:177
2024-10-24 02:30:36.551 29 DEBUG neutron.db.agents_db [req-a7a12834-8878-4f51-908a-9c052b0b18cd - - - - -] Agent healthcheck: found 2 active agents agent_health_check /var/lib/kolla/venv/lib/python3.6/site-packages/neutron/db/agents_db.py:318
2024-10-24 02:30:45.494 22 DEBUG neutron.wsgi [-] (22) accepted ('10.0.0.34', 57386) server /var/lib/kolla/venv/lib/python3.6/site-packages/eventlet/wsgi.py:1004
2024-10-24 02:30:45.501 22 INFO neutron.wsgi [-] 10.0.0.34 "GET / HTTP/1.1" status: 200 len: 227 time: 0.0056112
2024-10-24 02:30:48.225 23 DEBUG neutron_lib.callbacks.manager [req-bd81a003-307d-49b1-a1d4-c0d30b68ca19 - - - - -] Publish callbacks ['neutron.services.segments.db._update_segment_host_mapping_for_agent-8790805559616', 'neutron.plugins.ml2.plugin.Ml2Plugin._retry_binding_revived_agents--9223372036851126114'] for agent (a22b83c9-3347-47eb-8814-689c78b9c584), after_update _notify_loop /var/lib/kolla/venv/lib/python3.6/site-packages/neutron_lib/callbacks/manager.py:177
2024-10-24 02:31:00.186 25 DEBUG neutron_lib.callbacks.manager [req-00253f32-78be-46ee-9331-90a0c01dfc0d - - - - -] Publish callbacks ['neutron.services.segments.db._update_segment_host_mapping_for_agent-8790805559616', 'neutron.plugins.ml2.plugin.Ml2Plugin._retry_binding_revived_agents--9223372036851126114'] for agent (06efbaa4-b76c-48a0-bf41-0f47d0045d03), after_update _notify_loop /var/lib/kolla/venv/lib/python3.6/site-packages/neutron_lib/callbacks/manager.py:177
2024-10-24 02:31:13.549 29 DEBUG neutron.db.agents_db [req-a7a12834-8878-4f51-908a-9c052b0b18cd - - - - -] Agent healthcheck: found 2 active agents agent_health_check /var/lib/kolla/venv/lib/python3.6/site-packages/neutron/db/agents_db.py:318
2024-10-24 02:31:15.549 22 DEBUG neutron.wsgi [-] (22) accepted ('10.0.0.34', 49706) server /var/lib/kolla/venv/lib/python3.6/site-packages/eventlet/wsgi.py:1004
2024-10-24 02:31:15.553 22 INFO neutron.wsgi [-] 10.0.0.34 "GET / HTTP/1.1" status: 200 len: 227 time: 0.0032122
2024-10-24 02:31:18.226 26 DEBUG neutron_lib.callbacks.manager [req-882d3900-aaad-4181-80f4-06110dcfb440 - - - - -] Publish callbacks ['neutron.services.segments.db._update_segment_host_mapping_for_agent-8790805559616', 'neutron.plugins.ml2.plugin.Ml2Plugin._retry_binding_revived_agents--9223372036851126114'] for agent (a22b83c9-3347-47eb-8814-689c78b9c584), after_update _notify_loop /var/lib/kolla/venv/lib/python3.6/site-packages/neutron_lib/callbacks/manager.py:177
2024-10-24 02:31:30.187 27 DEBUG neutron_lib.callbacks.manager [req-00253f32-78be-46ee-9331-90a0c01dfc0d - - - - -] Publish callbacks ['neutron.services.segments.db._update_segment_host_mapping_for_agent-8790805559616', 'neutron.plugins.ml2.plugin.Ml2Plugin._retry_binding_revived_agents--9223372036851126114'] for agent (06efbaa4-b76c-48a0-bf41-0f47d0045d03), after_update _notify_loop /var/lib/kolla/venv/lib/python3.6/site-packages/neutron_lib/callbacks/manager.py:177
2024-10-24 02:31:45.601 22 DEBUG neutron.wsgi [-] (22) accepted ('10.0.0.34', 36268) server /var/lib/kolla/venv/lib/python3.6/site-packages/eventlet/wsgi.py:1004
2024-10-24 02:31:45.605 22 INFO neutron.wsgi [-] 10.0.0.34 "GET / HTTP/1.1" status: 200 len: 227 time: 0.0032279
2024-10-24 02:31:48.225 28 DEBUG neutron_lib.callbacks.manager [req-368a978c-64de-49b4-bdaf-0c1d3e4f585c - - - - -] Publish callbacks ['neutron.services.segments.db._update_segment_host_mapping_for_agent-8790805559616', 'neutron.plugins.ml2.plugin.Ml2Plugin._retry_binding_revived_agents--9223372036851126114'] for agent (a22b83c9-3347-47eb-8814-689c78b9c584), after_update _notify_loop /var/lib/kolla/venv/lib/python3.6/site-packages/neutron_lib/callbacks/manager.py:177
2024-10-24 02:31:50.547 29 DEBUG neutron.db.agents_db [req-a7a12834-8878-4f51-908a-9c052b0b18cd - - - - -] Agent healthcheck: found 2 active agents agent_health_check /var/lib/kolla/venv/lib/python3.6/site-packages/neutron/db/agents_db.py:318
2024-10-24 02:32:00.189 24 DEBUG neutron_lib.callbacks.manager [req-00253f32-78be-46ee-9331-90a0c01dfc0d - - - - -] Publish callbacks ['neutron.services.segments.db._update_segment_host_mapping_for_agent-8790805559616', 'neutron.plugins.ml2.plugin.Ml2Plugin._retry_binding_revived_agents--9223372036851126114'] for agent (06efbaa4-b76c-48a0-bf41-0f47d0045d03), after_update _notify_loop /var/lib/kolla/venv/lib/python3.6/site-packages/neutron_lib/callbacks/manager.py:177
2024-10-24 02:32:15.651 22 DEBUG neutron.wsgi [-] (22) accepted ('10.0.0.34', 48572) server /var/lib/kolla/venv/lib/python3.6/site-packages/eventlet/wsgi.py:1004
2024-10-24 02:32:15.656 22 INFO neutron.wsgi [-] 10.0.0.34 "GET / HTTP/1.1" status: 200 len: 227 time: 0.0035951
2024-10-24 02:32:18.223 23 DEBUG neutron_lib.callbacks.manager [req-d6d20470-03a1-4660-b5c6-c34701be6d51 - - - - -] Publish callbacks ['neutron.services.segments.db._update_segment_host_mapping_for_agent-8790805559616', 'neutron.plugins.ml2.plugin.Ml2Plugin._retry_binding_revived_agents--9223372036851126114'] for agent (a22b83c9-3347-47eb-8814-689c78b9c584), after_update _notify_loop /var/lib/kolla/venv/lib/python3.6/site-packages/neutron_lib/callbacks/manager.py:177
2024-10-24 02:32:27.546 29 DEBUG neutron.db.agents_db [req-a7a12834-8878-4f51-908a-9c052b0b18cd - - - - -] Agent healthcheck: found 2 active agents agent_health_check /var/lib/kolla/venv/lib/python3.6/site-packages/neutron/db/agents_db.py:318
2024-10-24 02:32:30.191 25 DEBUG neutron_lib.callbacks.manager [req-00253f32-78be-46ee-9331-90a0c01dfc0d - - - - -] Publish callbacks ['neutron.services.segments.db._update_segment_host_mapping_for_agent-8790805559616', 'neutron.plugins.ml2.plugin.Ml2Plugin._retry_binding_revived_agents--9223372036851126114'] for agent (06efbaa4-b76c-48a0-bf41-0f47d0045d03), after_update _notify_loop /var/lib/kolla/venv/lib/python3.6/site-packages/neutron_lib/callbacks/manager.py:177
2024-10-24 02:32:45.713 22 DEBUG neutron.wsgi [-] (22) accepted ('10.0.0.34', 47444) server /var/lib/kolla/venv/lib/python3.6/site-packages/eventlet/wsgi.py:1004
2024-10-24 02:32:45.718 22 INFO neutron.wsgi [-] 10.0.0.34 "GET / HTTP/1.1" status: 200 len: 227 time: 0.0043905
2024-10-24 02:32:48.221 26 DEBUG neutron_lib.callbacks.manager [req-a7e8d52e-3ea8-447e-8546-747c064cd249 - - - - -] Publish callbacks ['neutron.services.segments.db._update_segment_host_mapping_for_agent-8790805559616', 'neutron.plugins.ml2.plugin.Ml2Plugin._retry_binding_revived_agents--9223372036851126114'] for agent (a22b83c9-3347-47eb-8814-689c78b9c584), after_update _notify_loop /var/lib/kolla/venv/lib/python3.6/site-packages/neutron_lib/callbacks/manager.py:177
2024-10-24 02:33:00.194 27 DEBUG neutron_lib.callbacks.manager [req-00253f32-78be-46ee-9331-90a0c01dfc0d - - - - -] Publish callbacks ['neutron.services.segments.db._update_segment_host_mapping_for_agent-8790805559616', 'neutron.plugins.ml2.plugin.Ml2Plugin._retry_binding_revived_agents--9223372036851126114'] for agent (06efbaa4-b76c-48a0-bf41-0f47d0045d03), after_update _notify_loop /var/lib/kolla/venv/lib/python3.6/site-packages/neutron_lib/callbacks/manager.py:177
2024-10-24 02:33:04.544 29 DEBUG neutron.db.agents_db [req-a7a12834-8878-4f51-908a-9c052b0b18cd - - - - -] Agent healthcheck: found 2 active agents agent_health_check /var/lib/kolla/venv/lib/python3.6/site-packages/neutron/db/agents_db.py:318
2024-10-24 02:33:15.779 22 DEBUG neutron.wsgi [-] (22) accepted ('10.0.0.34', 38840) server /var/lib/kolla/venv/lib/python3.6/site-packages/eventlet/wsgi.py:1004
2024-10-24 02:33:15.783 22 INFO neutron.wsgi [-] 10.0.0.34 "GET / HTTP/1.1" status: 200 len: 227 time: 0.0037255
2024-10-24 02:33:18.225 28 DEBUG neutron_lib.callbacks.manager [req-b9a47228-f763-443f-b545-ab8ef7f0cbaa - - - - -] Publish callbacks ['neutron.services.segments.db._update_segment_host_mapping_for_agent-8790805559616', 'neutron.plugins.ml2.plugin.Ml2Plugin._retry_binding_revived_agents--9223372036851126114'] for agent (a22b83c9-3347-47eb-8814-689c78b9c584), after_update _notify_loop /var/lib/kolla/venv/lib/python3.6/site-packages/neutron_lib/callbacks/manager.py:177
2024-10-24 02:33:30.196 24 DEBUG neutron_lib.callbacks.manager [req-00253f32-78be-46ee-9331-90a0c01dfc0d - - - - -] Publish callbacks ['neutron.services.segments.db._update_segment_host_mapping_for_agent-8790805559616', 'neutron.plugins.ml2.plugin.Ml2Plugin._retry_binding_revived_agents--9223372036851126114'] for agent (06efbaa4-b76c-48a0-bf41-0f47d0045d03), after_update _notify_loop /var/lib/kolla/venv/lib/python3.6/site-packages/neutron_lib/callbacks/manager.py:177
2024-10-24 02:33:41.543 29 DEBUG neutron.db.agents_db [req-a7a12834-8878-4f51-908a-9c052b0b18cd - - - - -] Agent healthcheck: found 2 active agents agent_health_check /var/lib/kolla/venv/lib/python3.6/site-packages/neutron/db/agents_db.py:318
2024-10-24 02:33:45.833 22 DEBUG neutron.wsgi [-] (22) accepted ('10.0.0.34', 55238) server /var/lib/kolla/venv/lib/python3.6/site-packages/eventlet/wsgi.py:1004
2024-10-24 02:33:45.839 22 INFO neutron.wsgi [-] 10.0.0.34 "GET / HTTP/1.1" status: 200 len: 227 time: 0.0037067
2024-10-24 02:33:48.226 23 DEBUG neutron_lib.callbacks.manager [req-eb8728fe-9264-4971-933c-6d382c96af1c - - - - -] Publish callbacks ['neutron.services.segments.db._update_segment_host_mapping_for_agent-8790805559616', 'neutron.plugins.ml2.plugin.Ml2Plugin._retry_binding_revived_agents--9223372036851126114'] for agent (a22b83c9-3347-47eb-8814-689c78b9c584), after_update _notify_loop /var/lib/kolla/venv/lib/python3.6/site-packages/neutron_lib/callbacks/manager.py:177
2024-10-24 02:34:00.200 25 DEBUG neutron_lib.callbacks.manager [req-00253f32-78be-46ee-9331-90a0c01dfc0d - - - - -] Publish callbacks ['neutron.services.segments.db._update_segment_host_mapping_for_agent-8790805559616', 'neutron.plugins.ml2.plugin.Ml2Plugin._retry_binding_revived_agents--9223372036851126114'] for agent (06efbaa4-b76c-48a0-bf41-0f47d0045d03), after_update _notify_loop /var/lib/kolla/venv/lib/python3.6/site-packages/neutron_lib/callbacks/manager.py:177
2024-10-24 02:34:15.884 22 DEBUG neutron.wsgi [-] (22) accepted ('10.0.0.34', 36994) server /var/lib/kolla/venv/lib/python3.6/site-packages/eventlet/wsgi.py:1004
2024-10-24 02:34:15.888 22 INFO neutron.wsgi [-] 10.0.0.34 "GET / HTTP/1.1" status: 200 len: 227 time: 0.0036647
2024-10-24 02:34:18.223 26 DEBUG neutron_lib.callbacks.manager [req-0541ef96-131d-48e0-909f-3acf6b9cb66a - - - - -] Publish callbacks ['neutron.services.segments.db._update_segment_host_mapping_for_agent-8790805559616', 'neutron.plugins.ml2.plugin.Ml2Plugin._retry_binding_revived_agents--9223372036851126114'] for agent (a22b83c9-3347-47eb-8814-689c78b9c584), after_update _notify_loop /var/lib/kolla/venv/lib/python3.6/site-packages/neutron_lib/callbacks/manager.py:177
2024-10-24 02:34:18.541 29 DEBUG neutron.db.agents_db [req-a7a12834-8878-4f51-908a-9c052b0b18cd - - - - -] Agent healthcheck: found 2 active agents agent_health_check /var/lib/kolla/venv/lib/python3.6/site-packages/neutron/db/agents_db.py:318
2024-10-24 02:34:30.208 27 DEBUG neutron_lib.callbacks.manager [req-00253f32-78be-46ee-9331-90a0c01dfc0d - - - - -] Publish callbacks ['neutron.services.segments.db._update_segment_host_mapping_for_agent-8790805559616', 'neutron.plugins.ml2.plugin.Ml2Plugin._retry_binding_revived_agents--9223372036851126114'] for agent (06efbaa4-b76c-48a0-bf41-0f47d0045d03), after_update _notify_loop /var/lib/kolla/venv/lib/python3.6/site-packages/neutron_lib/callbacks/manager.py:177
2024-10-24 02:34:45.936 22 DEBUG neutron.wsgi [-] (22) accepted ('10.0.0.34', 50048) server /var/lib/kolla/venv/lib/python3.6/site-packages/eventlet/wsgi.py:1004
2024-10-24 02:34:45.940 22 INFO neutron.wsgi [-] 10.0.0.34 "GET / HTTP/1.1" status: 200 len: 227 time: 0.0033743
2024-10-24 02:34:48.222 28 DEBUG neutron_lib.callbacks.manager [req-996ca534-0a6f-4862-9c31-0e4a527541f6 - - - - -] Publish callbacks ['neutron.services.segments.db._update_segment_host_mapping_for_agent-8790805559616', 'neutron.plugins.ml2.plugin.Ml2Plugin._retry_binding_revived_agents--9223372036851126114'] for agent (a22b83c9-3347-47eb-8814-689c78b9c584), after_update _notify_loop /var/lib/kolla/venv/lib/python3.6/site-packages/neutron_lib/callbacks/manager.py:177
2024-10-24 02:34:55.539 29 DEBUG neutron.db.agents_db [req-a7a12834-8878-4f51-908a-9c052b0b18cd - - - - -] Agent healthcheck: found 2 active agents agent_health_check /var/lib/kolla/venv/lib/python3.6/site-packages/neutron/db/agents_db.py:318
2024-10-24 02:35:00.207 24 DEBUG neutron_lib.callbacks.manager [req-00253f32-78be-46ee-9331-90a0c01dfc0d - - - - -] Publish callbacks ['neutron.services.segments.db._update_segment_host_mapping_for_agent-8790805559616', 'neutron.plugins.ml2.plugin.Ml2Plugin._retry_binding_revived_agents--9223372036851126114'] for agent (06efbaa4-b76c-48a0-bf41-0f47d0045d03), after_update _notify_loop /var/lib/kolla/venv/lib/python3.6/site-packages/neutron_lib/callbacks/manager.py:177
2024-10-24 02:35:15.986 22 DEBUG neutron.wsgi [-] (22) accepted ('10.0.0.34', 57340) server /var/lib/kolla/venv/lib/python3.6/site-packages/eventlet/wsgi.py:1004
2024-10-24 02:35:15.991 22 INFO neutron.wsgi [-] 10.0.0.34 "GET / HTTP/1.1" status: 200 len: 227 time: 0.0033989
2024-10-24 02:35:18.224 23 DEBUG neutron_lib.callbacks.manager [req-bbe3cf71-6132-4a0a-851d-058b088eab25 - - - - -] Publish callbacks ['neutron.services.segments.db._update_segment_host_mapping_for_agent-8790805559616', 'neutron.plugins.ml2.plugin.Ml2Plugin._retry_binding_revived_agents--9223372036851126114'] for agent (a22b83c9-3347-47eb-8814-689c78b9c584), after_update _notify_loop /var/lib/kolla/venv/lib/python3.6/site-packages/neutron_lib/callbacks/manager.py:177
2024-10-24 02:35:30.210 25 DEBUG neutron_lib.callbacks.manager [req-00253f32-78be-46ee-9331-90a0c01dfc0d - - - - -] Publish callbacks ['neutron.services.segments.db._update_segment_host_mapping_for_agent-8790805559616', 'neutron.plugins.ml2.plugin.Ml2Plugin._retry_binding_revived_agents--9223372036851126114'] for agent (06efbaa4-b76c-48a0-bf41-0f47d0045d03), after_update _notify_loop /var/lib/kolla/venv/lib/python3.6/site-packages/neutron_lib/callbacks/manager.py:177
2024-10-24 02:35:32.537 29 DEBUG neutron.db.agents_db [req-a7a12834-8878-4f51-908a-9c052b0b18cd - - - - -] Agent healthcheck: found 2 active agents agent_health_check /var/lib/kolla/venv/lib/python3.6/site-packages/neutron/db/agents_db.py:318
2024-10-24 02:35:46.037 22 DEBUG neutron.wsgi [-] (22) accepted ('10.0.0.34', 58606) server /var/lib/kolla/venv/lib/python3.6/site-packages/eventlet/wsgi.py:1004
2024-10-24 02:35:46.042 22 INFO neutron.wsgi [-] 10.0.0.34 "GET / HTTP/1.1" status: 200 len: 227 time: 0.0039337
2024-10-24 02:35:48.225 26 DEBUG neutron_lib.callbacks.manager [req-575cfe1a-6220-48d2-ba89-6cf98d76228e - - - - -] Publish callbacks ['neutron.services.segments.db._update_segment_host_mapping_for_agent-8790805559616', 'neutron.plugins.ml2.plugin.Ml2Plugin._retry_binding_revived_agents--9223372036851126114'] for agent (a22b83c9-3347-47eb-8814-689c78b9c584), after_update _notify_loop /var/lib/kolla/venv/lib/python3.6/site-packages/neutron_lib/callbacks/manager.py:177
2024-10-24 02:36:00.210 27 DEBUG neutron_lib.callbacks.manager [req-00253f32-78be-46ee-9331-90a0c01dfc0d - - - - -] Publish callbacks ['neutron.services.segments.db._update_segment_host_mapping_for_agent-8790805559616', 'neutron.plugins.ml2.plugin.Ml2Plugin._retry_binding_revived_agents--9223372036851126114'] for agent (06efbaa4-b76c-48a0-bf41-0f47d0045d03), after_update _notify_loop /var/lib/kolla/venv/lib/python3.6/site-packages/neutron_lib/callbacks/manager.py:177
2024-10-24 02:36:09.535 29 DEBUG neutron.db.agents_db [req-a7a12834-8878-4f51-908a-9c052b0b18cd - - - - -] Agent healthcheck: found 2 active agents agent_health_check /var/lib/kolla/venv/lib/python3.6/site-packages/neutron/db/agents_db.py:318
2024-10-24 02:36:16.088 22 DEBUG neutron.wsgi [-] (22) accepted ('10.0.0.34', 48630) server /var/lib/kolla/venv/lib/python3.6/site-packages/eventlet/wsgi.py:1004
2024-10-24 02:36:16.092 22 INFO neutron.wsgi [-] 10.0.0.34 "GET / HTTP/1.1" status: 200 len: 227 time: 0.0031111
2024-10-24 02:36:18.227 28 DEBUG neutron_lib.callbacks.manager [req-852383bc-4ecf-4c2c-967f-7d90b5d8eb61 - - - - -] Publish callbacks ['neutron.services.segments.db._update_segment_host_mapping_for_agent-8790805559616', 'neutron.plugins.ml2.plugin.Ml2Plugin._retry_binding_revived_agents--9223372036851126114'] for agent (a22b83c9-3347-47eb-8814-689c78b9c584), after_update _notify_loop /var/lib/kolla/venv/lib/python3.6/site-packages/neutron_lib/callbacks/manager.py:177
2024-10-24 02:36:30.213 24 DEBUG neutron_lib.callbacks.manager [req-00253f32-78be-46ee-9331-90a0c01dfc0d - - - - -] Publish callbacks ['neutron.services.segments.db._update_segment_host_mapping_for_agent-8790805559616', 'neutron.plugins.ml2.plugin.Ml2Plugin._retry_binding_revived_agents--9223372036851126114'] for agent (06efbaa4-b76c-48a0-bf41-0f47d0045d03), after_update _notify_loop /var/lib/kolla/venv/lib/python3.6/site-packages/neutron_lib/callbacks/manager.py:177
2024-10-24 02:36:46.141 22 DEBUG neutron.wsgi [-] (22) accepted ('10.0.0.34', 55994) server /var/lib/kolla/venv/lib/python3.6/site-packages/eventlet/wsgi.py:1004
2024-10-24 02:36:46.145 22 INFO neutron.wsgi [-] 10.0.0.34 "GET / HTTP/1.1" status: 200 len: 227 time: 0.0034437
2024-10-24 02:36:46.534 29 DEBUG neutron.db.agents_db [req-a7a12834-8878-4f51-908a-9c052b0b18cd - - - - -] Agent healthcheck: found 2 active agents agent_health_check /var/lib/kolla/venv/lib/python3.6/site-packages/neutron/db/agents_db.py:318
2024-10-24 02:36:48.295 23 DEBUG neutron_lib.callbacks.manager [req-3b906998-76b1-4c54-afb6-4a97ca230e1b - - - - -] Publish callbacks ['neutron.services.segments.db._update_segment_host_mapping_for_agent-8790805559616', 'neutron.plugins.ml2.plugin.Ml2Plugin._retry_binding_revived_agents--9223372036851126114'] for agent (a22b83c9-3347-47eb-8814-689c78b9c584), after_update _notify_loop /var/lib/kolla/venv/lib/python3.6/site-packages/neutron_lib/callbacks/manager.py:177
2024-10-24 02:37:00.216 25 DEBUG neutron_lib.callbacks.manager [req-00253f32-78be-46ee-9331-90a0c01dfc0d - - - - -] Publish callbacks ['neutron.services.segments.db._update_segment_host_mapping_for_agent-8790805559616', 'neutron.plugins.ml2.plugin.Ml2Plugin._retry_binding_revived_agents--9223372036851126114'] for agent (06efbaa4-b76c-48a0-bf41-0f47d0045d03), after_update _notify_loop /var/lib/kolla/venv/lib/python3.6/site-packages/neutron_lib/callbacks/manager.py:177
2024-10-24 02:37:16.193 22 DEBUG neutron.wsgi [-] (22) accepted ('10.0.0.34', 41362) server /var/lib/kolla/venv/lib/python3.6/site-packages/eventlet/wsgi.py:1004
2024-10-24 02:37:16.197 22 INFO neutron.wsgi [-] 10.0.0.34 "GET / HTTP/1.1" status: 200 len: 227 time: 0.0031798
2024-10-24 02:37:18.225 26 DEBUG neutron_lib.callbacks.manager [req-6bb4d9b3-af1e-4470-8a38-c3ef27709285 - - - - -] Publish callbacks ['neutron.services.segments.db._update_segment_host_mapping_for_agent-8790805559616', 'neutron.plugins.ml2.plugin.Ml2Plugin._retry_binding_revived_agents--9223372036851126114'] for agent (a22b83c9-3347-47eb-8814-689c78b9c584), after_update _notify_loop /var/lib/kolla/venv/lib/python3.6/site-packages/neutron_lib/callbacks/manager.py:177
2024-10-24 02:37:23.532 29 DEBUG neutron.db.agents_db [req-a7a12834-8878-4f51-908a-9c052b0b18cd - - - - -] Agent healthcheck: found 2 active agents agent_health_check /var/lib/kolla/venv/lib/python3.6/site-packages/neutron/db/agents_db.py:318
2024-10-24 02:37:30.218 27 DEBUG neutron_lib.callbacks.manager [req-00253f32-78be-46ee-9331-90a0c01dfc0d - - - - -] Publish callbacks ['neutron.services.segments.db._update_segment_host_mapping_for_agent-8790805559616', 'neutron.plugins.ml2.plugin.Ml2Plugin._retry_binding_revived_agents--9223372036851126114'] for agent (06efbaa4-b76c-48a0-bf41-0f47d0045d03), after_update _notify_loop /var/lib/kolla/venv/lib/python3.6/site-packages/neutron_lib/callbacks/manager.py:177
2024-10-24 02:37:46.242 22 DEBUG neutron.wsgi [-] (22) accepted ('10.0.0.34', 60268) server /var/lib/kolla/venv/lib/python3.6/site-packages/eventlet/wsgi.py:1004
2024-10-24 02:37:46.246 22 INFO neutron.wsgi [-] 10.0.0.34 "GET / HTTP/1.1" status: 200 len: 227 time: 0.0034378
2024-10-24 02:37:48.223 28 DEBUG neutron_lib.callbacks.manager [req-09c3d31c-b9ff-48c6-a2c0-ebe5a7694768 - - - - -] Publish callbacks ['neutron.services.segments.db._update_segment_host_mapping_for_agent-8790805559616', 'neutron.plugins.ml2.plugin.Ml2Plugin._retry_binding_revived_agents--9223372036851126114'] for agent (a22b83c9-3347-47eb-8814-689c78b9c584), after_update _notify_loop /var/lib/kolla/venv/lib/python3.6/site-packages/neutron_lib/callbacks/manager.py:177
2024-10-24 02:38:00.222 24 DEBUG neutron_lib.callbacks.manager [req-00253f32-78be-46ee-9331-90a0c01dfc0d - - - - -] Publish callbacks ['neutron.services.segments.db._update_segment_host_mapping_for_agent-8790805559616', 'neutron.plugins.ml2.plugin.Ml2Plugin._retry_binding_revived_agents--9223372036851126114'] for agent (06efbaa4-b76c-48a0-bf41-0f47d0045d03), after_update _notify_loop /var/lib/kolla/venv/lib/python3.6/site-packages/neutron_lib/callbacks/manager.py:177
2024-10-24 02:38:00.530 29 DEBUG neutron.db.agents_db [req-a7a12834-8878-4f51-908a-9c052b0b18cd - - - - -] Agent healthcheck: found 2 active agents agent_health_check /var/lib/kolla/venv/lib/python3.6/site-packages/neutron/db/agents_db.py:318
2024-10-24 02:38:16.291 22 DEBUG neutron.wsgi [-] (22) accepted ('10.0.0.34', 55558) server /var/lib/kolla/venv/lib/python3.6/site-packages/eventlet/wsgi.py:1004
2024-10-24 02:38:16.296 22 INFO neutron.wsgi [-] 10.0.0.34 "GET / HTTP/1.1" status: 200 len: 227 time: 0.0036526
2024-10-24 02:38:18.222 23 DEBUG neutron_lib.callbacks.manager [req-d3339a56-a3d0-48ab-8452-9de413e7e5da - - - - -] Publish callbacks ['neutron.services.segments.db._update_segment_host_mapping_for_agent-8790805559616', 'neutron.plugins.ml2.plugin.Ml2Plugin._retry_binding_revived_agents--9223372036851126114'] for agent (a22b83c9-3347-47eb-8814-689c78b9c584), after_update _notify_loop /var/lib/kolla/venv/lib/python3.6/site-packages/neutron_lib/callbacks/manager.py:177
2024-10-24 02:38:30.225 25 DEBUG neutron_lib.callbacks.manager [req-00253f32-78be-46ee-9331-90a0c01dfc0d - - - - -] Publish callbacks ['neutron.services.segments.db._update_segment_host_mapping_for_agent-8790805559616', 'neutron.plugins.ml2.plugin.Ml2Plugin._retry_binding_revived_agents--9223372036851126114'] for agent (06efbaa4-b76c-48a0-bf41-0f47d0045d03), after_update _notify_loop /var/lib/kolla/venv/lib/python3.6/site-packages/neutron_lib/callbacks/manager.py:177
2024-10-24 02:38:37.528 29 DEBUG neutron.db.agents_db [req-a7a12834-8878-4f51-908a-9c052b0b18cd - - - - -] Agent healthcheck: found 2 active agents agent_health_check /var/lib/kolla/venv/lib/python3.6/site-packages/neutron/db/agents_db.py:318
2024-10-24 02:38:46.342 22 DEBUG neutron.wsgi [-] (22) accepted ('10.0.0.34', 53228) server /var/lib/kolla/venv/lib/python3.6/site-packages/eventlet/wsgi.py:1004
2024-10-24 02:38:46.346 22 INFO neutron.wsgi [-] 10.0.0.34 "GET / HTTP/1.1" status: 200 len: 227 time: 0.0030169
2024-10-24 02:38:48.221 26 DEBUG neutron_lib.callbacks.manager [req-05b8184a-49ef-4530-a715-eba2bddbcbf0 - - - - -] Publish callbacks ['neutron.services.segments.db._update_segment_host_mapping_for_agent-8790805559616', 'neutron.plugins.ml2.plugin.Ml2Plugin._retry_binding_revived_agents--9223372036851126114'] for agent (a22b83c9-3347-47eb-8814-689c78b9c584), after_update _notify_loop /var/lib/kolla/venv/lib/python3.6/site-packages/neutron_lib/callbacks/manager.py:177
2024-10-24 02:39:00.227 27 DEBUG neutron_lib.callbacks.manager [req-00253f32-78be-46ee-9331-90a0c01dfc0d - - - - -] Publish callbacks ['neutron.services.segments.db._update_segment_host_mapping_for_agent-8790805559616', 'neutron.plugins.ml2.plugin.Ml2Plugin._retry_binding_revived_agents--9223372036851126114'] for agent (06efbaa4-b76c-48a0-bf41-0f47d0045d03), after_update _notify_loop /var/lib/kolla/venv/lib/python3.6/site-packages/neutron_lib/callbacks/manager.py:177
2024-10-24 02:39:14.525 29 DEBUG neutron.db.agents_db [req-a7a12834-8878-4f51-908a-9c052b0b18cd - - - - -] Agent healthcheck: found 2 active agents agent_health_check /var/lib/kolla/venv/lib/python3.6/site-packages/neutron/db/agents_db.py:318
2024-10-24 02:39:16.400 22 DEBUG neutron.wsgi [-] (22) accepted ('10.0.0.34', 41722) server /var/lib/kolla/venv/lib/python3.6/site-packages/eventlet/wsgi.py:1004
2024-10-24 02:39:16.404 22 INFO neutron.wsgi [-] 10.0.0.34 "GET / HTTP/1.1" status: 200 len: 227 time: 0.0033205
2024-10-24 02:39:18.223 28 DEBUG neutron_lib.callbacks.manager [req-499c8bbe-1903-4060-b8d7-3469c77441dd - - - - -] Publish callbacks ['neutron.services.segments.db._update_segment_host_mapping_for_agent-8790805559616', 'neutron.plugins.ml2.plugin.Ml2Plugin._retry_binding_revived_agents--9223372036851126114'] for agent (a22b83c9-3347-47eb-8814-689c78b9c584), after_update _notify_loop /var/lib/kolla/venv/lib/python3.6/site-packages/neutron_lib/callbacks/manager.py:177
2024-10-24 02:39:30.229 24 DEBUG neutron_lib.callbacks.manager [req-00253f32-78be-46ee-9331-90a0c01dfc0d - - - - -] Publish callbacks ['neutron.services.segments.db._update_segment_host_mapping_for_agent-8790805559616', 'neutron.plugins.ml2.plugin.Ml2Plugin._retry_binding_revived_agents--9223372036851126114'] for agent (06efbaa4-b76c-48a0-bf41-0f47d0045d03), after_update _notify_loop /var/lib/kolla/venv/lib/python3.6/site-packages/neutron_lib/callbacks/manager.py:177
2024-10-24 02:39:46.456 22 DEBUG neutron.wsgi [-] (22) accepted ('10.0.0.34', 52358) server /var/lib/kolla/venv/lib/python3.6/site-packages/eventlet/wsgi.py:1004
2024-10-24 02:39:46.461 22 INFO neutron.wsgi [-] 10.0.0.34 "GET / HTTP/1.1" status: 200 len: 227 time: 0.0043178
2024-10-24 02:39:48.228 23 DEBUG neutron_lib.callbacks.manager [req-190f06ae-5ac4-46e9-b4bf-5a3a59859be9 - - - - -] Publish callbacks ['neutron.services.segments.db._update_segment_host_mapping_for_agent-8790805559616', 'neutron.plugins.ml2.plugin.Ml2Plugin._retry_binding_revived_agents--9223372036851126114'] for agent (a22b83c9-3347-47eb-8814-689c78b9c584), after_update _notify_loop /var/lib/kolla/venv/lib/python3.6/site-packages/neutron_lib/callbacks/manager.py:177
2024-10-24 02:39:51.523 29 DEBUG neutron.db.agents_db [req-a7a12834-8878-4f51-908a-9c052b0b18cd - - - - -] Agent healthcheck: found 2 active agents agent_health_check /var/lib/kolla/venv/lib/python3.6/site-packages/neutron/db/agents_db.py:318
2024-10-24 02:40:00.240 25 DEBUG neutron_lib.callbacks.manager [req-00253f32-78be-46ee-9331-90a0c01dfc0d - - - - -] Publish callbacks ['neutron.services.segments.db._update_segment_host_mapping_for_agent-8790805559616', 'neutron.plugins.ml2.plugin.Ml2Plugin._retry_binding_revived_agents--9223372036851126114'] for agent (06efbaa4-b76c-48a0-bf41-0f47d0045d03), after_update _notify_loop /var/lib/kolla/venv/lib/python3.6/site-packages/neutron_lib/callbacks/manager.py:177
2024-10-24 02:40:16.526 22 DEBUG neutron.wsgi [-] (22) accepted ('10.0.0.34', 60980) server /var/lib/kolla/venv/lib/python3.6/site-packages/eventlet/wsgi.py:1004
2024-10-24 02:40:16.530 22 INFO neutron.wsgi [-] 10.0.0.34 "GET / HTTP/1.1" status: 200 len: 227 time: 0.0031326
2024-10-24 02:40:18.228 26 DEBUG neutron_lib.callbacks.manager [req-527eb5dc-c99b-498f-a798-c3d7f79fef06 - - - - -] Publish callbacks ['neutron.services.segments.db._update_segment_host_mapping_for_agent-8790805559616', 'neutron.plugins.ml2.plugin.Ml2Plugin._retry_binding_revived_agents--9223372036851126114'] for agent (a22b83c9-3347-47eb-8814-689c78b9c584), after_update _notify_loop /var/lib/kolla/venv/lib/python3.6/site-packages/neutron_lib/callbacks/manager.py:177
2024-10-24 02:40:28.526 29 DEBUG neutron.db.agents_db [req-a7a12834-8878-4f51-908a-9c052b0b18cd - - - - -] Agent healthcheck: found 2 active agents agent_health_check /var/lib/kolla/venv/lib/python3.6/site-packages/neutron/db/agents_db.py:318
2024-10-24 02:40:30.243 27 DEBUG neutron_lib.callbacks.manager [req-00253f32-78be-46ee-9331-90a0c01dfc0d - - - - -] Publish callbacks ['neutron.services.segments.db._update_segment_host_mapping_for_agent-8790805559616', 'neutron.plugins.ml2.plugin.Ml2Plugin._retry_binding_revived_agents--9223372036851126114'] for agent (06efbaa4-b76c-48a0-bf41-0f47d0045d03), after_update _notify_loop /var/lib/kolla/venv/lib/python3.6/site-packages/neutron_lib/callbacks/manager.py:177
2024-10-24 02:40:46.593 22 DEBUG neutron.wsgi [-] (22) accepted ('10.0.0.34', 34270) server /var/lib/kolla/venv/lib/python3.6/site-packages/eventlet/wsgi.py:1004
2024-10-24 02:40:46.598 22 INFO neutron.wsgi [-] 10.0.0.34 "GET / HTTP/1.1" status: 200 len: 227 time: 0.0041401
2024-10-24 02:40:48.228 28 DEBUG neutron_lib.callbacks.manager [req-077d2d59-eae0-4aad-8b7a-194d34452fc3 - - - - -] Publish callbacks ['neutron.services.segments.db._update_segment_host_mapping_for_agent-8790805559616', 'neutron.plugins.ml2.plugin.Ml2Plugin._retry_binding_revived_agents--9223372036851126114'] for agent (a22b83c9-3347-47eb-8814-689c78b9c584), after_update _notify_loop /var/lib/kolla/venv/lib/python3.6/site-packages/neutron_lib/callbacks/manager.py:177
2024-10-24 02:41:00.239 24 DEBUG neutron_lib.callbacks.manager [req-00253f32-78be-46ee-9331-90a0c01dfc0d - - - - -] Publish callbacks ['neutron.services.segments.db._update_segment_host_mapping_for_agent-8790805559616', 'neutron.plugins.ml2.plugin.Ml2Plugin._retry_binding_revived_agents--9223372036851126114'] for agent (06efbaa4-b76c-48a0-bf41-0f47d0045d03), after_update _notify_loop /var/lib/kolla/venv/lib/python3.6/site-packages/neutron_lib/callbacks/manager.py:177
2024-10-24 02:41:04.059 7 INFO oslo_service.service [-] Caught SIGTERM, stopping children
2024-10-24 02:41:04.060 7 DEBUG oslo_concurrency.lockutils [-] Acquired lock "singleton_lock" lock /var/lib/kolla/venv/lib/python3.6/site-packages/oslo_concurrency/lockutils.py:294
2024-10-24 02:41:04.060 7 DEBUG oslo_concurrency.lockutils [-] Releasing lock "singleton_lock" lock /var/lib/kolla/venv/lib/python3.6/site-packages/oslo_concurrency/lockutils.py:312
2024-10-24 02:41:04.060 7 DEBUG oslo_service.service [-] Stop services. stop /var/lib/kolla/venv/lib/python3.6/site-packages/oslo_service/service.py:695
2024-10-24 02:41:04.061 7 DEBUG neutron.service [-] calling RpcWorker stop() stop /var/lib/kolla/venv/lib/python3.6/site-packages/neutron/service.py:138
2024-10-24 02:41:04.061 7 DEBUG neutron.service [-] calling RpcWorker stop() stop /var/lib/kolla/venv/lib/python3.6/site-packages/neutron/service.py:138
2024-10-24 02:41:04.061 7 DEBUG oslo_service.service [-] Killing children. stop /var/lib/kolla/venv/lib/python3.6/site-packages/oslo_service/service.py:700
2024-10-24 02:41:04.061 7 INFO oslo_service.service [-] Waiting on 8 children to exit
2024-10-24 02:41:04.062 22 INFO neutron.wsgi [-] (22) wsgi exited, is_accepting=True
2024-10-24 02:41:04.061 25 DEBUG neutron.service [-] calling RpcWorker stop() stop /var/lib/kolla/venv/lib/python3.6/site-packages/neutron/service.py:138
2024-10-24 02:41:04.062 23 DEBUG neutron.service [-] calling RpcWorker stop() stop /var/lib/kolla/venv/lib/python3.6/site-packages/neutron/service.py:138
2024-10-24 02:41:04.062 29 DEBUG neutron.service [-] calling RpcWorker stop() stop /var/lib/kolla/venv/lib/python3.6/site-packages/neutron/service.py:138
2024-10-24 02:41:04.062 26 DEBUG neutron.service [-] calling RpcWorker stop() stop /var/lib/kolla/venv/lib/python3.6/site-packages/neutron/service.py:138
2024-10-24 02:41:04.062 22 DEBUG oslo_concurrency.lockutils [req-a77d1c90-bf3e-443f-9d59-f1b938379b54 - - - - -] Acquired lock "singleton_lock" lock /var/lib/kolla/venv/lib/python3.6/site-packages/oslo_concurrency/lockutils.py:294
2024-10-24 02:41:04.063 22 DEBUG oslo_concurrency.lockutils [req-a77d1c90-bf3e-443f-9d59-f1b938379b54 - - - - -] Releasing lock "singleton_lock" lock /var/lib/kolla/venv/lib/python3.6/site-packages/oslo_concurrency/lockutils.py:312
2024-10-24 02:41:04.062 29 DEBUG neutron.service [-] calling stop on stop /var/lib/kolla/venv/lib/python3.6/site-packages/neutron/service.py:141
2024-10-24 02:41:04.062 23 DEBUG neutron.service [-] calling stop on stop /var/lib/kolla/venv/lib/python3.6/site-packages/neutron/service.py:141
2024-10-24 02:41:04.062 25 DEBUG neutron.service [-] calling stop on stop /var/lib/kolla/venv/lib/python3.6/site-packages/neutron/service.py:141
2024-10-24 02:41:04.062 26 DEBUG neutron.service [-] calling stop on stop /var/lib/kolla/venv/lib/python3.6/site-packages/neutron/service.py:141
2024-10-24 02:41:04.067 7 INFO oslo_service.service [-] Child 22 exited with status 0
2024-10-24 02:41:04.071 24 DEBUG neutron.service [-] calling RpcWorker stop() stop /var/lib/kolla/venv/lib/python3.6/site-packages/neutron/service.py:138
2024-10-24 02:41:04.071 24 DEBUG neutron.service [-] calling stop on stop /var/lib/kolla/venv/lib/python3.6/site-packages/neutron/service.py:141
2024-10-24 02:41:04.077 27 DEBUG neutron.service [-] calling RpcWorker stop() stop /var/lib/kolla/venv/lib/python3.6/site-packages/neutron/service.py:138
2024-10-24 02:41:04.079 28 DEBUG neutron.service [-] calling RpcWorker stop() stop /var/lib/kolla/venv/lib/python3.6/site-packages/neutron/service.py:138
2024-10-24 02:41:04.077 27 DEBUG neutron.service [-] calling stop on stop /var/lib/kolla/venv/lib/python3.6/site-packages/neutron/service.py:141
2024-10-24 02:41:04.079 28 DEBUG neutron.service [-] calling stop on stop /var/lib/kolla/venv/lib/python3.6/site-packages/neutron/service.py:141
2024-10-24 02:41:04.544 23 DEBUG neutron.service [-] calling stop on stop /var/lib/kolla/venv/lib/python3.6/site-packages/neutron/service.py:141
2024-10-24 02:41:04.559 23 DEBUG neutron.service [-] calling stop on stop /var/lib/kolla/venv/lib/python3.6/site-packages/neutron/service.py:141
2024-10-24 02:41:04.561 24 DEBUG neutron.service [-] calling stop on stop /var/lib/kolla/venv/lib/python3.6/site-packages/neutron/service.py:141
2024-10-24 02:41:04.588 23 DEBUG neutron.service [-] calling stop on stop /var/lib/kolla/venv/lib/python3.6/site-packages/neutron/service.py:141
2024-10-24 02:41:04.591 29 DEBUG oslo_concurrency.lockutils [req-a77d1c90-bf3e-443f-9d59-f1b938379b54 - - - - -] Acquired lock "singleton_lock" lock /var/lib/kolla/venv/lib/python3.6/site-packages/oslo_concurrency/lockutils.py:294
2024-10-24 02:41:04.591 29 DEBUG oslo_concurrency.lockutils [req-a77d1c90-bf3e-443f-9d59-f1b938379b54 - - - - -] Releasing lock "singleton_lock" lock /var/lib/kolla/venv/lib/python3.6/site-packages/oslo_concurrency/lockutils.py:312
2024-10-24 02:41:04.592 29 DEBUG neutron.service [req-a77d1c90-bf3e-443f-9d59-f1b938379b54 - - - - -] calling RpcWorker wait() _wait /var/lib/kolla/venv/lib/python3.6/site-packages/neutron/service.py:128
2024-10-24 02:41:04.592 29 DEBUG neutron.service [req-a77d1c90-bf3e-443f-9d59-f1b938379b54 - - - - -] calling wait on _wait /var/lib/kolla/venv/lib/python3.6/site-packages/neutron/service.py:131
2024-10-24 02:41:04.597 25 DEBUG neutron.service [-] calling stop on stop /var/lib/kolla/venv/lib/python3.6/site-packages/neutron/service.py:141
2024-10-24 02:41:04.600 29 WARNING amqp [req-a77d1c90-bf3e-443f-9d59-f1b938379b54 - - - - -] Received method (60, 30) during closing channel 1. This method will be ignored
2024-10-24 02:41:04.601 29 DEBUG neutron.service [req-a77d1c90-bf3e-443f-9d59-f1b938379b54 - - - - -] returning from RpcWorker wait() _wait /var/lib/kolla/venv/lib/python3.6/site-packages/neutron/service.py:135
2024-10-24 02:41:04.603 25 DEBUG neutron.service [-] calling stop on stop /var/lib/kolla/venv/lib/python3.6/site-packages/neutron/service.py:141
2024-10-24 02:41:04.604 23 DEBUG oslo_concurrency.lockutils [req-a77d1c90-bf3e-443f-9d59-f1b938379b54 - - - - -] Acquired lock "singleton_lock" lock /var/lib/kolla/venv/lib/python3.6/site-packages/oslo_concurrency/lockutils.py:294
2024-10-24 02:41:04.605 23 DEBUG oslo_concurrency.lockutils [req-a77d1c90-bf3e-443f-9d59-f1b938379b54 - - - - -] Releasing lock "singleton_lock" lock /var/lib/kolla/venv/lib/python3.6/site-packages/oslo_concurrency/lockutils.py:312
2024-10-24 02:41:04.605 23 DEBUG neutron.service [req-a77d1c90-bf3e-443f-9d59-f1b938379b54 - - - - -] calling RpcWorker wait() _wait /var/lib/kolla/venv/lib/python3.6/site-packages/neutron/service.py:128
2024-10-24 02:41:04.605 23 DEBUG neutron.service [req-a77d1c90-bf3e-443f-9d59-f1b938379b54 - - - - -] calling wait on _wait /var/lib/kolla/venv/lib/python3.6/site-packages/neutron/service.py:131
2024-10-24 02:41:04.610 7 INFO oslo_service.service [-] Child 29 exited with status 0
2024-10-24 02:41:04.612 23 WARNING amqp [req-a77d1c90-bf3e-443f-9d59-f1b938379b54 - - - - -] Received method (60, 30) during closing channel 1. This method will be ignored
2024-10-24 02:41:04.614 25 DEBUG neutron.service [-] calling stop on stop /var/lib/kolla/venv/lib/python3.6/site-packages/neutron/service.py:141
2024-10-24 02:41:04.615 23 DEBUG neutron.service [req-a77d1c90-bf3e-443f-9d59-f1b938379b54 - - - - -] calling wait on _wait /var/lib/kolla/venv/lib/python3.6/site-packages/neutron/service.py:131
2024-10-24 02:41:04.622 23 WARNING amqp [req-a77d1c90-bf3e-443f-9d59-f1b938379b54 - - - - -] Received method (60, 30) during closing channel 1. This method will be ignored
2024-10-24 02:41:04.624 23 DEBUG neutron.service [req-a77d1c90-bf3e-443f-9d59-f1b938379b54 - - - - -] calling wait on _wait /var/lib/kolla/venv/lib/python3.6/site-packages/neutron/service.py:131
2024-10-24 02:41:04.628 25 DEBUG oslo_concurrency.lockutils [req-a77d1c90-bf3e-443f-9d59-f1b938379b54 - - - - -] Acquired lock "singleton_lock" lock /var/lib/kolla/venv/lib/python3.6/site-packages/oslo_concurrency/lockutils.py:294
2024-10-24 02:41:04.630 25 DEBUG oslo_concurrency.lockutils [req-a77d1c90-bf3e-443f-9d59-f1b938379b54 - - - - -] Releasing lock "singleton_lock" lock /var/lib/kolla/venv/lib/python3.6/site-packages/oslo_concurrency/lockutils.py:312
2024-10-24 02:41:04.630 25 DEBUG neutron.service [req-a77d1c90-bf3e-443f-9d59-f1b938379b54 - - - - -] calling RpcWorker wait() _wait /var/lib/kolla/venv/lib/python3.6/site-packages/neutron/service.py:128
