2024-10-21 00:47:15.419 124492 DEBUG oslo_service.service [req-9976dc41-782b-4d8f-aee1-2d8474245d07 - - - - -] database.connection_recycle_time = 3600 log_opt_values /usr/lib/python3/dist-packages/oslo_config/cfg.py:2609
2024-10-21 00:47:15.420 124492 DEBUG oslo_service.service [req-9976dc41-782b-4d8f-aee1-2d8474245d07 - - - - -] database.connection_trace = False log_opt_values /usr/lib/python3/dist-packages/oslo_config/cfg.py:2609
2024-10-21 00:47:15.420 124492 DEBUG oslo_service.service [req-9976dc41-782b-4d8f-aee1-2d8474245d07 - - - - -] database.db_inc_retry_interval = True log_opt_values /usr/lib/python3/dist-packages/oslo_config/cfg.py:2609
2024-10-21 00:47:15.427 124492 DEBUG oslo_service.service [req-9976dc41-782b-4d8f-aee1-2d8474245d07 - - - - -] database.db_max_retries = 20 log_opt_values /usr/lib/python3/dist-packages/oslo_config/cfg.py:2609
2024-10-21 00:47:15.427 124492 DEBUG oslo_service.service [req-9976dc41-782b-4d8f-aee1-2d8474245d07 - - - - -] database.db_max_retry_interval = 10 log_opt_values /usr/lib/python3/dist-packages/oslo_config/cfg.py:2609
2024-10-21 00:47:15.429 124492 DEBUG oslo_service.service [req-9976dc41-782b-4d8f-aee1-2d8474245d07 - - - - -] database.db_retry_interval = 1 log_opt_values /usr/lib/python3/dist-packages/oslo_config/cfg.py:2609
2024-10-21 00:47:15.432 124492 DEBUG oslo_service.service [req-9976dc41-782b-4d8f-aee1-2d8474245d07 - - - - -] database.max_overflow = 50 log_opt_values /usr/lib/python3/dist-packages/oslo_config/cfg.py:2609
2024-10-21 00:47:15.432 124492 DEBUG oslo_service.service [req-9976dc41-782b-4d8f-aee1-2d8474245d07 - - - - -] database.max_pool_size = 4 log_opt_values /usr/lib/python3/dist-packages/oslo_config/cfg.py:2609
2024-10-21 00:47:15.432 124492 DEBUG oslo_service.service [req-9976dc41-782b-4d8f-aee1-2d8474245d07 - - - - -] database.max_retries = 10 log_opt_values /usr/lib/python3/dist-packages/oslo_config/cfg.py:2609
2024-10-21 00:47:15.433 124492 DEBUG oslo_service.service [req-9976dc41-782b-4d8f-aee1-2d8474245d07 - - - - -] database.mysql_enable_ndb = False log_opt_values /usr/lib/python3/dist-packages/oslo_config/cfg.py:2609
2024-10-21 00:47:15.433 124492 DEBUG oslo_service.service [req-9976dc41-782b-4d8f-aee1-2d8474245d07 - - - - -] database.mysql_sql_mode = TRADITIONAL log_opt_values /usr/lib/python3/dist-packages/oslo_config/cfg.py:2609
2024-10-21 00:47:15.433 124492 DEBUG oslo_service.service [req-9976dc41-782b-4d8f-aee1-2d8474245d07 - - - - -] database.pool_timeout = None log_opt_values /usr/lib/python3/dist-packages/oslo_config/cfg.py:2609
2024-10-21 00:47:15.433 124492 DEBUG oslo_service.service [req-9976dc41-782b-4d8f-aee1-2d8474245d07 - - - - -] database.retry_interval = 10 log_opt_values /usr/lib/python3/dist-packages/oslo_config/cfg.py:2609
2024-10-21 00:47:15.434 124492 DEBUG oslo_service.service [req-9976dc41-782b-4d8f-aee1-2d8474245d07 - - - - -] database.slave_connection = **** log_opt_values /usr/lib/python3/dist-packages/oslo_config/cfg.py:2609
2024-10-21 00:47:15.435 124492 DEBUG oslo_service.service [req-9976dc41-782b-4d8f-aee1-2d8474245d07 - - - - -] database.sqlite_synchronous = True log_opt_values /usr/lib/python3/dist-packages/oslo_config/cfg.py:2609
2024-10-21 00:47:15.435 124492 DEBUG oslo_service.service [req-9976dc41-782b-4d8f-aee1-2d8474245d07 - - - - -] database.use_db_reconnect = False log_opt_values /usr/lib/python3/dist-packages/oslo_config/cfg.py:2609
2024-10-21 00:47:15.435 124492 DEBUG oslo_service.service [req-9976dc41-782b-4d8f-aee1-2d8474245d07 - - - - -] api_database.backend = sqlalchemy log_opt_values /usr/lib/python3/dist-packages/oslo_config/cfg.py:2609
2024-10-21 00:47:15.436 124492 DEBUG oslo_service.service [req-9976dc41-782b-4d8f-aee1-2d8474245d07 - - - - -] api_database.connection = **** log_opt_values /usr/lib/python3/dist-packages/oslo_config/cfg.py:2609
2024-10-21 00:47:15.436 124492 DEBUG oslo_service.service [req-9976dc41-782b-4d8f-aee1-2d8474245d07 - - - - -] api_database.connection_debug = 0 log_opt_values /usr/lib/python3/dist-packages/oslo_config/cfg.py:2609
2024-10-21 00:47:15.436 124492 DEBUG oslo_service.service [req-9976dc41-782b-4d8f-aee1-2d8474245d07 - - - - -] api_database.connection_parameters = log_opt_values /usr/lib/python3/dist-packages/oslo_config/cfg.py:2609
2024-10-21 00:47:15.436 124492 DEBUG oslo_service.service [req-9976dc41-782b-4d8f-aee1-2d8474245d07 - - - - -] api_database.connection_recycle_time = 3600 log_opt_values /usr/lib/python3/dist-packages/oslo_config/cfg.py:2609
2024-10-21 00:47:15.436 124492 DEBUG oslo_service.service [req-9976dc41-782b-4d8f-aee1-2d8474245d07 - - - - -] api_database.connection_trace = False log_opt_values /usr/lib/python3/dist-packages/oslo_config/cfg.py:2609
2024-10-21 00:47:15.437 124492 DEBUG oslo_service.service [req-9976dc41-782b-4d8f-aee1-2d8474245d07 - - - - -] api_database.db_inc_retry_interval = True log_opt_values /usr/lib/python3/dist-packages/oslo_config/cfg.py:2609
2024-10-21 00:47:15.437 124492 DEBUG oslo_service.service [req-9976dc41-782b-4d8f-aee1-2d8474245d07 - - - - -] api_database.db_max_retries = 20 log_opt_values /usr/lib/python3/dist-packages/oslo_config/cfg.py:2609
2024-10-21 00:47:15.437 124492 DEBUG oslo_service.service [req-9976dc41-782b-4d8f-aee1-2d8474245d07 - - - - -] api_database.db_max_retry_interval = 10 log_opt_values /usr/lib/python3/dist-packages/oslo_config/cfg.py:2609
2024-10-21 00:47:15.437 124492 DEBUG oslo_service.service [req-9976dc41-782b-4d8f-aee1-2d8474245d07 - - - - -] api_database.db_retry_interval = 1 log_opt_values /usr/lib/python3/dist-packages/oslo_config/cfg.py:2609
2024-10-21 00:47:15.438 124492 DEBUG oslo_service.service [req-9976dc41-782b-4d8f-aee1-2d8474245d07 - - - - -] api_database.max_overflow = 50 log_opt_values /usr/lib/python3/dist-packages/oslo_config/cfg.py:2609
2024-10-21 00:47:15.438 124492 DEBUG oslo_service.service [req-9976dc41-782b-4d8f-aee1-2d8474245d07 - - - - -] api_database.max_pool_size = 4 log_opt_values /usr/lib/python3/dist-packages/oslo_config/cfg.py:2609
2024-10-21 00:47:15.438 124492 DEBUG oslo_service.service [req-9976dc41-782b-4d8f-aee1-2d8474245d07 - - - - -] api_database.max_retries = 10 log_opt_values /usr/lib/python3/dist-packages/oslo_config/cfg.py:2609
2024-10-21 00:47:15.438 124492 DEBUG oslo_service.service [req-9976dc41-782b-4d8f-aee1-2d8474245d07 - - - - -] api_database.mysql_enable_ndb = False log_opt_values /usr/lib/python3/dist-packages/oslo_config/cfg.py:2609
2024-10-21 00:47:15.439 124492 DEBUG oslo_service.service [req-9976dc41-782b-4d8f-aee1-2d8474245d07 - - - - -] api_database.mysql_sql_mode = TRADITIONAL log_opt_values /usr/lib/python3/dist-packages/oslo_config/cfg.py:2609
2024-10-21 00:47:15.439 124492 DEBUG oslo_service.service [req-9976dc41-782b-4d8f-aee1-2d8474245d07 - - - - -] api_database.pool_timeout = None log_opt_values /usr/lib/python3/dist-packages/oslo_config/cfg.py:2609
2024-10-21 00:47:15.439 124492 DEBUG oslo_service.service [req-9976dc41-782b-4d8f-aee1-2d8474245d07 - - - - -] api_database.retry_interval = 10 log_opt_values /usr/lib/python3/dist-packages/oslo_config/cfg.py:2609
2024-10-21 00:47:15.439 124492 DEBUG oslo_service.service [req-9976dc41-782b-4d8f-aee1-2d8474245d07 - - - - -] api_database.slave_connection = **** log_opt_values /usr/lib/python3/dist-packages/oslo_config/cfg.py:2609
2024-10-21 00:47:15.440 124492 DEBUG oslo_service.service [req-9976dc41-782b-4d8f-aee1-2d8474245d07 - - - - -] api_database.sqlite_synchronous = True log_opt_values /usr/lib/python3/dist-packages/oslo_config/cfg.py:2609
2024-10-21 00:47:15.440 124492 DEBUG oslo_service.service [req-9976dc41-782b-4d8f-aee1-2d8474245d07 - - - - -] devices.enabled_mdev_types = [] log_opt_values /usr/lib/python3/dist-packages/oslo_config/cfg.py:2609
2024-10-21 00:47:15.440 124492 DEBUG oslo_service.service [req-9976dc41-782b-4d8f-aee1-2d8474245d07 - - - - -] ephemeral_storage_encryption.cipher = aes-xts-plain64 log_opt_values /usr/lib/python3/dist-packages/oslo_config/cfg.py:2609
2024-10-21 00:47:15.440 124492 DEBUG oslo_service.service [req-9976dc41-782b-4d8f-aee1-2d8474245d07 - - - - -] ephemeral_storage_encryption.enabled = False log_opt_values /usr/lib/python3/dist-packages/oslo_config/cfg.py:2609
2024-10-21 00:47:15.453 126194 DEBUG nova.service [req-bb3ff8f7-3828-4a37-a812-c3d3a62f32b1 - - - - -] Creating RPC server for service scheduler start /usr/lib/python3/dist-packages/nova/service.py:182
2024-10-21 00:47:15.453 124492 DEBUG oslo_service.service [req-9976dc41-782b-4d8f-aee1-2d8474245d07 - - - - -] ephemeral_storage_encryption.key_size = 512 log_opt_values /usr/lib/python3/dist-packages/oslo_config/cfg.py:2609
2024-10-21 00:47:15.455 124492 WARNING oslo_config.cfg [req-9976dc41-782b-4d8f-aee1-2d8474245d07 - - - - -] Deprecated: Option "api_servers" from group "glance" is deprecated for removal ( Support for image service configuration via standard keystoneauth1 Adapter options was added in the 17.0.0 Queens release. The api_servers option was retained temporarily to allow consumers time to cut over to a real load balancing solution. ). Its value may be silently ignored in the future.
2024-10-21 00:47:15.457 124492 DEBUG oslo_service.service [req-9976dc41-782b-4d8f-aee1-2d8474245d07 - - - - -] glance.api_servers = ['http://252.30.217.71:9292'] log_opt_values /usr/lib/python3/dist-packages/oslo_config/cfg.py:2609
2024-10-21 00:47:15.457 124492 DEBUG oslo_service.service [req-9976dc41-782b-4d8f-aee1-2d8474245d07 - - - - -] glance.cafile = None log_opt_values /usr/lib/python3/dist-packages/oslo_config/cfg.py:2609
2024-10-21 00:47:15.457 124492 DEBUG oslo_service.service [req-9976dc41-782b-4d8f-aee1-2d8474245d07 - - - - -] glance.certfile = None log_opt_values /usr/lib/python3/dist-packages/oslo_config/cfg.py:2609
2024-10-21 00:47:15.459 124492 DEBUG oslo_service.service [req-9976dc41-782b-4d8f-aee1-2d8474245d07 - - - - -] glance.collect_timing = False log_opt_values /usr/lib/python3/dist-packages/oslo_config/cfg.py:2609
2024-10-21 00:47:15.460 124492 DEBUG oslo_service.service [req-9976dc41-782b-4d8f-aee1-2d8474245d07 - - - - -] glance.connect_retries = None log_opt_values /usr/lib/python3/dist-packages/oslo_config/cfg.py:2609
2024-10-21 00:47:15.461 124492 DEBUG oslo_service.service [req-9976dc41-782b-4d8f-aee1-2d8474245d07 - - - - -] glance.connect_retry_delay = None log_opt_values /usr/lib/python3/dist-packages/oslo_config/cfg.py:2609
2024-10-21 00:47:15.461 124492 DEBUG oslo_service.service [req-9976dc41-782b-4d8f-aee1-2d8474245d07 - - - - -] glance.debug = False log_opt_values /usr/lib/python3/dist-packages/oslo_config/cfg.py:2609
2024-10-21 00:47:15.464 124492 DEBUG oslo_service.service [req-9976dc41-782b-4d8f-aee1-2d8474245d07 - - - - -] glance.default_trusted_certificate_ids = [] log_opt_values /usr/lib/python3/dist-packages/oslo_config/cfg.py:2609
2024-10-21 00:47:15.464 124492 DEBUG oslo_service.service [req-9976dc41-782b-4d8f-aee1-2d8474245d07 - - - - -] glance.enable_certificate_validation = False log_opt_values /usr/lib/python3/dist-packages/oslo_config/cfg.py:2609
2024-10-21 00:47:15.465 126200 DEBUG nova.service [req-7a26f469-dfcf-48f7-b475-fdd8b97c3e2d - - - - -] Creating RPC server for service scheduler start /usr/lib/python3/dist-packages/nova/service.py:182
2024-10-21 00:47:15.465 124492 DEBUG oslo_service.service [req-9976dc41-782b-4d8f-aee1-2d8474245d07 - - - - -] glance.enable_rbd_download = False log_opt_values /usr/lib/python3/dist-packages/oslo_config/cfg.py:2609
2024-10-21 00:47:15.466 124492 DEBUG oslo_service.service [req-9976dc41-782b-4d8f-aee1-2d8474245d07 - - - - -] glance.endpoint_override = None log_opt_values /usr/lib/python3/dist-packages/oslo_config/cfg.py:2609
2024-10-21 00:47:15.466 124492 DEBUG oslo_service.service [req-9976dc41-782b-4d8f-aee1-2d8474245d07 - - - - -] glance.insecure = False log_opt_values /usr/lib/python3/dist-packages/oslo_config/cfg.py:2609
2024-10-21 00:47:15.466 124492 DEBUG oslo_service.service [req-9976dc41-782b-4d8f-aee1-2d8474245d07 - - - - -] glance.keyfile = None log_opt_values /usr/lib/python3/dist-packages/oslo_config/cfg.py:2609
2024-10-21 00:47:15.467 124492 DEBUG oslo_service.service [req-9976dc41-782b-4d8f-aee1-2d8474245d07 - - - - -] glance.max_version = None log_opt_values /usr/lib/python3/dist-packages/oslo_config/cfg.py:2609
2024-10-21 00:47:15.468 124492 DEBUG oslo_service.service [req-9976dc41-782b-4d8f-aee1-2d8474245d07 - - - - -] glance.min_version = None log_opt_values /usr/lib/python3/dist-packages/oslo_config/cfg.py:2609
2024-10-21 00:47:15.468 124492 DEBUG oslo_service.service [req-9976dc41-782b-4d8f-aee1-2d8474245d07 - - - - -] glance.num_retries = 3 log_opt_values /usr/lib/python3/dist-packages/oslo_config/cfg.py:2609
2024-10-21 00:47:15.469 124492 DEBUG oslo_service.service [req-9976dc41-782b-4d8f-aee1-2d8474245d07 - - - - -] glance.rbd_ceph_conf = log_opt_values /usr/lib/python3/dist-packages/oslo_config/cfg.py:2609
2024-10-21 00:47:15.469 124492 DEBUG oslo_service.service [req-9976dc41-782b-4d8f-aee1-2d8474245d07 - - - - -] glance.rbd_connect_timeout = 5 log_opt_values /usr/lib/python3/dist-packages/oslo_config/cfg.py:2609
2024-10-21 00:47:15.469 124492 DEBUG oslo_service.service [req-9976dc41-782b-4d8f-aee1-2d8474245d07 - - - - -] glance.rbd_pool = log_opt_values /usr/lib/python3/dist-packages/oslo_config/cfg.py:2609
2024-10-21 00:47:15.470 126201 DEBUG nova.service [req-ba8bb894-70a7-4246-9b32-1de064f25620 - - - - -] Creating RPC server for service scheduler start /usr/lib/python3/dist-packages/nova/service.py:182
2024-10-21 00:47:15.470 126208 DEBUG nova.service [req-e2eb6f10-12f9-42fd-8652-9438c536fb62 - - - - -] Creating RPC server for service scheduler start /usr/lib/python3/dist-packages/nova/service.py:182
2024-10-21 00:47:15.470 124492 DEBUG oslo_service.service [req-9976dc41-782b-4d8f-aee1-2d8474245d07 - - - - -] glance.rbd_user = log_opt_values /usr/lib/python3/dist-packages/oslo_config/cfg.py:2609
2024-10-21 00:47:15.471 124492 DEBUG oslo_service.service [req-9976dc41-782b-4d8f-aee1-2d8474245d07 - - - - -] glance.region_name = None log_opt_values /usr/lib/python3/dist-packages/oslo_config/cfg.py:2609
2024-10-21 00:47:15.471 124492 DEBUG oslo_service.service [req-9976dc41-782b-4d8f-aee1-2d8474245d07 - - - - -] glance.service_name = None log_opt_values /usr/lib/python3/dist-packages/oslo_config/cfg.py:2609
2024-10-21 00:47:15.472 124492 DEBUG oslo_service.service [req-9976dc41-782b-4d8f-aee1-2d8474245d07 - - - - -] glance.service_type = image log_opt_values /usr/lib/python3/dist-packages/oslo_config/cfg.py:2609
2024-10-21 00:47:15.472 124492 DEBUG oslo_service.service [req-9976dc41-782b-4d8f-aee1-2d8474245d07 - - - - -] glance.split_loggers = False log_opt_values /usr/lib/python3/dist-packages/oslo_config/cfg.py:2609
2024-10-21 00:47:15.473 124492 DEBUG oslo_service.service [req-9976dc41-782b-4d8f-aee1-2d8474245d07 - - - - -] glance.status_code_retries = None log_opt_values /usr/lib/python3/dist-packages/oslo_config/cfg.py:2609
2024-10-21 00:47:15.474 124492 DEBUG oslo_service.service [req-9976dc41-782b-4d8f-aee1-2d8474245d07 - - - - -] glance.status_code_retry_delay = None log_opt_values /usr/lib/python3/dist-packages/oslo_config/cfg.py:2609
2024-10-21 00:47:15.474 124492 DEBUG oslo_service.service [req-9976dc41-782b-4d8f-aee1-2d8474245d07 - - - - -] glance.timeout = None log_opt_values /usr/lib/python3/dist-packages/oslo_config/cfg.py:2609
2024-10-21 00:47:15.474 124492 DEBUG oslo_service.service [req-9976dc41-782b-4d8f-aee1-2d8474245d07 - - - - -] glance.valid_interfaces = ['internal', 'public'] log_opt_values /usr/lib/python3/dist-packages/oslo_config/cfg.py:2609
2024-10-21 00:47:15.474 124492 DEBUG oslo_service.service [req-9976dc41-782b-4d8f-aee1-2d8474245d07 - - - - -] glance.verify_glance_signatures = False log_opt_values /usr/lib/python3/dist-packages/oslo_config/cfg.py:2609
2024-10-21 00:47:15.474 124492 DEBUG oslo_service.service [req-9976dc41-782b-4d8f-aee1-2d8474245d07 - - - - -] glance.version = None log_opt_values /usr/lib/python3/dist-packages/oslo_config/cfg.py:2609
2024-10-21 00:47:15.475 124492 DEBUG oslo_service.service [req-9976dc41-782b-4d8f-aee1-2d8474245d07 - - - - -] guestfs.debug = False log_opt_values /usr/lib/python3/dist-packages/oslo_config/cfg.py:2609
2024-10-21 00:47:15.475 124492 DEBUG oslo_service.service [req-9976dc41-782b-4d8f-aee1-2d8474245d07 - - - - -] hyperv.config_drive_cdrom = False log_opt_values /usr/lib/python3/dist-packages/oslo_config/cfg.py:2609
2024-10-21 00:47:15.476 124492 DEBUG oslo_service.service [req-9976dc41-782b-4d8f-aee1-2d8474245d07 - - - - -] hyperv.config_drive_inject_password = False log_opt_values /usr/lib/python3/dist-packages/oslo_config/cfg.py:2609
2024-10-21 00:47:15.476 124492 DEBUG oslo_service.service [req-9976dc41-782b-4d8f-aee1-2d8474245d07 - - - - -] hyperv.dynamic_memory_ratio = 1.0 log_opt_values /usr/lib/python3/dist-packages/oslo_config/cfg.py:2609
2024-10-21 00:47:15.476 124492 DEBUG oslo_service.service [req-9976dc41-782b-4d8f-aee1-2d8474245d07 - - - - -] hyperv.enable_instance_metrics_collection = False log_opt_values /usr/lib/python3/dist-packages/oslo_config/cfg.py:2609
2024-10-21 00:47:15.477 124492 DEBUG oslo_service.service [req-9976dc41-782b-4d8f-aee1-2d8474245d07 - - - - -] hyperv.enable_remotefx = False log_opt_values /usr/lib/python3/dist-packages/oslo_config/cfg.py:2609
2024-10-21 00:47:15.477 124492 DEBUG oslo_service.service [req-9976dc41-782b-4d8f-aee1-2d8474245d07 - - - - -] hyperv.instances_path_share = log_opt_values /usr/lib/python3/dist-packages/oslo_config/cfg.py:2609
2024-10-21 00:47:15.478 124492 DEBUG oslo_service.service [req-9976dc41-782b-4d8f-aee1-2d8474245d07 - - - - -] hyperv.iscsi_initiator_list = [] log_opt_values /usr/lib/python3/dist-packages/oslo_config/cfg.py:2609
2024-10-21 00:47:15.478 124492 DEBUG oslo_service.service [req-9976dc41-782b-4d8f-aee1-2d8474245d07 - - - - -] hyperv.limit_cpu_features = False log_opt_values /usr/lib/python3/dist-packages/oslo_config/cfg.py:2609
2024-10-21 00:47:15.478 124492 DEBUG oslo_service.service [req-9976dc41-782b-4d8f-aee1-2d8474245d07 - - - - -] hyperv.mounted_disk_query_retry_count = 10 log_opt_values /usr/lib/python3/dist-packages/oslo_config/cfg.py:2609
2024-10-21 00:47:15.480 124492 DEBUG oslo_service.service [req-9976dc41-782b-4d8f-aee1-2d8474245d07 - - - - -] hyperv.mounted_disk_query_retry_interval = 5 log_opt_values /usr/lib/python3/dist-packages/oslo_config/cfg.py:2609
2024-10-21 00:47:15.480 124492 DEBUG oslo_service.service [req-9976dc41-782b-4d8f-aee1-2d8474245d07 - - - - -] hyperv.power_state_check_timeframe = 60 log_opt_values /usr/lib/python3/dist-packages/oslo_config/cfg.py:2609
2024-10-21 00:47:15.481 124492 DEBUG oslo_service.service [req-9976dc41-782b-4d8f-aee1-2d8474245d07 - - - - -] hyperv.power_state_event_polling_interval = 2 log_opt_values /usr/lib/python3/dist-packages/oslo_config/cfg.py:2609
2024-10-21 00:47:15.481 124492 DEBUG oslo_service.service [req-9976dc41-782b-4d8f-aee1-2d8474245d07 - - - - -] hyperv.qemu_img_cmd = qemu-img.exe log_opt_values /usr/lib/python3/dist-packages/oslo_config/cfg.py:2609
2024-10-21 00:47:15.481 124492 DEBUG oslo_service.service [req-9976dc41-782b-4d8f-aee1-2d8474245d07 - - - - -] hyperv.use_multipath_io = False log_opt_values /usr/lib/python3/dist-packages/oslo_config/cfg.py:2609
2024-10-21 00:47:15.482 124492 DEBUG oslo_service.service [req-9976dc41-782b-4d8f-aee1-2d8474245d07 - - - - -] hyperv.volume_attach_retry_count = 10 log_opt_values /usr/lib/python3/dist-packages/oslo_config/cfg.py:2609
2024-10-21 00:47:15.482 124492 DEBUG oslo_service.service [req-9976dc41-782b-4d8f-aee1-2d8474245d07 - - - - -] hyperv.volume_attach_retry_interval = 5 log_opt_values /usr/lib/python3/dist-packages/oslo_config/cfg.py:2609
2024-10-21 00:47:15.482 124492 DEBUG oslo_service.service [req-9976dc41-782b-4d8f-aee1-2d8474245d07 - - - - -] hyperv.vswitch_name = None log_opt_values /usr/lib/python3/dist-packages/oslo_config/cfg.py:2609
2024-10-21 00:47:15.482 124492 DEBUG oslo_service.service [req-9976dc41-782b-4d8f-aee1-2d8474245d07 - - - - -] hyperv.wait_soft_reboot_seconds = 60 log_opt_values /usr/lib/python3/dist-packages/oslo_config/cfg.py:2609
2024-10-21 00:47:15.482 124492 DEBUG oslo_service.service [req-9976dc41-782b-4d8f-aee1-2d8474245d07 - - - - -] mks.enabled = False log_opt_values /usr/lib/python3/dist-packages/oslo_config/cfg.py:2609
2024-10-21 00:47:15.484 124492 DEBUG oslo_service.service [req-9976dc41-782b-4d8f-aee1-2d8474245d07 - - - - -] mks.mksproxy_base_url = http://127.0.0.1:6090/ log_opt_values /usr/lib/python3/dist-packages/oslo_config/cfg.py:2609
2024-10-21 00:47:15.484 124492 DEBUG oslo_service.service [req-9976dc41-782b-4d8f-aee1-2d8474245d07 - - - - -] image_cache.manager_interval = 2400 log_opt_values /usr/lib/python3/dist-packages/oslo_config/cfg.py:2609
2024-10-21 00:47:15.484 124492 DEBUG oslo_service.service [req-9976dc41-782b-4d8f-aee1-2d8474245d07 - - - - -] image_cache.precache_concurrency = 1 log_opt_values /usr/lib/python3/dist-packages/oslo_config/cfg.py:2609
2024-10-21 00:47:15.485 124492 DEBUG oslo_service.service [req-9976dc41-782b-4d8f-aee1-2d8474245d07 - - - - -] image_cache.remove_unused_base_images = True log_opt_values /usr/lib/python3/dist-packages/oslo_config/cfg.py:2609
2024-10-21 00:47:15.485 124492 DEBUG oslo_service.service [req-9976dc41-782b-4d8f-aee1-2d8474245d07 - - - - -] image_cache.remove_unused_original_minimum_age_seconds = 86400 log_opt_values /usr/lib/python3/dist-packages/oslo_config/cfg.py:2609
2024-10-21 00:47:15.486 124492 DEBUG oslo_service.service [req-9976dc41-782b-4d8f-aee1-2d8474245d07 - - - - -] image_cache.remove_unused_resized_minimum_age_seconds = 3600 log_opt_values /usr/lib/python3/dist-packages/oslo_config/cfg.py:2609
2024-10-21 00:47:15.486 124492 DEBUG oslo_service.service [req-9976dc41-782b-4d8f-aee1-2d8474245d07 - - - - -] image_cache.subdirectory_name = _base log_opt_values /usr/lib/python3/dist-packages/oslo_config/cfg.py:2609
2024-10-21 00:47:15.486 124492 DEBUG oslo_service.service [req-9976dc41-782b-4d8f-aee1-2d8474245d07 - - - - -] ironic.api_max_retries = 60 log_opt_values /usr/lib/python3/dist-packages/oslo_config/cfg.py:2609
2024-10-21 00:47:15.486 124492 DEBUG oslo_service.service [req-9976dc41-782b-4d8f-aee1-2d8474245d07 - - - - -] ironic.api_retry_interval = 2 log_opt_values /usr/lib/python3/dist-packages/oslo_config/cfg.py:2609
2024-10-21 00:47:15.486 124492 DEBUG oslo_service.service [req-9976dc41-782b-4d8f-aee1-2d8474245d07 - - - - -] ironic.auth_section = None log_opt_values /usr/lib/python3/dist-packages/oslo_config/cfg.py:2609
2024-10-21 00:47:15.487 124492 DEBUG oslo_service.service [req-9976dc41-782b-4d8f-aee1-2d8474245d07 - - - - -] ironic.auth_type = None log_opt_values /usr/lib/python3/dist-packages/oslo_config/cfg.py:2609
2024-10-21 00:47:15.487 124492 DEBUG oslo_service.service [req-9976dc41-782b-4d8f-aee1-2d8474245d07 - - - - -] ironic.cafile = None log_opt_values /usr/lib/python3/dist-packages/oslo_config/cfg.py:2609
2024-10-21 00:47:15.487 124492 DEBUG oslo_service.service [req-9976dc41-782b-4d8f-aee1-2d8474245d07 - - - - -] ironic.certfile = None log_opt_values /usr/lib/python3/dist-packages/oslo_config/cfg.py:2609
2024-10-21 00:47:15.487 124492 DEBUG oslo_service.service [req-9976dc41-782b-4d8f-aee1-2d8474245d07 - - - - -] ironic.collect_timing = False log_opt_values /usr/lib/python3/dist-packages/oslo_config/cfg.py:2609
2024-10-21 00:47:15.488 124492 DEBUG oslo_service.service [req-9976dc41-782b-4d8f-aee1-2d8474245d07 - - - - -] ironic.connect_retries = None log_opt_values /usr/lib/python3/dist-packages/oslo_config/cfg.py:2609
2024-10-21 00:47:15.488 124492 DEBUG oslo_service.service [req-9976dc41-782b-4d8f-aee1-2d8474245d07 - - - - -] ironic.connect_retry_delay = None log_opt_values /usr/lib/python3/dist-packages/oslo_config/cfg.py:2609
2024-10-21 00:47:15.488 124492 DEBUG oslo_service.service [req-9976dc41-782b-4d8f-aee1-2d8474245d07 - - - - -] ironic.endpoint_override = None log_opt_values /usr/lib/python3/dist-packages/oslo_config/cfg.py:2609
2024-10-21 00:47:15.490 124492 DEBUG oslo_service.service [req-9976dc41-782b-4d8f-aee1-2d8474245d07 - - - - -] ironic.insecure = False log_opt_values /usr/lib/python3/dist-packages/oslo_config/cfg.py:2609
2024-10-21 00:47:15.490 124492 DEBUG oslo_service.service [req-9976dc41-782b-4d8f-aee1-2d8474245d07 - - - - -] ironic.keyfile = None log_opt_values /usr/lib/python3/dist-packages/oslo_config/cfg.py:2609
2024-10-21 00:47:15.490 124492 DEBUG oslo_service.service [req-9976dc41-782b-4d8f-aee1-2d8474245d07 - - - - -] ironic.max_version = None log_opt_values /usr/lib/python3/dist-packages/oslo_config/cfg.py:2609
2024-10-21 00:47:15.491 124492 DEBUG oslo_service.service [req-9976dc41-782b-4d8f-aee1-2d8474245d07 - - - - -] ironic.min_version = None log_opt_values /usr/lib/python3/dist-packages/oslo_config/cfg.py:2609
2024-10-21 00:47:15.491 124492 DEBUG oslo_service.service [req-9976dc41-782b-4d8f-aee1-2d8474245d07 - - - - -] ironic.partition_key = None log_opt_values /usr/lib/python3/dist-packages/oslo_config/cfg.py:2609
2024-10-21 00:47:15.491 124492 DEBUG oslo_service.service [req-9976dc41-782b-4d8f-aee1-2d8474245d07 - - - - -] ironic.peer_list = [] log_opt_values /usr/lib/python3/dist-packages/oslo_config/cfg.py:2609
2024-10-21 00:47:15.491 124492 DEBUG oslo_service.service [req-9976dc41-782b-4d8f-aee1-2d8474245d07 - - - - -] ironic.region_name = None log_opt_values /usr/lib/python3/dist-packages/oslo_config/cfg.py:2609
2024-10-21 00:47:15.491 124492 DEBUG oslo_service.service [req-9976dc41-782b-4d8f-aee1-2d8474245d07 - - - - -] ironic.serial_console_state_timeout = 10 log_opt_values /usr/lib/python3/dist-packages/oslo_config/cfg.py:2609
2024-10-21 00:47:15.493 124492 DEBUG oslo_service.service [req-9976dc41-782b-4d8f-aee1-2d8474245d07 - - - - -] ironic.service_name = None log_opt_values /usr/lib/python3/dist-packages/oslo_config/cfg.py:2609
2024-10-21 00:47:15.493 124492 DEBUG oslo_service.service [req-9976dc41-782b-4d8f-aee1-2d8474245d07 - - - - -] ironic.service_type = baremetal log_opt_values /usr/lib/python3/dist-packages/oslo_config/cfg.py:2609
2024-10-21 00:47:15.493 124492 DEBUG oslo_service.service [req-9976dc41-782b-4d8f-aee1-2d8474245d07 - - - - -] ironic.split_loggers = False log_opt_values /usr/lib/python3/dist-packages/oslo_config/cfg.py:2609
2024-10-21 00:47:15.494 124492 DEBUG oslo_service.service [req-9976dc41-782b-4d8f-aee1-2d8474245d07 - - - - -] ironic.status_code_retries = None log_opt_values /usr/lib/python3/dist-packages/oslo_config/cfg.py:2609
2024-10-21 00:47:15.494 124492 DEBUG oslo_service.service [req-9976dc41-782b-4d8f-aee1-2d8474245d07 - - - - -] ironic.status_code_retry_delay = None log_opt_values /usr/lib/python3/dist-packages/oslo_config/cfg.py:2609
2024-10-21 00:47:15.494 124492 DEBUG oslo_service.service [req-9976dc41-782b-4d8f-aee1-2d8474245d07 - - - - -] ironic.timeout = None log_opt_values /usr/lib/python3/dist-packages/oslo_config/cfg.py:2609
2024-10-21 00:47:15.494 124492 DEBUG oslo_service.service [req-9976dc41-782b-4d8f-aee1-2d8474245d07 - - - - -] ironic.valid_interfaces = ['internal', 'public'] log_opt_values /usr/lib/python3/dist-packages/oslo_config/cfg.py:2609
2024-10-21 00:47:15.495 124492 DEBUG oslo_service.service [req-9976dc41-782b-4d8f-aee1-2d8474245d07 - - - - -] ironic.version = None log_opt_values /usr/lib/python3/dist-packages/oslo_config/cfg.py:2609
2024-10-21 00:47:15.496 124492 DEBUG oslo_service.service [req-9976dc41-782b-4d8f-aee1-2d8474245d07 - - - - -] key_manager.backend = barbican log_opt_values /usr/lib/python3/dist-packages/oslo_config/cfg.py:2609
2024-10-21 00:47:15.496 124492 DEBUG oslo_service.service [req-9976dc41-782b-4d8f-aee1-2d8474245d07 - - - - -] key_manager.fixed_key = **** log_opt_values /usr/lib/python3/dist-packages/oslo_config/cfg.py:2609
2024-10-21 00:47:15.497 124492 DEBUG oslo_service.service [req-9976dc41-782b-4d8f-aee1-2d8474245d07 - - - - -] barbican.auth_endpoint = http://localhost/identity/v3 log_opt_values /usr/lib/python3/dist-packages/oslo_config/cfg.py:2609
2024-10-21 00:47:15.497 124492 DEBUG oslo_service.service [req-9976dc41-782b-4d8f-aee1-2d8474245d07 - - - - -] barbican.barbican_api_version = None log_opt_values /usr/lib/python3/dist-packages/oslo_config/cfg.py:2609
2024-10-21 00:47:15.497 124492 DEBUG oslo_service.service [req-9976dc41-782b-4d8f-aee1-2d8474245d07 - - - - -] barbican.barbican_endpoint = None log_opt_values /usr/lib/python3/dist-packages/oslo_config/cfg.py:2609
2024-10-21 00:47:15.498 124492 DEBUG oslo_service.service [req-9976dc41-782b-4d8f-aee1-2d8474245d07 - - - - -] barbican.barbican_endpoint_type = public log_opt_values /usr/lib/python3/dist-packages/oslo_config/cfg.py:2609
2024-10-21 00:47:15.498 124492 DEBUG oslo_service.service [req-9976dc41-782b-4d8f-aee1-2d8474245d07 - - - - -] barbican.barbican_region_name = None log_opt_values /usr/lib/python3/dist-packages/oslo_config/cfg.py:2609
2024-10-21 00:47:15.499 124492 DEBUG oslo_service.service [req-9976dc41-782b-4d8f-aee1-2d8474245d07 - - - - -] barbican.cafile = None log_opt_values /usr/lib/python3/dist-packages/oslo_config/cfg.py:2609
2024-10-21 00:47:15.500 124492 DEBUG oslo_service.service [req-9976dc41-782b-4d8f-aee1-2d8474245d07 - - - - -] barbican.certfile = None log_opt_values /usr/lib/python3/dist-packages/oslo_config/cfg.py:2609
2024-10-21 00:47:15.501 124492 DEBUG oslo_service.service [req-9976dc41-782b-4d8f-aee1-2d8474245d07 - - - - -] barbican.collect_timing = False log_opt_values /usr/lib/python3/dist-packages/oslo_config/cfg.py:2609
2024-10-21 00:47:15.501 124492 DEBUG oslo_service.service [req-9976dc41-782b-4d8f-aee1-2d8474245d07 - - - - -] barbican.insecure = False log_opt_values /usr/lib/python3/dist-packages/oslo_config/cfg.py:2609
2024-10-21 00:47:15.501 124492 DEBUG oslo_service.service [req-9976dc41-782b-4d8f-aee1-2d8474245d07 - - - - -] barbican.keyfile = None log_opt_values /usr/lib/python3/dist-packages/oslo_config/cfg.py:2609
2024-10-21 00:47:15.502 124492 DEBUG oslo_service.service [req-9976dc41-782b-4d8f-aee1-2d8474245d07 - - - - -] barbican.number_of_retries = 60 log_opt_values /usr/lib/python3/dist-packages/oslo_config/cfg.py:2609
2024-10-21 00:47:15.503 124492 DEBUG oslo_service.service [req-9976dc41-782b-4d8f-aee1-2d8474245d07 - - - - -] barbican.retry_delay = 1 log_opt_values /usr/lib/python3/dist-packages/oslo_config/cfg.py:2609
2024-10-21 00:47:15.503 124492 DEBUG oslo_service.service [req-9976dc41-782b-4d8f-aee1-2d8474245d07 - - - - -] barbican.send_service_user_token = False log_opt_values /usr/lib/python3/dist-packages/oslo_config/cfg.py:2609
2024-10-21 00:47:15.503 124492 DEBUG oslo_service.service [req-9976dc41-782b-4d8f-aee1-2d8474245d07 - - - - -] barbican.split_loggers = False log_opt_values /usr/lib/python3/dist-packages/oslo_config/cfg.py:2609
2024-10-21 00:47:15.504 124492 DEBUG oslo_service.service [req-9976dc41-782b-4d8f-aee1-2d8474245d07 - - - - -] barbican.timeout = None log_opt_values /usr/lib/python3/dist-packages/oslo_config/cfg.py:2609
2024-10-21 00:47:15.504 124492 DEBUG oslo_service.service [req-9976dc41-782b-4d8f-aee1-2d8474245d07 - - - - -] barbican.verify_ssl = True log_opt_values /usr/lib/python3/dist-packages/oslo_config/cfg.py:2609
2024-10-21 00:47:15.504 124492 DEBUG oslo_service.service [req-9976dc41-782b-4d8f-aee1-2d8474245d07 - - - - -] barbican.verify_ssl_path = None log_opt_values /usr/lib/python3/dist-packages/oslo_config/cfg.py:2609
2024-10-21 00:47:15.504 124492 DEBUG oslo_service.service [req-9976dc41-782b-4d8f-aee1-2d8474245d07 - - - - -] barbican_service_user.auth_section = None log_opt_values /usr/lib/python3/dist-packages/oslo_config/cfg.py:2609
2024-10-21 00:47:15.504 124492 DEBUG oslo_service.service [req-9976dc41-782b-4d8f-aee1-2d8474245d07 - - - - -] barbican_service_user.auth_type = None log_opt_values /usr/lib/python3/dist-packages/oslo_config/cfg.py:2609
2024-10-21 00:47:15.505 124492 DEBUG oslo_service.service [req-9976dc41-782b-4d8f-aee1-2d8474245d07 - - - - -] barbican_service_user.cafile = None log_opt_values /usr/lib/python3/dist-packages/oslo_config/cfg.py:2609
2024-10-21 00:47:15.505 124492 DEBUG oslo_service.service [req-9976dc41-782b-4d8f-aee1-2d8474245d07 - - - - -] barbican_service_user.certfile = None log_opt_values /usr/lib/python3/dist-packages/oslo_config/cfg.py:2609
2024-10-21 00:47:15.505 124492 DEBUG oslo_service.service [req-9976dc41-782b-4d8f-aee1-2d8474245d07 - - - - -] barbican_service_user.collect_timing = False log_opt_values /usr/lib/python3/dist-packages/oslo_config/cfg.py:2609
2024-10-21 00:47:15.505 124492 DEBUG oslo_service.service [req-9976dc41-782b-4d8f-aee1-2d8474245d07 - - - - -] barbican_service_user.insecure = False log_opt_values /usr/lib/python3/dist-packages/oslo_config/cfg.py:2609
2024-10-21 00:47:15.506 124492 DEBUG oslo_service.service [req-9976dc41-782b-4d8f-aee1-2d8474245d07 - - - - -] barbican_service_user.keyfile = None log_opt_values /usr/lib/python3/dist-packages/oslo_config/cfg.py:2609
2024-10-21 00:47:15.506 124492 DEBUG oslo_service.service [req-9976dc41-782b-4d8f-aee1-2d8474245d07 - - - - -] barbican_service_user.split_loggers = False log_opt_values /usr/lib/python3/dist-packages/oslo_config/cfg.py:2609
2024-10-21 00:47:15.506 124492 DEBUG oslo_service.service [req-9976dc41-782b-4d8f-aee1-2d8474245d07 - - - - -] barbican_service_user.timeout = None log_opt_values /usr/lib/python3/dist-packages/oslo_config/cfg.py:2609
2024-10-21 00:47:15.507 124492 DEBUG oslo_service.service [req-9976dc41-782b-4d8f-aee1-2d8474245d07 - - - - -] vault.approle_role_id = None log_opt_values /usr/lib/python3/dist-packages/oslo_config/cfg.py:2609
2024-10-21 00:47:15.507 124492 DEBUG oslo_service.service [req-9976dc41-782b-4d8f-aee1-2d8474245d07 - - - - -] vault.approle_secret_id = None log_opt_values /usr/lib/python3/dist-packages/oslo_config/cfg.py:2609
2024-10-21 00:47:15.507 124492 DEBUG oslo_service.service [req-9976dc41-782b-4d8f-aee1-2d8474245d07 - - - - -] vault.cafile = None log_opt_values /usr/lib/python3/dist-packages/oslo_config/cfg.py:2609
2024-10-21 00:47:15.507 124492 DEBUG oslo_service.service [req-9976dc41-782b-4d8f-aee1-2d8474245d07 - - - - -] vault.certfile = None log_opt_values /usr/lib/python3/dist-packages/oslo_config/cfg.py:2609
2024-10-21 00:47:15.508 124492 DEBUG oslo_service.service [req-9976dc41-782b-4d8f-aee1-2d8474245d07 - - - - -] vault.collect_timing = False log_opt_values /usr/lib/python3/dist-packages/oslo_config/cfg.py:2609
2024-10-21 00:47:15.510 124492 DEBUG oslo_service.service [req-9976dc41-782b-4d8f-aee1-2d8474245d07 - - - - -] vault.insecure = False log_opt_values /usr/lib/python3/dist-packages/oslo_config/cfg.py:2609
2024-10-21 00:47:15.510 124492 DEBUG oslo_service.service [req-9976dc41-782b-4d8f-aee1-2d8474245d07 - - - - -] vault.keyfile = None log_opt_values /usr/lib/python3/dist-packages/oslo_config/cfg.py:2609
2024-10-21 00:47:15.510 124492 DEBUG oslo_service.service [req-9976dc41-782b-4d8f-aee1-2d8474245d07 - - - - -] vault.kv_mountpoint = secret log_opt_values /usr/lib/python3/dist-packages/oslo_config/cfg.py:2609
2024-10-21 00:47:15.511 124492 DEBUG oslo_service.service [req-9976dc41-782b-4d8f-aee1-2d8474245d07 - - - - -] vault.kv_version = 2 log_opt_values /usr/lib/python3/dist-packages/oslo_config/cfg.py:2609
2024-10-21 00:47:15.511 126194 DEBUG oslo_messaging._drivers.amqpdriver [-] Listener is running poll /usr/lib/python3/dist-packages/oslo_messaging/_drivers/amqpdriver.py:343
2024-10-21 00:47:15.514 126194 DEBUG oslo_messaging._drivers.amqpdriver [-] AMQPListener connection consume poll /usr/lib/python3/dist-packages/oslo_messaging/_drivers/amqpdriver.py:357
2024-10-21 00:47:15.514 124492 DEBUG oslo_service.service [req-9976dc41-782b-4d8f-aee1-2d8474245d07 - - - - -] vault.namespace = None log_opt_values /usr/lib/python3/dist-packages/oslo_config/cfg.py:2609
2024-10-21 00:47:15.515 124492 DEBUG oslo_service.service [req-9976dc41-782b-4d8f-aee1-2d8474245d07 - - - - -] vault.root_token_id = None log_opt_values /usr/lib/python3/dist-packages/oslo_config/cfg.py:2609
2024-10-21 00:47:15.516 124492 DEBUG oslo_service.service [req-9976dc41-782b-4d8f-aee1-2d8474245d07 - - - - -] vault.split_loggers = False log_opt_values /usr/lib/python3/dist-packages/oslo_config/cfg.py:2609
2024-10-21 00:47:15.516 126194 DEBUG nova.service [req-bb3ff8f7-3828-4a37-a812-c3d3a62f32b1 - - - - -] Join ServiceGroup membership for this service scheduler start /usr/lib/python3/dist-packages/nova/service.py:199
2024-10-21 00:47:15.516 124492 DEBUG oslo_service.service [req-9976dc41-782b-4d8f-aee1-2d8474245d07 - - - - -] vault.ssl_ca_crt_file = None log_opt_values /usr/lib/python3/dist-packages/oslo_config/cfg.py:2609
2024-10-21 00:47:15.516 126194 DEBUG nova.servicegroup.drivers.db [req-bb3ff8f7-3828-4a37-a812-c3d3a62f32b1 - - - - -] DB_Driver: join new ServiceGroup member juju-8c1229-0-lxd-7 to the scheduler group, service = join /usr/lib/python3/dist-packages/nova/servicegroup/drivers/db.py:44
2024-10-21 00:47:15.516 124492 DEBUG oslo_service.service [req-9976dc41-782b-4d8f-aee1-2d8474245d07 - - - - -] vault.timeout = None log_opt_values /usr/lib/python3/dist-packages/oslo_config/cfg.py:2609
2024-10-21 00:47:15.517 124492 DEBUG oslo_service.service [req-9976dc41-782b-4d8f-aee1-2d8474245d07 - - - - -] vault.use_ssl = False log_opt_values /usr/lib/python3/dist-packages/oslo_config/cfg.py:2609
2024-10-21 00:47:15.517 124492 DEBUG oslo_service.service [req-9976dc41-782b-4d8f-aee1-2d8474245d07 - - - - -] vault.vault_url = http://127.0.0.1:8200 log_opt_values /usr/lib/python3/dist-packages/oslo_config/cfg.py:2609
2024-10-21 00:47:15.517 124492 DEBUG oslo_service.service [req-9976dc41-782b-4d8f-aee1-2d8474245d07 - - - - -] keystone.cafile = None log_opt_values /usr/lib/python3/dist-packages/oslo_config/cfg.py:2609
2024-10-21 00:47:15.518 124492 DEBUG oslo_service.service [req-9976dc41-782b-4d8f-aee1-2d8474245d07 - - - - -] keystone.certfile = None log_opt_values /usr/lib/python3/dist-packages/oslo_config/cfg.py:2609
2024-10-21 00:47:15.518 124492 DEBUG oslo_service.service [req-9976dc41-782b-4d8f-aee1-2d8474245d07 - - - - -] keystone.collect_timing = False log_opt_values /usr/lib/python3/dist-packages/oslo_config/cfg.py:2609
2024-10-21 00:47:15.519 124492 DEBUG oslo_service.service [req-9976dc41-782b-4d8f-aee1-2d8474245d07 - - - - -] keystone.connect_retries = None log_opt_values /usr/lib/python3/dist-packages/oslo_config/cfg.py:2609
2024-10-21 00:47:15.519 124492 DEBUG oslo_service.service [req-9976dc41-782b-4d8f-aee1-2d8474245d07 - - - - -] keystone.connect_retry_delay = None log_opt_values /usr/lib/python3/dist-packages/oslo_config/cfg.py:2609
2024-10-21 00:47:15.519 124492 DEBUG oslo_service.service [req-9976dc41-782b-4d8f-aee1-2d8474245d07 - - - - -] keystone.endpoint_override = None log_opt_values /usr/lib/python3/dist-packages/oslo_config/cfg.py:2609
2024-10-21 00:47:15.519 126194 DEBUG oslo_messaging._drivers.amqpdriver [-] AMQPListener connection timeout poll /usr/lib/python3/dist-packages/oslo_messaging/_drivers/amqpdriver.py:360
2024-10-21 00:47:15.519 124492 DEBUG oslo_service.service [req-9976dc41-782b-4d8f-aee1-2d8474245d07 - - - - -] keystone.insecure = False log_opt_values /usr/lib/python3/dist-packages/oslo_config/cfg.py:2609
2024-10-21 00:47:15.520 126194 DEBUG oslo_messaging._drivers.amqpdriver [-] Listener is running poll /usr/lib/python3/dist-packages/oslo_messaging/_drivers/amqpdriver.py:343
2024-10-21 00:47:15.520 124492 DEBUG oslo_service.service [req-9976dc41-782b-4d8f-aee1-2d8474245d07 - - - - -] keystone.keyfile = None log_opt_values /usr/lib/python3/dist-packages/oslo_config/cfg.py:2609
2024-10-21 00:47:15.520 126194 DEBUG oslo_messaging._drivers.amqpdriver [-] AMQPListener connection consume poll /usr/lib/python3/dist-packages/oslo_messaging/_drivers/amqpdriver.py:357
2024-10-21 00:47:15.520 124492 DEBUG oslo_service.service [req-9976dc41-782b-4d8f-aee1-2d8474245d07 - - - - -] keystone.max_version = None log_opt_values /usr/lib/python3/dist-packages/oslo_config/cfg.py:2609
2024-10-21 00:47:15.520 124492 DEBUG oslo_service.service [req-9976dc41-782b-4d8f-aee1-2d8474245d07 - - - - -] keystone.min_version = None log_opt_values /usr/lib/python3/dist-packages/oslo_config/cfg.py:2609
2024-10-21 00:47:15.520 124492 DEBUG oslo_service.service [req-9976dc41-782b-4d8f-aee1-2d8474245d07 - - - - -] keystone.region_name = None log_opt_values /usr/lib/python3/dist-packages/oslo_config/cfg.py:2609
2024-10-21 00:47:15.521 124492 DEBUG oslo_service.service [req-9976dc41-782b-4d8f-aee1-2d8474245d07 - - - - -] keystone.service_name = None log_opt_values /usr/lib/python3/dist-packages/oslo_config/cfg.py:2609
2024-10-21 00:47:15.521 124492 DEBUG oslo_service.service [req-9976dc41-782b-4d8f-aee1-2d8474245d07 - - - - -] keystone.service_type = identity log_opt_values /usr/lib/python3/dist-packages/oslo_config/cfg.py:2609
2024-10-21 00:47:15.522 124492 DEBUG oslo_service.service [req-9976dc41-782b-4d8f-aee1-2d8474245d07 - - - - -] keystone.split_loggers = False log_opt_values /usr/lib/python3/dist-packages/oslo_config/cfg.py:2609
2024-10-21 00:47:15.522 124492 DEBUG oslo_service.service [req-9976dc41-782b-4d8f-aee1-2d8474245d07 - - - - -] keystone.status_code_retries = None log_opt_values /usr/lib/python3/dist-packages/oslo_config/cfg.py:2609
2024-10-21 00:47:15.521 126201 DEBUG oslo_messaging._drivers.amqpdriver [-] Listener is running poll /usr/lib/python3/dist-packages/oslo_messaging/_drivers/amqpdriver.py:343
2024-10-21 00:47:15.522 124492 DEBUG oslo_service.service [req-9976dc41-782b-4d8f-aee1-2d8474245d07 - - - - -] keystone.status_code_retry_delay = None log_opt_values /usr/lib/python3/dist-packages/oslo_config/cfg.py:2609
2024-10-21 00:47:15.522 126201 DEBUG oslo_messaging._drivers.amqpdriver [-] AMQPListener connection consume poll /usr/lib/python3/dist-packages/oslo_messaging/_drivers/amqpdriver.py:357
2024-10-21 00:47:15.522 124492 DEBUG oslo_service.service [req-9976dc41-782b-4d8f-aee1-2d8474245d07 - - - - -] keystone.timeout = None log_opt_values /usr/lib/python3/dist-packages/oslo_config/cfg.py:2609
2024-10-21 00:47:15.522 124492 DEBUG oslo_service.service [req-9976dc41-782b-4d8f-aee1-2d8474245d07 - - - - -] keystone.valid_interfaces = ['internal', 'public'] log_opt_values /usr/lib/python3/dist-packages/oslo_config/cfg.py:2609
2024-10-21 00:47:15.523 124492 DEBUG oslo_service.service [req-9976dc41-782b-4d8f-aee1-2d8474245d07 - - - - -] keystone.version = None log_opt_values /usr/lib/python3/dist-packages/oslo_config/cfg.py:2609
2024-10-21 00:47:15.521 126200 DEBUG oslo_messaging._drivers.amqpdriver [-] Listener is running poll /usr/lib/python3/dist-packages/oslo_messaging/_drivers/amqpdriver.py:343
2024-10-21 00:47:15.523 124492 DEBUG oslo_service.service [req-9976dc41-782b-4d8f-aee1-2d8474245d07 - - - - -] libvirt.connection_uri = log_opt_values /usr/lib/python3/dist-packages/oslo_config/cfg.py:2609
2024-10-21 00:47:15.523 124492 DEBUG oslo_service.service [req-9976dc41-782b-4d8f-aee1-2d8474245d07 - - - - -] libvirt.cpu_mode = None log_opt_values /usr/lib/python3/dist-packages/oslo_config/cfg.py:2609
2024-10-21 00:47:15.524 124492 DEBUG oslo_service.service [req-9976dc41-782b-4d8f-aee1-2d8474245d07 - - - - -] libvirt.cpu_model_extra_flags = [] log_opt_values /usr/lib/python3/dist-packages/oslo_config/cfg.py:2609
2024-10-21 00:47:15.524 124492 DEBUG oslo_service.service [req-9976dc41-782b-4d8f-aee1-2d8474245d07 - - - - -] libvirt.cpu_models = [] log_opt_values /usr/lib/python3/dist-packages/oslo_config/cfg.py:2609
2024-10-21 00:47:15.524 124492 DEBUG oslo_service.service [req-9976dc41-782b-4d8f-aee1-2d8474245d07 - - - - -] libvirt.device_detach_attempts = 8 log_opt_values /usr/lib/python3/dist-packages/oslo_config/cfg.py:2609
2024-10-21 00:47:15.524 124492 DEBUG oslo_service.service [req-9976dc41-782b-4d8f-aee1-2d8474245d07 - - - - -] libvirt.device_detach_timeout = 20 log_opt_values /usr/lib/python3/dist-packages/oslo_config/cfg.py:2609
2024-10-21 00:47:15.523 126200 DEBUG oslo_messaging._drivers.amqpdriver [-] AMQPListener connection consume poll /usr/lib/python3/dist-packages/oslo_messaging/_drivers/amqpdriver.py:357
2024-10-21 00:47:15.524 124492 DEBUG oslo_service.service [req-9976dc41-782b-4d8f-aee1-2d8474245d07 - - - - -] libvirt.disk_cachemodes = [] log_opt_values /usr/lib/python3/dist-packages/oslo_config/cfg.py:2609
2024-10-21 00:47:15.525 124492 DEBUG oslo_service.service [req-9976dc41-782b-4d8f-aee1-2d8474245d07 - - - - -] libvirt.disk_prefix = None log_opt_values /usr/lib/python3/dist-packages/oslo_config/cfg.py:2609
2024-10-21 00:47:15.525 124492 DEBUG oslo_service.service [req-9976dc41-782b-4d8f-aee1-2d8474245d07 - - - - -] libvirt.enabled_perf_events = [] log_opt_values /usr/lib/python3/dist-packages/oslo_config/cfg.py:2609
2024-10-21 00:47:15.525 124492 DEBUG oslo_service.service [req-9976dc41-782b-4d8f-aee1-2d8474245d07 - - - - -] libvirt.file_backed_memory = 0 log_opt_values /usr/lib/python3/dist-packages/oslo_config/cfg.py:2609
2024-10-21 00:47:15.525 124492 DEBUG oslo_service.service [req-9976dc41-782b-4d8f-aee1-2d8474245d07 - - - - -] libvirt.gid_maps = [] log_opt_values /usr/lib/python3/dist-packages/oslo_config/cfg.py:2609
2024-10-21 00:47:15.525 126201 DEBUG nova.service [req-ba8bb894-70a7-4246-9b32-1de064f25620 - - - - -] Join ServiceGroup membership for this service scheduler start /usr/lib/python3/dist-packages/nova/service.py:199
2024-10-21 00:47:15.525 124492 DEBUG oslo_service.service [req-9976dc41-782b-4d8f-aee1-2d8474245d07 - - - - -] libvirt.hw_disk_discard = None log_opt_values /usr/lib/python3/dist-packages/oslo_config/cfg.py:2609
2024-10-21 00:47:15.525 126200 DEBUG nova.service [req-7a26f469-dfcf-48f7-b475-fdd8b97c3e2d - - - - -] Join ServiceGroup membership for this service scheduler start /usr/lib/python3/dist-packages/nova/service.py:199
2024-10-21 00:47:15.526 126201 DEBUG nova.servicegroup.drivers.db [req-ba8bb894-70a7-4246-9b32-1de064f25620 - - - - -] DB_Driver: join new ServiceGroup member juju-8c1229-0-lxd-7 to the scheduler group, service = join /usr/lib/python3/dist-packages/nova/servicegroup/drivers/db.py:44
2024-10-21 00:47:15.526 124492 DEBUG oslo_service.service [req-9976dc41-782b-4d8f-aee1-2d8474245d07 - - - - -] libvirt.hw_machine_type = None log_opt_values /usr/lib/python3/dist-packages/oslo_config/cfg.py:2609
2024-10-21 00:47:15.526 126200 DEBUG nova.servicegroup.drivers.db [req-7a26f469-dfcf-48f7-b475-fdd8b97c3e2d - - - - -] DB_Driver: join new ServiceGroup member juju-8c1229-0-lxd-7 to the scheduler group, service = join /usr/lib/python3/dist-packages/nova/servicegroup/drivers/db.py:44
2024-10-21 00:47:15.526 124492 DEBUG oslo_service.service [req-9976dc41-782b-4d8f-aee1-2d8474245d07 - - - - -] libvirt.images_rbd_ceph_conf = log_opt_values /usr/lib/python3/dist-packages/oslo_config/cfg.py:2609
2024-10-21 00:47:15.526 124492 DEBUG oslo_service.service [req-9976dc41-782b-4d8f-aee1-2d8474245d07 - - - - -] libvirt.images_rbd_glance_copy_poll_interval = 15 log_opt_values /usr/lib/python3/dist-packages/oslo_config/cfg.py:2609
2024-10-21 00:47:15.526 124492 DEBUG oslo_service.service [req-9976dc41-782b-4d8f-aee1-2d8474245d07 - - - - -] libvirt.images_rbd_glance_copy_timeout = 600 log_opt_values /usr/lib/python3/dist-packages/oslo_config/cfg.py:2609
2024-10-21 00:47:15.526 124492 DEBUG oslo_service.service [req-9976dc41-782b-4d8f-aee1-2d8474245d07 - - - - -] libvirt.images_rbd_glance_store_name = log_opt_values /usr/lib/python3/dist-packages/oslo_config/cfg.py:2609
2024-10-21 00:47:15.527 124492 DEBUG oslo_service.service [req-9976dc41-782b-4d8f-aee1-2d8474245d07 - - - - -] libvirt.images_rbd_pool = rbd log_opt_values /usr/lib/python3/dist-packages/oslo_config/cfg.py:2609
2024-10-21 00:47:15.526 126208 DEBUG oslo_messaging._drivers.amqpdriver [-] Listener is running poll /usr/lib/python3/dist-packages/oslo_messaging/_drivers/amqpdriver.py:343
2024-10-21 00:47:15.527 126201 DEBUG oslo_service.periodic_task [req-c6fd32c0-7780-48c6-be8b-22c126e9f0b6 - - - - -] Running periodic task SchedulerManager._discover_hosts_in_cells run_periodic_tasks /usr/lib/python3/dist-packages/oslo_service/periodic_task.py:210
2024-10-21 00:47:15.527 124492 DEBUG oslo_service.service [req-9976dc41-782b-4d8f-aee1-2d8474245d07 - - - - -] libvirt.images_type = default log_opt_values /usr/lib/python3/dist-packages/oslo_config/cfg.py:2609
2024-10-21 00:47:15.527 126208 DEBUG oslo_messaging._drivers.amqpdriver [-] AMQPListener connection consume poll /usr/lib/python3/dist-packages/oslo_messaging/_drivers/amqpdriver.py:357
2024-10-21 00:47:15.527 124492 DEBUG oslo_service.service [req-9976dc41-782b-4d8f-aee1-2d8474245d07 - - - - -] libvirt.images_volume_group = None log_opt_values /usr/lib/python3/dist-packages/oslo_config/cfg.py:2609
2024-10-21 00:47:15.527 124492 DEBUG oslo_service.service [req-9976dc41-782b-4d8f-aee1-2d8474245d07 - - - - -] libvirt.inject_key = False log_opt_values /usr/lib/python3/dist-packages/oslo_config/cfg.py:2609
2024-10-21 00:47:15.527 124492 DEBUG oslo_service.service [req-9976dc41-782b-4d8f-aee1-2d8474245d07 - - - - -] libvirt.inject_partition = -2 log_opt_values /usr/lib/python3/dist-packages/oslo_config/cfg.py:2609
2024-10-21 00:47:15.528 124492 DEBUG oslo_service.service [req-9976dc41-782b-4d8f-aee1-2d8474245d07 - - - - -] libvirt.inject_password = False log_opt_values /usr/lib/python3/dist-packages/oslo_config/cfg.py:2609
2024-10-21 00:47:15.528 124492 DEBUG oslo_service.service [req-9976dc41-782b-4d8f-aee1-2d8474245d07 - - - - -] libvirt.iscsi_iface = None log_opt_values /usr/lib/python3/dist-packages/oslo_config/cfg.py:2609
2024-10-21 00:47:15.528 124492 DEBUG oslo_service.service [req-9976dc41-782b-4d8f-aee1-2d8474245d07 - - - - -] libvirt.iser_use_multipath = False log_opt_values /usr/lib/python3/dist-packages/oslo_config/cfg.py:2609
