2024-10-21 00:49:15.509 145806 DEBUG oslo_service.service [req-c8ed9dbc-34ed-4408-b4ea-4ee00f06fd05 - - - - -] wsgi.max_header_line = 16384 log_opt_values /usr/lib/python3/dist-packages/oslo_config/cfg.py:2609
2024-10-21 00:49:15.509 145806 DEBUG oslo_service.service [req-c8ed9dbc-34ed-4408-b4ea-4ee00f06fd05 - - - - -] wsgi.secure_proxy_ssl_header = None log_opt_values /usr/lib/python3/dist-packages/oslo_config/cfg.py:2609
2024-10-21 00:49:15.509 145806 DEBUG oslo_service.service [req-c8ed9dbc-34ed-4408-b4ea-4ee00f06fd05 - - - - -] wsgi.ssl_ca_file = None log_opt_values /usr/lib/python3/dist-packages/oslo_config/cfg.py:2609
2024-10-21 00:49:15.510 145806 DEBUG oslo_service.service [req-c8ed9dbc-34ed-4408-b4ea-4ee00f06fd05 - - - - -] wsgi.ssl_cert_file = None log_opt_values /usr/lib/python3/dist-packages/oslo_config/cfg.py:2609
2024-10-21 00:49:15.510 145806 DEBUG oslo_service.service [req-c8ed9dbc-34ed-4408-b4ea-4ee00f06fd05 - - - - -] wsgi.ssl_key_file = None log_opt_values /usr/lib/python3/dist-packages/oslo_config/cfg.py:2609
2024-10-21 00:49:15.510 145806 DEBUG oslo_service.service [req-c8ed9dbc-34ed-4408-b4ea-4ee00f06fd05 - - - - -] wsgi.tcp_keepidle = 600 log_opt_values /usr/lib/python3/dist-packages/oslo_config/cfg.py:2609
2024-10-21 00:49:15.510 145806 DEBUG oslo_service.service [req-c8ed9dbc-34ed-4408-b4ea-4ee00f06fd05 - - - - -] wsgi.wsgi_log_format = %(client_ip)s "%(request_line)s" status: %(status_code)s len: %(body_length)s time: %(wall_seconds).7f log_opt_values /usr/lib/python3/dist-packages/oslo_config/cfg.py:2609
2024-10-21 00:49:15.511 145806 DEBUG oslo_service.service [req-c8ed9dbc-34ed-4408-b4ea-4ee00f06fd05 - - - - -] zvm.ca_file = None log_opt_values /usr/lib/python3/dist-packages/oslo_config/cfg.py:2609
2024-10-21 00:49:15.511 145806 DEBUG oslo_service.service [req-c8ed9dbc-34ed-4408-b4ea-4ee00f06fd05 - - - - -] zvm.cloud_connector_url = None log_opt_values /usr/lib/python3/dist-packages/oslo_config/cfg.py:2609
2024-10-21 00:49:15.511 145806 DEBUG oslo_service.service [req-c8ed9dbc-34ed-4408-b4ea-4ee00f06fd05 - - - - -] zvm.image_tmp_path = /var/lib/nova/images log_opt_values /usr/lib/python3/dist-packages/oslo_config/cfg.py:2609
2024-10-21 00:49:15.512 145806 DEBUG oslo_service.service [req-c8ed9dbc-34ed-4408-b4ea-4ee00f06fd05 - - - - -] zvm.reachable_timeout = 300 log_opt_values /usr/lib/python3/dist-packages/oslo_config/cfg.py:2609
2024-10-21 00:49:15.512 145806 DEBUG oslo_service.service [req-c8ed9dbc-34ed-4408-b4ea-4ee00f06fd05 - - - - -] oslo_messaging_metrics.metrics_buffer_size = 1000 log_opt_values /usr/lib/python3/dist-packages/oslo_config/cfg.py:2609
2024-10-21 00:49:15.512 145806 DEBUG oslo_service.service [req-c8ed9dbc-34ed-4408-b4ea-4ee00f06fd05 - - - - -] oslo_messaging_metrics.metrics_enabled = False log_opt_values /usr/lib/python3/dist-packages/oslo_config/cfg.py:2609
2024-10-21 00:49:15.513 145806 DEBUG oslo_service.service [req-c8ed9dbc-34ed-4408-b4ea-4ee00f06fd05 - - - - -] oslo_messaging_metrics.metrics_process_name = log_opt_values /usr/lib/python3/dist-packages/oslo_config/cfg.py:2609
2024-10-21 00:49:15.513 145806 DEBUG oslo_service.service [req-c8ed9dbc-34ed-4408-b4ea-4ee00f06fd05 - - - - -] oslo_messaging_metrics.metrics_socket_file = /var/tmp/metrics_collector.sock log_opt_values /usr/lib/python3/dist-packages/oslo_config/cfg.py:2609
2024-10-21 00:49:15.513 145806 DEBUG oslo_service.service [req-c8ed9dbc-34ed-4408-b4ea-4ee00f06fd05 - - - - -] oslo_messaging_metrics.metrics_thread_stop_timeout = 10 log_opt_values /usr/lib/python3/dist-packages/oslo_config/cfg.py:2609
2024-10-21 00:49:15.513 145806 DEBUG oslo_service.service [req-c8ed9dbc-34ed-4408-b4ea-4ee00f06fd05 - - - - -] oslo_policy.enforce_new_defaults = False log_opt_values /usr/lib/python3/dist-packages/oslo_config/cfg.py:2609
2024-10-21 00:49:15.514 145806 DEBUG oslo_service.service [req-c8ed9dbc-34ed-4408-b4ea-4ee00f06fd05 - - - - -] oslo_policy.enforce_scope = False log_opt_values /usr/lib/python3/dist-packages/oslo_config/cfg.py:2609
2024-10-21 00:49:15.514 145806 DEBUG oslo_service.service [req-c8ed9dbc-34ed-4408-b4ea-4ee00f06fd05 - - - - -] oslo_policy.policy_default_rule = default log_opt_values /usr/lib/python3/dist-packages/oslo_config/cfg.py:2609
2024-10-21 00:49:15.514 145806 DEBUG oslo_service.service [req-c8ed9dbc-34ed-4408-b4ea-4ee00f06fd05 - - - - -] oslo_policy.policy_dirs = ['policy.d'] log_opt_values /usr/lib/python3/dist-packages/oslo_config/cfg.py:2609
2024-10-21 00:49:15.514 145806 DEBUG oslo_service.service [req-c8ed9dbc-34ed-4408-b4ea-4ee00f06fd05 - - - - -] oslo_policy.policy_file = policy.yaml log_opt_values /usr/lib/python3/dist-packages/oslo_config/cfg.py:2609
2024-10-21 00:49:15.515 145806 DEBUG oslo_service.service [req-c8ed9dbc-34ed-4408-b4ea-4ee00f06fd05 - - - - -] oslo_policy.remote_content_type = application/x-www-form-urlencoded log_opt_values /usr/lib/python3/dist-packages/oslo_config/cfg.py:2609
2024-10-21 00:49:15.515 145806 DEBUG oslo_service.service [req-c8ed9dbc-34ed-4408-b4ea-4ee00f06fd05 - - - - -] oslo_policy.remote_ssl_ca_crt_file = None log_opt_values /usr/lib/python3/dist-packages/oslo_config/cfg.py:2609
2024-10-21 00:49:15.515 145806 DEBUG oslo_service.service [req-c8ed9dbc-34ed-4408-b4ea-4ee00f06fd05 - - - - -] oslo_policy.remote_ssl_client_crt_file = None log_opt_values /usr/lib/python3/dist-packages/oslo_config/cfg.py:2609
2024-10-21 00:49:15.515 145806 DEBUG oslo_service.service [req-c8ed9dbc-34ed-4408-b4ea-4ee00f06fd05 - - - - -] oslo_policy.remote_ssl_client_key_file = None log_opt_values /usr/lib/python3/dist-packages/oslo_config/cfg.py:2609
2024-10-21 00:49:15.516 145806 DEBUG oslo_service.service [req-c8ed9dbc-34ed-4408-b4ea-4ee00f06fd05 - - - - -] oslo_policy.remote_ssl_verify_server_crt = False log_opt_values /usr/lib/python3/dist-packages/oslo_config/cfg.py:2609
2024-10-21 00:49:15.516 145806 DEBUG oslo_service.service [req-c8ed9dbc-34ed-4408-b4ea-4ee00f06fd05 - - - - -] oslo_versionedobjects.fatal_exception_format_errors = False log_opt_values /usr/lib/python3/dist-packages/oslo_config/cfg.py:2609
2024-10-21 00:49:15.516 145806 DEBUG oslo_service.service [req-c8ed9dbc-34ed-4408-b4ea-4ee00f06fd05 - - - - -] oslo_middleware.http_basic_auth_user_file = /etc/htpasswd log_opt_values /usr/lib/python3/dist-packages/oslo_config/cfg.py:2609
2024-10-21 00:49:15.516 145806 DEBUG oslo_service.service [req-c8ed9dbc-34ed-4408-b4ea-4ee00f06fd05 - - - - -] profiler.connection_string = messaging:// log_opt_values /usr/lib/python3/dist-packages/oslo_config/cfg.py:2609
2024-10-21 00:49:15.517 145806 DEBUG oslo_service.service [req-c8ed9dbc-34ed-4408-b4ea-4ee00f06fd05 - - - - -] profiler.enabled = False log_opt_values /usr/lib/python3/dist-packages/oslo_config/cfg.py:2609
2024-10-21 00:49:15.518 145806 DEBUG oslo_service.service [req-c8ed9dbc-34ed-4408-b4ea-4ee00f06fd05 - - - - -] profiler.es_doc_type = notification log_opt_values /usr/lib/python3/dist-packages/oslo_config/cfg.py:2609
2024-10-21 00:49:15.518 145806 DEBUG oslo_service.service [req-c8ed9dbc-34ed-4408-b4ea-4ee00f06fd05 - - - - -] profiler.es_scroll_size = 10000 log_opt_values /usr/lib/python3/dist-packages/oslo_config/cfg.py:2609
2024-10-21 00:49:15.518 145806 DEBUG oslo_service.service [req-c8ed9dbc-34ed-4408-b4ea-4ee00f06fd05 - - - - -] profiler.es_scroll_time = 2m log_opt_values /usr/lib/python3/dist-packages/oslo_config/cfg.py:2609
2024-10-21 00:49:15.518 145806 DEBUG oslo_service.service [req-c8ed9dbc-34ed-4408-b4ea-4ee00f06fd05 - - - - -] profiler.filter_error_trace = False log_opt_values /usr/lib/python3/dist-packages/oslo_config/cfg.py:2609
2024-10-21 00:49:15.519 145806 DEBUG oslo_service.service [req-c8ed9dbc-34ed-4408-b4ea-4ee00f06fd05 - - - - -] profiler.hmac_keys = SECRET_KEY log_opt_values /usr/lib/python3/dist-packages/oslo_config/cfg.py:2609
2024-10-21 00:49:15.519 145806 DEBUG oslo_service.service [req-c8ed9dbc-34ed-4408-b4ea-4ee00f06fd05 - - - - -] profiler.sentinel_service_name = mymaster log_opt_values /usr/lib/python3/dist-packages/oslo_config/cfg.py:2609
2024-10-21 00:49:15.519 145806 DEBUG oslo_service.service [req-c8ed9dbc-34ed-4408-b4ea-4ee00f06fd05 - - - - -] profiler.socket_timeout = 0.1 log_opt_values /usr/lib/python3/dist-packages/oslo_config/cfg.py:2609
2024-10-21 00:49:15.519 145806 DEBUG oslo_service.service [req-c8ed9dbc-34ed-4408-b4ea-4ee00f06fd05 - - - - -] profiler.trace_sqlalchemy = False log_opt_values /usr/lib/python3/dist-packages/oslo_config/cfg.py:2609
2024-10-21 00:49:15.519 145806 DEBUG oslo_service.service [req-c8ed9dbc-34ed-4408-b4ea-4ee00f06fd05 - - - - -] remote_debug.host = None log_opt_values /usr/lib/python3/dist-packages/oslo_config/cfg.py:2609
2024-10-21 00:49:15.520 145806 DEBUG oslo_service.service [req-c8ed9dbc-34ed-4408-b4ea-4ee00f06fd05 - - - - -] remote_debug.port = None log_opt_values /usr/lib/python3/dist-packages/oslo_config/cfg.py:2609
2024-10-21 00:49:15.521 145806 DEBUG oslo_service.service [req-c8ed9dbc-34ed-4408-b4ea-4ee00f06fd05 - - - - -] oslo_messaging_rabbit.amqp_auto_delete = False log_opt_values /usr/lib/python3/dist-packages/oslo_config/cfg.py:2609
2024-10-21 00:49:15.521 145806 DEBUG oslo_service.service [req-c8ed9dbc-34ed-4408-b4ea-4ee00f06fd05 - - - - -] oslo_messaging_rabbit.amqp_durable_queues = False log_opt_values /usr/lib/python3/dist-packages/oslo_config/cfg.py:2609
2024-10-21 00:49:15.521 145806 DEBUG oslo_service.service [req-c8ed9dbc-34ed-4408-b4ea-4ee00f06fd05 - - - - -] oslo_messaging_rabbit.conn_pool_min_size = 2 log_opt_values /usr/lib/python3/dist-packages/oslo_config/cfg.py:2609
2024-10-21 00:49:15.521 145806 DEBUG oslo_service.service [req-c8ed9dbc-34ed-4408-b4ea-4ee00f06fd05 - - - - -] oslo_messaging_rabbit.conn_pool_ttl = 1200 log_opt_values /usr/lib/python3/dist-packages/oslo_config/cfg.py:2609
2024-10-21 00:49:15.522 145806 DEBUG oslo_service.service [req-c8ed9dbc-34ed-4408-b4ea-4ee00f06fd05 - - - - -] oslo_messaging_rabbit.direct_mandatory_flag = True log_opt_values /usr/lib/python3/dist-packages/oslo_config/cfg.py:2609
2024-10-21 00:49:15.522 145806 DEBUG oslo_service.service [req-c8ed9dbc-34ed-4408-b4ea-4ee00f06fd05 - - - - -] oslo_messaging_rabbit.enable_cancel_on_failover = False log_opt_values /usr/lib/python3/dist-packages/oslo_config/cfg.py:2609
2024-10-21 00:49:15.522 145806 DEBUG oslo_service.service [req-c8ed9dbc-34ed-4408-b4ea-4ee00f06fd05 - - - - -] oslo_messaging_rabbit.heartbeat_in_pthread = True log_opt_values /usr/lib/python3/dist-packages/oslo_config/cfg.py:2609
2024-10-21 00:49:15.522 145806 DEBUG oslo_service.service [req-c8ed9dbc-34ed-4408-b4ea-4ee00f06fd05 - - - - -] oslo_messaging_rabbit.heartbeat_rate = 2 log_opt_values /usr/lib/python3/dist-packages/oslo_config/cfg.py:2609
2024-10-21 00:49:15.522 145806 DEBUG oslo_service.service [req-c8ed9dbc-34ed-4408-b4ea-4ee00f06fd05 - - - - -] oslo_messaging_rabbit.heartbeat_timeout_threshold = 60 log_opt_values /usr/lib/python3/dist-packages/oslo_config/cfg.py:2609
2024-10-21 00:49:15.523 145806 DEBUG oslo_service.service [req-c8ed9dbc-34ed-4408-b4ea-4ee00f06fd05 - - - - -] oslo_messaging_rabbit.kombu_compression = None log_opt_values /usr/lib/python3/dist-packages/oslo_config/cfg.py:2609
2024-10-21 00:49:15.523 145806 DEBUG oslo_service.service [req-c8ed9dbc-34ed-4408-b4ea-4ee00f06fd05 - - - - -] oslo_messaging_rabbit.kombu_failover_strategy = round-robin log_opt_values /usr/lib/python3/dist-packages/oslo_config/cfg.py:2609
2024-10-21 00:49:15.523 145806 DEBUG oslo_service.service [req-c8ed9dbc-34ed-4408-b4ea-4ee00f06fd05 - - - - -] oslo_messaging_rabbit.kombu_missing_consumer_retry_timeout = 60 log_opt_values /usr/lib/python3/dist-packages/oslo_config/cfg.py:2609
2024-10-21 00:49:15.523 145806 DEBUG oslo_service.service [req-c8ed9dbc-34ed-4408-b4ea-4ee00f06fd05 - - - - -] oslo_messaging_rabbit.kombu_reconnect_delay = 1.0 log_opt_values /usr/lib/python3/dist-packages/oslo_config/cfg.py:2609
2024-10-21 00:49:15.523 145806 DEBUG oslo_service.service [req-c8ed9dbc-34ed-4408-b4ea-4ee00f06fd05 - - - - -] oslo_messaging_rabbit.rabbit_ha_queues = False log_opt_values /usr/lib/python3/dist-packages/oslo_config/cfg.py:2609
2024-10-21 00:49:15.524 145806 DEBUG oslo_service.service [req-c8ed9dbc-34ed-4408-b4ea-4ee00f06fd05 - - - - -] oslo_messaging_rabbit.rabbit_interval_max = 30 log_opt_values /usr/lib/python3/dist-packages/oslo_config/cfg.py:2609
2024-10-21 00:49:15.524 145806 DEBUG oslo_service.service [req-c8ed9dbc-34ed-4408-b4ea-4ee00f06fd05 - - - - -] oslo_messaging_rabbit.rabbit_login_method = AMQPLAIN log_opt_values /usr/lib/python3/dist-packages/oslo_config/cfg.py:2609
2024-10-21 00:49:15.525 145806 DEBUG oslo_service.service [req-c8ed9dbc-34ed-4408-b4ea-4ee00f06fd05 - - - - -] oslo_messaging_rabbit.rabbit_qos_prefetch_count = 0 log_opt_values /usr/lib/python3/dist-packages/oslo_config/cfg.py:2609
2024-10-21 00:49:15.525 145806 DEBUG oslo_service.service [req-c8ed9dbc-34ed-4408-b4ea-4ee00f06fd05 - - - - -] oslo_messaging_rabbit.rabbit_quorum_queue = False log_opt_values /usr/lib/python3/dist-packages/oslo_config/cfg.py:2609
2024-10-21 00:49:15.525 145806 DEBUG oslo_service.service [req-c8ed9dbc-34ed-4408-b4ea-4ee00f06fd05 - - - - -] oslo_messaging_rabbit.rabbit_retry_backoff = 2 log_opt_values /usr/lib/python3/dist-packages/oslo_config/cfg.py:2609
2024-10-21 00:49:15.526 145806 DEBUG oslo_service.service [req-c8ed9dbc-34ed-4408-b4ea-4ee00f06fd05 - - - - -] oslo_messaging_rabbit.rabbit_retry_interval = 1 log_opt_values /usr/lib/python3/dist-packages/oslo_config/cfg.py:2609
2024-10-21 00:49:15.526 145806 DEBUG oslo_service.service [req-c8ed9dbc-34ed-4408-b4ea-4ee00f06fd05 - - - - -] oslo_messaging_rabbit.rabbit_transient_queues_ttl = 1800 log_opt_values /usr/lib/python3/dist-packages/oslo_config/cfg.py:2609
2024-10-21 00:49:15.526 145806 DEBUG oslo_service.service [req-c8ed9dbc-34ed-4408-b4ea-4ee00f06fd05 - - - - -] oslo_messaging_rabbit.rpc_conn_pool_size = 30 log_opt_values /usr/lib/python3/dist-packages/oslo_config/cfg.py:2609
2024-10-21 00:49:15.526 145806 DEBUG oslo_service.service [req-c8ed9dbc-34ed-4408-b4ea-4ee00f06fd05 - - - - -] oslo_messaging_rabbit.ssl = False log_opt_values /usr/lib/python3/dist-packages/oslo_config/cfg.py:2609
2024-10-21 00:49:15.526 145806 DEBUG oslo_service.service [req-c8ed9dbc-34ed-4408-b4ea-4ee00f06fd05 - - - - -] oslo_messaging_rabbit.ssl_ca_file = log_opt_values /usr/lib/python3/dist-packages/oslo_config/cfg.py:2609
2024-10-21 00:49:15.526 145806 DEBUG oslo_service.service [req-c8ed9dbc-34ed-4408-b4ea-4ee00f06fd05 - - - - -] oslo_messaging_rabbit.ssl_cert_file = log_opt_values /usr/lib/python3/dist-packages/oslo_config/cfg.py:2609
2024-10-21 00:49:15.527 145806 DEBUG oslo_service.service [req-c8ed9dbc-34ed-4408-b4ea-4ee00f06fd05 - - - - -] oslo_messaging_rabbit.ssl_key_file = log_opt_values /usr/lib/python3/dist-packages/oslo_config/cfg.py:2609
2024-10-21 00:49:15.527 145806 DEBUG oslo_service.service [req-c8ed9dbc-34ed-4408-b4ea-4ee00f06fd05 - - - - -] oslo_messaging_rabbit.ssl_version = log_opt_values /usr/lib/python3/dist-packages/oslo_config/cfg.py:2609
2024-10-21 00:49:15.527 145806 DEBUG oslo_service.service [req-c8ed9dbc-34ed-4408-b4ea-4ee00f06fd05 - - - - -] oslo_messaging_notifications.driver = ['messagingv2'] log_opt_values /usr/lib/python3/dist-packages/oslo_config/cfg.py:2609
2024-10-21 00:49:15.527 145806 DEBUG oslo_service.service [req-c8ed9dbc-34ed-4408-b4ea-4ee00f06fd05 - - - - -] oslo_messaging_notifications.retry = -1 log_opt_values /usr/lib/python3/dist-packages/oslo_config/cfg.py:2609
2024-10-21 00:49:15.527 145806 DEBUG oslo_service.service [req-c8ed9dbc-34ed-4408-b4ea-4ee00f06fd05 - - - - -] oslo_messaging_notifications.topics = ['notifications'] log_opt_values /usr/lib/python3/dist-packages/oslo_config/cfg.py:2609
2024-10-21 00:49:15.528 145806 DEBUG oslo_service.service [req-c8ed9dbc-34ed-4408-b4ea-4ee00f06fd05 - - - - -] oslo_messaging_notifications.transport_url = **** log_opt_values /usr/lib/python3/dist-packages/oslo_config/cfg.py:2609
2024-10-21 00:49:15.528 145806 DEBUG oslo_service.service [req-c8ed9dbc-34ed-4408-b4ea-4ee00f06fd05 - - - - -] oslo_limit.auth_section = None log_opt_values /usr/lib/python3/dist-packages/oslo_config/cfg.py:2609
2024-10-21 00:49:15.528 145806 DEBUG oslo_service.service [req-c8ed9dbc-34ed-4408-b4ea-4ee00f06fd05 - - - - -] oslo_limit.auth_type = None log_opt_values /usr/lib/python3/dist-packages/oslo_config/cfg.py:2609
2024-10-21 00:49:15.528 145806 DEBUG oslo_service.service [req-c8ed9dbc-34ed-4408-b4ea-4ee00f06fd05 - - - - -] oslo_limit.cafile = None log_opt_values /usr/lib/python3/dist-packages/oslo_config/cfg.py:2609
2024-10-21 00:49:15.528 145806 DEBUG oslo_service.service [req-c8ed9dbc-34ed-4408-b4ea-4ee00f06fd05 - - - - -] oslo_limit.certfile = None log_opt_values /usr/lib/python3/dist-packages/oslo_config/cfg.py:2609
2024-10-21 00:49:15.529 145806 DEBUG oslo_service.service [req-c8ed9dbc-34ed-4408-b4ea-4ee00f06fd05 - - - - -] oslo_limit.collect_timing = False log_opt_values /usr/lib/python3/dist-packages/oslo_config/cfg.py:2609
2024-10-21 00:49:15.529 145806 DEBUG oslo_service.service [req-c8ed9dbc-34ed-4408-b4ea-4ee00f06fd05 - - - - -] oslo_limit.connect_retries = None log_opt_values /usr/lib/python3/dist-packages/oslo_config/cfg.py:2609
2024-10-21 00:49:15.529 145806 DEBUG oslo_service.service [req-c8ed9dbc-34ed-4408-b4ea-4ee00f06fd05 - - - - -] oslo_limit.connect_retry_delay = None log_opt_values /usr/lib/python3/dist-packages/oslo_config/cfg.py:2609
2024-10-21 00:49:15.529 145806 DEBUG oslo_service.service [req-c8ed9dbc-34ed-4408-b4ea-4ee00f06fd05 - - - - -] oslo_limit.endpoint_id = None log_opt_values /usr/lib/python3/dist-packages/oslo_config/cfg.py:2609
2024-10-21 00:49:15.529 145806 DEBUG oslo_service.service [req-c8ed9dbc-34ed-4408-b4ea-4ee00f06fd05 - - - - -] oslo_limit.endpoint_override = None log_opt_values /usr/lib/python3/dist-packages/oslo_config/cfg.py:2609
2024-10-21 00:49:15.530 145806 DEBUG oslo_service.service [req-c8ed9dbc-34ed-4408-b4ea-4ee00f06fd05 - - - - -] oslo_limit.insecure = False log_opt_values /usr/lib/python3/dist-packages/oslo_config/cfg.py:2609
2024-10-21 00:49:15.530 145806 DEBUG oslo_service.service [req-c8ed9dbc-34ed-4408-b4ea-4ee00f06fd05 - - - - -] oslo_limit.keyfile = None log_opt_values /usr/lib/python3/dist-packages/oslo_config/cfg.py:2609
2024-10-21 00:49:15.530 145806 DEBUG oslo_service.service [req-c8ed9dbc-34ed-4408-b4ea-4ee00f06fd05 - - - - -] oslo_limit.max_version = None log_opt_values /usr/lib/python3/dist-packages/oslo_config/cfg.py:2609
2024-10-21 00:49:15.530 145806 DEBUG oslo_service.service [req-c8ed9dbc-34ed-4408-b4ea-4ee00f06fd05 - - - - -] oslo_limit.min_version = None log_opt_values /usr/lib/python3/dist-packages/oslo_config/cfg.py:2609
2024-10-21 00:49:15.531 145806 DEBUG oslo_service.service [req-c8ed9dbc-34ed-4408-b4ea-4ee00f06fd05 - - - - -] oslo_limit.region_name = None log_opt_values /usr/lib/python3/dist-packages/oslo_config/cfg.py:2609
2024-10-21 00:49:15.531 145806 DEBUG oslo_service.service [req-c8ed9dbc-34ed-4408-b4ea-4ee00f06fd05 - - - - -] oslo_limit.service_name = None log_opt_values /usr/lib/python3/dist-packages/oslo_config/cfg.py:2609
2024-10-21 00:49:15.531 145806 DEBUG oslo_service.service [req-c8ed9dbc-34ed-4408-b4ea-4ee00f06fd05 - - - - -] oslo_limit.service_type = None log_opt_values /usr/lib/python3/dist-packages/oslo_config/cfg.py:2609
2024-10-21 00:49:15.531 145806 DEBUG oslo_service.service [req-c8ed9dbc-34ed-4408-b4ea-4ee00f06fd05 - - - - -] oslo_limit.split_loggers = False log_opt_values /usr/lib/python3/dist-packages/oslo_config/cfg.py:2609
2024-10-21 00:49:15.531 145806 DEBUG oslo_service.service [req-c8ed9dbc-34ed-4408-b4ea-4ee00f06fd05 - - - - -] oslo_limit.status_code_retries = None log_opt_values /usr/lib/python3/dist-packages/oslo_config/cfg.py:2609
2024-10-21 00:49:15.531 145806 DEBUG oslo_service.service [req-c8ed9dbc-34ed-4408-b4ea-4ee00f06fd05 - - - - -] oslo_limit.status_code_retry_delay = None log_opt_values /usr/lib/python3/dist-packages/oslo_config/cfg.py:2609
2024-10-21 00:49:15.532 145806 DEBUG oslo_service.service [req-c8ed9dbc-34ed-4408-b4ea-4ee00f06fd05 - - - - -] oslo_limit.timeout = None log_opt_values /usr/lib/python3/dist-packages/oslo_config/cfg.py:2609
2024-10-21 00:49:15.532 145806 DEBUG oslo_service.service [req-c8ed9dbc-34ed-4408-b4ea-4ee00f06fd05 - - - - -] oslo_limit.valid_interfaces = None log_opt_values /usr/lib/python3/dist-packages/oslo_config/cfg.py:2609
2024-10-21 00:49:15.532 145806 DEBUG oslo_service.service [req-c8ed9dbc-34ed-4408-b4ea-4ee00f06fd05 - - - - -] oslo_limit.version = None log_opt_values /usr/lib/python3/dist-packages/oslo_config/cfg.py:2609
2024-10-21 00:49:15.532 145806 DEBUG oslo_service.service [req-c8ed9dbc-34ed-4408-b4ea-4ee00f06fd05 - - - - -] oslo_reports.file_event_handler = None log_opt_values /usr/lib/python3/dist-packages/oslo_config/cfg.py:2609
2024-10-21 00:49:15.532 145806 DEBUG oslo_service.service [req-c8ed9dbc-34ed-4408-b4ea-4ee00f06fd05 - - - - -] oslo_reports.file_event_handler_interval = 1 log_opt_values /usr/lib/python3/dist-packages/oslo_config/cfg.py:2609
2024-10-21 00:49:15.532 145806 DEBUG oslo_service.service [req-c8ed9dbc-34ed-4408-b4ea-4ee00f06fd05 - - - - -] oslo_reports.log_dir = None log_opt_values /usr/lib/python3/dist-packages/oslo_config/cfg.py:2609
2024-10-21 00:49:15.533 145806 DEBUG oslo_service.service [req-c8ed9dbc-34ed-4408-b4ea-4ee00f06fd05 - - - - -] ******************************************************************************** log_opt_values /usr/lib/python3/dist-packages/oslo_config/cfg.py:2613
2024-10-21 00:49:16.385 146146 DEBUG oslo_messaging._drivers.amqpdriver [-] AMQPListener connection timeout poll /usr/lib/python3/dist-packages/oslo_messaging/_drivers/amqpdriver.py:360
2024-10-21 00:49:16.385 146146 DEBUG oslo_messaging._drivers.amqpdriver [-] Listener is running poll /usr/lib/python3/dist-packages/oslo_messaging/_drivers/amqpdriver.py:343
2024-10-21 00:49:16.385 146146 DEBUG oslo_messaging._drivers.amqpdriver [-] AMQPListener connection consume poll /usr/lib/python3/dist-packages/oslo_messaging/_drivers/amqpdriver.py:357
2024-10-21 00:49:16.397 146147 DEBUG oslo_messaging._drivers.amqpdriver [-] AMQPListener connection timeout poll /usr/lib/python3/dist-packages/oslo_messaging/_drivers/amqpdriver.py:360
2024-10-21 00:49:16.397 146147 DEBUG oslo_messaging._drivers.amqpdriver [-] Listener is running poll /usr/lib/python3/dist-packages/oslo_messaging/_drivers/amqpdriver.py:343
2024-10-21 00:49:16.397 146147 DEBUG oslo_messaging._drivers.amqpdriver [-] AMQPListener connection consume poll /usr/lib/python3/dist-packages/oslo_messaging/_drivers/amqpdriver.py:357
2024-10-21 00:49:16.401 146148 DEBUG oslo_messaging._drivers.amqpdriver [-] AMQPListener connection timeout poll /usr/lib/python3/dist-packages/oslo_messaging/_drivers/amqpdriver.py:360
2024-10-21 00:49:16.402 146148 DEBUG oslo_messaging._drivers.amqpdriver [-] Listener is running poll /usr/lib/python3/dist-packages/oslo_messaging/_drivers/amqpdriver.py:343
2024-10-21 00:49:16.402 146148 DEBUG oslo_messaging._drivers.amqpdriver [-] AMQPListener connection consume poll /usr/lib/python3/dist-packages/oslo_messaging/_drivers/amqpdriver.py:357
2024-10-21 00:49:16.420 146149 DEBUG oslo_messaging._drivers.amqpdriver [-] AMQPListener connection timeout poll /usr/lib/python3/dist-packages/oslo_messaging/_drivers/amqpdriver.py:360
2024-10-21 00:49:16.420 146149 DEBUG oslo_messaging._drivers.amqpdriver [-] Listener is running poll /usr/lib/python3/dist-packages/oslo_messaging/_drivers/amqpdriver.py:343
2024-10-21 00:49:16.420 146149 DEBUG oslo_messaging._drivers.amqpdriver [-] AMQPListener connection consume poll /usr/lib/python3/dist-packages/oslo_messaging/_drivers/amqpdriver.py:357
2024-10-21 00:49:18.388 146146 DEBUG oslo_messaging._drivers.amqpdriver [-] AMQPListener connection timeout poll /usr/lib/python3/dist-packages/oslo_messaging/_drivers/amqpdriver.py:360
2024-10-21 00:49:18.389 146146 DEBUG oslo_messaging._drivers.amqpdriver [-] Listener is running poll /usr/lib/python3/dist-packages/oslo_messaging/_drivers/amqpdriver.py:343
2024-10-21 00:49:18.389 146146 DEBUG oslo_messaging._drivers.amqpdriver [-] AMQPListener connection consume poll /usr/lib/python3/dist-packages/oslo_messaging/_drivers/amqpdriver.py:357
2024-10-21 00:49:18.399 146147 DEBUG oslo_messaging._drivers.amqpdriver [-] AMQPListener connection timeout poll /usr/lib/python3/dist-packages/oslo_messaging/_drivers/amqpdriver.py:360
2024-10-21 00:49:18.400 146147 DEBUG oslo_messaging._drivers.amqpdriver [-] Listener is running poll /usr/lib/python3/dist-packages/oslo_messaging/_drivers/amqpdriver.py:343
2024-10-21 00:49:18.400 146147 DEBUG oslo_messaging._drivers.amqpdriver [-] AMQPListener connection consume poll /usr/lib/python3/dist-packages/oslo_messaging/_drivers/amqpdriver.py:357
2024-10-21 00:49:18.404 146148 DEBUG oslo_messaging._drivers.amqpdriver [-] AMQPListener connection timeout poll /usr/lib/python3/dist-packages/oslo_messaging/_drivers/amqpdriver.py:360
2024-10-21 00:49:18.404 146148 DEBUG oslo_messaging._drivers.amqpdriver [-] Listener is running poll /usr/lib/python3/dist-packages/oslo_messaging/_drivers/amqpdriver.py:343
2024-10-21 00:49:18.404 146148 DEBUG oslo_messaging._drivers.amqpdriver [-] AMQPListener connection consume poll /usr/lib/python3/dist-packages/oslo_messaging/_drivers/amqpdriver.py:357
2024-10-21 00:49:18.423 146149 DEBUG oslo_messaging._drivers.amqpdriver [-] AMQPListener connection timeout poll /usr/lib/python3/dist-packages/oslo_messaging/_drivers/amqpdriver.py:360
2024-10-21 00:49:18.423 146149 DEBUG oslo_messaging._drivers.amqpdriver [-] Listener is running poll /usr/lib/python3/dist-packages/oslo_messaging/_drivers/amqpdriver.py:343
2024-10-21 00:49:18.423 146149 DEBUG oslo_messaging._drivers.amqpdriver [-] AMQPListener connection consume poll /usr/lib/python3/dist-packages/oslo_messaging/_drivers/amqpdriver.py:357
2024-10-21 00:49:22.392 146146 DEBUG oslo_messaging._drivers.amqpdriver [-] AMQPListener connection timeout poll /usr/lib/python3/dist-packages/oslo_messaging/_drivers/amqpdriver.py:360
2024-10-21 00:49:22.392 146146 DEBUG oslo_messaging._drivers.amqpdriver [-] Listener is running poll /usr/lib/python3/dist-packages/oslo_messaging/_drivers/amqpdriver.py:343
2024-10-21 00:49:22.392 146146 DEBUG oslo_messaging._drivers.amqpdriver [-] AMQPListener connection consume poll /usr/lib/python3/dist-packages/oslo_messaging/_drivers/amqpdriver.py:357
2024-10-21 00:49:22.402 146147 DEBUG oslo_messaging._drivers.amqpdriver [-] AMQPListener connection timeout poll /usr/lib/python3/dist-packages/oslo_messaging/_drivers/amqpdriver.py:360
2024-10-21 00:49:22.403 146147 DEBUG oslo_messaging._drivers.amqpdriver [-] Listener is running poll /usr/lib/python3/dist-packages/oslo_messaging/_drivers/amqpdriver.py:343
2024-10-21 00:49:22.403 146147 DEBUG oslo_messaging._drivers.amqpdriver [-] AMQPListener connection consume poll /usr/lib/python3/dist-packages/oslo_messaging/_drivers/amqpdriver.py:357
2024-10-21 00:49:22.407 146148 DEBUG oslo_messaging._drivers.amqpdriver [-] AMQPListener connection timeout poll /usr/lib/python3/dist-packages/oslo_messaging/_drivers/amqpdriver.py:360
2024-10-21 00:49:22.407 146148 DEBUG oslo_messaging._drivers.amqpdriver [-] Listener is running poll /usr/lib/python3/dist-packages/oslo_messaging/_drivers/amqpdriver.py:343
2024-10-21 00:49:22.407 146148 DEBUG oslo_messaging._drivers.amqpdriver [-] AMQPListener connection consume poll /usr/lib/python3/dist-packages/oslo_messaging/_drivers/amqpdriver.py:357
2024-10-21 00:49:22.426 146149 DEBUG oslo_messaging._drivers.amqpdriver [-] AMQPListener connection timeout poll /usr/lib/python3/dist-packages/oslo_messaging/_drivers/amqpdriver.py:360
2024-10-21 00:49:22.426 146149 DEBUG oslo_messaging._drivers.amqpdriver [-] Listener is running poll /usr/lib/python3/dist-packages/oslo_messaging/_drivers/amqpdriver.py:343
2024-10-21 00:49:22.426 146149 DEBUG oslo_messaging._drivers.amqpdriver [-] AMQPListener connection consume poll /usr/lib/python3/dist-packages/oslo_messaging/_drivers/amqpdriver.py:357
2024-10-21 00:49:27.390 146147 DEBUG oslo_service.periodic_task [req-65f86fd4-44b3-4a34-b67d-5a6d5f768d52 - - - - -] Running periodic task SchedulerManager._discover_hosts_in_cells run_periodic_tasks /usr/lib/python3/dist-packages/oslo_service/periodic_task.py:210
2024-10-21 00:49:27.392 146147 DEBUG oslo_db.sqlalchemy.engines [req-65f86fd4-44b3-4a34-b67d-5a6d5f768d52 - - - - -] Parent process 145806 forked (146147) with an open database connection, which is being discarded and recreated. checkout /usr/lib/python3/dist-packages/oslo_db/sqlalchemy/engines.py:413
2024-10-21 00:49:27.400 146147 DEBUG oslo_concurrency.lockutils [req-65f86fd4-44b3-4a34-b67d-5a6d5f768d52 - - - - -] Lock "01455a6d-d4a1-4335-91d7-8ea84967d530" acquired by "nova.context.set_target_cell..get_or_set_cached_cell_and_set_connections" :: waited 0.000s inner /usr/lib/python3/dist-packages/oslo_concurrency/lockutils.py:386
2024-10-21 00:49:27.403 146147 DEBUG oslo_concurrency.lockutils [req-65f86fd4-44b3-4a34-b67d-5a6d5f768d52 - - - - -] Lock "01455a6d-d4a1-4335-91d7-8ea84967d530" "released" by "nova.context.set_target_cell..get_or_set_cached_cell_and_set_connections" :: held 0.003s inner /usr/lib/python3/dist-packages/oslo_concurrency/lockutils.py:400
2024-10-21 00:49:27.410 146147 DEBUG oslo_db.sqlalchemy.engines [req-65f86fd4-44b3-4a34-b67d-5a6d5f768d52 - - - - -] MySQL server mode set to STRICT_TRANS_TABLES,STRICT_ALL_TABLES,NO_ZERO_IN_DATE,NO_ZERO_DATE,ERROR_FOR_DIVISION_BY_ZERO,TRADITIONAL,NO_ENGINE_SUBSTITUTION _check_effective_sql_mode /usr/lib/python3/dist-packages/oslo_db/sqlalchemy/engines.py:314
2024-10-21 00:49:30.393 146146 DEBUG oslo_messaging._drivers.amqpdriver [-] AMQPListener connection timeout poll /usr/lib/python3/dist-packages/oslo_messaging/_drivers/amqpdriver.py:360
2024-10-21 00:49:30.393 146146 DEBUG oslo_messaging._drivers.amqpdriver [-] Listener is running poll /usr/lib/python3/dist-packages/oslo_messaging/_drivers/amqpdriver.py:343
2024-10-21 00:49:30.394 146146 DEBUG oslo_messaging._drivers.amqpdriver [-] AMQPListener connection consume poll /usr/lib/python3/dist-packages/oslo_messaging/_drivers/amqpdriver.py:357
2024-10-21 00:49:30.404 146147 DEBUG oslo_messaging._drivers.amqpdriver [-] AMQPListener connection timeout poll /usr/lib/python3/dist-packages/oslo_messaging/_drivers/amqpdriver.py:360
2024-10-21 00:49:30.405 146147 DEBUG oslo_messaging._drivers.amqpdriver [-] Listener is running poll /usr/lib/python3/dist-packages/oslo_messaging/_drivers/amqpdriver.py:343
2024-10-21 00:49:30.405 146147 DEBUG oslo_messaging._drivers.amqpdriver [-] AMQPListener connection consume poll /usr/lib/python3/dist-packages/oslo_messaging/_drivers/amqpdriver.py:357
2024-10-21 00:49:30.410 146148 DEBUG oslo_messaging._drivers.amqpdriver [-] AMQPListener connection timeout poll /usr/lib/python3/dist-packages/oslo_messaging/_drivers/amqpdriver.py:360
2024-10-21 00:49:30.411 146148 DEBUG oslo_messaging._drivers.amqpdriver [-] Listener is running poll /usr/lib/python3/dist-packages/oslo_messaging/_drivers/amqpdriver.py:343
2024-10-21 00:49:30.411 146148 DEBUG oslo_messaging._drivers.amqpdriver [-] AMQPListener connection consume poll /usr/lib/python3/dist-packages/oslo_messaging/_drivers/amqpdriver.py:357
2024-10-21 00:49:30.427 146149 DEBUG oslo_messaging._drivers.amqpdriver [-] AMQPListener connection timeout poll /usr/lib/python3/dist-packages/oslo_messaging/_drivers/amqpdriver.py:360
2024-10-21 00:49:30.427 146149 DEBUG oslo_messaging._drivers.amqpdriver [-] Listener is running poll /usr/lib/python3/dist-packages/oslo_messaging/_drivers/amqpdriver.py:343
2024-10-21 00:49:30.427 146149 DEBUG oslo_messaging._drivers.amqpdriver [-] AMQPListener connection consume poll /usr/lib/python3/dist-packages/oslo_messaging/_drivers/amqpdriver.py:357
2024-10-21 00:49:31.400 146148 DEBUG oslo_service.periodic_task [req-0b52092b-2d03-482c-ad19-fdfc7edc73e9 - - - - -] Running periodic task SchedulerManager._discover_hosts_in_cells run_periodic_tasks /usr/lib/python3/dist-packages/oslo_service/periodic_task.py:210
2024-10-21 00:49:31.401 146148 DEBUG oslo_db.sqlalchemy.engines [req-0b52092b-2d03-482c-ad19-fdfc7edc73e9 - - - - -] Parent process 145806 forked (146148) with an open database connection, which is being discarded and recreated. checkout /usr/lib/python3/dist-packages/oslo_db/sqlalchemy/engines.py:413
2024-10-21 00:49:31.408 146148 DEBUG oslo_concurrency.lockutils [req-0b52092b-2d03-482c-ad19-fdfc7edc73e9 - - - - -] Lock "01455a6d-d4a1-4335-91d7-8ea84967d530" acquired by "nova.context.set_target_cell..get_or_set_cached_cell_and_set_connections" :: waited 0.000s inner /usr/lib/python3/dist-packages/oslo_concurrency/lockutils.py:386
2024-10-21 00:49:31.410 146148 DEBUG oslo_concurrency.lockutils [req-0b52092b-2d03-482c-ad19-fdfc7edc73e9 - - - - -] Lock "01455a6d-d4a1-4335-91d7-8ea84967d530" "released" by "nova.context.set_target_cell..get_or_set_cached_cell_and_set_connections" :: held 0.002s inner /usr/lib/python3/dist-packages/oslo_concurrency/lockutils.py:400
2024-10-21 00:49:31.415 146148 DEBUG oslo_db.sqlalchemy.engines [req-0b52092b-2d03-482c-ad19-fdfc7edc73e9 - - - - -] MySQL server mode set to STRICT_TRANS_TABLES,STRICT_ALL_TABLES,NO_ZERO_IN_DATE,NO_ZERO_DATE,ERROR_FOR_DIVISION_BY_ZERO,TRADITIONAL,NO_ENGINE_SUBSTITUTION _check_effective_sql_mode /usr/lib/python3/dist-packages/oslo_db/sqlalchemy/engines.py:314
2024-10-21 00:49:34.385 146146 DEBUG oslo_service.periodic_task [req-af98083d-bebf-4d5b-9757-a981a6df5402 - - - - -] Running periodic task SchedulerManager._discover_hosts_in_cells run_periodic_tasks /usr/lib/python3/dist-packages/oslo_service/periodic_task.py:210
2024-10-21 00:49:34.387 146146 DEBUG oslo_db.sqlalchemy.engines [req-af98083d-bebf-4d5b-9757-a981a6df5402 - - - - -] Parent process 145806 forked (146146) with an open database connection, which is being discarded and recreated. checkout /usr/lib/python3/dist-packages/oslo_db/sqlalchemy/engines.py:413
2024-10-21 00:49:34.395 146146 DEBUG oslo_concurrency.lockutils [req-af98083d-bebf-4d5b-9757-a981a6df5402 - - - - -] Lock "01455a6d-d4a1-4335-91d7-8ea84967d530" acquired by "nova.context.set_target_cell..get_or_set_cached_cell_and_set_connections" :: waited 0.000s inner /usr/lib/python3/dist-packages/oslo_concurrency/lockutils.py:386
2024-10-21 00:49:34.397 146146 DEBUG oslo_concurrency.lockutils [req-af98083d-bebf-4d5b-9757-a981a6df5402 - - - - -] Lock "01455a6d-d4a1-4335-91d7-8ea84967d530" "released" by "nova.context.set_target_cell..get_or_set_cached_cell_and_set_connections" :: held 0.002s inner /usr/lib/python3/dist-packages/oslo_concurrency/lockutils.py:400
2024-10-21 00:49:34.404 146146 DEBUG oslo_db.sqlalchemy.engines [req-af98083d-bebf-4d5b-9757-a981a6df5402 - - - - -] MySQL server mode set to STRICT_TRANS_TABLES,STRICT_ALL_TABLES,NO_ZERO_IN_DATE,NO_ZERO_DATE,ERROR_FOR_DIVISION_BY_ZERO,TRADITIONAL,NO_ENGINE_SUBSTITUTION _check_effective_sql_mode /usr/lib/python3/dist-packages/oslo_db/sqlalchemy/engines.py:314
2024-10-21 00:49:57.423 146147 DEBUG oslo_service.periodic_task [req-65f86fd4-44b3-4a34-b67d-5a6d5f768d52 - - - - -] Running periodic task SchedulerManager._discover_hosts_in_cells run_periodic_tasks /usr/lib/python3/dist-packages/oslo_service/periodic_task.py:210
2024-10-21 00:49:57.429 146147 DEBUG oslo_concurrency.lockutils [req-04bc7f7c-39be-4a47-bdae-ad818fbed5f7 - - - - -] Lock "01455a6d-d4a1-4335-91d7-8ea84967d530" acquired by "nova.context.set_target_cell..get_or_set_cached_cell_and_set_connections" :: waited 0.000s inner /usr/lib/python3/dist-packages/oslo_concurrency/lockutils.py:386
2024-10-21 00:49:57.429 146147 DEBUG oslo_concurrency.lockutils [req-04bc7f7c-39be-4a47-bdae-ad818fbed5f7 - - - - -] Lock "01455a6d-d4a1-4335-91d7-8ea84967d530" "released" by "nova.context.set_target_cell..get_or_set_cached_cell_and_set_connections" :: held 0.000s inner /usr/lib/python3/dist-packages/oslo_concurrency/lockutils.py:400
2024-10-21 00:50:00.370 146147 DEBUG oslo_messaging._drivers.amqpdriver [-] AMQPListener connection timeout poll /usr/lib/python3/dist-packages/oslo_messaging/_drivers/amqpdriver.py:360
2024-10-21 00:50:00.371 146147 DEBUG oslo_messaging._drivers.amqpdriver [-] Listener is running poll /usr/lib/python3/dist-packages/oslo_messaging/_drivers/amqpdriver.py:343
2024-10-21 00:50:00.371 146147 DEBUG oslo_messaging._drivers.amqpdriver [-] AMQPListener connection consume poll /usr/lib/python3/dist-packages/oslo_messaging/_drivers/amqpdriver.py:357
2024-10-21 00:50:00.379 146146 DEBUG oslo_messaging._drivers.amqpdriver [-] AMQPListener connection timeout poll /usr/lib/python3/dist-packages/oslo_messaging/_drivers/amqpdriver.py:360
2024-10-21 00:50:00.380 146146 DEBUG oslo_messaging._drivers.amqpdriver [-] Listener is running poll /usr/lib/python3/dist-packages/oslo_messaging/_drivers/amqpdriver.py:343
2024-10-21 00:50:00.380 146146 DEBUG oslo_messaging._drivers.amqpdriver [-] AMQPListener connection consume poll /usr/lib/python3/dist-packages/oslo_messaging/_drivers/amqpdriver.py:357
2024-10-21 00:50:00.393 146148 DEBUG oslo_messaging._drivers.amqpdriver [-] AMQPListener connection timeout poll /usr/lib/python3/dist-packages/oslo_messaging/_drivers/amqpdriver.py:360
2024-10-21 00:50:00.393 146148 DEBUG oslo_messaging._drivers.amqpdriver [-] Listener is running poll /usr/lib/python3/dist-packages/oslo_messaging/_drivers/amqpdriver.py:343
2024-10-21 00:50:00.394 146148 DEBUG oslo_messaging._drivers.amqpdriver [-] AMQPListener connection consume poll /usr/lib/python3/dist-packages/oslo_messaging/_drivers/amqpdriver.py:357
2024-10-21 00:50:00.413 146149 DEBUG oslo_messaging._drivers.amqpdriver [-] AMQPListener connection timeout poll /usr/lib/python3/dist-packages/oslo_messaging/_drivers/amqpdriver.py:360
2024-10-21 00:50:00.413 146149 DEBUG oslo_messaging._drivers.amqpdriver [-] Listener is running poll /usr/lib/python3/dist-packages/oslo_messaging/_drivers/amqpdriver.py:343
2024-10-21 00:50:00.413 146149 DEBUG oslo_messaging._drivers.amqpdriver [-] AMQPListener connection consume poll /usr/lib/python3/dist-packages/oslo_messaging/_drivers/amqpdriver.py:357
2024-10-21 00:50:01.428 146148 DEBUG oslo_service.periodic_task [req-0b52092b-2d03-482c-ad19-fdfc7edc73e9 - - - - -] Running periodic task SchedulerManager._discover_hosts_in_cells run_periodic_tasks /usr/lib/python3/dist-packages/oslo_service/periodic_task.py:210
2024-10-21 00:50:01.432 146148 DEBUG oslo_concurrency.lockutils [req-6ac99478-3748-4604-b35a-73617315967e - - - - -] Lock "01455a6d-d4a1-4335-91d7-8ea84967d530" acquired by "nova.context.set_target_cell..get_or_set_cached_cell_and_set_connections" :: waited 0.000s inner /usr/lib/python3/dist-packages/oslo_concurrency/lockutils.py:386
2024-10-21 00:50:01.433 146148 DEBUG oslo_concurrency.lockutils [req-6ac99478-3748-4604-b35a-73617315967e - - - - -] Lock "01455a6d-d4a1-4335-91d7-8ea84967d530" "released" by "nova.context.set_target_cell..get_or_set_cached_cell_and_set_connections" :: held 0.000s inner /usr/lib/python3/dist-packages/oslo_concurrency/lockutils.py:400
2024-10-21 00:50:04.420 146146 DEBUG oslo_service.periodic_task [req-af98083d-bebf-4d5b-9757-a981a6df5402 - - - - -] Running periodic task SchedulerManager._discover_hosts_in_cells run_periodic_tasks /usr/lib/python3/dist-packages/oslo_service/periodic_task.py:210
2024-10-21 00:50:04.425 146146 DEBUG oslo_concurrency.lockutils [req-9a039940-46ab-4f0d-bbf2-d4c94e408a3f - - - - -] Lock "01455a6d-d4a1-4335-91d7-8ea84967d530" acquired by "nova.context.set_target_cell..get_or_set_cached_cell_and_set_connections" :: waited 0.000s inner /usr/lib/python3/dist-packages/oslo_concurrency/lockutils.py:386
2024-10-21 00:50:04.425 146146 DEBUG oslo_concurrency.lockutils [req-9a039940-46ab-4f0d-bbf2-d4c94e408a3f - - - - -] Lock "01455a6d-d4a1-4335-91d7-8ea84967d530" "released" by "nova.context.set_target_cell..get_or_set_cached_cell_and_set_connections" :: held 0.000s inner /usr/lib/python3/dist-packages/oslo_concurrency/lockutils.py:400
2024-10-21 00:50:06.420 146149 DEBUG oslo_service.periodic_task [req-a09c7cce-e9a0-45fb-97fb-14b7e10af504 - - - - -] Running periodic task SchedulerManager._discover_hosts_in_cells run_periodic_tasks /usr/lib/python3/dist-packages/oslo_service/periodic_task.py:210
2024-10-21 00:50:06.421 146149 DEBUG oslo_db.sqlalchemy.engines [req-a09c7cce-e9a0-45fb-97fb-14b7e10af504 - - - - -] Parent process 145806 forked (146149) with an open database connection, which is being discarded and recreated. checkout /usr/lib/python3/dist-packages/oslo_db/sqlalchemy/engines.py:413
2024-10-21 00:50:06.427 146149 DEBUG oslo_concurrency.lockutils [req-a09c7cce-e9a0-45fb-97fb-14b7e10af504 - - - - -] Lock "01455a6d-d4a1-4335-91d7-8ea84967d530" acquired by "nova.context.set_target_cell..get_or_set_cached_cell_and_set_connections" :: waited 0.000s inner /usr/lib/python3/dist-packages/oslo_concurrency/lockutils.py:386
2024-10-21 00:50:06.429 146149 DEBUG oslo_concurrency.lockutils [req-a09c7cce-e9a0-45fb-97fb-14b7e10af504 - - - - -] Lock "01455a6d-d4a1-4335-91d7-8ea84967d530" "released" by "nova.context.set_target_cell..get_or_set_cached_cell_and_set_connections" :: held 0.002s inner /usr/lib/python3/dist-packages/oslo_concurrency/lockutils.py:400
2024-10-21 00:50:06.434 146149 DEBUG oslo_db.sqlalchemy.engines [req-a09c7cce-e9a0-45fb-97fb-14b7e10af504 - - - - -] MySQL server mode set to STRICT_TRANS_TABLES,STRICT_ALL_TABLES,NO_ZERO_IN_DATE,NO_ZERO_DATE,ERROR_FOR_DIVISION_BY_ZERO,TRADITIONAL,NO_ENGINE_SUBSTITUTION _check_effective_sql_mode /usr/lib/python3/dist-packages/oslo_db/sqlalchemy/engines.py:314
2024-10-21 00:50:27.441 146147 DEBUG oslo_service.periodic_task [req-04bc7f7c-39be-4a47-bdae-ad818fbed5f7 - - - - -] Running periodic task SchedulerManager._discover_hosts_in_cells run_periodic_tasks /usr/lib/python3/dist-packages/oslo_service/periodic_task.py:210
2024-10-21 00:50:27.445 146147 DEBUG oslo_concurrency.lockutils [req-661a38b5-3149-4cff-990e-ad60b9f33c70 - - - - -] Lock "01455a6d-d4a1-4335-91d7-8ea84967d530" acquired by "nova.context.set_target_cell..get_or_set_cached_cell_and_set_connections" :: waited 0.000s inner /usr/lib/python3/dist-packages/oslo_concurrency/lockutils.py:386
2024-10-21 00:50:27.446 146147 DEBUG oslo_concurrency.lockutils [req-661a38b5-3149-4cff-990e-ad60b9f33c70 - - - - -] Lock "01455a6d-d4a1-4335-91d7-8ea84967d530" "released" by "nova.context.set_target_cell..get_or_set_cached_cell_and_set_connections" :: held 0.000s inner /usr/lib/python3/dist-packages/oslo_concurrency/lockutils.py:400
2024-10-21 00:50:31.438 146148 DEBUG oslo_service.periodic_task [req-6ac99478-3748-4604-b35a-73617315967e - - - - -] Running periodic task SchedulerManager._discover_hosts_in_cells run_periodic_tasks /usr/lib/python3/dist-packages/oslo_service/periodic_task.py:210
2024-10-21 00:50:31.442 146148 DEBUG oslo_concurrency.lockutils [req-52a1e1c0-e44f-4841-8f09-cff683cc80bb - - - - -] Lock "01455a6d-d4a1-4335-91d7-8ea84967d530" acquired by "nova.context.set_target_cell..get_or_set_cached_cell_and_set_connections" :: waited 0.000s inner /usr/lib/python3/dist-packages/oslo_concurrency/lockutils.py:386
2024-10-21 00:50:31.443 146148 DEBUG oslo_concurrency.lockutils [req-52a1e1c0-e44f-4841-8f09-cff683cc80bb - - - - -] Lock "01455a6d-d4a1-4335-91d7-8ea84967d530" "released" by "nova.context.set_target_cell..get_or_set_cached_cell_and_set_connections" :: held 0.000s inner /usr/lib/python3/dist-packages/oslo_concurrency/lockutils.py:400
2024-10-21 00:50:32.374 146147 DEBUG oslo_messaging._drivers.amqpdriver [-] AMQPListener connection timeout poll /usr/lib/python3/dist-packages/oslo_messaging/_drivers/amqpdriver.py:360
2024-10-21 00:50:32.374 146147 DEBUG oslo_messaging._drivers.amqpdriver [-] Listener is running poll /usr/lib/python3/dist-packages/oslo_messaging/_drivers/amqpdriver.py:343
2024-10-21 00:50:32.374 146147 DEBUG oslo_messaging._drivers.amqpdriver [-] AMQPListener connection consume poll /usr/lib/python3/dist-packages/oslo_messaging/_drivers/amqpdriver.py:357
2024-10-21 00:50:32.381 146146 DEBUG oslo_messaging._drivers.amqpdriver [-] AMQPListener connection timeout poll /usr/lib/python3/dist-packages/oslo_messaging/_drivers/amqpdriver.py:360
2024-10-21 00:50:32.382 146146 DEBUG oslo_messaging._drivers.amqpdriver [-] Listener is running poll /usr/lib/python3/dist-packages/oslo_messaging/_drivers/amqpdriver.py:343
2024-10-21 00:50:32.382 146146 DEBUG oslo_messaging._drivers.amqpdriver [-] AMQPListener connection consume poll /usr/lib/python3/dist-packages/oslo_messaging/_drivers/amqpdriver.py:357
2024-10-21 00:50:32.395 146148 DEBUG oslo_messaging._drivers.amqpdriver [-] AMQPListener connection timeout poll /usr/lib/python3/dist-packages/oslo_messaging/_drivers/amqpdriver.py:360
2024-10-21 00:50:32.395 146148 DEBUG oslo_messaging._drivers.amqpdriver [-] Listener is running poll /usr/lib/python3/dist-packages/oslo_messaging/_drivers/amqpdriver.py:343
2024-10-21 00:50:32.395 146148 DEBUG oslo_messaging._drivers.amqpdriver [-] AMQPListener connection consume poll /usr/lib/python3/dist-packages/oslo_messaging/_drivers/amqpdriver.py:357
2024-10-21 00:50:32.417 146149 DEBUG oslo_messaging._drivers.amqpdriver [-] AMQPListener connection timeout poll /usr/lib/python3/dist-packages/oslo_messaging/_drivers/amqpdriver.py:360
2024-10-21 00:50:32.417 146149 DEBUG oslo_messaging._drivers.amqpdriver [-] Listener is running poll /usr/lib/python3/dist-packages/oslo_messaging/_drivers/amqpdriver.py:343
2024-10-21 00:50:32.417 146149 DEBUG oslo_messaging._drivers.amqpdriver [-] AMQPListener connection consume poll /usr/lib/python3/dist-packages/oslo_messaging/_drivers/amqpdriver.py:357
2024-10-21 00:50:34.431 146146 DEBUG oslo_service.periodic_task [req-9a039940-46ab-4f0d-bbf2-d4c94e408a3f - - - - -] Running periodic task SchedulerManager._discover_hosts_in_cells run_periodic_tasks /usr/lib/python3/dist-packages/oslo_service/periodic_task.py:210
2024-10-21 00:50:34.436 146146 DEBUG oslo_concurrency.lockutils [req-00bb99c2-8c7c-44f9-aeee-55ee513b94b9 - - - - -] Lock "01455a6d-d4a1-4335-91d7-8ea84967d530" acquired by "nova.context.set_target_cell..get_or_set_cached_cell_and_set_connections" :: waited 0.000s inner /usr/lib/python3/dist-packages/oslo_concurrency/lockutils.py:386
2024-10-21 00:50:34.436 146146 DEBUG oslo_concurrency.lockutils [req-00bb99c2-8c7c-44f9-aeee-55ee513b94b9 - - - - -] Lock "01455a6d-d4a1-4335-91d7-8ea84967d530" "released" by "nova.context.set_target_cell..get_or_set_cached_cell_and_set_connections" :: held 0.000s inner /usr/lib/python3/dist-packages/oslo_concurrency/lockutils.py:400
2024-10-21 00:50:36.452 146149 DEBUG oslo_service.periodic_task [req-a09c7cce-e9a0-45fb-97fb-14b7e10af504 - - - - -] Running periodic task SchedulerManager._discover_hosts_in_cells run_periodic_tasks /usr/lib/python3/dist-packages/oslo_service/periodic_task.py:210
2024-10-21 00:50:36.457 146149 DEBUG oslo_concurrency.lockutils [req-491d1e9d-13b1-4908-b601-eda81b6638e0 - - - - -] Lock "01455a6d-d4a1-4335-91d7-8ea84967d530" acquired by "nova.context.set_target_cell..get_or_set_cached_cell_and_set_connections" :: waited 0.000s inner /usr/lib/python3/dist-packages/oslo_concurrency/lockutils.py:386
2024-10-21 00:50:36.457 146149 DEBUG oslo_concurrency.lockutils [req-491d1e9d-13b1-4908-b601-eda81b6638e0 - - - - -] Lock "01455a6d-d4a1-4335-91d7-8ea84967d530" "released" by "nova.context.set_target_cell..get_or_set_cached_cell_and_set_connections" :: held 0.000s inner /usr/lib/python3/dist-packages/oslo_concurrency/lockutils.py:400
2024-10-21 00:50:57.458 146147 DEBUG oslo_service.periodic_task [req-661a38b5-3149-4cff-990e-ad60b9f33c70 - - - - -] Running periodic task SchedulerManager._discover_hosts_in_cells run_periodic_tasks /usr/lib/python3/dist-packages/oslo_service/periodic_task.py:210
2024-10-21 00:50:57.462 146147 DEBUG oslo_concurrency.lockutils [req-8338bd7a-79df-4c82-85ec-2bba5e2abfb6 - - - - -] Lock "01455a6d-d4a1-4335-91d7-8ea84967d530" acquired by "nova.context.set_target_cell..get_or_set_cached_cell_and_set_connections" :: waited 0.000s inner /usr/lib/python3/dist-packages/oslo_concurrency/lockutils.py:386
2024-10-21 00:50:57.463 146147 DEBUG oslo_concurrency.lockutils [req-8338bd7a-79df-4c82-85ec-2bba5e2abfb6 - - - - -] Lock "01455a6d-d4a1-4335-91d7-8ea84967d530" "released" by "nova.context.set_target_cell..get_or_set_cached_cell_and_set_connections" :: held 0.000s inner /usr/lib/python3/dist-packages/oslo_concurrency/lockutils.py:400
2024-10-21 00:51:02.402 146148 DEBUG oslo_service.periodic_task [req-52a1e1c0-e44f-4841-8f09-cff683cc80bb - - - - -] Running periodic task SchedulerManager._discover_hosts_in_cells run_periodic_tasks /usr/lib/python3/dist-packages/oslo_service/periodic_task.py:210
2024-10-21 00:51:02.407 146148 DEBUG oslo_concurrency.lockutils [req-8f5015aa-375c-4012-b64e-828a08d2e9d0 - - - - -] Lock "01455a6d-d4a1-4335-91d7-8ea84967d530" acquired by "nova.context.set_target_cell..get_or_set_cached_cell_and_set_connections" :: waited 0.000s inner /usr/lib/python3/dist-packages/oslo_concurrency/lockutils.py:386
2024-10-21 00:51:02.408 146148 DEBUG oslo_concurrency.lockutils [req-8f5015aa-375c-4012-b64e-828a08d2e9d0 - - - - -] Lock "01455a6d-d4a1-4335-91d7-8ea84967d530" "released" by "nova.context.set_target_cell..get_or_set_cached_cell_and_set_connections" :: held 0.000s inner /usr/lib/python3/dist-packages/oslo_concurrency/lockutils.py:400
2024-10-21 00:51:04.446 146146 DEBUG oslo_service.periodic_task [req-00bb99c2-8c7c-44f9-aeee-55ee513b94b9 - - - - -] Running periodic task SchedulerManager._discover_hosts_in_cells run_periodic_tasks /usr/lib/python3/dist-packages/oslo_service/periodic_task.py:210
