2024-10-21 00:46:54.419 36388 DEBUG oslo_service.service [-] clients_monasca.cert_file = None log_opt_values /usr/lib/python3/dist-packages/oslo_config/cfg.py:2609
2024-10-21 00:46:54.423 36388 DEBUG oslo_service.service [-] clients_monasca.endpoint_type = None log_opt_values /usr/lib/python3/dist-packages/oslo_config/cfg.py:2609
2024-10-21 00:46:54.424 36388 DEBUG oslo_service.service [-] clients_monasca.insecure = None log_opt_values /usr/lib/python3/dist-packages/oslo_config/cfg.py:2609
2024-10-21 00:46:54.425 36388 DEBUG oslo_service.service [-] clients_monasca.key_file = None log_opt_values /usr/lib/python3/dist-packages/oslo_config/cfg.py:2609
2024-10-21 00:46:54.425 36388 DEBUG oslo_service.service [-] clients_neutron.ca_file = None log_opt_values /usr/lib/python3/dist-packages/oslo_config/cfg.py:2609
2024-10-21 00:46:54.426 36388 DEBUG oslo_service.service [-] clients_neutron.cert_file = None log_opt_values /usr/lib/python3/dist-packages/oslo_config/cfg.py:2609
2024-10-21 00:46:54.426 36388 DEBUG oslo_service.service [-] clients_neutron.endpoint_type = None log_opt_values /usr/lib/python3/dist-packages/oslo_config/cfg.py:2609
2024-10-21 00:46:54.426 36388 DEBUG oslo_service.service [-] clients_neutron.insecure = None log_opt_values /usr/lib/python3/dist-packages/oslo_config/cfg.py:2609
2024-10-21 00:46:54.426 36388 DEBUG oslo_service.service [-] clients_neutron.key_file = None log_opt_values /usr/lib/python3/dist-packages/oslo_config/cfg.py:2609
2024-10-21 00:46:54.427 36388 DEBUG oslo_service.service [-] clients_nova.ca_file = None log_opt_values /usr/lib/python3/dist-packages/oslo_config/cfg.py:2609
2024-10-21 00:46:54.427 36388 DEBUG oslo_service.service [-] clients_nova.cert_file = None log_opt_values /usr/lib/python3/dist-packages/oslo_config/cfg.py:2609
2024-10-21 00:46:54.427 36388 DEBUG oslo_service.service [-] clients_nova.endpoint_type = None log_opt_values /usr/lib/python3/dist-packages/oslo_config/cfg.py:2609
2024-10-21 00:46:54.427 36388 DEBUG oslo_service.service [-] clients_nova.http_log_debug = False log_opt_values /usr/lib/python3/dist-packages/oslo_config/cfg.py:2609
2024-10-21 00:46:54.427 36388 DEBUG oslo_service.service [-] clients_nova.insecure = None log_opt_values /usr/lib/python3/dist-packages/oslo_config/cfg.py:2609
2024-10-21 00:46:54.427 36388 DEBUG oslo_service.service [-] clients_nova.key_file = None log_opt_values /usr/lib/python3/dist-packages/oslo_config/cfg.py:2609
2024-10-21 00:46:54.428 36388 DEBUG oslo_service.service [-] clients_octavia.ca_file = None log_opt_values /usr/lib/python3/dist-packages/oslo_config/cfg.py:2609
2024-10-21 00:46:54.429 36388 DEBUG oslo_service.service [-] clients_octavia.cert_file = None log_opt_values /usr/lib/python3/dist-packages/oslo_config/cfg.py:2609
2024-10-21 00:46:54.429 36388 DEBUG oslo_service.service [-] clients_octavia.endpoint_type = None log_opt_values /usr/lib/python3/dist-packages/oslo_config/cfg.py:2609
2024-10-21 00:46:54.429 36388 DEBUG oslo_service.service [-] clients_octavia.insecure = None log_opt_values /usr/lib/python3/dist-packages/oslo_config/cfg.py:2609
2024-10-21 00:46:54.429 36388 DEBUG oslo_service.service [-] clients_octavia.key_file = None log_opt_values /usr/lib/python3/dist-packages/oslo_config/cfg.py:2609
2024-10-21 00:46:54.430 36388 DEBUG oslo_service.service [-] clients_sahara.ca_file = None log_opt_values /usr/lib/python3/dist-packages/oslo_config/cfg.py:2609
2024-10-21 00:46:54.430 36388 DEBUG oslo_service.service [-] clients_sahara.cert_file = None log_opt_values /usr/lib/python3/dist-packages/oslo_config/cfg.py:2609
2024-10-21 00:46:54.430 36388 DEBUG oslo_service.service [-] clients_sahara.endpoint_type = None log_opt_values /usr/lib/python3/dist-packages/oslo_config/cfg.py:2609
2024-10-21 00:46:54.430 36388 DEBUG oslo_service.service [-] clients_sahara.insecure = None log_opt_values /usr/lib/python3/dist-packages/oslo_config/cfg.py:2609
2024-10-21 00:46:54.430 36388 DEBUG oslo_service.service [-] clients_sahara.key_file = None log_opt_values /usr/lib/python3/dist-packages/oslo_config/cfg.py:2609
2024-10-21 00:46:54.430 36388 DEBUG oslo_service.service [-] clients_senlin.ca_file = None log_opt_values /usr/lib/python3/dist-packages/oslo_config/cfg.py:2609
2024-10-21 00:46:54.431 36388 DEBUG oslo_service.service [-] clients_senlin.cert_file = None log_opt_values /usr/lib/python3/dist-packages/oslo_config/cfg.py:2609
2024-10-21 00:46:54.431 36388 DEBUG oslo_service.service [-] clients_senlin.endpoint_type = None log_opt_values /usr/lib/python3/dist-packages/oslo_config/cfg.py:2609
2024-10-21 00:46:54.431 36388 DEBUG oslo_service.service [-] clients_senlin.insecure = None log_opt_values /usr/lib/python3/dist-packages/oslo_config/cfg.py:2609
2024-10-21 00:46:54.431 36388 DEBUG oslo_service.service [-] clients_senlin.key_file = None log_opt_values /usr/lib/python3/dist-packages/oslo_config/cfg.py:2609
2024-10-21 00:46:54.431 36388 DEBUG oslo_service.service [-] clients_swift.ca_file = None log_opt_values /usr/lib/python3/dist-packages/oslo_config/cfg.py:2609
2024-10-21 00:46:54.431 36388 DEBUG oslo_service.service [-] clients_swift.cert_file = None log_opt_values /usr/lib/python3/dist-packages/oslo_config/cfg.py:2609
2024-10-21 00:46:54.431 36388 DEBUG oslo_service.service [-] clients_swift.endpoint_type = None log_opt_values /usr/lib/python3/dist-packages/oslo_config/cfg.py:2609
2024-10-21 00:46:54.431 36388 DEBUG oslo_service.service [-] clients_swift.insecure = None log_opt_values /usr/lib/python3/dist-packages/oslo_config/cfg.py:2609
2024-10-21 00:46:54.432 36388 DEBUG oslo_service.service [-] clients_swift.key_file = None log_opt_values /usr/lib/python3/dist-packages/oslo_config/cfg.py:2609
2024-10-21 00:46:54.432 36388 DEBUG oslo_service.service [-] clients_trove.ca_file = None log_opt_values /usr/lib/python3/dist-packages/oslo_config/cfg.py:2609
2024-10-21 00:46:54.432 36388 DEBUG oslo_service.service [-] clients_trove.cert_file = None log_opt_values /usr/lib/python3/dist-packages/oslo_config/cfg.py:2609
2024-10-21 00:46:54.432 36388 DEBUG oslo_service.service [-] clients_trove.endpoint_type = None log_opt_values /usr/lib/python3/dist-packages/oslo_config/cfg.py:2609
2024-10-21 00:46:54.432 36388 DEBUG oslo_service.service [-] clients_trove.insecure = None log_opt_values /usr/lib/python3/dist-packages/oslo_config/cfg.py:2609
2024-10-21 00:46:54.432 36388 DEBUG oslo_service.service [-] clients_trove.key_file = None log_opt_values /usr/lib/python3/dist-packages/oslo_config/cfg.py:2609
2024-10-21 00:46:54.432 36388 DEBUG oslo_service.service [-] clients_vitrage.ca_file = None log_opt_values /usr/lib/python3/dist-packages/oslo_config/cfg.py:2609
2024-10-21 00:46:54.432 36388 DEBUG oslo_service.service [-] clients_vitrage.cert_file = None log_opt_values /usr/lib/python3/dist-packages/oslo_config/cfg.py:2609
2024-10-21 00:46:54.433 36388 DEBUG oslo_service.service [-] clients_vitrage.endpoint_type = None log_opt_values /usr/lib/python3/dist-packages/oslo_config/cfg.py:2609
2024-10-21 00:46:54.433 36388 DEBUG oslo_service.service [-] clients_vitrage.insecure = None log_opt_values /usr/lib/python3/dist-packages/oslo_config/cfg.py:2609
2024-10-21 00:46:54.433 36388 DEBUG oslo_service.service [-] clients_vitrage.key_file = None log_opt_values /usr/lib/python3/dist-packages/oslo_config/cfg.py:2609
2024-10-21 00:46:54.433 36388 DEBUG oslo_service.service [-] clients_zaqar.ca_file = None log_opt_values /usr/lib/python3/dist-packages/oslo_config/cfg.py:2609
2024-10-21 00:46:54.433 36388 DEBUG oslo_service.service [-] clients_zaqar.cert_file = None log_opt_values /usr/lib/python3/dist-packages/oslo_config/cfg.py:2609
2024-10-21 00:46:54.433 36388 DEBUG oslo_service.service [-] clients_zaqar.endpoint_type = None log_opt_values /usr/lib/python3/dist-packages/oslo_config/cfg.py:2609
2024-10-21 00:46:54.433 36388 DEBUG oslo_service.service [-] clients_zaqar.insecure = None log_opt_values /usr/lib/python3/dist-packages/oslo_config/cfg.py:2609
2024-10-21 00:46:54.433 36388 DEBUG oslo_service.service [-] clients_zaqar.key_file = None log_opt_values /usr/lib/python3/dist-packages/oslo_config/cfg.py:2609
2024-10-21 00:46:54.434 36388 DEBUG oslo_service.service [-] database.backend = sqlalchemy log_opt_values /usr/lib/python3/dist-packages/oslo_config/cfg.py:2609
2024-10-21 00:46:54.434 36388 DEBUG oslo_service.service [-] database.connection = **** log_opt_values /usr/lib/python3/dist-packages/oslo_config/cfg.py:2609
2024-10-21 00:46:54.434 36388 DEBUG oslo_service.service [-] database.connection_debug = 0 log_opt_values /usr/lib/python3/dist-packages/oslo_config/cfg.py:2609
2024-10-21 00:46:54.434 36388 DEBUG oslo_service.service [-] database.connection_parameters = log_opt_values /usr/lib/python3/dist-packages/oslo_config/cfg.py:2609
2024-10-21 00:46:54.434 36388 DEBUG oslo_service.service [-] database.connection_recycle_time = 3600 log_opt_values /usr/lib/python3/dist-packages/oslo_config/cfg.py:2609
2024-10-21 00:46:54.434 36388 DEBUG oslo_service.service [-] database.connection_trace = False log_opt_values /usr/lib/python3/dist-packages/oslo_config/cfg.py:2609
2024-10-21 00:46:54.434 36388 DEBUG oslo_service.service [-] database.db_inc_retry_interval = True log_opt_values /usr/lib/python3/dist-packages/oslo_config/cfg.py:2609
2024-10-21 00:46:54.435 36388 DEBUG oslo_service.service [-] database.db_max_retries = 20 log_opt_values /usr/lib/python3/dist-packages/oslo_config/cfg.py:2609
2024-10-21 00:46:54.435 36388 DEBUG oslo_service.service [-] database.db_max_retry_interval = 10 log_opt_values /usr/lib/python3/dist-packages/oslo_config/cfg.py:2609
2024-10-21 00:46:54.435 36388 DEBUG oslo_service.service [-] database.db_retry_interval = 1 log_opt_values /usr/lib/python3/dist-packages/oslo_config/cfg.py:2609
2024-10-21 00:46:54.435 36388 DEBUG oslo_service.service [-] database.max_overflow = 50 log_opt_values /usr/lib/python3/dist-packages/oslo_config/cfg.py:2609
2024-10-21 00:46:54.437 36388 DEBUG oslo_service.service [-] database.max_pool_size = 5 log_opt_values /usr/lib/python3/dist-packages/oslo_config/cfg.py:2609
2024-10-21 00:46:54.437 36388 DEBUG oslo_service.service [-] database.max_retries = 10 log_opt_values /usr/lib/python3/dist-packages/oslo_config/cfg.py:2609
2024-10-21 00:46:54.437 36388 DEBUG oslo_service.service [-] database.mysql_enable_ndb = False log_opt_values /usr/lib/python3/dist-packages/oslo_config/cfg.py:2609
2024-10-21 00:46:54.451 36388 DEBUG oslo_service.service [-] database.mysql_sql_mode = TRADITIONAL log_opt_values /usr/lib/python3/dist-packages/oslo_config/cfg.py:2609
2024-10-21 00:46:54.451 36388 DEBUG oslo_service.service [-] database.pool_timeout = None log_opt_values /usr/lib/python3/dist-packages/oslo_config/cfg.py:2609
2024-10-21 00:46:54.451 36388 DEBUG oslo_service.service [-] database.retry_interval = 10 log_opt_values /usr/lib/python3/dist-packages/oslo_config/cfg.py:2609
2024-10-21 00:46:54.451 36388 DEBUG oslo_service.service [-] database.slave_connection = **** log_opt_values /usr/lib/python3/dist-packages/oslo_config/cfg.py:2609
2024-10-21 00:46:54.451 36388 DEBUG oslo_service.service [-] database.sqlite_synchronous = True log_opt_values /usr/lib/python3/dist-packages/oslo_config/cfg.py:2609
2024-10-21 00:46:54.451 36388 DEBUG oslo_service.service [-] database.use_db_reconnect = False log_opt_values /usr/lib/python3/dist-packages/oslo_config/cfg.py:2609
2024-10-21 00:46:54.452 36388 DEBUG oslo_service.service [-] oslo_messaging_metrics.metrics_buffer_size = 1000 log_opt_values /usr/lib/python3/dist-packages/oslo_config/cfg.py:2609
2024-10-21 00:46:54.452 36388 DEBUG oslo_service.service [-] oslo_messaging_metrics.metrics_enabled = False log_opt_values /usr/lib/python3/dist-packages/oslo_config/cfg.py:2609
2024-10-21 00:46:54.452 36388 DEBUG oslo_service.service [-] oslo_messaging_metrics.metrics_process_name = log_opt_values /usr/lib/python3/dist-packages/oslo_config/cfg.py:2609
2024-10-21 00:46:54.452 36388 DEBUG oslo_service.service [-] oslo_messaging_metrics.metrics_socket_file = /var/tmp/metrics_collector.sock log_opt_values /usr/lib/python3/dist-packages/oslo_config/cfg.py:2609
2024-10-21 00:46:54.452 36388 DEBUG oslo_service.service [-] oslo_messaging_metrics.metrics_thread_stop_timeout = 10 log_opt_values /usr/lib/python3/dist-packages/oslo_config/cfg.py:2609
2024-10-21 00:46:54.454 36388 DEBUG oslo_service.service [-] oslo_policy.enforce_new_defaults = False log_opt_values /usr/lib/python3/dist-packages/oslo_config/cfg.py:2609
2024-10-21 00:46:54.455 36388 DEBUG oslo_service.service [-] oslo_policy.enforce_scope = False log_opt_values /usr/lib/python3/dist-packages/oslo_config/cfg.py:2609
2024-10-21 00:46:54.455 36388 DEBUG oslo_service.service [-] oslo_policy.policy_default_rule = default log_opt_values /usr/lib/python3/dist-packages/oslo_config/cfg.py:2609
2024-10-21 00:46:54.455 36388 DEBUG oslo_service.service [-] oslo_policy.policy_dirs = ['policy.d'] log_opt_values /usr/lib/python3/dist-packages/oslo_config/cfg.py:2609
2024-10-21 00:46:54.455 36388 DEBUG oslo_service.service [-] oslo_policy.policy_file = policy.yaml log_opt_values /usr/lib/python3/dist-packages/oslo_config/cfg.py:2609
2024-10-21 00:46:54.455 36388 DEBUG oslo_service.service [-] oslo_policy.remote_content_type = application/x-www-form-urlencoded log_opt_values /usr/lib/python3/dist-packages/oslo_config/cfg.py:2609
2024-10-21 00:46:54.456 36388 DEBUG oslo_service.service [-] oslo_policy.remote_ssl_ca_crt_file = None log_opt_values /usr/lib/python3/dist-packages/oslo_config/cfg.py:2609
2024-10-21 00:46:54.456 36388 DEBUG oslo_service.service [-] oslo_policy.remote_ssl_client_crt_file = None log_opt_values /usr/lib/python3/dist-packages/oslo_config/cfg.py:2609
2024-10-21 00:46:54.456 36388 DEBUG oslo_service.service [-] oslo_policy.remote_ssl_client_key_file = None log_opt_values /usr/lib/python3/dist-packages/oslo_config/cfg.py:2609
2024-10-21 00:46:54.458 36604 INFO heat.engine.worker [-] Starting engine_worker (1.4) in engine b84e7014-f3b8-411a-95fb-da0fdf71d7a2.
2024-10-21 00:46:54.458 36388 DEBUG oslo_service.service [-] oslo_policy.remote_ssl_verify_server_crt = False log_opt_values /usr/lib/python3/dist-packages/oslo_config/cfg.py:2609
2024-10-21 00:46:54.461 36388 DEBUG oslo_service.service [-] trustee.auth_section = None log_opt_values /usr/lib/python3/dist-packages/oslo_config/cfg.py:2609
2024-10-21 00:46:54.461 36388 WARNING oslo_config.cfg [-] Deprecated: Option "auth_plugin" from group "trustee" is deprecated. Use option "auth_type" from group "trustee".
2024-10-21 00:46:54.462 36388 DEBUG oslo_service.service [-] trustee.auth_type = password log_opt_values /usr/lib/python3/dist-packages/oslo_config/cfg.py:2609
2024-10-21 00:46:54.462 36388 DEBUG oslo_service.service [-] oslo_versionedobjects.fatal_exception_format_errors = False log_opt_values /usr/lib/python3/dist-packages/oslo_config/cfg.py:2609
2024-10-21 00:46:54.462 36388 DEBUG oslo_service.service [-] oslo_messaging_rabbit.amqp_auto_delete = False log_opt_values /usr/lib/python3/dist-packages/oslo_config/cfg.py:2609
2024-10-21 00:46:54.462 36388 DEBUG oslo_service.service [-] oslo_messaging_rabbit.amqp_durable_queues = False log_opt_values /usr/lib/python3/dist-packages/oslo_config/cfg.py:2609
2024-10-21 00:46:54.462 36388 DEBUG oslo_service.service [-] oslo_messaging_rabbit.conn_pool_min_size = 2 log_opt_values /usr/lib/python3/dist-packages/oslo_config/cfg.py:2609
2024-10-21 00:46:54.462 36388 DEBUG oslo_service.service [-] oslo_messaging_rabbit.conn_pool_ttl = 1200 log_opt_values /usr/lib/python3/dist-packages/oslo_config/cfg.py:2609
2024-10-21 00:46:54.462 36388 DEBUG oslo_service.service [-] oslo_messaging_rabbit.direct_mandatory_flag = True log_opt_values /usr/lib/python3/dist-packages/oslo_config/cfg.py:2609
2024-10-21 00:46:54.463 36388 DEBUG oslo_service.service [-] oslo_messaging_rabbit.enable_cancel_on_failover = False log_opt_values /usr/lib/python3/dist-packages/oslo_config/cfg.py:2609
2024-10-21 00:46:54.463 36388 DEBUG oslo_service.service [-] oslo_messaging_rabbit.heartbeat_in_pthread = True log_opt_values /usr/lib/python3/dist-packages/oslo_config/cfg.py:2609
2024-10-21 00:46:54.463 36388 DEBUG oslo_service.service [-] oslo_messaging_rabbit.heartbeat_rate = 2 log_opt_values /usr/lib/python3/dist-packages/oslo_config/cfg.py:2609
2024-10-21 00:46:54.463 36388 DEBUG oslo_service.service [-] oslo_messaging_rabbit.heartbeat_timeout_threshold = 60 log_opt_values /usr/lib/python3/dist-packages/oslo_config/cfg.py:2609
2024-10-21 00:46:54.463 36388 DEBUG oslo_service.service [-] oslo_messaging_rabbit.kombu_compression = None log_opt_values /usr/lib/python3/dist-packages/oslo_config/cfg.py:2609
2024-10-21 00:46:54.463 36388 DEBUG oslo_service.service [-] oslo_messaging_rabbit.kombu_failover_strategy = round-robin log_opt_values /usr/lib/python3/dist-packages/oslo_config/cfg.py:2609
2024-10-21 00:46:54.463 36388 DEBUG oslo_service.service [-] oslo_messaging_rabbit.kombu_missing_consumer_retry_timeout = 60 log_opt_values /usr/lib/python3/dist-packages/oslo_config/cfg.py:2609
2024-10-21 00:46:54.464 36388 DEBUG oslo_service.service [-] oslo_messaging_rabbit.kombu_reconnect_delay = 1.0 log_opt_values /usr/lib/python3/dist-packages/oslo_config/cfg.py:2609
2024-10-21 00:46:54.464 36388 DEBUG oslo_service.service [-] oslo_messaging_rabbit.rabbit_ha_queues = False log_opt_values /usr/lib/python3/dist-packages/oslo_config/cfg.py:2609
2024-10-21 00:46:54.464 36388 DEBUG oslo_service.service [-] oslo_messaging_rabbit.rabbit_interval_max = 30 log_opt_values /usr/lib/python3/dist-packages/oslo_config/cfg.py:2609
2024-10-21 00:46:54.469 36388 DEBUG oslo_service.service [-] oslo_messaging_rabbit.rabbit_login_method = AMQPLAIN log_opt_values /usr/lib/python3/dist-packages/oslo_config/cfg.py:2609
2024-10-21 00:46:54.469 36388 DEBUG oslo_service.service [-] oslo_messaging_rabbit.rabbit_qos_prefetch_count = 0 log_opt_values /usr/lib/python3/dist-packages/oslo_config/cfg.py:2609
2024-10-21 00:46:54.469 36388 DEBUG oslo_service.service [-] oslo_messaging_rabbit.rabbit_quorum_queue = False log_opt_values /usr/lib/python3/dist-packages/oslo_config/cfg.py:2609
2024-10-21 00:46:54.469 36388 DEBUG oslo_service.service [-] oslo_messaging_rabbit.rabbit_retry_backoff = 2 log_opt_values /usr/lib/python3/dist-packages/oslo_config/cfg.py:2609
2024-10-21 00:46:54.470 36388 DEBUG oslo_service.service [-] oslo_messaging_rabbit.rabbit_retry_interval = 1 log_opt_values /usr/lib/python3/dist-packages/oslo_config/cfg.py:2609
2024-10-21 00:46:54.470 36388 DEBUG oslo_service.service [-] oslo_messaging_rabbit.rabbit_transient_queues_ttl = 1800 log_opt_values /usr/lib/python3/dist-packages/oslo_config/cfg.py:2609
2024-10-21 00:46:54.470 36388 DEBUG oslo_service.service [-] oslo_messaging_rabbit.rpc_conn_pool_size = 30 log_opt_values /usr/lib/python3/dist-packages/oslo_config/cfg.py:2609
2024-10-21 00:46:54.470 36388 DEBUG oslo_service.service [-] oslo_messaging_rabbit.ssl = False log_opt_values /usr/lib/python3/dist-packages/oslo_config/cfg.py:2609
2024-10-21 00:46:54.470 36388 DEBUG oslo_service.service [-] oslo_messaging_rabbit.ssl_ca_file = log_opt_values /usr/lib/python3/dist-packages/oslo_config/cfg.py:2609
2024-10-21 00:46:54.470 36388 DEBUG oslo_service.service [-] oslo_messaging_rabbit.ssl_cert_file = log_opt_values /usr/lib/python3/dist-packages/oslo_config/cfg.py:2609
2024-10-21 00:46:54.470 36388 DEBUG oslo_service.service [-] oslo_messaging_rabbit.ssl_key_file = log_opt_values /usr/lib/python3/dist-packages/oslo_config/cfg.py:2609
2024-10-21 00:46:54.471 36388 DEBUG oslo_service.service [-] oslo_messaging_rabbit.ssl_version = log_opt_values /usr/lib/python3/dist-packages/oslo_config/cfg.py:2609
2024-10-21 00:46:54.471 36388 DEBUG oslo_service.service [-] oslo_messaging_notifications.driver = [] log_opt_values /usr/lib/python3/dist-packages/oslo_config/cfg.py:2609
2024-10-21 00:46:54.471 36388 DEBUG oslo_service.service [-] oslo_messaging_notifications.retry = -1 log_opt_values /usr/lib/python3/dist-packages/oslo_config/cfg.py:2609
2024-10-21 00:46:54.471 36388 DEBUG oslo_service.service [-] oslo_messaging_notifications.topics = ['notifications'] log_opt_values /usr/lib/python3/dist-packages/oslo_config/cfg.py:2609
2024-10-21 00:46:54.471 36388 DEBUG oslo_service.service [-] oslo_messaging_notifications.transport_url = **** log_opt_values /usr/lib/python3/dist-packages/oslo_config/cfg.py:2609
2024-10-21 00:46:54.471 36388 DEBUG oslo_service.service [-] cache.backend = dogpile.cache.null log_opt_values /usr/lib/python3/dist-packages/oslo_config/cfg.py:2609
2024-10-21 00:46:54.472 36388 DEBUG oslo_service.service [-] cache.backend_argument = **** log_opt_values /usr/lib/python3/dist-packages/oslo_config/cfg.py:2609
2024-10-21 00:46:54.472 36388 DEBUG oslo_service.service [-] cache.config_prefix = cache.oslo log_opt_values /usr/lib/python3/dist-packages/oslo_config/cfg.py:2609
2024-10-21 00:46:54.472 36388 DEBUG oslo_service.service [-] cache.debug_cache_backend = False log_opt_values /usr/lib/python3/dist-packages/oslo_config/cfg.py:2609
2024-10-21 00:46:54.472 36388 DEBUG oslo_service.service [-] cache.enabled = False log_opt_values /usr/lib/python3/dist-packages/oslo_config/cfg.py:2609
2024-10-21 00:46:54.472 36388 DEBUG oslo_service.service [-] cache.expiration_time = 600 log_opt_values /usr/lib/python3/dist-packages/oslo_config/cfg.py:2609
2024-10-21 00:46:54.472 36388 DEBUG oslo_service.service [-] cache.memcache_dead_retry = 300 log_opt_values /usr/lib/python3/dist-packages/oslo_config/cfg.py:2609
2024-10-21 00:46:54.472 36388 DEBUG oslo_service.service [-] cache.memcache_pool_connection_get_timeout = 10 log_opt_values /usr/lib/python3/dist-packages/oslo_config/cfg.py:2609
2024-10-21 00:46:54.474 36388 DEBUG oslo_service.service [-] cache.memcache_pool_flush_on_reconnect = False log_opt_values /usr/lib/python3/dist-packages/oslo_config/cfg.py:2609
2024-10-21 00:46:54.474 36388 DEBUG oslo_service.service [-] cache.memcache_pool_maxsize = 10 log_opt_values /usr/lib/python3/dist-packages/oslo_config/cfg.py:2609
2024-10-21 00:46:54.475 36388 DEBUG oslo_service.service [-] cache.memcache_pool_unused_timeout = 60 log_opt_values /usr/lib/python3/dist-packages/oslo_config/cfg.py:2609
2024-10-21 00:46:54.475 36388 DEBUG oslo_service.service [-] cache.memcache_servers = ['localhost:11211'] log_opt_values /usr/lib/python3/dist-packages/oslo_config/cfg.py:2609
2024-10-21 00:46:54.475 36388 DEBUG oslo_service.service [-] cache.memcache_socket_timeout = 1.0 log_opt_values /usr/lib/python3/dist-packages/oslo_config/cfg.py:2609
2024-10-21 00:46:54.476 36388 DEBUG oslo_service.service [-] cache.proxies = [] log_opt_values /usr/lib/python3/dist-packages/oslo_config/cfg.py:2609
2024-10-21 00:46:54.476 36388 DEBUG oslo_service.service [-] cache.tls_allowed_ciphers = None log_opt_values /usr/lib/python3/dist-packages/oslo_config/cfg.py:2609
2024-10-21 00:46:54.476 36388 DEBUG oslo_service.service [-] cache.tls_cafile = None log_opt_values /usr/lib/python3/dist-packages/oslo_config/cfg.py:2609
2024-10-21 00:46:54.476 36388 DEBUG oslo_service.service [-] cache.tls_certfile = None log_opt_values /usr/lib/python3/dist-packages/oslo_config/cfg.py:2609
2024-10-21 00:46:54.476 36388 DEBUG oslo_service.service [-] cache.tls_enabled = False log_opt_values /usr/lib/python3/dist-packages/oslo_config/cfg.py:2609
2024-10-21 00:46:54.476 36388 DEBUG oslo_service.service [-] cache.tls_keyfile = None log_opt_values /usr/lib/python3/dist-packages/oslo_config/cfg.py:2609
2024-10-21 00:46:54.477 36388 DEBUG oslo_service.service [-] constraint_validation_cache.caching = True log_opt_values /usr/lib/python3/dist-packages/oslo_config/cfg.py:2609
2024-10-21 00:46:54.477 36388 DEBUG oslo_service.service [-] constraint_validation_cache.expiration_time = 60 log_opt_values /usr/lib/python3/dist-packages/oslo_config/cfg.py:2609
2024-10-21 00:46:54.477 36388 DEBUG oslo_service.service [-] service_extension_cache.caching = True log_opt_values /usr/lib/python3/dist-packages/oslo_config/cfg.py:2609
2024-10-21 00:46:54.477 36388 DEBUG oslo_service.service [-] service_extension_cache.expiration_time = 3600 log_opt_values /usr/lib/python3/dist-packages/oslo_config/cfg.py:2609
2024-10-21 00:46:54.477 36388 DEBUG oslo_service.service [-] resource_finder_cache.caching = True log_opt_values /usr/lib/python3/dist-packages/oslo_config/cfg.py:2609
2024-10-21 00:46:54.477 36388 DEBUG oslo_service.service [-] resource_finder_cache.expiration_time = 3600 log_opt_values /usr/lib/python3/dist-packages/oslo_config/cfg.py:2609
2024-10-21 00:46:54.478 36388 DEBUG oslo_service.service [-] yaql.limit_iterators = 200 log_opt_values /usr/lib/python3/dist-packages/oslo_config/cfg.py:2609
2024-10-21 00:46:54.478 36388 DEBUG oslo_service.service [-] yaql.memory_quota = 10000 log_opt_values /usr/lib/python3/dist-packages/oslo_config/cfg.py:2609
2024-10-21 00:46:54.478 36388 DEBUG oslo_service.service [-] ******************************************************************************** log_opt_values /usr/lib/python3/dist-packages/oslo_config/cfg.py:2613
2024-10-21 00:46:54.500 36602 DEBUG oslo_db.sqlalchemy.engines [req-c4791266-f396-4312-98be-14c270c4460a - - - - -] MySQL server mode set to STRICT_TRANS_TABLES,STRICT_ALL_TABLES,NO_ZERO_IN_DATE,NO_ZERO_DATE,ERROR_FOR_DIVISION_BY_ZERO,TRADITIONAL,NO_ENGINE_SUBSTITUTION _check_effective_sql_mode /usr/lib/python3/dist-packages/oslo_db/sqlalchemy/engines.py:314
2024-10-21 00:46:54.538 36601 DEBUG oslo_db.sqlalchemy.engines [req-a687c667-4551-43ac-b8ad-52d966c90c8c - - - - -] MySQL server mode set to STRICT_TRANS_TABLES,STRICT_ALL_TABLES,NO_ZERO_IN_DATE,NO_ZERO_DATE,ERROR_FOR_DIVISION_BY_ZERO,TRADITIONAL,NO_ENGINE_SUBSTITUTION _check_effective_sql_mode /usr/lib/python3/dist-packages/oslo_db/sqlalchemy/engines.py:314
2024-10-21 00:46:54.549 36603 DEBUG oslo_db.sqlalchemy.engines [req-2377ce20-b99b-4819-b906-f0e59ca673fb - - - - -] MySQL server mode set to STRICT_TRANS_TABLES,STRICT_ALL_TABLES,NO_ZERO_IN_DATE,NO_ZERO_DATE,ERROR_FOR_DIVISION_BY_ZERO,TRADITIONAL,NO_ENGINE_SUBSTITUTION _check_effective_sql_mode /usr/lib/python3/dist-packages/oslo_db/sqlalchemy/engines.py:314
2024-10-21 00:46:54.618 36601 DEBUG heat.engine.service [req-a03e8642-4a8e-4968-a23d-344041e0d745 - - - - -] Service 81182187-8bcb-45f9-962c-9c7b6fe54b33 is started service_manage_report /usr/lib/python3/dist-packages/heat/engine/service.py:2363
2024-10-21 00:46:54.626 36604 DEBUG oslo_db.sqlalchemy.engines [req-036b0188-eda9-486e-bb1b-f370deef6954 - - - - -] MySQL server mode set to STRICT_TRANS_TABLES,STRICT_ALL_TABLES,NO_ZERO_IN_DATE,NO_ZERO_DATE,ERROR_FOR_DIVISION_BY_ZERO,TRADITIONAL,NO_ENGINE_SUBSTITUTION _check_effective_sql_mode /usr/lib/python3/dist-packages/oslo_db/sqlalchemy/engines.py:314
2024-10-21 00:46:54.661 36601 DEBUG heat.engine.service [req-a03e8642-4a8e-4968-a23d-344041e0d745 - - - - -] Service 81182187-8bcb-45f9-962c-9c7b6fe54b33 is updated service_manage_report /usr/lib/python3/dist-packages/heat/engine/service.py:2370
2024-10-21 00:46:54.684 36602 DEBUG heat.engine.service [req-5cc414a7-628e-4bb3-ab94-dbdd557d2d36 - - - - -] Service eeaaa80c-ace7-4aa7-9625-29f8883e9920 is started service_manage_report /usr/lib/python3/dist-packages/heat/engine/service.py:2363
2024-10-21 00:46:54.688 36603 DEBUG heat.engine.service [req-d45264a7-93ce-4005-8488-b50fd9ebe616 - - - - -] Service f216aa90-c3f7-4d3e-a6f2-62b0922618e2 is started service_manage_report /usr/lib/python3/dist-packages/heat/engine/service.py:2363
2024-10-21 00:46:54.704 36602 DEBUG heat.engine.service [req-5cc414a7-628e-4bb3-ab94-dbdd557d2d36 - - - - -] Service eeaaa80c-ace7-4aa7-9625-29f8883e9920 is updated service_manage_report /usr/lib/python3/dist-packages/heat/engine/service.py:2370
2024-10-21 00:46:54.709 36603 DEBUG heat.engine.service [req-d45264a7-93ce-4005-8488-b50fd9ebe616 - - - - -] Service f216aa90-c3f7-4d3e-a6f2-62b0922618e2 is updated service_manage_report /usr/lib/python3/dist-packages/heat/engine/service.py:2370
2024-10-21 00:46:54.743 36604 DEBUG heat.engine.service [req-c92680a4-b9b9-4b77-95d1-3a627811a77f - - - - -] Service ae86e1aa-70ff-4e35-a0d9-f48154389a7f is started service_manage_report /usr/lib/python3/dist-packages/heat/engine/service.py:2363
2024-10-21 00:46:54.769 36604 DEBUG heat.engine.service [req-c92680a4-b9b9-4b77-95d1-3a627811a77f - - - - -] Service ae86e1aa-70ff-4e35-a0d9-f48154389a7f is updated service_manage_report /usr/lib/python3/dist-packages/heat/engine/service.py:2370
2024-10-21 00:47:54.616 36601 DEBUG heat.engine.service [req-5185db73-832f-49e8-b439-660722bc3712 - - - - -] Service 81182187-8bcb-45f9-962c-9c7b6fe54b33 is updated service_manage_report /usr/lib/python3/dist-packages/heat/engine/service.py:2370
2024-10-21 00:47:54.644 36603 DEBUG heat.engine.service [req-34639684-dcf4-42ad-adc7-753f5383c12b - - - - -] Service f216aa90-c3f7-4d3e-a6f2-62b0922618e2 is updated service_manage_report /usr/lib/python3/dist-packages/heat/engine/service.py:2370
2024-10-21 00:47:54.650 36602 DEBUG heat.engine.service [req-bceb5af2-7269-414b-bf73-84efdd11d378 - - - - -] Service eeaaa80c-ace7-4aa7-9625-29f8883e9920 is updated service_manage_report /usr/lib/python3/dist-packages/heat/engine/service.py:2370
2024-10-21 00:47:54.733 36604 DEBUG heat.engine.service [req-91d2b492-a922-4487-b38b-46112196a941 - - - - -] Service ae86e1aa-70ff-4e35-a0d9-f48154389a7f is updated service_manage_report /usr/lib/python3/dist-packages/heat/engine/service.py:2370
2024-10-21 00:48:54.626 36601 DEBUG heat.engine.service [req-36cbf6c3-bd31-43b9-b7d0-72c6d25d0ba3 - - - - -] Service 81182187-8bcb-45f9-962c-9c7b6fe54b33 is updated service_manage_report /usr/lib/python3/dist-packages/heat/engine/service.py:2370
2024-10-21 00:48:54.656 36603 DEBUG heat.engine.service [req-219a9ff2-38b9-42b2-bfcc-abb5b2c11077 - - - - -] Service f216aa90-c3f7-4d3e-a6f2-62b0922618e2 is updated service_manage_report /usr/lib/python3/dist-packages/heat/engine/service.py:2370
2024-10-21 00:48:54.656 36602 DEBUG heat.engine.service [req-a5e05980-663d-4fde-a914-532c6bc964f5 - - - - -] Service eeaaa80c-ace7-4aa7-9625-29f8883e9920 is updated service_manage_report /usr/lib/python3/dist-packages/heat/engine/service.py:2370
2024-10-21 00:48:54.737 36604 DEBUG heat.engine.service [req-1cc73454-d5f2-459d-89b4-eb0724ee4291 - - - - -] Service ae86e1aa-70ff-4e35-a0d9-f48154389a7f is updated service_manage_report /usr/lib/python3/dist-packages/heat/engine/service.py:2370
2024-10-21 00:49:54.621 36601 DEBUG heat.engine.service [req-57c940e4-8c84-448e-bbb1-241192d86d3d - - - - -] Service 81182187-8bcb-45f9-962c-9c7b6fe54b33 is updated service_manage_report /usr/lib/python3/dist-packages/heat/engine/service.py:2370
2024-10-21 00:49:54.640 36602 DEBUG heat.engine.service [req-2955e441-1752-4cc1-ac5e-d8f66811d1a5 - - - - -] Service eeaaa80c-ace7-4aa7-9625-29f8883e9920 is updated service_manage_report /usr/lib/python3/dist-packages/heat/engine/service.py:2370
2024-10-21 00:49:54.649 36603 DEBUG heat.engine.service [req-80309e8b-a82f-40c9-acee-4b6bc577df77 - - - - -] Service f216aa90-c3f7-4d3e-a6f2-62b0922618e2 is updated service_manage_report /usr/lib/python3/dist-packages/heat/engine/service.py:2370
2024-10-21 00:49:54.740 36604 DEBUG heat.engine.service [req-d25008c7-897b-4e73-86e5-5d459a437f8c - - - - -] Service ae86e1aa-70ff-4e35-a0d9-f48154389a7f is updated service_manage_report /usr/lib/python3/dist-packages/heat/engine/service.py:2370
2024-10-21 00:50:54.625 36601 DEBUG heat.engine.service [req-6e79cb2e-c2db-4601-a111-981bd622c2d7 - - - - -] Service 81182187-8bcb-45f9-962c-9c7b6fe54b33 is updated service_manage_report /usr/lib/python3/dist-packages/heat/engine/service.py:2370
2024-10-21 00:50:54.643 36602 DEBUG heat.engine.service [req-cc784044-f9a7-4ebb-ac6e-e71d7853db31 - - - - -] Service eeaaa80c-ace7-4aa7-9625-29f8883e9920 is updated service_manage_report /usr/lib/python3/dist-packages/heat/engine/service.py:2370
2024-10-21 00:50:54.654 36603 DEBUG heat.engine.service [req-90cbb931-3af7-4191-b771-f6d301585cc8 - - - - -] Service f216aa90-c3f7-4d3e-a6f2-62b0922618e2 is updated service_manage_report /usr/lib/python3/dist-packages/heat/engine/service.py:2370
2024-10-21 00:50:54.752 36604 DEBUG heat.engine.service [req-cdea8865-b5a2-4678-b24d-1db6bf04fd05 - - - - -] Service ae86e1aa-70ff-4e35-a0d9-f48154389a7f is updated service_manage_report /usr/lib/python3/dist-packages/heat/engine/service.py:2370
2024-10-21 00:51:54.629 36601 DEBUG heat.engine.service [req-52103ab9-9587-4f70-afa2-251c67f9739d - - - - -] Service 81182187-8bcb-45f9-962c-9c7b6fe54b33 is updated service_manage_report /usr/lib/python3/dist-packages/heat/engine/service.py:2370
2024-10-21 00:51:54.646 36602 DEBUG heat.engine.service [req-9bd09332-8fcf-4138-9d22-e2dbeecff9d8 - - - - -] Service eeaaa80c-ace7-4aa7-9625-29f8883e9920 is updated service_manage_report /usr/lib/python3/dist-packages/heat/engine/service.py:2370
2024-10-21 00:51:54.663 36603 DEBUG heat.engine.service [req-9430af76-f69e-4866-9d68-59338206759d - - - - -] Service f216aa90-c3f7-4d3e-a6f2-62b0922618e2 is updated service_manage_report /usr/lib/python3/dist-packages/heat/engine/service.py:2370
2024-10-21 00:51:54.746 36604 DEBUG heat.engine.service [req-90f22d67-b2e8-4b71-b614-0d7f146ef00a - - - - -] Service ae86e1aa-70ff-4e35-a0d9-f48154389a7f is updated service_manage_report /usr/lib/python3/dist-packages/heat/engine/service.py:2370
2024-10-21 00:52:54.632 36601 DEBUG heat.engine.service [req-71d29bfe-e8df-4aad-8122-492a2d99ce29 - - - - -] Service 81182187-8bcb-45f9-962c-9c7b6fe54b33 is updated service_manage_report /usr/lib/python3/dist-packages/heat/engine/service.py:2370
2024-10-21 00:52:54.651 36602 DEBUG heat.engine.service [req-7996801d-cf2a-47cf-b194-4d2915a22e46 - - - - -] Service eeaaa80c-ace7-4aa7-9625-29f8883e9920 is updated service_manage_report /usr/lib/python3/dist-packages/heat/engine/service.py:2370
2024-10-21 00:52:54.657 36603 DEBUG heat.engine.service [req-775ddf3b-496e-439b-a174-1a82a1699555 - - - - -] Service f216aa90-c3f7-4d3e-a6f2-62b0922618e2 is updated service_manage_report /usr/lib/python3/dist-packages/heat/engine/service.py:2370
2024-10-21 00:52:54.751 36604 DEBUG heat.engine.service [req-0c11ec31-b61f-457f-9e97-5860d4b830dc - - - - -] Service ae86e1aa-70ff-4e35-a0d9-f48154389a7f is updated service_manage_report /usr/lib/python3/dist-packages/heat/engine/service.py:2370
2024-10-21 00:53:54.636 36601 DEBUG heat.engine.service [req-5ed603f6-5c00-45fe-8466-b5e5f003a686 - - - - -] Service 81182187-8bcb-45f9-962c-9c7b6fe54b33 is updated service_manage_report /usr/lib/python3/dist-packages/heat/engine/service.py:2370
2024-10-21 00:53:54.658 36602 DEBUG heat.engine.service [req-864c61d2-59a9-46b2-9b03-db5ba149ebf3 - - - - -] Service eeaaa80c-ace7-4aa7-9625-29f8883e9920 is updated service_manage_report /usr/lib/python3/dist-packages/heat/engine/service.py:2370
2024-10-21 00:53:54.661 36603 DEBUG heat.engine.service [req-a505e98e-6087-4c67-862c-aa735fe9fb3e - - - - -] Service f216aa90-c3f7-4d3e-a6f2-62b0922618e2 is updated service_manage_report /usr/lib/python3/dist-packages/heat/engine/service.py:2370
2024-10-21 00:53:54.757 36604 DEBUG heat.engine.service [req-fedc7e0f-c76c-4d0a-8f5d-d800b747bad7 - - - - -] Service ae86e1aa-70ff-4e35-a0d9-f48154389a7f is updated service_manage_report /usr/lib/python3/dist-packages/heat/engine/service.py:2370
2024-10-21 00:54:54.642 36601 DEBUG heat.engine.service [req-792874a9-43bb-44f2-8376-129ef1cf3de8 - - - - -] Service 81182187-8bcb-45f9-962c-9c7b6fe54b33 is updated service_manage_report /usr/lib/python3/dist-packages/heat/engine/service.py:2370
2024-10-21 00:54:54.653 36602 DEBUG heat.engine.service [req-e2011ebb-bf6d-4eee-be4f-c08f9aed4840 - - - - -] Service eeaaa80c-ace7-4aa7-9625-29f8883e9920 is updated service_manage_report /usr/lib/python3/dist-packages/heat/engine/service.py:2370
2024-10-21 00:54:54.666 36603 DEBUG heat.engine.service [req-d07a6c70-001a-40da-a7cc-8253a63624ef - - - - -] Service f216aa90-c3f7-4d3e-a6f2-62b0922618e2 is updated service_manage_report /usr/lib/python3/dist-packages/heat/engine/service.py:2370
2024-10-21 00:54:54.765 36604 DEBUG heat.engine.service [req-88f8c7eb-31e0-4704-9e3f-8c489c5ce64b - - - - -] Service ae86e1aa-70ff-4e35-a0d9-f48154389a7f is updated service_manage_report /usr/lib/python3/dist-packages/heat/engine/service.py:2370
2024-10-21 00:55:54.648 36601 DEBUG heat.engine.service [req-09fe8ce0-b3b2-4454-ae9e-41c76402c475 - - - - -] Service 81182187-8bcb-45f9-962c-9c7b6fe54b33 is updated service_manage_report /usr/lib/python3/dist-packages/heat/engine/service.py:2370
2024-10-21 00:55:54.657 36602 DEBUG heat.engine.service [req-482816d4-c6ee-4990-82f0-dadd37df13f5 - - - - -] Service eeaaa80c-ace7-4aa7-9625-29f8883e9920 is updated service_manage_report /usr/lib/python3/dist-packages/heat/engine/service.py:2370
2024-10-21 00:55:54.675 36603 DEBUG heat.engine.service [req-c852e331-c483-4425-b7d0-1953f911612e - - - - -] Service f216aa90-c3f7-4d3e-a6f2-62b0922618e2 is updated service_manage_report /usr/lib/python3/dist-packages/heat/engine/service.py:2370
2024-10-21 00:55:54.759 36604 DEBUG heat.engine.service [req-6c09e78d-d900-4498-b646-8d141f766eb0 - - - - -] Service ae86e1aa-70ff-4e35-a0d9-f48154389a7f is updated service_manage_report /usr/lib/python3/dist-packages/heat/engine/service.py:2370
2024-10-21 00:56:54.653 36601 DEBUG heat.engine.service [req-fbee184c-ba6a-4727-ad91-70702c86b487 - - - - -] Service 81182187-8bcb-45f9-962c-9c7b6fe54b33 is updated service_manage_report /usr/lib/python3/dist-packages/heat/engine/service.py:2370
2024-10-21 00:56:54.663 36602 DEBUG heat.engine.service [req-d2f858e9-3a1d-402a-9b33-a3154517a014 - - - - -] Service eeaaa80c-ace7-4aa7-9625-29f8883e9920 is updated service_manage_report /usr/lib/python3/dist-packages/heat/engine/service.py:2370
2024-10-21 00:56:54.671 36603 DEBUG heat.engine.service [req-a83c5375-752a-4a8e-8c85-c7102946b636 - - - - -] Service f216aa90-c3f7-4d3e-a6f2-62b0922618e2 is updated service_manage_report /usr/lib/python3/dist-packages/heat/engine/service.py:2370
2024-10-21 00:56:54.765 36604 DEBUG heat.engine.service [req-53ba7945-737f-45c7-ad19-2fdedca63835 - - - - -] Service ae86e1aa-70ff-4e35-a0d9-f48154389a7f is updated service_manage_report /usr/lib/python3/dist-packages/heat/engine/service.py:2370
2024-10-21 00:57:54.659 36601 DEBUG heat.engine.service [req-3ba9be35-4f57-4030-8c9c-e6f732dc02c0 - - - - -] Service 81182187-8bcb-45f9-962c-9c7b6fe54b33 is updated service_manage_report /usr/lib/python3/dist-packages/heat/engine/service.py:2370
2024-10-21 00:57:54.661 36602 DEBUG heat.engine.service [req-09926f92-d9ee-4fa8-a13b-a07d80c7ee47 - - - - -] Service eeaaa80c-ace7-4aa7-9625-29f8883e9920 is updated service_manage_report /usr/lib/python3/dist-packages/heat/engine/service.py:2370
2024-10-21 00:57:54.665 36603 DEBUG heat.engine.service [req-917e6b78-4205-4eb0-9723-fd086cbdccc7 - - - - -] Service f216aa90-c3f7-4d3e-a6f2-62b0922618e2 is updated service_manage_report /usr/lib/python3/dist-packages/heat/engine/service.py:2370
2024-10-21 00:57:54.764 36604 DEBUG heat.engine.service [req-f3b8da65-a6a3-4f6a-afd6-bbf7458ceee3 - - - - -] Service ae86e1aa-70ff-4e35-a0d9-f48154389a7f is updated service_manage_report /usr/lib/python3/dist-packages/heat/engine/service.py:2370
2024-10-21 00:58:54.655 36601 DEBUG heat.engine.service [req-3644efb4-b9e7-42ee-a095-79d2af071b4b - - - - -] Service 81182187-8bcb-45f9-962c-9c7b6fe54b33 is updated service_manage_report /usr/lib/python3/dist-packages/heat/engine/service.py:2370
2024-10-21 00:58:54.659 36602 DEBUG heat.engine.service [req-70fd279f-3bd2-44c6-88e0-06dbc8b60710 - - - - -] Service eeaaa80c-ace7-4aa7-9625-29f8883e9920 is updated service_manage_report /usr/lib/python3/dist-packages/heat/engine/service.py:2370
2024-10-21 00:58:54.670 36603 DEBUG heat.engine.service [req-98221838-3dde-4ddb-a0df-c280b0e8dbca - - - - -] Service f216aa90-c3f7-4d3e-a6f2-62b0922618e2 is updated service_manage_report /usr/lib/python3/dist-packages/heat/engine/service.py:2370
2024-10-21 00:58:54.763 36604 DEBUG heat.engine.service [req-2bbb1cc0-0bac-4031-8026-61a3183c9929 - - - - -] Service ae86e1aa-70ff-4e35-a0d9-f48154389a7f is updated service_manage_report /usr/lib/python3/dist-packages/heat/engine/service.py:2370
2024-10-21 00:59:54.650 36601 DEBUG heat.engine.service [req-9ab4e431-fb85-4568-a93a-41e8664ff607 - - - - -] Service 81182187-8bcb-45f9-962c-9c7b6fe54b33 is updated service_manage_report /usr/lib/python3/dist-packages/heat/engine/service.py:2370
2024-10-21 00:59:54.656 36602 DEBUG heat.engine.service [req-4f016753-fd88-4534-aaf1-b09cc24dae8b - - - - -] Service eeaaa80c-ace7-4aa7-9625-29f8883e9920 is updated service_manage_report /usr/lib/python3/dist-packages/heat/engine/service.py:2370
2024-10-21 00:59:54.675 36603 DEBUG heat.engine.service [req-950da073-ddf2-4dc4-916c-757275b140bb - - - - -] Service f216aa90-c3f7-4d3e-a6f2-62b0922618e2 is updated service_manage_report /usr/lib/python3/dist-packages/heat/engine/service.py:2370
2024-10-21 00:59:54.757 36604 DEBUG heat.engine.service [req-2741c148-22e6-4883-a462-82bddb33a9b8 - - - - -] Service ae86e1aa-70ff-4e35-a0d9-f48154389a7f is updated service_manage_report /usr/lib/python3/dist-packages/heat/engine/service.py:2370
2024-10-21 01:00:54.652 36602 DEBUG heat.engine.service [req-083aff39-6813-4bd6-82a4-e56ce8bc391f - - - - -] Service eeaaa80c-ace7-4aa7-9625-29f8883e9920 is updated service_manage_report /usr/lib/python3/dist-packages/heat/engine/service.py:2370
2024-10-21 01:00:54.661 36601 DEBUG heat.engine.service [req-31bb0ede-fc32-4c99-9ec4-88484d186449 - - - - -] Service 81182187-8bcb-45f9-962c-9c7b6fe54b33 is updated service_manage_report /usr/lib/python3/dist-packages/heat/engine/service.py:2370
2024-10-21 01:00:54.682 36603 DEBUG heat.engine.service [req-6e512a69-6e4a-44e5-90ed-42726cd54b27 - - - - -] Service f216aa90-c3f7-4d3e-a6f2-62b0922618e2 is updated service_manage_report /usr/lib/python3/dist-packages/heat/engine/service.py:2370
2024-10-21 01:00:54.763 36604 DEBUG heat.engine.service [req-af19a881-9995-4700-9362-d0301a28d18b - - - - -] Service ae86e1aa-70ff-4e35-a0d9-f48154389a7f is updated service_manage_report /usr/lib/python3/dist-packages/heat/engine/service.py:2370
2024-10-21 01:01:54.660 36601 DEBUG heat.engine.service [req-5ee62eb1-349f-4579-8a50-a73699a9dd83 - - - - -] Service 81182187-8bcb-45f9-962c-9c7b6fe54b33 is updated service_manage_report /usr/lib/python3/dist-packages/heat/engine/service.py:2370
2024-10-21 01:01:54.662 36602 DEBUG heat.engine.service [req-ddab9865-40d7-42cb-ae55-e515dada63c2 - - - - -] Service eeaaa80c-ace7-4aa7-9625-29f8883e9920 is updated service_manage_report /usr/lib/python3/dist-packages/heat/engine/service.py:2370
2024-10-21 01:01:54.676 36603 DEBUG heat.engine.service [req-693b79fe-0547-4e1f-9c66-f8d4f572b6a1 - - - - -] Service f216aa90-c3f7-4d3e-a6f2-62b0922618e2 is updated service_manage_report /usr/lib/python3/dist-packages/heat/engine/service.py:2370
2024-10-21 01:01:54.769 36604 DEBUG heat.engine.service [req-9757244a-dc87-416a-8b21-c4bb937266f0 - - - - -] Service ae86e1aa-70ff-4e35-a0d9-f48154389a7f is updated service_manage_report /usr/lib/python3/dist-packages/heat/engine/service.py:2370
2024-10-21 01:02:54.659 36602 DEBUG heat.engine.service [req-832ec925-5397-4429-a82e-3559f84b9238 - - - - -] Service eeaaa80c-ace7-4aa7-9625-29f8883e9920 is updated service_manage_report /usr/lib/python3/dist-packages/heat/engine/service.py:2370
2024-10-21 01:02:54.660 36601 DEBUG heat.engine.service [req-60ab308a-01a6-46bd-be24-71ab27fb2397 - - - - -] Service 81182187-8bcb-45f9-962c-9c7b6fe54b33 is updated service_manage_report /usr/lib/python3/dist-packages/heat/engine/service.py:2370
2024-10-21 01:02:54.683 36603 DEBUG heat.engine.service [req-47d16e4b-7576-4a5c-b376-8e8bceb192ef - - - - -] Service f216aa90-c3f7-4d3e-a6f2-62b0922618e2 is updated service_manage_report /usr/lib/python3/dist-packages/heat/engine/service.py:2370
2024-10-21 01:02:54.756 36604 DEBUG heat.engine.service [req-e87d3972-2a52-44a2-963d-19ff024ee4d1 - - - - -] Service ae86e1aa-70ff-4e35-a0d9-f48154389a7f is updated service_manage_report /usr/lib/python3/dist-packages/heat/engine/service.py:2370
2024-10-21 01:03:54.660 36601 DEBUG heat.engine.service [req-9766a690-071f-4250-8b8b-d98c5d5522b9 - - - - -] Service 81182187-8bcb-45f9-962c-9c7b6fe54b33 is updated service_manage_report /usr/lib/python3/dist-packages/heat/engine/service.py:2370
2024-10-21 01:03:54.662 36602 DEBUG heat.engine.service [req-cdecebf5-9113-45b0-8ddc-8c4528f42e2c - - - - -] Service eeaaa80c-ace7-4aa7-9625-29f8883e9920 is updated service_manage_report /usr/lib/python3/dist-packages/heat/engine/service.py:2370
2024-10-21 01:03:54.680 36603 DEBUG heat.engine.service [req-86a52e32-ec54-4eba-b7f1-fa31277e8c6b - - - - -] Service f216aa90-c3f7-4d3e-a6f2-62b0922618e2 is updated service_manage_report /usr/lib/python3/dist-packages/heat/engine/service.py:2370
2024-10-21 01:03:54.751 36604 DEBUG heat.engine.service [req-e85aec91-3c1c-4218-8671-48b1b588b833 - - - - -] Service ae86e1aa-70ff-4e35-a0d9-f48154389a7f is updated service_manage_report /usr/lib/python3/dist-packages/heat/engine/service.py:2370
2024-10-21 01:04:54.657 36601 DEBUG heat.engine.service [req-69dcd444-bbca-42d0-b170-4d3561e45b2f - - - - -] Service 81182187-8bcb-45f9-962c-9c7b6fe54b33 is updated service_manage_report /usr/lib/python3/dist-packages/heat/engine/service.py:2370
2024-10-21 01:04:54.660 36602 DEBUG heat.engine.service [req-aa4e8db9-e1f4-4150-ae32-8a16f7e14b4c - - - - -] Service eeaaa80c-ace7-4aa7-9625-29f8883e9920 is updated service_manage_report /usr/lib/python3/dist-packages/heat/engine/service.py:2370
2024-10-21 01:04:54.674 36603 DEBUG heat.engine.service [req-54b20833-a265-4453-a44f-fdcb944042a5 - - - - -] Service f216aa90-c3f7-4d3e-a6f2-62b0922618e2 is updated service_manage_report /usr/lib/python3/dist-packages/heat/engine/service.py:2370
2024-10-21 01:04:54.756 36604 DEBUG heat.engine.service [req-60d359db-693a-4a71-893a-5cc408cbd64f - - - - -] Service ae86e1aa-70ff-4e35-a0d9-f48154389a7f is updated service_manage_report /usr/lib/python3/dist-packages/heat/engine/service.py:2370
2024-10-21 01:05:54.654 36601 DEBUG heat.engine.service [req-44ec1806-b217-4061-afe9-b989fee5eae9 - - - - -] Service 81182187-8bcb-45f9-962c-9c7b6fe54b33 is updated service_manage_report /usr/lib/python3/dist-packages/heat/engine/service.py:2370
2024-10-21 01:05:54.657 36602 DEBUG heat.engine.service [req-c26a7424-c167-4376-a1fc-25edbd142aeb - - - - -] Service eeaaa80c-ace7-4aa7-9625-29f8883e9920 is updated service_manage_report /usr/lib/python3/dist-packages/heat/engine/service.py:2370
2024-10-21 01:05:54.676 36603 DEBUG heat.engine.service [req-c44daf5e-0a34-4065-a5b3-514d65c6ab94 - - - - -] Service f216aa90-c3f7-4d3e-a6f2-62b0922618e2 is updated service_manage_report /usr/lib/python3/dist-packages/heat/engine/service.py:2370
2024-10-21 01:05:54.762 36604 DEBUG heat.engine.service [req-0044f4cf-15c8-4e28-9944-2fe478180579 - - - - -] Service ae86e1aa-70ff-4e35-a0d9-f48154389a7f is updated service_manage_report /usr/lib/python3/dist-packages/heat/engine/service.py:2370
2024-10-21 01:06:54.649 36601 DEBUG heat.engine.service [req-0a422df4-92d3-4e55-87f5-3f495c8fd4f8 - - - - -] Service 81182187-8bcb-45f9-962c-9c7b6fe54b33 is updated service_manage_report /usr/lib/python3/dist-packages/heat/engine/service.py:2370
2024-10-21 01:06:54.652 36602 DEBUG heat.engine.service [req-a1759612-7503-4607-9f8e-30ba09771cef - - - - -] Service eeaaa80c-ace7-4aa7-9625-29f8883e9920 is updated service_manage_report /usr/lib/python3/dist-packages/heat/engine/service.py:2370
2024-10-21 01:06:54.682 36603 DEBUG heat.engine.service [req-c580b2cf-cb95-4778-a80c-defafe72cf5f - - - - -] Service f216aa90-c3f7-4d3e-a6f2-62b0922618e2 is updated service_manage_report /usr/lib/python3/dist-packages/heat/engine/service.py:2370
2024-10-21 01:06:54.757 36604 DEBUG heat.engine.service [req-283a941c-3dfc-4cf3-b464-142dd5f005da - - - - -] Service ae86e1aa-70ff-4e35-a0d9-f48154389a7f is updated service_manage_report /usr/lib/python3/dist-packages/heat/engine/service.py:2370
2024-10-21 01:07:54.658 36601 DEBUG heat.engine.service [req-443455f4-9934-4211-8c45-3455ea0a02fb - - - - -] Service 81182187-8bcb-45f9-962c-9c7b6fe54b33 is updated service_manage_report /usr/lib/python3/dist-packages/heat/engine/service.py:2370
2024-10-21 01:07:54.661 36602 DEBUG heat.engine.service [req-a4aea7ed-436d-4828-8633-faf384487918 - - - - -] Service eeaaa80c-ace7-4aa7-9625-29f8883e9920 is updated service_manage_report /usr/lib/python3/dist-packages/heat/engine/service.py:2370
2024-10-21 01:07:54.676 36603 DEBUG heat.engine.service [req-b57780ff-3256-4cc2-beb2-e44034819c27 - - - - -] Service f216aa90-c3f7-4d3e-a6f2-62b0922618e2 is updated service_manage_report /usr/lib/python3/dist-packages/heat/engine/service.py:2370
2024-10-21 01:07:54.763 36604 DEBUG heat.engine.service [req-bb656b32-c351-41b3-b72c-2175546a66a5 - - - - -] Service ae86e1aa-70ff-4e35-a0d9-f48154389a7f is updated service_manage_report /usr/lib/python3/dist-packages/heat/engine/service.py:2370
2024-10-21 01:08:54.657 36601 DEBUG heat.engine.service [req-26ad8e2d-e9cb-4498-9c69-ae0afd501f5b - - - - -] Service 81182187-8bcb-45f9-962c-9c7b6fe54b33 is updated service_manage_report /usr/lib/python3/dist-packages/heat/engine/service.py:2370
2024-10-21 01:08:54.660 36602 DEBUG heat.engine.service [req-f14978d8-0753-498e-98f5-ccdcba638f8c - - - - -] Service eeaaa80c-ace7-4aa7-9625-29f8883e9920 is updated service_manage_report /usr/lib/python3/dist-packages/heat/engine/service.py:2370
2024-10-21 01:08:54.682 36603 DEBUG heat.engine.service [req-4d445aea-17e4-420a-a34b-1ac3405a512a - - - - -] Service f216aa90-c3f7-4d3e-a6f2-62b0922618e2 is updated service_manage_report /usr/lib/python3/dist-packages/heat/engine/service.py:2370
