2024-10-21 02:12:18.845 7 DEBUG oslo_service.service [-] ml2_type_gre.tunnel_id_ranges = [] log_opt_values /var/lib/kolla/venv/lib/python3.6/site-packages/oslo_config/cfg.py:2611
2024-10-21 02:12:18.845 7 DEBUG oslo_service.service [-] ml2_type_vlan.network_vlan_ranges = [] log_opt_values /var/lib/kolla/venv/lib/python3.6/site-packages/oslo_config/cfg.py:2611
2024-10-21 02:12:18.845 7 DEBUG oslo_service.service [-] ml2_type_vxlan.vni_ranges = [] log_opt_values /var/lib/kolla/venv/lib/python3.6/site-packages/oslo_config/cfg.py:2611
2024-10-21 02:12:18.845 7 DEBUG oslo_service.service [-] ml2_type_vxlan.vxlan_group = None log_opt_values /var/lib/kolla/venv/lib/python3.6/site-packages/oslo_config/cfg.py:2611
2024-10-21 02:12:18.845 7 DEBUG oslo_service.service [-] database.backend = sqlalchemy log_opt_values /var/lib/kolla/venv/lib/python3.6/site-packages/oslo_config/cfg.py:2611
2024-10-21 02:12:18.845 7 DEBUG oslo_service.service [-] database.connection = **** log_opt_values /var/lib/kolla/venv/lib/python3.6/site-packages/oslo_config/cfg.py:2611
2024-10-21 02:12:18.846 7 DEBUG oslo_service.service [-] database.connection_debug = 0 log_opt_values /var/lib/kolla/venv/lib/python3.6/site-packages/oslo_config/cfg.py:2611
2024-10-21 02:12:18.846 7 DEBUG oslo_service.service [-] database.connection_parameters = log_opt_values /var/lib/kolla/venv/lib/python3.6/site-packages/oslo_config/cfg.py:2611
2024-10-21 02:12:18.846 7 DEBUG oslo_service.service [-] database.connection_recycle_time = 10 log_opt_values /var/lib/kolla/venv/lib/python3.6/site-packages/oslo_config/cfg.py:2611
2024-10-21 02:12:18.846 7 DEBUG oslo_service.service [-] database.connection_trace = False log_opt_values /var/lib/kolla/venv/lib/python3.6/site-packages/oslo_config/cfg.py:2611
2024-10-21 02:12:18.846 7 DEBUG oslo_service.service [-] database.db_inc_retry_interval = True log_opt_values /var/lib/kolla/venv/lib/python3.6/site-packages/oslo_config/cfg.py:2611
2024-10-21 02:12:18.846 7 DEBUG oslo_service.service [-] database.db_max_retries = 20 log_opt_values /var/lib/kolla/venv/lib/python3.6/site-packages/oslo_config/cfg.py:2611
2024-10-21 02:12:18.846 7 DEBUG oslo_service.service [-] database.db_max_retry_interval = 10 log_opt_values /var/lib/kolla/venv/lib/python3.6/site-packages/oslo_config/cfg.py:2611
2024-10-21 02:12:18.846 7 DEBUG oslo_service.service [-] database.db_retry_interval = 1 log_opt_values /var/lib/kolla/venv/lib/python3.6/site-packages/oslo_config/cfg.py:2611
2024-10-21 02:12:18.846 7 DEBUG oslo_service.service [-] database.max_overflow = 50 log_opt_values /var/lib/kolla/venv/lib/python3.6/site-packages/oslo_config/cfg.py:2611
2024-10-21 02:12:18.846 7 DEBUG oslo_service.service [-] database.max_pool_size = 1 log_opt_values /var/lib/kolla/venv/lib/python3.6/site-packages/oslo_config/cfg.py:2611
2024-10-21 02:12:18.846 7 DEBUG oslo_service.service [-] database.max_retries = -1 log_opt_values /var/lib/kolla/venv/lib/python3.6/site-packages/oslo_config/cfg.py:2611
2024-10-21 02:12:18.847 7 DEBUG oslo_service.service [-] database.mysql_enable_ndb = False log_opt_values /var/lib/kolla/venv/lib/python3.6/site-packages/oslo_config/cfg.py:2611
2024-10-21 02:12:18.847 7 DEBUG oslo_service.service [-] database.mysql_sql_mode = TRADITIONAL log_opt_values /var/lib/kolla/venv/lib/python3.6/site-packages/oslo_config/cfg.py:2611
2024-10-21 02:12:18.847 7 DEBUG oslo_service.service [-] database.pool_timeout = None log_opt_values /var/lib/kolla/venv/lib/python3.6/site-packages/oslo_config/cfg.py:2611
2024-10-21 02:12:18.847 7 DEBUG oslo_service.service [-] database.retry_interval = 10 log_opt_values /var/lib/kolla/venv/lib/python3.6/site-packages/oslo_config/cfg.py:2611
2024-10-21 02:12:18.847 7 DEBUG oslo_service.service [-] database.slave_connection = **** log_opt_values /var/lib/kolla/venv/lib/python3.6/site-packages/oslo_config/cfg.py:2611
2024-10-21 02:12:18.847 7 DEBUG oslo_service.service [-] database.sqlite_synchronous = True log_opt_values /var/lib/kolla/venv/lib/python3.6/site-packages/oslo_config/cfg.py:2611
2024-10-21 02:12:18.847 7 DEBUG oslo_service.service [-] database.use_db_reconnect = False log_opt_values /var/lib/kolla/venv/lib/python3.6/site-packages/oslo_config/cfg.py:2611
2024-10-21 02:12:18.847 7 DEBUG oslo_service.service [-] ******************************************************************************** log_opt_values /var/lib/kolla/venv/lib/python3.6/site-packages/oslo_config/cfg.py:2613
2024-10-21 02:12:19.164 22 DEBUG neutron.wsgi [-] (22) accepted ('10.0.0.32', 44476) server /var/lib/kolla/venv/lib/python3.6/site-packages/eventlet/wsgi.py:1004
2024-10-21 02:12:19.171 22 INFO neutron.wsgi [-] 10.0.0.32 "GET / HTTP/1.1" status: 200 len: 227 time: 0.0058348
2024-10-21 02:12:23.307 23 DEBUG neutron.api.rpc.handlers.dhcp_rpc [req-8c476b6a-4d10-4c37-bce1-70f412db6d28 - - - - -] get_active_networks_info from cn-jenkins-deploy-platform-ansible-os-2121-1 get_active_networks_info /var/lib/kolla/venv/lib/python3.6/site-packages/neutron/api/rpc/handlers/dhcp_rpc.py:159
2024-10-21 02:12:23.347 28 DEBUG neutron_lib.callbacks.manager [req-139f413f-bcec-4525-b07b-f255b118191d - - - - -] Publish callbacks ['neutron.services.segments.db._update_segment_host_mapping_for_agent-8742750658419', 'neutron.services.l3_router.l3_router_plugin.DVRResourceOperationHandler.create_fip_agent_gw_ports-986371'] for agent (cfd416c8-1511-43d3-91f5-80b83cfed6e4), after_create _notify_loop /var/lib/kolla/venv/lib/python3.6/site-packages/neutron_lib/callbacks/manager.py:177
2024-10-21 02:12:23.356 23 DEBUG neutron.scheduler.dhcp_agent_scheduler [req-8c476b6a-4d10-4c37-bce1-70f412db6d28 - - - - -] No non-hosted networks auto_schedule_networks /var/lib/kolla/venv/lib/python3.6/site-packages/neutron/scheduler/dhcp_agent_scheduler.py:60
2024-10-21 02:12:36.948 26 DEBUG neutron_lib.callbacks.manager [req-0dfa9e52-b8e3-4dc5-9109-ec75b4e58971 - - - - -] Publish callbacks ['neutron.services.segments.db._update_segment_host_mapping_for_agent-8742750658419', 'neutron.services.l3_router.l3_router_plugin.DVRResourceOperationHandler.create_fip_agent_gw_ports-986371'] for agent (272553a5-a011-4710-a380-c6997458372c), after_create _notify_loop /var/lib/kolla/venv/lib/python3.6/site-packages/neutron_lib/callbacks/manager.py:177
2024-10-21 02:12:49.235 22 DEBUG neutron.wsgi [-] (22) accepted ('10.0.0.32', 35498) server /var/lib/kolla/venv/lib/python3.6/site-packages/eventlet/wsgi.py:1004
2024-10-21 02:12:49.240 22 INFO neutron.wsgi [-] 10.0.0.32 "GET / HTTP/1.1" status: 200 len: 227 time: 0.0037243
2024-10-21 02:12:53.324 27 DEBUG neutron_lib.callbacks.manager [req-ff0cb897-9b02-4964-8aa3-ca17f84b13b4 - - - - -] Publish callbacks ['neutron.services.segments.db._update_segment_host_mapping_for_agent-8742750658419', 'neutron.plugins.ml2.plugin.Ml2Plugin._retry_binding_revived_agents-1894101'] for agent (cfd416c8-1511-43d3-91f5-80b83cfed6e4), after_update _notify_loop /var/lib/kolla/venv/lib/python3.6/site-packages/neutron_lib/callbacks/manager.py:177
2024-10-21 02:13:06.785 29 DEBUG neutron.db.agents_db [req-35cc4bfe-0c0a-4d2e-8cf1-cfd5ab96f5d2 - - - - -] Agent healthcheck: found 2 active agents agent_health_check /var/lib/kolla/venv/lib/python3.6/site-packages/neutron/db/agents_db.py:318
2024-10-21 02:13:06.904 23 DEBUG neutron_lib.callbacks.manager [req-0dfa9e52-b8e3-4dc5-9109-ec75b4e58971 - - - - -] Publish callbacks ['neutron.services.segments.db._update_segment_host_mapping_for_agent-8742750658419', 'neutron.plugins.ml2.plugin.Ml2Plugin._retry_binding_revived_agents-1894101'] for agent (272553a5-a011-4710-a380-c6997458372c), after_update _notify_loop /var/lib/kolla/venv/lib/python3.6/site-packages/neutron_lib/callbacks/manager.py:177
2024-10-21 02:13:19.289 22 DEBUG neutron.wsgi [-] (22) accepted ('10.0.0.32', 45662) server /var/lib/kolla/venv/lib/python3.6/site-packages/eventlet/wsgi.py:1004
2024-10-21 02:13:19.294 22 INFO neutron.wsgi [-] 10.0.0.32 "GET / HTTP/1.1" status: 200 len: 227 time: 0.0042171
2024-10-21 02:13:23.323 25 DEBUG neutron_lib.callbacks.manager [req-c9612bd8-f33d-42d6-9871-a89ae4eb8b7a - - - - -] Publish callbacks ['neutron.services.segments.db._update_segment_host_mapping_for_agent-8742750658419', 'neutron.plugins.ml2.plugin.Ml2Plugin._retry_binding_revived_agents-1894101'] for agent (cfd416c8-1511-43d3-91f5-80b83cfed6e4), after_update _notify_loop /var/lib/kolla/venv/lib/python3.6/site-packages/neutron_lib/callbacks/manager.py:177
2024-10-21 02:13:36.921 24 DEBUG neutron_lib.callbacks.manager [req-0dfa9e52-b8e3-4dc5-9109-ec75b4e58971 - - - - -] Publish callbacks ['neutron.services.segments.db._update_segment_host_mapping_for_agent-8742750658419', 'neutron.plugins.ml2.plugin.Ml2Plugin._retry_binding_revived_agents-1894101'] for agent (272553a5-a011-4710-a380-c6997458372c), after_update _notify_loop /var/lib/kolla/venv/lib/python3.6/site-packages/neutron_lib/callbacks/manager.py:177
2024-10-21 02:13:43.778 29 DEBUG neutron.db.agents_db [req-35cc4bfe-0c0a-4d2e-8cf1-cfd5ab96f5d2 - - - - -] Agent healthcheck: found 2 active agents agent_health_check /var/lib/kolla/venv/lib/python3.6/site-packages/neutron/db/agents_db.py:318
2024-10-21 02:13:49.360 22 DEBUG neutron.wsgi [-] (22) accepted ('10.0.0.32', 59528) server /var/lib/kolla/venv/lib/python3.6/site-packages/eventlet/wsgi.py:1004
2024-10-21 02:13:49.364 22 INFO neutron.wsgi [-] 10.0.0.32 "GET / HTTP/1.1" status: 200 len: 227 time: 0.0036688
2024-10-21 02:13:53.301 28 DEBUG neutron_lib.callbacks.manager [req-ffa22bab-a337-4f94-9e2d-823bb2ac7bec - - - - -] Publish callbacks ['neutron.services.segments.db._update_segment_host_mapping_for_agent-8742750658419', 'neutron.plugins.ml2.plugin.Ml2Plugin._retry_binding_revived_agents-1894101'] for agent (cfd416c8-1511-43d3-91f5-80b83cfed6e4), after_update _notify_loop /var/lib/kolla/venv/lib/python3.6/site-packages/neutron_lib/callbacks/manager.py:177
2024-10-21 02:14:06.907 26 DEBUG neutron_lib.callbacks.manager [req-0dfa9e52-b8e3-4dc5-9109-ec75b4e58971 - - - - -] Publish callbacks ['neutron.services.segments.db._update_segment_host_mapping_for_agent-8742750658419', 'neutron.plugins.ml2.plugin.Ml2Plugin._retry_binding_revived_agents-1894101'] for agent (272553a5-a011-4710-a380-c6997458372c), after_update _notify_loop /var/lib/kolla/venv/lib/python3.6/site-packages/neutron_lib/callbacks/manager.py:177
2024-10-21 02:14:19.417 22 DEBUG neutron.wsgi [-] (22) accepted ('10.0.0.32', 54388) server /var/lib/kolla/venv/lib/python3.6/site-packages/eventlet/wsgi.py:1004
2024-10-21 02:14:19.421 22 INFO neutron.wsgi [-] 10.0.0.32 "GET / HTTP/1.1" status: 200 len: 227 time: 0.0033247
2024-10-21 02:14:20.776 29 DEBUG neutron.db.agents_db [req-35cc4bfe-0c0a-4d2e-8cf1-cfd5ab96f5d2 - - - - -] Agent healthcheck: found 2 active agents agent_health_check /var/lib/kolla/venv/lib/python3.6/site-packages/neutron/db/agents_db.py:318
2024-10-21 02:14:23.300 27 DEBUG neutron_lib.callbacks.manager [req-1ebcf34f-0a50-446b-b259-9c27befe2b3f - - - - -] Publish callbacks ['neutron.services.segments.db._update_segment_host_mapping_for_agent-8742750658419', 'neutron.plugins.ml2.plugin.Ml2Plugin._retry_binding_revived_agents-1894101'] for agent (cfd416c8-1511-43d3-91f5-80b83cfed6e4), after_update _notify_loop /var/lib/kolla/venv/lib/python3.6/site-packages/neutron_lib/callbacks/manager.py:177
2024-10-21 02:14:36.905 23 DEBUG neutron_lib.callbacks.manager [req-0dfa9e52-b8e3-4dc5-9109-ec75b4e58971 - - - - -] Publish callbacks ['neutron.services.segments.db._update_segment_host_mapping_for_agent-8742750658419', 'neutron.plugins.ml2.plugin.Ml2Plugin._retry_binding_revived_agents-1894101'] for agent (272553a5-a011-4710-a380-c6997458372c), after_update _notify_loop /var/lib/kolla/venv/lib/python3.6/site-packages/neutron_lib/callbacks/manager.py:177
2024-10-21 02:14:49.486 22 DEBUG neutron.wsgi [-] (22) accepted ('10.0.0.32', 60830) server /var/lib/kolla/venv/lib/python3.6/site-packages/eventlet/wsgi.py:1004
2024-10-21 02:14:49.492 22 INFO neutron.wsgi [-] 10.0.0.32 "GET / HTTP/1.1" status: 200 len: 227 time: 0.0042598
2024-10-21 02:14:53.299 25 DEBUG neutron_lib.callbacks.manager [req-db7250c7-fcf0-4f60-be85-d17fd1ca2651 - - - - -] Publish callbacks ['neutron.services.segments.db._update_segment_host_mapping_for_agent-8742750658419', 'neutron.plugins.ml2.plugin.Ml2Plugin._retry_binding_revived_agents-1894101'] for agent (cfd416c8-1511-43d3-91f5-80b83cfed6e4), after_update _notify_loop /var/lib/kolla/venv/lib/python3.6/site-packages/neutron_lib/callbacks/manager.py:177
2024-10-21 02:14:57.778 29 DEBUG neutron.db.agents_db [req-35cc4bfe-0c0a-4d2e-8cf1-cfd5ab96f5d2 - - - - -] Agent healthcheck: found 2 active agents agent_health_check /var/lib/kolla/venv/lib/python3.6/site-packages/neutron/db/agents_db.py:318
2024-10-21 02:15:06.915 24 DEBUG neutron_lib.callbacks.manager [req-0dfa9e52-b8e3-4dc5-9109-ec75b4e58971 - - - - -] Publish callbacks ['neutron.services.segments.db._update_segment_host_mapping_for_agent-8742750658419', 'neutron.plugins.ml2.plugin.Ml2Plugin._retry_binding_revived_agents-1894101'] for agent (272553a5-a011-4710-a380-c6997458372c), after_update _notify_loop /var/lib/kolla/venv/lib/python3.6/site-packages/neutron_lib/callbacks/manager.py:177
2024-10-21 02:15:19.541 22 DEBUG neutron.wsgi [-] (22) accepted ('10.0.0.32', 60832) server /var/lib/kolla/venv/lib/python3.6/site-packages/eventlet/wsgi.py:1004
2024-10-21 02:15:19.546 22 INFO neutron.wsgi [-] 10.0.0.32 "GET / HTTP/1.1" status: 200 len: 227 time: 0.0043054
2024-10-21 02:15:23.299 28 DEBUG neutron_lib.callbacks.manager [req-4f11a1fb-5ffe-4d0a-b502-f575a84047d2 - - - - -] Publish callbacks ['neutron.services.segments.db._update_segment_host_mapping_for_agent-8742750658419', 'neutron.plugins.ml2.plugin.Ml2Plugin._retry_binding_revived_agents-1894101'] for agent (cfd416c8-1511-43d3-91f5-80b83cfed6e4), after_update _notify_loop /var/lib/kolla/venv/lib/python3.6/site-packages/neutron_lib/callbacks/manager.py:177
2024-10-21 02:15:34.777 29 DEBUG neutron.db.agents_db [req-35cc4bfe-0c0a-4d2e-8cf1-cfd5ab96f5d2 - - - - -] Agent healthcheck: found 2 active agents agent_health_check /var/lib/kolla/venv/lib/python3.6/site-packages/neutron/db/agents_db.py:318
2024-10-21 02:15:36.914 26 DEBUG neutron_lib.callbacks.manager [req-0dfa9e52-b8e3-4dc5-9109-ec75b4e58971 - - - - -] Publish callbacks ['neutron.services.segments.db._update_segment_host_mapping_for_agent-8742750658419', 'neutron.plugins.ml2.plugin.Ml2Plugin._retry_binding_revived_agents-1894101'] for agent (272553a5-a011-4710-a380-c6997458372c), after_update _notify_loop /var/lib/kolla/venv/lib/python3.6/site-packages/neutron_lib/callbacks/manager.py:177
2024-10-21 02:15:49.598 22 DEBUG neutron.wsgi [-] (22) accepted ('10.0.0.32', 48336) server /var/lib/kolla/venv/lib/python3.6/site-packages/eventlet/wsgi.py:1004
2024-10-21 02:15:49.603 22 INFO neutron.wsgi [-] 10.0.0.32 "GET / HTTP/1.1" status: 200 len: 227 time: 0.0033066
2024-10-21 02:15:53.298 27 DEBUG neutron_lib.callbacks.manager [req-1cb529f8-f34f-4ab0-801e-81b9a8fd1308 - - - - -] Publish callbacks ['neutron.services.segments.db._update_segment_host_mapping_for_agent-8742750658419', 'neutron.plugins.ml2.plugin.Ml2Plugin._retry_binding_revived_agents-1894101'] for agent (cfd416c8-1511-43d3-91f5-80b83cfed6e4), after_update _notify_loop /var/lib/kolla/venv/lib/python3.6/site-packages/neutron_lib/callbacks/manager.py:177
2024-10-21 02:16:06.913 23 DEBUG neutron_lib.callbacks.manager [req-0dfa9e52-b8e3-4dc5-9109-ec75b4e58971 - - - - -] Publish callbacks ['neutron.services.segments.db._update_segment_host_mapping_for_agent-8742750658419', 'neutron.plugins.ml2.plugin.Ml2Plugin._retry_binding_revived_agents-1894101'] for agent (272553a5-a011-4710-a380-c6997458372c), after_update _notify_loop /var/lib/kolla/venv/lib/python3.6/site-packages/neutron_lib/callbacks/manager.py:177
2024-10-21 02:16:11.777 29 DEBUG neutron.db.agents_db [req-35cc4bfe-0c0a-4d2e-8cf1-cfd5ab96f5d2 - - - - -] Agent healthcheck: found 2 active agents agent_health_check /var/lib/kolla/venv/lib/python3.6/site-packages/neutron/db/agents_db.py:318
2024-10-21 02:16:19.671 22 DEBUG neutron.wsgi [-] (22) accepted ('10.0.0.32', 54506) server /var/lib/kolla/venv/lib/python3.6/site-packages/eventlet/wsgi.py:1004
2024-10-21 02:16:19.675 22 INFO neutron.wsgi [-] 10.0.0.32 "GET / HTTP/1.1" status: 200 len: 227 time: 0.0033100
2024-10-21 02:16:23.300 25 DEBUG neutron_lib.callbacks.manager [req-85fa48a3-78aa-4713-822b-e50600a145ce - - - - -] Publish callbacks ['neutron.services.segments.db._update_segment_host_mapping_for_agent-8742750658419', 'neutron.plugins.ml2.plugin.Ml2Plugin._retry_binding_revived_agents-1894101'] for agent (cfd416c8-1511-43d3-91f5-80b83cfed6e4), after_update _notify_loop /var/lib/kolla/venv/lib/python3.6/site-packages/neutron_lib/callbacks/manager.py:177
2024-10-21 02:16:36.916 24 DEBUG neutron_lib.callbacks.manager [req-0dfa9e52-b8e3-4dc5-9109-ec75b4e58971 - - - - -] Publish callbacks ['neutron.services.segments.db._update_segment_host_mapping_for_agent-8742750658419', 'neutron.plugins.ml2.plugin.Ml2Plugin._retry_binding_revived_agents-1894101'] for agent (272553a5-a011-4710-a380-c6997458372c), after_update _notify_loop /var/lib/kolla/venv/lib/python3.6/site-packages/neutron_lib/callbacks/manager.py:177
2024-10-21 02:16:48.774 29 DEBUG neutron.db.agents_db [req-35cc4bfe-0c0a-4d2e-8cf1-cfd5ab96f5d2 - - - - -] Agent healthcheck: found 2 active agents agent_health_check /var/lib/kolla/venv/lib/python3.6/site-packages/neutron/db/agents_db.py:318
2024-10-21 02:16:49.734 22 DEBUG neutron.wsgi [-] (22) accepted ('10.0.0.32', 49990) server /var/lib/kolla/venv/lib/python3.6/site-packages/eventlet/wsgi.py:1004
2024-10-21 02:16:49.740 22 INFO neutron.wsgi [-] 10.0.0.32 "GET / HTTP/1.1" status: 200 len: 227 time: 0.0053387
2024-10-21 02:16:53.299 28 DEBUG neutron_lib.callbacks.manager [req-356a7a1b-3a59-403c-85b8-152fdf6b389e - - - - -] Publish callbacks ['neutron.services.segments.db._update_segment_host_mapping_for_agent-8742750658419', 'neutron.plugins.ml2.plugin.Ml2Plugin._retry_binding_revived_agents-1894101'] for agent (cfd416c8-1511-43d3-91f5-80b83cfed6e4), after_update _notify_loop /var/lib/kolla/venv/lib/python3.6/site-packages/neutron_lib/callbacks/manager.py:177
2024-10-21 02:17:06.918 26 DEBUG neutron_lib.callbacks.manager [req-0dfa9e52-b8e3-4dc5-9109-ec75b4e58971 - - - - -] Publish callbacks ['neutron.services.segments.db._update_segment_host_mapping_for_agent-8742750658419', 'neutron.plugins.ml2.plugin.Ml2Plugin._retry_binding_revived_agents-1894101'] for agent (272553a5-a011-4710-a380-c6997458372c), after_update _notify_loop /var/lib/kolla/venv/lib/python3.6/site-packages/neutron_lib/callbacks/manager.py:177
2024-10-21 02:17:19.796 22 DEBUG neutron.wsgi [-] (22) accepted ('10.0.0.32', 55112) server /var/lib/kolla/venv/lib/python3.6/site-packages/eventlet/wsgi.py:1004
2024-10-21 02:17:19.801 22 INFO neutron.wsgi [-] 10.0.0.32 "GET / HTTP/1.1" status: 200 len: 227 time: 0.0040681
2024-10-21 02:17:23.298 27 DEBUG neutron_lib.callbacks.manager [req-6a56b882-6ba8-4516-a720-55e2eb26f82b - - - - -] Publish callbacks ['neutron.services.segments.db._update_segment_host_mapping_for_agent-8742750658419', 'neutron.plugins.ml2.plugin.Ml2Plugin._retry_binding_revived_agents-1894101'] for agent (cfd416c8-1511-43d3-91f5-80b83cfed6e4), after_update _notify_loop /var/lib/kolla/venv/lib/python3.6/site-packages/neutron_lib/callbacks/manager.py:177
2024-10-21 02:17:25.774 29 DEBUG neutron.db.agents_db [req-35cc4bfe-0c0a-4d2e-8cf1-cfd5ab96f5d2 - - - - -] Agent healthcheck: found 2 active agents agent_health_check /var/lib/kolla/venv/lib/python3.6/site-packages/neutron/db/agents_db.py:318
2024-10-21 02:17:36.924 23 DEBUG neutron_lib.callbacks.manager [req-0dfa9e52-b8e3-4dc5-9109-ec75b4e58971 - - - - -] Publish callbacks ['neutron.services.segments.db._update_segment_host_mapping_for_agent-8742750658419', 'neutron.plugins.ml2.plugin.Ml2Plugin._retry_binding_revived_agents-1894101'] for agent (272553a5-a011-4710-a380-c6997458372c), after_update _notify_loop /var/lib/kolla/venv/lib/python3.6/site-packages/neutron_lib/callbacks/manager.py:177
2024-10-21 02:17:49.856 22 DEBUG neutron.wsgi [-] (22) accepted ('10.0.0.32', 49412) server /var/lib/kolla/venv/lib/python3.6/site-packages/eventlet/wsgi.py:1004
2024-10-21 02:17:49.861 22 INFO neutron.wsgi [-] 10.0.0.32 "GET / HTTP/1.1" status: 200 len: 227 time: 0.0036879
2024-10-21 02:17:53.351 25 DEBUG neutron_lib.callbacks.manager [req-d1bb918a-dff8-4bab-9d55-4ffb21713f87 - - - - -] Publish callbacks ['neutron.services.segments.db._update_segment_host_mapping_for_agent-8742750658419', 'neutron.plugins.ml2.plugin.Ml2Plugin._retry_binding_revived_agents-1894101'] for agent (cfd416c8-1511-43d3-91f5-80b83cfed6e4), after_update _notify_loop /var/lib/kolla/venv/lib/python3.6/site-packages/neutron_lib/callbacks/manager.py:177
2024-10-21 02:18:02.776 29 DEBUG neutron.db.agents_db [req-35cc4bfe-0c0a-4d2e-8cf1-cfd5ab96f5d2 - - - - -] Agent healthcheck: found 2 active agents agent_health_check /var/lib/kolla/venv/lib/python3.6/site-packages/neutron/db/agents_db.py:318
2024-10-21 02:18:06.926 24 DEBUG neutron_lib.callbacks.manager [req-0dfa9e52-b8e3-4dc5-9109-ec75b4e58971 - - - - -] Publish callbacks ['neutron.services.segments.db._update_segment_host_mapping_for_agent-8742750658419', 'neutron.plugins.ml2.plugin.Ml2Plugin._retry_binding_revived_agents-1894101'] for agent (272553a5-a011-4710-a380-c6997458372c), after_update _notify_loop /var/lib/kolla/venv/lib/python3.6/site-packages/neutron_lib/callbacks/manager.py:177
2024-10-21 02:18:19.928 22 DEBUG neutron.wsgi [-] (22) accepted ('10.0.0.32', 47588) server /var/lib/kolla/venv/lib/python3.6/site-packages/eventlet/wsgi.py:1004
2024-10-21 02:18:19.933 22 INFO neutron.wsgi [-] 10.0.0.32 "GET / HTTP/1.1" status: 200 len: 227 time: 0.0035298
2024-10-21 02:18:23.305 28 DEBUG neutron_lib.callbacks.manager [req-e35340ba-2503-4f23-99e5-b270bf552220 - - - - -] Publish callbacks ['neutron.services.segments.db._update_segment_host_mapping_for_agent-8742750658419', 'neutron.plugins.ml2.plugin.Ml2Plugin._retry_binding_revived_agents-1894101'] for agent (cfd416c8-1511-43d3-91f5-80b83cfed6e4), after_update _notify_loop /var/lib/kolla/venv/lib/python3.6/site-packages/neutron_lib/callbacks/manager.py:177
2024-10-21 02:18:36.929 26 DEBUG neutron_lib.callbacks.manager [req-0dfa9e52-b8e3-4dc5-9109-ec75b4e58971 - - - - -] Publish callbacks ['neutron.services.segments.db._update_segment_host_mapping_for_agent-8742750658419', 'neutron.plugins.ml2.plugin.Ml2Plugin._retry_binding_revived_agents-1894101'] for agent (272553a5-a011-4710-a380-c6997458372c), after_update _notify_loop /var/lib/kolla/venv/lib/python3.6/site-packages/neutron_lib/callbacks/manager.py:177
2024-10-21 02:18:39.776 29 DEBUG neutron.db.agents_db [req-35cc4bfe-0c0a-4d2e-8cf1-cfd5ab96f5d2 - - - - -] Agent healthcheck: found 2 active agents agent_health_check /var/lib/kolla/venv/lib/python3.6/site-packages/neutron/db/agents_db.py:318
2024-10-21 02:18:49.992 22 DEBUG neutron.wsgi [-] (22) accepted ('10.0.0.32', 57922) server /var/lib/kolla/venv/lib/python3.6/site-packages/eventlet/wsgi.py:1004
2024-10-21 02:18:49.996 22 INFO neutron.wsgi [-] 10.0.0.32 "GET / HTTP/1.1" status: 200 len: 227 time: 0.0031626
2024-10-21 02:18:53.304 27 DEBUG neutron_lib.callbacks.manager [req-683b6ccf-5bc6-49dc-a4e0-12d7f4e32f34 - - - - -] Publish callbacks ['neutron.services.segments.db._update_segment_host_mapping_for_agent-8742750658419', 'neutron.plugins.ml2.plugin.Ml2Plugin._retry_binding_revived_agents-1894101'] for agent (cfd416c8-1511-43d3-91f5-80b83cfed6e4), after_update _notify_loop /var/lib/kolla/venv/lib/python3.6/site-packages/neutron_lib/callbacks/manager.py:177
2024-10-21 02:19:06.930 23 DEBUG neutron_lib.callbacks.manager [req-0dfa9e52-b8e3-4dc5-9109-ec75b4e58971 - - - - -] Publish callbacks ['neutron.services.segments.db._update_segment_host_mapping_for_agent-8742750658419', 'neutron.plugins.ml2.plugin.Ml2Plugin._retry_binding_revived_agents-1894101'] for agent (272553a5-a011-4710-a380-c6997458372c), after_update _notify_loop /var/lib/kolla/venv/lib/python3.6/site-packages/neutron_lib/callbacks/manager.py:177
2024-10-21 02:19:16.775 29 DEBUG neutron.db.agents_db [req-35cc4bfe-0c0a-4d2e-8cf1-cfd5ab96f5d2 - - - - -] Agent healthcheck: found 2 active agents agent_health_check /var/lib/kolla/venv/lib/python3.6/site-packages/neutron/db/agents_db.py:318
2024-10-21 02:19:20.056 22 DEBUG neutron.wsgi [-] (22) accepted ('10.0.0.32', 53506) server /var/lib/kolla/venv/lib/python3.6/site-packages/eventlet/wsgi.py:1004
2024-10-21 02:19:20.061 22 INFO neutron.wsgi [-] 10.0.0.32 "GET / HTTP/1.1" status: 200 len: 227 time: 0.0036998
2024-10-21 02:19:23.304 25 DEBUG neutron_lib.callbacks.manager [req-ed78c7e6-4e6d-4e10-8fbe-1c9589a8d21a - - - - -] Publish callbacks ['neutron.services.segments.db._update_segment_host_mapping_for_agent-8742750658419', 'neutron.plugins.ml2.plugin.Ml2Plugin._retry_binding_revived_agents-1894101'] for agent (cfd416c8-1511-43d3-91f5-80b83cfed6e4), after_update _notify_loop /var/lib/kolla/venv/lib/python3.6/site-packages/neutron_lib/callbacks/manager.py:177
2024-10-21 02:19:36.933 24 DEBUG neutron_lib.callbacks.manager [req-0dfa9e52-b8e3-4dc5-9109-ec75b4e58971 - - - - -] Publish callbacks ['neutron.services.segments.db._update_segment_host_mapping_for_agent-8742750658419', 'neutron.plugins.ml2.plugin.Ml2Plugin._retry_binding_revived_agents-1894101'] for agent (272553a5-a011-4710-a380-c6997458372c), after_update _notify_loop /var/lib/kolla/venv/lib/python3.6/site-packages/neutron_lib/callbacks/manager.py:177
2024-10-21 02:19:50.116 22 DEBUG neutron.wsgi [-] (22) accepted ('10.0.0.32', 35176) server /var/lib/kolla/venv/lib/python3.6/site-packages/eventlet/wsgi.py:1004
2024-10-21 02:19:50.121 22 INFO neutron.wsgi [-] 10.0.0.32 "GET / HTTP/1.1" status: 200 len: 227 time: 0.0032585
2024-10-21 02:19:53.304 28 DEBUG neutron_lib.callbacks.manager [req-580c6551-3e55-46db-9c7b-9f557b08e6ab - - - - -] Publish callbacks ['neutron.services.segments.db._update_segment_host_mapping_for_agent-8742750658419', 'neutron.plugins.ml2.plugin.Ml2Plugin._retry_binding_revived_agents-1894101'] for agent (cfd416c8-1511-43d3-91f5-80b83cfed6e4), after_update _notify_loop /var/lib/kolla/venv/lib/python3.6/site-packages/neutron_lib/callbacks/manager.py:177
2024-10-21 02:19:53.775 29 DEBUG neutron.db.agents_db [req-35cc4bfe-0c0a-4d2e-8cf1-cfd5ab96f5d2 - - - - -] Agent healthcheck: found 2 active agents agent_health_check /var/lib/kolla/venv/lib/python3.6/site-packages/neutron/db/agents_db.py:318
2024-10-21 02:20:06.935 26 DEBUG neutron_lib.callbacks.manager [req-0dfa9e52-b8e3-4dc5-9109-ec75b4e58971 - - - - -] Publish callbacks ['neutron.services.segments.db._update_segment_host_mapping_for_agent-8742750658419', 'neutron.plugins.ml2.plugin.Ml2Plugin._retry_binding_revived_agents-1894101'] for agent (272553a5-a011-4710-a380-c6997458372c), after_update _notify_loop /var/lib/kolla/venv/lib/python3.6/site-packages/neutron_lib/callbacks/manager.py:177
2024-10-21 02:20:20.182 22 DEBUG neutron.wsgi [-] (22) accepted ('10.0.0.32', 48360) server /var/lib/kolla/venv/lib/python3.6/site-packages/eventlet/wsgi.py:1004
2024-10-21 02:20:20.187 22 INFO neutron.wsgi [-] 10.0.0.32 "GET / HTTP/1.1" status: 200 len: 227 time: 0.0042646
2024-10-21 02:20:23.312 27 DEBUG neutron_lib.callbacks.manager [req-872c74b9-ac14-4901-92f3-21e28ced0261 - - - - -] Publish callbacks ['neutron.services.segments.db._update_segment_host_mapping_for_agent-8742750658419', 'neutron.plugins.ml2.plugin.Ml2Plugin._retry_binding_revived_agents-1894101'] for agent (cfd416c8-1511-43d3-91f5-80b83cfed6e4), after_update _notify_loop /var/lib/kolla/venv/lib/python3.6/site-packages/neutron_lib/callbacks/manager.py:177
2024-10-21 02:20:30.776 29 DEBUG neutron.db.agents_db [req-35cc4bfe-0c0a-4d2e-8cf1-cfd5ab96f5d2 - - - - -] Agent healthcheck: found 2 active agents agent_health_check /var/lib/kolla/venv/lib/python3.6/site-packages/neutron/db/agents_db.py:318
2024-10-21 02:20:36.934 23 DEBUG neutron_lib.callbacks.manager [req-0dfa9e52-b8e3-4dc5-9109-ec75b4e58971 - - - - -] Publish callbacks ['neutron.services.segments.db._update_segment_host_mapping_for_agent-8742750658419', 'neutron.plugins.ml2.plugin.Ml2Plugin._retry_binding_revived_agents-1894101'] for agent (272553a5-a011-4710-a380-c6997458372c), after_update _notify_loop /var/lib/kolla/venv/lib/python3.6/site-packages/neutron_lib/callbacks/manager.py:177
2024-10-21 02:20:50.239 22 DEBUG neutron.wsgi [-] (22) accepted ('10.0.0.32', 57068) server /var/lib/kolla/venv/lib/python3.6/site-packages/eventlet/wsgi.py:1004
2024-10-21 02:20:50.244 22 INFO neutron.wsgi [-] 10.0.0.32 "GET / HTTP/1.1" status: 200 len: 227 time: 0.0038409
2024-10-21 02:20:53.303 25 DEBUG neutron_lib.callbacks.manager [req-4e832d65-c525-450e-87e3-38ef1f42d5b8 - - - - -] Publish callbacks ['neutron.services.segments.db._update_segment_host_mapping_for_agent-8742750658419', 'neutron.plugins.ml2.plugin.Ml2Plugin._retry_binding_revived_agents-1894101'] for agent (cfd416c8-1511-43d3-91f5-80b83cfed6e4), after_update _notify_loop /var/lib/kolla/venv/lib/python3.6/site-packages/neutron_lib/callbacks/manager.py:177
2024-10-21 02:21:06.940 24 DEBUG neutron_lib.callbacks.manager [req-0dfa9e52-b8e3-4dc5-9109-ec75b4e58971 - - - - -] Publish callbacks ['neutron.services.segments.db._update_segment_host_mapping_for_agent-8742750658419', 'neutron.plugins.ml2.plugin.Ml2Plugin._retry_binding_revived_agents-1894101'] for agent (272553a5-a011-4710-a380-c6997458372c), after_update _notify_loop /var/lib/kolla/venv/lib/python3.6/site-packages/neutron_lib/callbacks/manager.py:177
2024-10-21 02:21:07.778 29 DEBUG neutron.db.agents_db [req-35cc4bfe-0c0a-4d2e-8cf1-cfd5ab96f5d2 - - - - -] Agent healthcheck: found 2 active agents agent_health_check /var/lib/kolla/venv/lib/python3.6/site-packages/neutron/db/agents_db.py:318
2024-10-21 02:21:20.301 22 DEBUG neutron.wsgi [-] (22) accepted ('10.0.0.32', 42184) server /var/lib/kolla/venv/lib/python3.6/site-packages/eventlet/wsgi.py:1004
2024-10-21 02:21:20.306 22 INFO neutron.wsgi [-] 10.0.0.32 "GET / HTTP/1.1" status: 200 len: 227 time: 0.0031691
2024-10-21 02:21:23.304 28 DEBUG neutron_lib.callbacks.manager [req-56f30cd4-5b5a-43d6-b504-d09ee7495847 - - - - -] Publish callbacks ['neutron.services.segments.db._update_segment_host_mapping_for_agent-8742750658419', 'neutron.plugins.ml2.plugin.Ml2Plugin._retry_binding_revived_agents-1894101'] for agent (cfd416c8-1511-43d3-91f5-80b83cfed6e4), after_update _notify_loop /var/lib/kolla/venv/lib/python3.6/site-packages/neutron_lib/callbacks/manager.py:177
2024-10-21 02:21:36.939 26 DEBUG neutron_lib.callbacks.manager [req-0dfa9e52-b8e3-4dc5-9109-ec75b4e58971 - - - - -] Publish callbacks ['neutron.services.segments.db._update_segment_host_mapping_for_agent-8742750658419', 'neutron.plugins.ml2.plugin.Ml2Plugin._retry_binding_revived_agents-1894101'] for agent (272553a5-a011-4710-a380-c6997458372c), after_update _notify_loop /var/lib/kolla/venv/lib/python3.6/site-packages/neutron_lib/callbacks/manager.py:177
2024-10-21 02:21:44.777 29 DEBUG neutron.db.agents_db [req-35cc4bfe-0c0a-4d2e-8cf1-cfd5ab96f5d2 - - - - -] Agent healthcheck: found 2 active agents agent_health_check /var/lib/kolla/venv/lib/python3.6/site-packages/neutron/db/agents_db.py:318
2024-10-21 02:21:50.375 22 DEBUG neutron.wsgi [-] (22) accepted ('10.0.0.32', 44510) server /var/lib/kolla/venv/lib/python3.6/site-packages/eventlet/wsgi.py:1004
2024-10-21 02:21:50.381 22 INFO neutron.wsgi [-] 10.0.0.32 "GET / HTTP/1.1" status: 200 len: 227 time: 0.0037854
2024-10-21 02:21:53.307 27 DEBUG neutron_lib.callbacks.manager [req-93b2bc84-96bc-4492-a554-1c9f4b9b0de5 - - - - -] Publish callbacks ['neutron.services.segments.db._update_segment_host_mapping_for_agent-8742750658419', 'neutron.plugins.ml2.plugin.Ml2Plugin._retry_binding_revived_agents-1894101'] for agent (cfd416c8-1511-43d3-91f5-80b83cfed6e4), after_update _notify_loop /var/lib/kolla/venv/lib/python3.6/site-packages/neutron_lib/callbacks/manager.py:177
2024-10-21 02:22:06.946 23 DEBUG neutron_lib.callbacks.manager [req-0dfa9e52-b8e3-4dc5-9109-ec75b4e58971 - - - - -] Publish callbacks ['neutron.services.segments.db._update_segment_host_mapping_for_agent-8742750658419', 'neutron.plugins.ml2.plugin.Ml2Plugin._retry_binding_revived_agents-1894101'] for agent (272553a5-a011-4710-a380-c6997458372c), after_update _notify_loop /var/lib/kolla/venv/lib/python3.6/site-packages/neutron_lib/callbacks/manager.py:177
2024-10-21 02:22:20.449 22 DEBUG neutron.wsgi [-] (22) accepted ('10.0.0.32', 35272) server /var/lib/kolla/venv/lib/python3.6/site-packages/eventlet/wsgi.py:1004
2024-10-21 02:22:20.453 22 INFO neutron.wsgi [-] 10.0.0.32 "GET / HTTP/1.1" status: 200 len: 227 time: 0.0033250
2024-10-21 02:22:21.775 29 DEBUG neutron.db.agents_db [req-35cc4bfe-0c0a-4d2e-8cf1-cfd5ab96f5d2 - - - - -] Agent healthcheck: found 2 active agents agent_health_check /var/lib/kolla/venv/lib/python3.6/site-packages/neutron/db/agents_db.py:318
2024-10-21 02:22:23.308 25 DEBUG neutron_lib.callbacks.manager [req-8301a6f3-f556-4512-bf91-a34dd95e9f00 - - - - -] Publish callbacks ['neutron.services.segments.db._update_segment_host_mapping_for_agent-8742750658419', 'neutron.plugins.ml2.plugin.Ml2Plugin._retry_binding_revived_agents-1894101'] for agent (cfd416c8-1511-43d3-91f5-80b83cfed6e4), after_update _notify_loop /var/lib/kolla/venv/lib/python3.6/site-packages/neutron_lib/callbacks/manager.py:177
2024-10-21 02:22:36.944 24 DEBUG neutron_lib.callbacks.manager [req-0dfa9e52-b8e3-4dc5-9109-ec75b4e58971 - - - - -] Publish callbacks ['neutron.services.segments.db._update_segment_host_mapping_for_agent-8742750658419', 'neutron.plugins.ml2.plugin.Ml2Plugin._retry_binding_revived_agents-1894101'] for agent (272553a5-a011-4710-a380-c6997458372c), after_update _notify_loop /var/lib/kolla/venv/lib/python3.6/site-packages/neutron_lib/callbacks/manager.py:177
2024-10-21 02:22:50.511 22 DEBUG neutron.wsgi [-] (22) accepted ('10.0.0.32', 55908) server /var/lib/kolla/venv/lib/python3.6/site-packages/eventlet/wsgi.py:1004
2024-10-21 02:22:50.516 22 INFO neutron.wsgi [-] 10.0.0.32 "GET / HTTP/1.1" status: 200 len: 227 time: 0.0036716
2024-10-21 02:22:53.310 28 DEBUG neutron_lib.callbacks.manager [req-7ff558c4-7400-4e9f-9fce-0f040408d7c7 - - - - -] Publish callbacks ['neutron.services.segments.db._update_segment_host_mapping_for_agent-8742750658419', 'neutron.plugins.ml2.plugin.Ml2Plugin._retry_binding_revived_agents-1894101'] for agent (cfd416c8-1511-43d3-91f5-80b83cfed6e4), after_update _notify_loop /var/lib/kolla/venv/lib/python3.6/site-packages/neutron_lib/callbacks/manager.py:177
2024-10-21 02:22:58.776 29 DEBUG neutron.db.agents_db [req-35cc4bfe-0c0a-4d2e-8cf1-cfd5ab96f5d2 - - - - -] Agent healthcheck: found 2 active agents agent_health_check /var/lib/kolla/venv/lib/python3.6/site-packages/neutron/db/agents_db.py:318
2024-10-21 02:23:06.947 26 DEBUG neutron_lib.callbacks.manager [req-0dfa9e52-b8e3-4dc5-9109-ec75b4e58971 - - - - -] Publish callbacks ['neutron.services.segments.db._update_segment_host_mapping_for_agent-8742750658419', 'neutron.plugins.ml2.plugin.Ml2Plugin._retry_binding_revived_agents-1894101'] for agent (272553a5-a011-4710-a380-c6997458372c), after_update _notify_loop /var/lib/kolla/venv/lib/python3.6/site-packages/neutron_lib/callbacks/manager.py:177
2024-10-21 02:23:20.567 22 DEBUG neutron.wsgi [-] (22) accepted ('10.0.0.32', 40512) server /var/lib/kolla/venv/lib/python3.6/site-packages/eventlet/wsgi.py:1004
2024-10-21 02:23:20.571 22 INFO neutron.wsgi [-] 10.0.0.32 "GET / HTTP/1.1" status: 200 len: 227 time: 0.0033932
2024-10-21 02:23:23.311 27 DEBUG neutron_lib.callbacks.manager [req-be81bff0-f321-453f-a396-e2a6bb243205 - - - - -] Publish callbacks ['neutron.services.segments.db._update_segment_host_mapping_for_agent-8742750658419', 'neutron.plugins.ml2.plugin.Ml2Plugin._retry_binding_revived_agents-1894101'] for agent (cfd416c8-1511-43d3-91f5-80b83cfed6e4), after_update _notify_loop /var/lib/kolla/venv/lib/python3.6/site-packages/neutron_lib/callbacks/manager.py:177
2024-10-21 02:23:35.776 29 DEBUG neutron.db.agents_db [req-35cc4bfe-0c0a-4d2e-8cf1-cfd5ab96f5d2 - - - - -] Agent healthcheck: found 2 active agents agent_health_check /var/lib/kolla/venv/lib/python3.6/site-packages/neutron/db/agents_db.py:318
2024-10-21 02:23:36.949 23 DEBUG neutron_lib.callbacks.manager [req-0dfa9e52-b8e3-4dc5-9109-ec75b4e58971 - - - - -] Publish callbacks ['neutron.services.segments.db._update_segment_host_mapping_for_agent-8742750658419', 'neutron.plugins.ml2.plugin.Ml2Plugin._retry_binding_revived_agents-1894101'] for agent (272553a5-a011-4710-a380-c6997458372c), after_update _notify_loop /var/lib/kolla/venv/lib/python3.6/site-packages/neutron_lib/callbacks/manager.py:177
2024-10-21 02:23:50.632 22 DEBUG neutron.wsgi [-] (22) accepted ('10.0.0.32', 59974) server /var/lib/kolla/venv/lib/python3.6/site-packages/eventlet/wsgi.py:1004
2024-10-21 02:23:50.637 22 INFO neutron.wsgi [-] 10.0.0.32 "GET / HTTP/1.1" status: 200 len: 227 time: 0.0044174
2024-10-21 02:23:53.310 25 DEBUG neutron_lib.callbacks.manager [req-3763e45f-db86-4108-8606-a7afa6ae046c - - - - -] Publish callbacks ['neutron.services.segments.db._update_segment_host_mapping_for_agent-8742750658419', 'neutron.plugins.ml2.plugin.Ml2Plugin._retry_binding_revived_agents-1894101'] for agent (cfd416c8-1511-43d3-91f5-80b83cfed6e4), after_update _notify_loop /var/lib/kolla/venv/lib/python3.6/site-packages/neutron_lib/callbacks/manager.py:177
2024-10-21 02:24:06.955 24 DEBUG neutron_lib.callbacks.manager [req-0dfa9e52-b8e3-4dc5-9109-ec75b4e58971 - - - - -] Publish callbacks ['neutron.services.segments.db._update_segment_host_mapping_for_agent-8742750658419', 'neutron.plugins.ml2.plugin.Ml2Plugin._retry_binding_revived_agents-1894101'] for agent (272553a5-a011-4710-a380-c6997458372c), after_update _notify_loop /var/lib/kolla/venv/lib/python3.6/site-packages/neutron_lib/callbacks/manager.py:177
2024-10-21 02:24:12.775 29 DEBUG neutron.db.agents_db [req-35cc4bfe-0c0a-4d2e-8cf1-cfd5ab96f5d2 - - - - -] Agent healthcheck: found 2 active agents agent_health_check /var/lib/kolla/venv/lib/python3.6/site-packages/neutron/db/agents_db.py:318
2024-10-21 02:24:20.696 22 DEBUG neutron.wsgi [-] (22) accepted ('10.0.0.32', 42588) server /var/lib/kolla/venv/lib/python3.6/site-packages/eventlet/wsgi.py:1004
2024-10-21 02:24:20.702 22 INFO neutron.wsgi [-] 10.0.0.32 "GET / HTTP/1.1" status: 200 len: 227 time: 0.0050592
2024-10-21 02:24:23.313 28 DEBUG neutron_lib.callbacks.manager [req-e1e2996d-8d02-4ccf-97cc-945e3858b7dd - - - - -] Publish callbacks ['neutron.services.segments.db._update_segment_host_mapping_for_agent-8742750658419', 'neutron.plugins.ml2.plugin.Ml2Plugin._retry_binding_revived_agents-1894101'] for agent (cfd416c8-1511-43d3-91f5-80b83cfed6e4), after_update _notify_loop /var/lib/kolla/venv/lib/python3.6/site-packages/neutron_lib/callbacks/manager.py:177
2024-10-21 02:24:36.958 26 DEBUG neutron_lib.callbacks.manager [req-0dfa9e52-b8e3-4dc5-9109-ec75b4e58971 - - - - -] Publish callbacks ['neutron.services.segments.db._update_segment_host_mapping_for_agent-8742750658419', 'neutron.plugins.ml2.plugin.Ml2Plugin._retry_binding_revived_agents-1894101'] for agent (272553a5-a011-4710-a380-c6997458372c), after_update _notify_loop /var/lib/kolla/venv/lib/python3.6/site-packages/neutron_lib/callbacks/manager.py:177
2024-10-21 02:24:49.773 29 DEBUG neutron.db.agents_db [req-35cc4bfe-0c0a-4d2e-8cf1-cfd5ab96f5d2 - - - - -] Agent healthcheck: found 2 active agents agent_health_check /var/lib/kolla/venv/lib/python3.6/site-packages/neutron/db/agents_db.py:318
2024-10-21 02:24:50.763 22 DEBUG neutron.wsgi [-] (22) accepted ('10.0.0.32', 48582) server /var/lib/kolla/venv/lib/python3.6/site-packages/eventlet/wsgi.py:1004
2024-10-21 02:24:50.767 22 INFO neutron.wsgi [-] 10.0.0.32 "GET / HTTP/1.1" status: 200 len: 227 time: 0.0031245
2024-10-21 02:24:53.305 27 DEBUG neutron_lib.callbacks.manager [req-5b56dc8a-689a-4358-bd2c-9194ec398cca - - - - -] Publish callbacks ['neutron.services.segments.db._update_segment_host_mapping_for_agent-8742750658419', 'neutron.plugins.ml2.plugin.Ml2Plugin._retry_binding_revived_agents-1894101'] for agent (cfd416c8-1511-43d3-91f5-80b83cfed6e4), after_update _notify_loop /var/lib/kolla/venv/lib/python3.6/site-packages/neutron_lib/callbacks/manager.py:177
2024-10-21 02:25:06.961 23 DEBUG neutron_lib.callbacks.manager [req-0dfa9e52-b8e3-4dc5-9109-ec75b4e58971 - - - - -] Publish callbacks ['neutron.services.segments.db._update_segment_host_mapping_for_agent-8742750658419', 'neutron.plugins.ml2.plugin.Ml2Plugin._retry_binding_revived_agents-1894101'] for agent (272553a5-a011-4710-a380-c6997458372c), after_update _notify_loop /var/lib/kolla/venv/lib/python3.6/site-packages/neutron_lib/callbacks/manager.py:177
2024-10-21 02:25:20.831 22 DEBUG neutron.wsgi [-] (22) accepted ('10.0.0.32', 46152) server /var/lib/kolla/venv/lib/python3.6/site-packages/eventlet/wsgi.py:1004
2024-10-21 02:25:20.835 22 INFO neutron.wsgi [-] 10.0.0.32 "GET / HTTP/1.1" status: 200 len: 227 time: 0.0030229
2024-10-21 02:25:23.417 25 DEBUG neutron_lib.callbacks.manager [req-0d47dc30-c925-415f-97b0-e5482c099c5b - - - - -] Publish callbacks ['neutron.services.segments.db._update_segment_host_mapping_for_agent-8742750658419', 'neutron.plugins.ml2.plugin.Ml2Plugin._retry_binding_revived_agents-1894101'] for agent (cfd416c8-1511-43d3-91f5-80b83cfed6e4), after_update _notify_loop /var/lib/kolla/venv/lib/python3.6/site-packages/neutron_lib/callbacks/manager.py:177
2024-10-21 02:25:26.774 29 DEBUG neutron.db.agents_db [req-35cc4bfe-0c0a-4d2e-8cf1-cfd5ab96f5d2 - - - - -] Agent healthcheck: found 2 active agents agent_health_check /var/lib/kolla/venv/lib/python3.6/site-packages/neutron/db/agents_db.py:318
2024-10-21 02:25:33.318 7 INFO oslo_service.service [-] Caught SIGTERM, stopping children
2024-10-21 02:25:33.319 7 DEBUG oslo_concurrency.lockutils [-] Acquired lock "singleton_lock" lock /var/lib/kolla/venv/lib/python3.6/site-packages/oslo_concurrency/lockutils.py:294
2024-10-21 02:25:33.319 7 DEBUG oslo_concurrency.lockutils [-] Releasing lock "singleton_lock" lock /var/lib/kolla/venv/lib/python3.6/site-packages/oslo_concurrency/lockutils.py:312
2024-10-21 02:25:33.320 7 DEBUG oslo_service.service [-] Stop services. stop /var/lib/kolla/venv/lib/python3.6/site-packages/oslo_service/service.py:695
2024-10-21 02:25:33.320 7 DEBUG neutron.service [-] calling RpcWorker stop() stop /var/lib/kolla/venv/lib/python3.6/site-packages/neutron/service.py:138
2024-10-21 02:25:33.320 7 DEBUG neutron.service [-] calling RpcWorker stop() stop /var/lib/kolla/venv/lib/python3.6/site-packages/neutron/service.py:138
2024-10-21 02:25:33.320 7 DEBUG oslo_service.service [-] Killing children. stop /var/lib/kolla/venv/lib/python3.6/site-packages/oslo_service/service.py:700
2024-10-21 02:25:33.320 7 INFO oslo_service.service [-] Waiting on 8 children to exit
2024-10-21 02:25:33.321 22 INFO neutron.wsgi [-] (22) wsgi exited, is_accepting=True
2024-10-21 02:25:33.322 22 DEBUG oslo_concurrency.lockutils [req-945129af-c329-4e74-8629-4e82ba627d06 - - - - -] Acquired lock "singleton_lock" lock /var/lib/kolla/venv/lib/python3.6/site-packages/oslo_concurrency/lockutils.py:294
2024-10-21 02:25:33.323 22 DEBUG oslo_concurrency.lockutils [req-945129af-c329-4e74-8629-4e82ba627d06 - - - - -] Releasing lock "singleton_lock" lock /var/lib/kolla/venv/lib/python3.6/site-packages/oslo_concurrency/lockutils.py:312
2024-10-21 02:25:33.326 24 DEBUG neutron.service [-] calling RpcWorker stop() stop /var/lib/kolla/venv/lib/python3.6/site-packages/neutron/service.py:138
2024-10-21 02:25:33.327 29 DEBUG neutron.service [-] calling RpcWorker stop() stop /var/lib/kolla/venv/lib/python3.6/site-packages/neutron/service.py:138
2024-10-21 02:25:33.328 29 DEBUG neutron.service [-] calling stop on stop /var/lib/kolla/venv/lib/python3.6/site-packages/neutron/service.py:141
2024-10-21 02:25:33.327 24 DEBUG neutron.service [-] calling stop on stop /var/lib/kolla/venv/lib/python3.6/site-packages/neutron/service.py:141
2024-10-21 02:25:33.333 25 DEBUG neutron.service [-] calling RpcWorker stop() stop /var/lib/kolla/venv/lib/python3.6/site-packages/neutron/service.py:138
2024-10-21 02:25:33.334 23 DEBUG neutron.service [-] calling RpcWorker stop() stop /var/lib/kolla/venv/lib/python3.6/site-packages/neutron/service.py:138
2024-10-21 02:25:33.333 7 INFO oslo_service.service [-] Child 22 exited with status 0
2024-10-21 02:25:33.332 26 DEBUG neutron.service [-] calling RpcWorker stop() stop /var/lib/kolla/venv/lib/python3.6/site-packages/neutron/service.py:138
2024-10-21 02:25:33.334 23 DEBUG neutron.service [-] calling stop on stop /var/lib/kolla/venv/lib/python3.6/site-packages/neutron/service.py:141
2024-10-21 02:25:33.336 27 DEBUG neutron.service [-] calling RpcWorker stop() stop /var/lib/kolla/venv/lib/python3.6/site-packages/neutron/service.py:138
2024-10-21 02:25:33.336 28 DEBUG neutron.service [-] calling RpcWorker stop() stop /var/lib/kolla/venv/lib/python3.6/site-packages/neutron/service.py:138
2024-10-21 02:25:33.334 25 DEBUG neutron.service [-] calling stop on stop /var/lib/kolla/venv/lib/python3.6/site-packages/neutron/service.py:141
2024-10-21 02:25:33.337 28 DEBUG neutron.service [-] calling stop on stop /var/lib/kolla/venv/lib/python3.6/site-packages/neutron/service.py:141
2024-10-21 02:25:33.337 27 DEBUG neutron.service [-] calling stop on stop /var/lib/kolla/venv/lib/python3.6/site-packages/neutron/service.py:141
2024-10-21 02:25:33.335 26 DEBUG neutron.service [-] calling stop on stop /var/lib/kolla/venv/lib/python3.6/site-packages/neutron/service.py:141
2024-10-21 02:25:33.765 23 DEBUG neutron.service [-] calling stop on stop /var/lib/kolla/venv/lib/python3.6/site-packages/neutron/service.py:141
2024-10-21 02:25:33.793 25 DEBUG neutron.service [-] calling stop on stop /var/lib/kolla/venv/lib/python3.6/site-packages/neutron/service.py:141
2024-10-21 02:25:33.793 26 DEBUG oslo_concurrency.lockutils [req-945129af-c329-4e74-8629-4e82ba627d06 - - - - -] Acquired lock "singleton_lock" lock /var/lib/kolla/venv/lib/python3.6/site-packages/oslo_concurrency/lockutils.py:294
2024-10-21 02:25:33.793 26 DEBUG oslo_concurrency.lockutils [req-945129af-c329-4e74-8629-4e82ba627d06 - - - - -] Releasing lock "singleton_lock" lock /var/lib/kolla/venv/lib/python3.6/site-packages/oslo_concurrency/lockutils.py:312
2024-10-21 02:25:33.794 26 DEBUG neutron.service [req-945129af-c329-4e74-8629-4e82ba627d06 - - - - -] calling RpcWorker wait() _wait /var/lib/kolla/venv/lib/python3.6/site-packages/neutron/service.py:128
2024-10-21 02:25:33.794 26 DEBUG neutron.service [req-945129af-c329-4e74-8629-4e82ba627d06 - - - - -] calling wait on _wait /var/lib/kolla/venv/lib/python3.6/site-packages/neutron/service.py:131
2024-10-21 02:25:33.797 24 DEBUG neutron.service [-] calling stop on stop /var/lib/kolla/venv/lib/python3.6/site-packages/neutron/service.py:141
2024-10-21 02:25:33.797 23 DEBUG neutron.service [-] calling stop on stop /var/lib/kolla/venv/lib/python3.6/site-packages/neutron/service.py:141
2024-10-21 02:25:33.802 26 WARNING amqp [req-945129af-c329-4e74-8629-4e82ba627d06 - - - - -] Received method (60, 30) during closing channel 1. This method will be ignored
2024-10-21 02:25:33.804 29 DEBUG oslo_concurrency.lockutils [req-945129af-c329-4e74-8629-4e82ba627d06 - - - - -] Acquired lock "singleton_lock" lock /var/lib/kolla/venv/lib/python3.6/site-packages/oslo_concurrency/lockutils.py:294
2024-10-21 02:25:33.805 29 DEBUG oslo_concurrency.lockutils [req-945129af-c329-4e74-8629-4e82ba627d06 - - - - -] Releasing lock "singleton_lock" lock /var/lib/kolla/venv/lib/python3.6/site-packages/oslo_concurrency/lockutils.py:312
2024-10-21 02:25:33.806 29 DEBUG neutron.service [req-945129af-c329-4e74-8629-4e82ba627d06 - - - - -] calling RpcWorker wait() _wait /var/lib/kolla/venv/lib/python3.6/site-packages/neutron/service.py:128
2024-10-21 02:25:33.806 29 DEBUG neutron.service [req-945129af-c329-4e74-8629-4e82ba627d06 - - - - -] calling wait on _wait /var/lib/kolla/venv/lib/python3.6/site-packages/neutron/service.py:131
2024-10-21 02:25:33.806 28 DEBUG oslo_concurrency.lockutils [req-945129af-c329-4e74-8629-4e82ba627d06 - - - - -] Acquired lock "singleton_lock" lock /var/lib/kolla/venv/lib/python3.6/site-packages/oslo_concurrency/lockutils.py:294
2024-10-21 02:25:33.807 28 DEBUG oslo_concurrency.lockutils [req-945129af-c329-4e74-8629-4e82ba627d06 - - - - -] Releasing lock "singleton_lock" lock /var/lib/kolla/venv/lib/python3.6/site-packages/oslo_concurrency/lockutils.py:312
2024-10-21 02:25:33.807 28 DEBUG neutron.service [req-945129af-c329-4e74-8629-4e82ba627d06 - - - - -] calling RpcWorker wait() _wait /var/lib/kolla/venv/lib/python3.6/site-packages/neutron/service.py:128
2024-10-21 02:25:33.808 28 DEBUG neutron.service [req-945129af-c329-4e74-8629-4e82ba627d06 - - - - -] calling wait on _wait /var/lib/kolla/venv/lib/python3.6/site-packages/neutron/service.py:131
2024-10-21 02:25:33.805 26 DEBUG neutron.service [req-945129af-c329-4e74-8629-4e82ba627d06 - - - - -] returning from RpcWorker wait() _wait /var/lib/kolla/venv/lib/python3.6/site-packages/neutron/service.py:135
2024-10-21 02:25:33.814 29 WARNING amqp [req-945129af-c329-4e74-8629-4e82ba627d06 - - - - -] Received method (60, 30) during closing channel 1. This method will be ignored
2024-10-21 02:25:33.816 28 WARNING amqp [req-945129af-c329-4e74-8629-4e82ba627d06 - - - - -] Received method (60, 30) during closing channel 1. This method will be ignored
2024-10-21 02:25:33.817 28 DEBUG neutron.service [req-945129af-c329-4e74-8629-4e82ba627d06 - - - - -] returning from RpcWorker wait() _wait /var/lib/kolla/venv/lib/python3.6/site-packages/neutron/service.py:135
