2026-09-07 02:00:40.986 28 DEBUG neutron_lib.callbacks.manager [None req-64c3d90a-b6a0-4a41-9e0b-61d991550887 - - - - - -] Publish callbacks ['neutron.services.segments.db._update_segment_host_mapping_for_agent-8792150296953', 'neutron.plugins.ml2.plugin.Ml2Plugin._retry_binding_revived_agents-32814932'] for agent (0ec85bf4-6d27-4f2f-b55f-99188d7cd00b), after_update _notify_loop /var/lib/kolla/venv/lib64/python3.9/site-packages/neutron_lib/callbacks/manager.py:184
2026-09-07 02:00:48.514 23 DEBUG neutron.api.wsgi [-] (23) accepted ('10.0.0.163', 54218) server /var/lib/kolla/venv/lib64/python3.9/site-packages/eventlet/wsgi.py:1037
2026-09-07 02:00:48.516 23 INFO neutron.api.wsgi [-] 10.0.0.163 "GET / HTTP/1.1" status: 200 len: 228 time: 0.0012498
2026-09-07 02:00:53.234 27 DEBUG neutron_lib.callbacks.manager [None req-89d7369f-a290-44d1-ba72-2f186e3e01a1 - - - - - -] Publish callbacks ['neutron.services.segments.db._update_segment_host_mapping_for_agent-8792150296953', 'neutron.plugins.ml2.plugin.Ml2Plugin._retry_binding_revived_agents-32814932'] for agent (ceacede0-b9da-4efe-83e4-bf98d8dce989), after_update _notify_loop /var/lib/kolla/venv/lib64/python3.9/site-packages/neutron_lib/callbacks/manager.py:184
2026-09-07 02:01:10.981 24 DEBUG neutron_lib.callbacks.manager [None req-64c3d90a-b6a0-4a41-9e0b-61d991550887 - - - - - -] Publish callbacks ['neutron.services.segments.db._update_segment_host_mapping_for_agent-8792150296953', 'neutron.plugins.ml2.plugin.Ml2Plugin._retry_binding_revived_agents-32814932'] for agent (0ec85bf4-6d27-4f2f-b55f-99188d7cd00b), after_update _notify_loop /var/lib/kolla/venv/lib64/python3.9/site-packages/neutron_lib/callbacks/manager.py:184
2026-09-07 02:01:14.755 30 DEBUG neutron.db.agents_db [None req-fff67244-18e4-4069-8794-0669e27a1283 - - - - - -] Agent healthcheck: found 2 active agents agent_health_check /var/lib/kolla/venv/lib64/python3.9/site-packages/neutron/db/agents_db.py:317
2026-09-07 02:01:18.569 23 DEBUG neutron.api.wsgi [-] (23) accepted ('10.0.0.163', 52450) server /var/lib/kolla/venv/lib64/python3.9/site-packages/eventlet/wsgi.py:1037
2026-09-07 02:01:18.572 23 INFO neutron.api.wsgi [-] 10.0.0.163 "GET / HTTP/1.1" status: 200 len: 228 time: 0.0013199
2026-09-07 02:01:23.221 26 DEBUG neutron_lib.callbacks.manager [None req-030a11ff-434a-4127-b5ab-77c4220d4308 - - - - - -] Publish callbacks ['neutron.services.segments.db._update_segment_host_mapping_for_agent-8792150296953', 'neutron.plugins.ml2.plugin.Ml2Plugin._retry_binding_revived_agents-32814932'] for agent (ceacede0-b9da-4efe-83e4-bf98d8dce989), after_update _notify_loop /var/lib/kolla/venv/lib64/python3.9/site-packages/neutron_lib/callbacks/manager.py:184
2026-09-07 02:01:40.980 25 DEBUG neutron_lib.callbacks.manager [None req-64c3d90a-b6a0-4a41-9e0b-61d991550887 - - - - - -] Publish callbacks ['neutron.services.segments.db._update_segment_host_mapping_for_agent-8792150296953', 'neutron.plugins.ml2.plugin.Ml2Plugin._retry_binding_revived_agents-32814932'] for agent (0ec85bf4-6d27-4f2f-b55f-99188d7cd00b), after_update _notify_loop /var/lib/kolla/venv/lib64/python3.9/site-packages/neutron_lib/callbacks/manager.py:184
2026-09-07 02:01:48.616 23 DEBUG neutron.api.wsgi [-] (23) accepted ('10.0.0.163', 52396) server /var/lib/kolla/venv/lib64/python3.9/site-packages/eventlet/wsgi.py:1037
2026-09-07 02:01:48.619 23 INFO neutron.api.wsgi [-] 10.0.0.163 "GET / HTTP/1.1" status: 200 len: 228 time: 0.0017445
2026-09-07 02:01:51.754 30 DEBUG neutron.db.agents_db [None req-fff67244-18e4-4069-8794-0669e27a1283 - - - - - -] Agent healthcheck: found 2 active agents agent_health_check /var/lib/kolla/venv/lib64/python3.9/site-packages/neutron/db/agents_db.py:317
2026-09-07 02:01:53.223 29 DEBUG neutron_lib.callbacks.manager [None req-ebb7a553-1af2-451a-afdb-cce5a40b7643 - - - - - -] Publish callbacks ['neutron.services.segments.db._update_segment_host_mapping_for_agent-8792150296953', 'neutron.plugins.ml2.plugin.Ml2Plugin._retry_binding_revived_agents-32814932'] for agent (ceacede0-b9da-4efe-83e4-bf98d8dce989), after_update _notify_loop /var/lib/kolla/venv/lib64/python3.9/site-packages/neutron_lib/callbacks/manager.py:184
2026-09-07 02:02:10.976 28 DEBUG neutron_lib.callbacks.manager [None req-64c3d90a-b6a0-4a41-9e0b-61d991550887 - - - - - -] Publish callbacks ['neutron.services.segments.db._update_segment_host_mapping_for_agent-8792150296953', 'neutron.plugins.ml2.plugin.Ml2Plugin._retry_binding_revived_agents-32814932'] for agent (0ec85bf4-6d27-4f2f-b55f-99188d7cd00b), after_update _notify_loop /var/lib/kolla/venv/lib64/python3.9/site-packages/neutron_lib/callbacks/manager.py:184
2026-09-07 02:02:18.665 23 DEBUG neutron.api.wsgi [-] (23) accepted ('10.0.0.163', 47180) server /var/lib/kolla/venv/lib64/python3.9/site-packages/eventlet/wsgi.py:1037
2026-09-07 02:02:18.667 23 INFO neutron.api.wsgi [-] 10.0.0.163 "GET / HTTP/1.1" status: 200 len: 228 time: 0.0015330
2026-09-07 02:02:23.222 27 DEBUG neutron_lib.callbacks.manager [None req-ae4ffbe5-46b3-4e4b-b4d2-09779be2afe1 - - - - - -] Publish callbacks ['neutron.services.segments.db._update_segment_host_mapping_for_agent-8792150296953', 'neutron.plugins.ml2.plugin.Ml2Plugin._retry_binding_revived_agents-32814932'] for agent (ceacede0-b9da-4efe-83e4-bf98d8dce989), after_update _notify_loop /var/lib/kolla/venv/lib64/python3.9/site-packages/neutron_lib/callbacks/manager.py:184
2026-09-07 02:02:28.752 30 DEBUG neutron.db.agents_db [None req-fff67244-18e4-4069-8794-0669e27a1283 - - - - - -] Agent healthcheck: found 2 active agents agent_health_check /var/lib/kolla/venv/lib64/python3.9/site-packages/neutron/db/agents_db.py:317
2026-09-07 02:02:40.977 24 DEBUG neutron_lib.callbacks.manager [None req-64c3d90a-b6a0-4a41-9e0b-61d991550887 - - - - - -] Publish callbacks ['neutron.services.segments.db._update_segment_host_mapping_for_agent-8792150296953', 'neutron.plugins.ml2.plugin.Ml2Plugin._retry_binding_revived_agents-32814932'] for agent (0ec85bf4-6d27-4f2f-b55f-99188d7cd00b), after_update _notify_loop /var/lib/kolla/venv/lib64/python3.9/site-packages/neutron_lib/callbacks/manager.py:184
2026-09-07 02:02:48.719 23 DEBUG neutron.api.wsgi [-] (23) accepted ('10.0.0.163', 36084) server /var/lib/kolla/venv/lib64/python3.9/site-packages/eventlet/wsgi.py:1037
2026-09-07 02:02:48.721 23 INFO neutron.api.wsgi [-] 10.0.0.163 "GET / HTTP/1.1" status: 200 len: 228 time: 0.0012331
2026-09-07 02:02:53.226 26 DEBUG neutron_lib.callbacks.manager [None req-31750ca7-ce74-4e74-9097-aedad5c31813 - - - - - -] Publish callbacks ['neutron.services.segments.db._update_segment_host_mapping_for_agent-8792150296953', 'neutron.plugins.ml2.plugin.Ml2Plugin._retry_binding_revived_agents-32814932'] for agent (ceacede0-b9da-4efe-83e4-bf98d8dce989), after_update _notify_loop /var/lib/kolla/venv/lib64/python3.9/site-packages/neutron_lib/callbacks/manager.py:184
2026-09-07 02:03:05.752 30 DEBUG neutron.db.agents_db [None req-fff67244-18e4-4069-8794-0669e27a1283 - - - - - -] Agent healthcheck: found 2 active agents agent_health_check /var/lib/kolla/venv/lib64/python3.9/site-packages/neutron/db/agents_db.py:317
2026-09-07 02:03:10.994 25 DEBUG neutron_lib.callbacks.manager [None req-64c3d90a-b6a0-4a41-9e0b-61d991550887 - - - - - -] Publish callbacks ['neutron.services.segments.db._update_segment_host_mapping_for_agent-8792150296953', 'neutron.plugins.ml2.plugin.Ml2Plugin._retry_binding_revived_agents-32814932'] for agent (0ec85bf4-6d27-4f2f-b55f-99188d7cd00b), after_update _notify_loop /var/lib/kolla/venv/lib64/python3.9/site-packages/neutron_lib/callbacks/manager.py:184
2026-09-07 02:03:18.768 23 DEBUG neutron.api.wsgi [-] (23) accepted ('10.0.0.163', 33746) server /var/lib/kolla/venv/lib64/python3.9/site-packages/eventlet/wsgi.py:1037
2026-09-07 02:03:18.770 23 INFO neutron.api.wsgi [-] 10.0.0.163 "GET / HTTP/1.1" status: 200 len: 228 time: 0.0013139
2026-09-07 02:03:23.226 29 DEBUG neutron_lib.callbacks.manager [None req-2983b7bb-a5d2-4a0d-bef8-665f70ab6852 - - - - - -] Publish callbacks ['neutron.services.segments.db._update_segment_host_mapping_for_agent-8792150296953', 'neutron.plugins.ml2.plugin.Ml2Plugin._retry_binding_revived_agents-32814932'] for agent (ceacede0-b9da-4efe-83e4-bf98d8dce989), after_update _notify_loop /var/lib/kolla/venv/lib64/python3.9/site-packages/neutron_lib/callbacks/manager.py:184
2026-09-07 02:03:40.975 28 DEBUG neutron_lib.callbacks.manager [None req-64c3d90a-b6a0-4a41-9e0b-61d991550887 - - - - - -] Publish callbacks ['neutron.services.segments.db._update_segment_host_mapping_for_agent-8792150296953', 'neutron.plugins.ml2.plugin.Ml2Plugin._retry_binding_revived_agents-32814932'] for agent (0ec85bf4-6d27-4f2f-b55f-99188d7cd00b), after_update _notify_loop /var/lib/kolla/venv/lib64/python3.9/site-packages/neutron_lib/callbacks/manager.py:184
2026-09-07 02:03:42.749 30 DEBUG neutron.db.agents_db [None req-fff67244-18e4-4069-8794-0669e27a1283 - - - - - -] Agent healthcheck: found 2 active agents agent_health_check /var/lib/kolla/venv/lib64/python3.9/site-packages/neutron/db/agents_db.py:317
2026-09-07 02:03:48.815 23 DEBUG neutron.api.wsgi [-] (23) accepted ('10.0.0.163', 40660) server /var/lib/kolla/venv/lib64/python3.9/site-packages/eventlet/wsgi.py:1037
2026-09-07 02:03:48.818 23 INFO neutron.api.wsgi [-] 10.0.0.163 "GET / HTTP/1.1" status: 200 len: 228 time: 0.0015266
2026-09-07 02:03:53.223 27 DEBUG neutron_lib.callbacks.manager [None req-2ccae0d3-3752-4664-a9cb-82960ef681df - - - - - -] Publish callbacks ['neutron.services.segments.db._update_segment_host_mapping_for_agent-8792150296953', 'neutron.plugins.ml2.plugin.Ml2Plugin._retry_binding_revived_agents-32814932'] for agent (ceacede0-b9da-4efe-83e4-bf98d8dce989), after_update _notify_loop /var/lib/kolla/venv/lib64/python3.9/site-packages/neutron_lib/callbacks/manager.py:184
2026-09-07 02:04:10.975 24 DEBUG neutron_lib.callbacks.manager [None req-64c3d90a-b6a0-4a41-9e0b-61d991550887 - - - - - -] Publish callbacks ['neutron.services.segments.db._update_segment_host_mapping_for_agent-8792150296953', 'neutron.plugins.ml2.plugin.Ml2Plugin._retry_binding_revived_agents-32814932'] for agent (0ec85bf4-6d27-4f2f-b55f-99188d7cd00b), after_update _notify_loop /var/lib/kolla/venv/lib64/python3.9/site-packages/neutron_lib/callbacks/manager.py:184
2026-09-07 02:04:18.872 23 DEBUG neutron.api.wsgi [-] (23) accepted ('10.0.0.163', 58658) server /var/lib/kolla/venv/lib64/python3.9/site-packages/eventlet/wsgi.py:1037
2026-09-07 02:04:18.875 23 INFO neutron.api.wsgi [-] 10.0.0.163 "GET / HTTP/1.1" status: 200 len: 228 time: 0.0016229
2026-09-07 02:04:19.747 30 DEBUG neutron.db.agents_db [None req-fff67244-18e4-4069-8794-0669e27a1283 - - - - - -] Agent healthcheck: found 2 active agents agent_health_check /var/lib/kolla/venv/lib64/python3.9/site-packages/neutron/db/agents_db.py:317
2026-09-07 02:04:23.236 26 DEBUG neutron_lib.callbacks.manager [None req-79e9c7de-a6da-490f-ae80-adb7fc4f910a - - - - - -] Publish callbacks ['neutron.services.segments.db._update_segment_host_mapping_for_agent-8792150296953', 'neutron.plugins.ml2.plugin.Ml2Plugin._retry_binding_revived_agents-32814932'] for agent (ceacede0-b9da-4efe-83e4-bf98d8dce989), after_update _notify_loop /var/lib/kolla/venv/lib64/python3.9/site-packages/neutron_lib/callbacks/manager.py:184
2026-09-07 02:04:40.973 25 DEBUG neutron_lib.callbacks.manager [None req-64c3d90a-b6a0-4a41-9e0b-61d991550887 - - - - - -] Publish callbacks ['neutron.services.segments.db._update_segment_host_mapping_for_agent-8792150296953', 'neutron.plugins.ml2.plugin.Ml2Plugin._retry_binding_revived_agents-32814932'] for agent (0ec85bf4-6d27-4f2f-b55f-99188d7cd00b), after_update _notify_loop /var/lib/kolla/venv/lib64/python3.9/site-packages/neutron_lib/callbacks/manager.py:184
2026-09-07 02:04:48.932 23 DEBUG neutron.api.wsgi [-] (23) accepted ('10.0.0.163', 50310) server /var/lib/kolla/venv/lib64/python3.9/site-packages/eventlet/wsgi.py:1037
2026-09-07 02:04:48.934 23 INFO neutron.api.wsgi [-] 10.0.0.163 "GET / HTTP/1.1" status: 200 len: 228 time: 0.0021765
2026-09-07 02:04:53.223 29 DEBUG neutron_lib.callbacks.manager [None req-5ed05d47-e2dd-45d5-8258-f97a98237a67 - - - - - -] Publish callbacks ['neutron.services.segments.db._update_segment_host_mapping_for_agent-8792150296953', 'neutron.plugins.ml2.plugin.Ml2Plugin._retry_binding_revived_agents-32814932'] for agent (ceacede0-b9da-4efe-83e4-bf98d8dce989), after_update _notify_loop /var/lib/kolla/venv/lib64/python3.9/site-packages/neutron_lib/callbacks/manager.py:184
2026-09-07 02:04:56.749 30 DEBUG neutron.db.agents_db [None req-fff67244-18e4-4069-8794-0669e27a1283 - - - - - -] Agent healthcheck: found 2 active agents agent_health_check /var/lib/kolla/venv/lib64/python3.9/site-packages/neutron/db/agents_db.py:317
2026-09-07 02:05:10.970 28 DEBUG neutron_lib.callbacks.manager [None req-64c3d90a-b6a0-4a41-9e0b-61d991550887 - - - - - -] Publish callbacks ['neutron.services.segments.db._update_segment_host_mapping_for_agent-8792150296953', 'neutron.plugins.ml2.plugin.Ml2Plugin._retry_binding_revived_agents-32814932'] for agent (0ec85bf4-6d27-4f2f-b55f-99188d7cd00b), after_update _notify_loop /var/lib/kolla/venv/lib64/python3.9/site-packages/neutron_lib/callbacks/manager.py:184
2026-09-07 02:05:18.988 23 DEBUG neutron.api.wsgi [-] (23) accepted ('10.0.0.163', 59042) server /var/lib/kolla/venv/lib64/python3.9/site-packages/eventlet/wsgi.py:1037
2026-09-07 02:05:18.992 23 INFO neutron.api.wsgi [-] 10.0.0.163 "GET / HTTP/1.1" status: 200 len: 228 time: 0.0023315
2026-09-07 02:05:23.223 27 DEBUG neutron_lib.callbacks.manager [None req-e0959bfe-91f4-480c-b8bb-efe71c02975f - - - - - -] Publish callbacks ['neutron.services.segments.db._update_segment_host_mapping_for_agent-8792150296953', 'neutron.plugins.ml2.plugin.Ml2Plugin._retry_binding_revived_agents-32814932'] for agent (ceacede0-b9da-4efe-83e4-bf98d8dce989), after_update _notify_loop /var/lib/kolla/venv/lib64/python3.9/site-packages/neutron_lib/callbacks/manager.py:184
2026-09-07 02:05:33.747 30 DEBUG neutron.db.agents_db [None req-fff67244-18e4-4069-8794-0669e27a1283 - - - - - -] Agent healthcheck: found 2 active agents agent_health_check /var/lib/kolla/venv/lib64/python3.9/site-packages/neutron/db/agents_db.py:317
2026-09-07 02:05:40.970 24 DEBUG neutron_lib.callbacks.manager [None req-64c3d90a-b6a0-4a41-9e0b-61d991550887 - - - - - -] Publish callbacks ['neutron.services.segments.db._update_segment_host_mapping_for_agent-8792150296953', 'neutron.plugins.ml2.plugin.Ml2Plugin._retry_binding_revived_agents-32814932'] for agent (0ec85bf4-6d27-4f2f-b55f-99188d7cd00b), after_update _notify_loop /var/lib/kolla/venv/lib64/python3.9/site-packages/neutron_lib/callbacks/manager.py:184
2026-09-07 02:05:49.040 23 DEBUG neutron.api.wsgi [-] (23) accepted ('10.0.0.163', 42820) server /var/lib/kolla/venv/lib64/python3.9/site-packages/eventlet/wsgi.py:1037
2026-09-07 02:05:49.043 23 INFO neutron.api.wsgi [-] 10.0.0.163 "GET / HTTP/1.1" status: 200 len: 228 time: 0.0016057
2026-09-07 02:05:53.220 26 DEBUG neutron_lib.callbacks.manager [None req-79403f34-a2a2-44c7-adde-c0b178d3a4ea - - - - - -] Publish callbacks ['neutron.services.segments.db._update_segment_host_mapping_for_agent-8792150296953', 'neutron.plugins.ml2.plugin.Ml2Plugin._retry_binding_revived_agents-32814932'] for agent (ceacede0-b9da-4efe-83e4-bf98d8dce989), after_update _notify_loop /var/lib/kolla/venv/lib64/python3.9/site-packages/neutron_lib/callbacks/manager.py:184
2026-09-07 02:06:10.748 30 DEBUG neutron.db.agents_db [None req-fff67244-18e4-4069-8794-0669e27a1283 - - - - - -] Agent healthcheck: found 2 active agents agent_health_check /var/lib/kolla/venv/lib64/python3.9/site-packages/neutron/db/agents_db.py:317
2026-09-07 02:06:10.967 25 DEBUG neutron_lib.callbacks.manager [None req-64c3d90a-b6a0-4a41-9e0b-61d991550887 - - - - - -] Publish callbacks ['neutron.services.segments.db._update_segment_host_mapping_for_agent-8792150296953', 'neutron.plugins.ml2.plugin.Ml2Plugin._retry_binding_revived_agents-32814932'] for agent (0ec85bf4-6d27-4f2f-b55f-99188d7cd00b), after_update _notify_loop /var/lib/kolla/venv/lib64/python3.9/site-packages/neutron_lib/callbacks/manager.py:184
2026-09-07 02:06:19.094 23 DEBUG neutron.api.wsgi [-] (23) accepted ('10.0.0.163', 48324) server /var/lib/kolla/venv/lib64/python3.9/site-packages/eventlet/wsgi.py:1037
2026-09-07 02:06:19.097 23 INFO neutron.api.wsgi [-] 10.0.0.163 "GET / HTTP/1.1" status: 200 len: 228 time: 0.0019135
2026-09-07 02:06:23.217 29 DEBUG neutron_lib.callbacks.manager [None req-2e530797-8e59-4866-8514-2f5b6b5351cf - - - - - -] Publish callbacks ['neutron.services.segments.db._update_segment_host_mapping_for_agent-8792150296953', 'neutron.plugins.ml2.plugin.Ml2Plugin._retry_binding_revived_agents-32814932'] for agent (ceacede0-b9da-4efe-83e4-bf98d8dce989), after_update _notify_loop /var/lib/kolla/venv/lib64/python3.9/site-packages/neutron_lib/callbacks/manager.py:184
2026-09-07 02:06:40.966 28 DEBUG neutron_lib.callbacks.manager [None req-64c3d90a-b6a0-4a41-9e0b-61d991550887 - - - - - -] Publish callbacks ['neutron.services.segments.db._update_segment_host_mapping_for_agent-8792150296953', 'neutron.plugins.ml2.plugin.Ml2Plugin._retry_binding_revived_agents-32814932'] for agent (0ec85bf4-6d27-4f2f-b55f-99188d7cd00b), after_update _notify_loop /var/lib/kolla/venv/lib64/python3.9/site-packages/neutron_lib/callbacks/manager.py:184
2026-09-07 02:06:47.744 30 DEBUG neutron.db.agents_db [None req-fff67244-18e4-4069-8794-0669e27a1283 - - - - - -] Agent healthcheck: found 2 active agents agent_health_check /var/lib/kolla/venv/lib64/python3.9/site-packages/neutron/db/agents_db.py:317
2026-09-07 02:06:49.155 23 DEBUG neutron.api.wsgi [-] (23) accepted ('10.0.0.163', 51074) server /var/lib/kolla/venv/lib64/python3.9/site-packages/eventlet/wsgi.py:1037
2026-09-07 02:06:49.160 23 INFO neutron.api.wsgi [-] 10.0.0.163 "GET / HTTP/1.1" status: 200 len: 228 time: 0.0037649
2026-09-07 02:06:53.231 27 DEBUG neutron_lib.callbacks.manager [None req-1ca4c0f0-8f33-492b-8320-0097c74218d7 - - - - - -] Publish callbacks ['neutron.services.segments.db._update_segment_host_mapping_for_agent-8792150296953', 'neutron.plugins.ml2.plugin.Ml2Plugin._retry_binding_revived_agents-32814932'] for agent (ceacede0-b9da-4efe-83e4-bf98d8dce989), after_update _notify_loop /var/lib/kolla/venv/lib64/python3.9/site-packages/neutron_lib/callbacks/manager.py:184
2026-09-07 02:07:10.968 24 DEBUG neutron_lib.callbacks.manager [None req-64c3d90a-b6a0-4a41-9e0b-61d991550887 - - - - - -] Publish callbacks ['neutron.services.segments.db._update_segment_host_mapping_for_agent-8792150296953', 'neutron.plugins.ml2.plugin.Ml2Plugin._retry_binding_revived_agents-32814932'] for agent (0ec85bf4-6d27-4f2f-b55f-99188d7cd00b), after_update _notify_loop /var/lib/kolla/venv/lib64/python3.9/site-packages/neutron_lib/callbacks/manager.py:184
2026-09-07 02:07:19.211 23 DEBUG neutron.api.wsgi [-] (23) accepted ('10.0.0.163', 44888) server /var/lib/kolla/venv/lib64/python3.9/site-packages/eventlet/wsgi.py:1037
2026-09-07 02:07:19.213 23 INFO neutron.api.wsgi [-] 10.0.0.163 "GET / HTTP/1.1" status: 200 len: 228 time: 0.0013952
2026-09-07 02:07:23.220 26 DEBUG neutron_lib.callbacks.manager [None req-02d8a71f-ac74-4dc7-9a51-3b3132c119d2 - - - - - -] Publish callbacks ['neutron.services.segments.db._update_segment_host_mapping_for_agent-8792150296953', 'neutron.plugins.ml2.plugin.Ml2Plugin._retry_binding_revived_agents-32814932'] for agent (ceacede0-b9da-4efe-83e4-bf98d8dce989), after_update _notify_loop /var/lib/kolla/venv/lib64/python3.9/site-packages/neutron_lib/callbacks/manager.py:184
2026-09-07 02:07:24.755 30 DEBUG neutron.db.agents_db [None req-fff67244-18e4-4069-8794-0669e27a1283 - - - - - -] Agent healthcheck: found 2 active agents agent_health_check /var/lib/kolla/venv/lib64/python3.9/site-packages/neutron/db/agents_db.py:317
2026-09-07 02:07:41.116 25 DEBUG neutron_lib.callbacks.manager [None req-64c3d90a-b6a0-4a41-9e0b-61d991550887 - - - - - -] Publish callbacks ['neutron.services.segments.db._update_segment_host_mapping_for_agent-8792150296953', 'neutron.plugins.ml2.plugin.Ml2Plugin._retry_binding_revived_agents-32814932'] for agent (0ec85bf4-6d27-4f2f-b55f-99188d7cd00b), after_update _notify_loop /var/lib/kolla/venv/lib64/python3.9/site-packages/neutron_lib/callbacks/manager.py:184
2026-09-07 02:07:49.271 23 DEBUG neutron.api.wsgi [-] (23) accepted ('10.0.0.163', 48210) server /var/lib/kolla/venv/lib64/python3.9/site-packages/eventlet/wsgi.py:1037
2026-09-07 02:07:49.273 23 INFO neutron.api.wsgi [-] 10.0.0.163 "GET / HTTP/1.1" status: 200 len: 228 time: 0.0015016
2026-09-07 02:07:53.221 29 DEBUG neutron_lib.callbacks.manager [None req-018c6da6-da0c-4b21-a966-99e78419d675 - - - - - -] Publish callbacks ['neutron.services.segments.db._update_segment_host_mapping_for_agent-8792150296953', 'neutron.plugins.ml2.plugin.Ml2Plugin._retry_binding_revived_agents-32814932'] for agent (ceacede0-b9da-4efe-83e4-bf98d8dce989), after_update _notify_loop /var/lib/kolla/venv/lib64/python3.9/site-packages/neutron_lib/callbacks/manager.py:184
2026-09-07 02:07:59.365 7 INFO oslo_service.service [-] Caught SIGTERM, stopping children
2026-09-07 02:07:59.366 7 DEBUG oslo_concurrency.lockutils [-] Acquiring lock "singleton_lock" lock /var/lib/kolla/venv/lib64/python3.9/site-packages/oslo_concurrency/lockutils.py:310
2026-09-07 02:07:59.366 7 DEBUG oslo_concurrency.lockutils [-] Acquired lock "singleton_lock" lock /var/lib/kolla/venv/lib64/python3.9/site-packages/oslo_concurrency/lockutils.py:313
2026-09-07 02:07:59.366 7 DEBUG oslo_concurrency.lockutils [-] Releasing lock "singleton_lock" lock /var/lib/kolla/venv/lib64/python3.9/site-packages/oslo_concurrency/lockutils.py:331
2026-09-07 02:07:59.366 7 DEBUG oslo_service.service [-] Stop services. stop /var/lib/kolla/venv/lib64/python3.9/site-packages/oslo_service/service.py:699
2026-09-07 02:07:59.367 7 DEBUG neutron.service [-] calling RpcWorker stop() stop /var/lib/kolla/venv/lib64/python3.9/site-packages/neutron/service.py:142
2026-09-07 02:07:59.367 7 DEBUG neutron.service [-] calling RpcWorker stop() stop /var/lib/kolla/venv/lib64/python3.9/site-packages/neutron/service.py:142
2026-09-07 02:07:59.367 7 DEBUG oslo_service.service [-] Killing children. stop /var/lib/kolla/venv/lib64/python3.9/site-packages/oslo_service/service.py:704
2026-09-07 02:07:59.367 7 INFO oslo_service.service [-] Waiting on 8 children to exit
2026-09-07 02:07:59.367 24 DEBUG neutron.service [-] calling RpcWorker stop() stop /var/lib/kolla/venv/lib64/python3.9/site-packages/neutron/service.py:142
2026-09-07 02:07:59.368 23 INFO neutron.api.wsgi [-] (23) wsgi exited, is_accepting=True
2026-09-07 02:07:59.368 27 DEBUG neutron.service [-] calling RpcWorker stop() stop /var/lib/kolla/venv/lib64/python3.9/site-packages/neutron/service.py:142
2026-09-07 02:07:59.368 25 DEBUG neutron.service [-] calling RpcWorker stop() stop /var/lib/kolla/venv/lib64/python3.9/site-packages/neutron/service.py:142
2026-09-07 02:07:59.368 25 DEBUG neutron.service [-] calling stop on stop /var/lib/kolla/venv/lib64/python3.9/site-packages/neutron/service.py:145
2026-09-07 02:07:59.368 23 DEBUG oslo_concurrency.lockutils [None req-4daac9a9-e664-4098-986e-d63a9a0a6c06 - - - - - -] Acquiring lock "singleton_lock" lock /var/lib/kolla/venv/lib64/python3.9/site-packages/oslo_concurrency/lockutils.py:310
2026-09-07 02:07:59.369 26 DEBUG neutron.service [-] calling RpcWorker stop() stop /var/lib/kolla/venv/lib64/python3.9/site-packages/neutron/service.py:142
2026-09-07 02:07:59.368 27 DEBUG neutron.service [-] calling stop on stop /var/lib/kolla/venv/lib64/python3.9/site-packages/neutron/service.py:145
2026-09-07 02:07:59.369 23 DEBUG oslo_concurrency.lockutils [None req-4daac9a9-e664-4098-986e-d63a9a0a6c06 - - - - - -] Acquired lock "singleton_lock" lock /var/lib/kolla/venv/lib64/python3.9/site-packages/oslo_concurrency/lockutils.py:313
2026-09-07 02:07:59.369 23 DEBUG oslo_concurrency.lockutils [None req-4daac9a9-e664-4098-986e-d63a9a0a6c06 - - - - - -] Releasing lock "singleton_lock" lock /var/lib/kolla/venv/lib64/python3.9/site-packages/oslo_concurrency/lockutils.py:331
2026-09-07 02:07:59.369 26 DEBUG neutron.service [-] calling stop on stop /var/lib/kolla/venv/lib64/python3.9/site-packages/neutron/service.py:145
2026-09-07 02:07:59.370 30 DEBUG neutron.service [-] calling RpcWorker stop() stop /var/lib/kolla/venv/lib64/python3.9/site-packages/neutron/service.py:142
2026-09-07 02:07:59.371 28 DEBUG neutron.service [-] calling RpcWorker stop() stop /var/lib/kolla/venv/lib64/python3.9/site-packages/neutron/service.py:142
2026-09-07 02:07:59.368 24 DEBUG neutron.service [-] calling stop on stop /var/lib/kolla/venv/lib64/python3.9/site-packages/neutron/service.py:145
2026-09-07 02:07:59.371 30 DEBUG neutron.service [-] calling stop on stop /var/lib/kolla/venv/lib64/python3.9/site-packages/neutron/service.py:145
2026-09-07 02:07:59.371 28 DEBUG neutron.service [-] calling stop on stop /var/lib/kolla/venv/lib64/python3.9/site-packages/neutron/service.py:145
2026-09-07 02:07:59.373 7 INFO oslo_service.service [-] Child 23 exited with status 0
2026-09-07 02:07:59.386 29 DEBUG neutron.service [-] calling RpcWorker stop() stop /var/lib/kolla/venv/lib64/python3.9/site-packages/neutron/service.py:142
2026-09-07 02:07:59.386 29 DEBUG neutron.service [-] calling stop on stop /var/lib/kolla/venv/lib64/python3.9/site-packages/neutron/service.py:145
2026-09-07 02:08:01.413 29 DEBUG oslo_concurrency.lockutils [None req-4daac9a9-e664-4098-986e-d63a9a0a6c06 - - - - - -] Acquiring lock "singleton_lock" lock /var/lib/kolla/venv/lib64/python3.9/site-packages/oslo_concurrency/lockutils.py:310
2026-09-07 02:08:01.414 29 DEBUG oslo_concurrency.lockutils [None req-4daac9a9-e664-4098-986e-d63a9a0a6c06 - - - - - -] Acquired lock "singleton_lock" lock /var/lib/kolla/venv/lib64/python3.9/site-packages/oslo_concurrency/lockutils.py:313
2026-09-07 02:08:01.414 29 DEBUG oslo_concurrency.lockutils [None req-4daac9a9-e664-4098-986e-d63a9a0a6c06 - - - - - -] Releasing lock "singleton_lock" lock /var/lib/kolla/venv/lib64/python3.9/site-packages/oslo_concurrency/lockutils.py:331
2026-09-07 02:08:01.414 29 DEBUG neutron.service [None req-4daac9a9-e664-4098-986e-d63a9a0a6c06 - - - - - -] calling RpcWorker wait() _wait /var/lib/kolla/venv/lib64/python3.9/site-packages/neutron/service.py:132
2026-09-07 02:08:01.414 29 DEBUG neutron.service [None req-4daac9a9-e664-4098-986e-d63a9a0a6c06 - - - - - -] calling wait on _wait /var/lib/kolla/venv/lib64/python3.9/site-packages/neutron/service.py:135
2026-09-07 02:08:01.419 29 WARNING amqp [None req-4daac9a9-e664-4098-986e-d63a9a0a6c06 - - - - - -] Received method (60, 30) during closing channel 1. This method will be ignored
2026-09-07 02:08:01.421 29 DEBUG neutron.service [None req-4daac9a9-e664-4098-986e-d63a9a0a6c06 - - - - - -] returning from RpcWorker wait() _wait /var/lib/kolla/venv/lib64/python3.9/site-packages/neutron/service.py:139
2026-09-07 02:08:01.428 7 INFO oslo_service.service [-] Child 29 exited with status 0
2026-09-07 02:08:01.752 30 DEBUG neutron.db.agents_db [None req-fff67244-18e4-4069-8794-0669e27a1283 - - - - - -] Agent healthcheck: found 2 active agents agent_health_check /var/lib/kolla/venv/lib64/python3.9/site-packages/neutron/db/agents_db.py:317
2026-09-07 02:08:01.768 25 DEBUG neutron.service [-] calling stop on stop /var/lib/kolla/venv/lib64/python3.9/site-packages/neutron/service.py:145
2026-09-07 02:08:01.769 26 DEBUG neutron.service [-] calling stop on stop /var/lib/kolla/venv/lib64/python3.9/site-packages/neutron/service.py:145
2026-09-07 02:08:01.769 24 DEBUG neutron.service [-] calling stop on stop /var/lib/kolla/venv/lib64/python3.9/site-packages/neutron/service.py:145
2026-09-07 02:08:01.772 28 DEBUG oslo_concurrency.lockutils [None req-4daac9a9-e664-4098-986e-d63a9a0a6c06 - - - - - -] Acquiring lock "singleton_lock" lock /var/lib/kolla/venv/lib64/python3.9/site-packages/oslo_concurrency/lockutils.py:310
2026-09-07 02:08:01.772 28 DEBUG oslo_concurrency.lockutils [None req-4daac9a9-e664-4098-986e-d63a9a0a6c06 - - - - - -] Acquired lock "singleton_lock" lock /var/lib/kolla/venv/lib64/python3.9/site-packages/oslo_concurrency/lockutils.py:313
2026-09-07 02:08:01.772 28 DEBUG oslo_concurrency.lockutils [None req-4daac9a9-e664-4098-986e-d63a9a0a6c06 - - - - - -] Releasing lock "singleton_lock" lock /var/lib/kolla/venv/lib64/python3.9/site-packages/oslo_concurrency/lockutils.py:331
2026-09-07 02:08:01.772 28 DEBUG neutron.service [None req-4daac9a9-e664-4098-986e-d63a9a0a6c06 - - - - - -] calling RpcWorker wait() _wait /var/lib/kolla/venv/lib64/python3.9/site-packages/neutron/service.py:132
2026-09-07 02:08:01.773 28 DEBUG neutron.service [None req-4daac9a9-e664-4098-986e-d63a9a0a6c06 - - - - - -] calling wait on _wait /var/lib/kolla/venv/lib64/python3.9/site-packages/neutron/service.py:135
2026-09-07 02:08:01.773 27 DEBUG oslo_concurrency.lockutils [None req-4daac9a9-e664-4098-986e-d63a9a0a6c06 - - - - - -] Acquiring lock "singleton_lock" lock /var/lib/kolla/venv/lib64/python3.9/site-packages/oslo_concurrency/lockutils.py:310
2026-09-07 02:08:01.774 27 DEBUG oslo_concurrency.lockutils [None req-4daac9a9-e664-4098-986e-d63a9a0a6c06 - - - - - -] Acquired lock "singleton_lock" lock /var/lib/kolla/venv/lib64/python3.9/site-packages/oslo_concurrency/lockutils.py:313
2026-09-07 02:08:01.774 27 DEBUG oslo_concurrency.lockutils [None req-4daac9a9-e664-4098-986e-d63a9a0a6c06 - - - - - -] Releasing lock "singleton_lock" lock /var/lib/kolla/venv/lib64/python3.9/site-packages/oslo_concurrency/lockutils.py:331
2026-09-07 02:08:01.774 27 DEBUG neutron.service [None req-4daac9a9-e664-4098-986e-d63a9a0a6c06 - - - - - -] calling RpcWorker wait() _wait /var/lib/kolla/venv/lib64/python3.9/site-packages/neutron/service.py:132
2026-09-07 02:08:01.774 27 DEBUG neutron.service [None req-4daac9a9-e664-4098-986e-d63a9a0a6c06 - - - - - -] calling wait on _wait /var/lib/kolla/venv/lib64/python3.9/site-packages/neutron/service.py:135
2026-09-07 02:08:01.779 28 WARNING amqp [None req-4daac9a9-e664-4098-986e-d63a9a0a6c06 - - - - - -] Received method (60, 30) during closing channel 1. This method will be ignored
2026-09-07 02:08:01.780 28 DEBUG neutron.service [None req-4daac9a9-e664-4098-986e-d63a9a0a6c06 - - - - - -] returning from RpcWorker wait() _wait /var/lib/kolla/venv/lib64/python3.9/site-packages/neutron/service.py:139
2026-09-07 02:08:01.782 27 WARNING amqp [None req-4daac9a9-e664-4098-986e-d63a9a0a6c06 - - - - - -] Received method (60, 30) during closing channel 1. This method will be ignored
2026-09-07 02:08:01.784 27 DEBUG neutron.service [None req-4daac9a9-e664-4098-986e-d63a9a0a6c06 - - - - - -] returning from RpcWorker wait() _wait /var/lib/kolla/venv/lib64/python3.9/site-packages/neutron/service.py:139
2026-09-07 02:08:01.785 30 DEBUG oslo_concurrency.lockutils [None req-4daac9a9-e664-4098-986e-d63a9a0a6c06 - - - - - -] Acquiring lock "singleton_lock" lock /var/lib/kolla/venv/lib64/python3.9/site-packages/oslo_concurrency/lockutils.py:310
2026-09-07 02:08:01.786 30 DEBUG oslo_concurrency.lockutils [None req-4daac9a9-e664-4098-986e-d63a9a0a6c06 - - - - - -] Acquired lock "singleton_lock" lock /var/lib/kolla/venv/lib64/python3.9/site-packages/oslo_concurrency/lockutils.py:313
2026-09-07 02:08:01.786 30 DEBUG oslo_concurrency.lockutils [None req-4daac9a9-e664-4098-986e-d63a9a0a6c06 - - - - - -] Releasing lock "singleton_lock" lock /var/lib/kolla/venv/lib64/python3.9/site-packages/oslo_concurrency/lockutils.py:331
2026-09-07 02:08:01.787 30 DEBUG neutron.service [None req-4daac9a9-e664-4098-986e-d63a9a0a6c06 - - - - - -] calling RpcWorker wait() _wait /var/lib/kolla/venv/lib64/python3.9/site-packages/neutron/service.py:132
2026-09-07 02:08:01.787 30 DEBUG neutron.service [None req-4daac9a9-e664-4098-986e-d63a9a0a6c06 - - - - - -] calling wait on _wait /var/lib/kolla/venv/lib64/python3.9/site-packages/neutron/service.py:135
2026-09-07 02:08:01.791 7 INFO oslo_service.service [-] Child 27 exited with status 0
2026-09-07 02:08:01.793 30 WARNING amqp [None req-4daac9a9-e664-4098-986e-d63a9a0a6c06 - - - - - -] Received method (60, 30) during closing channel 1. This method will be ignored
2026-09-07 02:08:01.795 7 INFO oslo_service.service [-] Child 28 exited with status 0
2026-09-07 02:08:01.798 30 DEBUG neutron.service [None req-4daac9a9-e664-4098-986e-d63a9a0a6c06 - - - - - -] returning from RpcWorker wait() _wait /var/lib/kolla/venv/lib64/python3.9/site-packages/neutron/service.py:139
2026-09-07 02:08:01.804 25 DEBUG neutron.service [-] calling stop on stop /var/lib/kolla/venv/lib64/python3.9/site-packages/neutron/service.py:145
2026-09-07 02:08:01.806 7 INFO oslo_service.service [-] Child 30 exited with status 0
2026-09-07 02:08:01.837 24 DEBUG neutron.service [-] calling stop on stop /var/lib/kolla/venv/lib64/python3.9/site-packages/neutron/service.py:145
2026-09-07 02:08:01.851 26 DEBUG neutron.service [-] calling stop on stop /var/lib/kolla/venv/lib64/python3.9/site-packages/neutron/service.py:145
2026-09-07 02:08:01.871 24 DEBUG neutron.service [-] calling stop on stop /var/lib/kolla/venv/lib64/python3.9/site-packages/neutron/service.py:145
2026-09-07 02:08:01.896 24 DEBUG oslo_concurrency.lockutils [None req-4daac9a9-e664-4098-986e-d63a9a0a6c06 - - - - - -] Acquiring lock "singleton_lock" lock /var/lib/kolla/venv/lib64/python3.9/site-packages/oslo_concurrency/lockutils.py:310
2026-09-07 02:08:01.897 24 DEBUG oslo_concurrency.lockutils [None req-4daac9a9-e664-4098-986e-d63a9a0a6c06 - - - - - -] Acquired lock "singleton_lock" lock /var/lib/kolla/venv/lib64/python3.9/site-packages/oslo_concurrency/lockutils.py:313
2026-09-07 02:08:01.897 24 DEBUG oslo_concurrency.lockutils [None req-4daac9a9-e664-4098-986e-d63a9a0a6c06 - - - - - -] Releasing lock "singleton_lock" lock /var/lib/kolla/venv/lib64/python3.9/site-packages/oslo_concurrency/lockutils.py:331
2026-09-07 02:08:01.897 24 DEBUG neutron.service [None req-4daac9a9-e664-4098-986e-d63a9a0a6c06 - - - - - -] calling RpcWorker wait() _wait /var/lib/kolla/venv/lib64/python3.9/site-packages/neutron/service.py:132
2026-09-07 02:08:01.897 24 DEBUG neutron.service [None req-4daac9a9-e664-4098-986e-d63a9a0a6c06 - - - - - -] calling wait on _wait /var/lib/kolla/venv/lib64/python3.9/site-packages/neutron/service.py:135
2026-09-07 02:08:01.905 24 WARNING amqp [None req-4daac9a9-e664-4098-986e-d63a9a0a6c06 - - - - - -] Received method (60, 30) during closing channel 1. This method will be ignored
2026-09-07 02:08:01.906 24 DEBUG neutron.service [None req-4daac9a9-e664-4098-986e-d63a9a0a6c06 - - - - - -] calling wait on _wait /var/lib/kolla/venv/lib64/python3.9/site-packages/neutron/service.py:135
2026-09-07 02:08:01.911 24 WARNING amqp [None req-4daac9a9-e664-4098-986e-d63a9a0a6c06 - - - - - -] Received method (60, 30) during closing channel 1. This method will be ignored
2026-09-07 02:08:01.912 24 DEBUG neutron.service [None req-4daac9a9-e664-4098-986e-d63a9a0a6c06 - - - - - -] calling wait on _wait /var/lib/kolla/venv/lib64/python3.9/site-packages/neutron/service.py:135
2026-09-07 02:08:01.917 24 WARNING amqp [None req-4daac9a9-e664-4098-986e-d63a9a0a6c06 - - - - - -] Received method (60, 30) during closing channel 1. This method will be ignored
2026-09-07 02:08:01.918 24 DEBUG neutron.service [None req-4daac9a9-e664-4098-986e-d63a9a0a6c06 - - - - - -] calling wait on _wait /var/lib/kolla/venv/lib64/python3.9/site-packages/neutron/service.py:135
2026-09-07 02:08:01.924 24 WARNING amqp [None req-4daac9a9-e664-4098-986e-d63a9a0a6c06 - - - - - -] Received method (60, 30) during closing channel 1. This method will be ignored
2026-09-07 02:08:01.925 24 DEBUG neutron.service [None req-4daac9a9-e664-4098-986e-d63a9a0a6c06 - - - - - -] returning from RpcWorker wait() _wait /var/lib/kolla/venv/lib64/python3.9/site-packages/neutron/service.py:139
2026-09-07 02:08:01.932 7 INFO oslo_service.service [-] Child 24 exited with status 0
2026-09-07 02:08:04.295 25 DEBUG neutron.service [-] calling stop on stop /var/lib/kolla/venv/lib64/python3.9/site-packages/neutron/service.py:145
2026-09-07 02:08:06.437 26 DEBUG neutron.service [-] calling stop on stop /var/lib/kolla/venv/lib64/python3.9/site-packages/neutron/service.py:145
2026-09-07 02:08:06.897 26 DEBUG oslo_concurrency.lockutils [None req-4daac9a9-e664-4098-986e-d63a9a0a6c06 - - - - - -] Acquiring lock "singleton_lock" lock /var/lib/kolla/venv/lib64/python3.9/site-packages/oslo_concurrency/lockutils.py:310
2026-09-07 02:08:06.898 26 DEBUG oslo_concurrency.lockutils [None req-4daac9a9-e664-4098-986e-d63a9a0a6c06 - - - - - -] Acquired lock "singleton_lock" lock /var/lib/kolla/venv/lib64/python3.9/site-packages/oslo_concurrency/lockutils.py:313
2026-09-07 02:08:06.898 26 DEBUG oslo_concurrency.lockutils [None req-4daac9a9-e664-4098-986e-d63a9a0a6c06 - - - - - -] Releasing lock "singleton_lock" lock /var/lib/kolla/venv/lib64/python3.9/site-packages/oslo_concurrency/lockutils.py:331
2026-09-07 02:08:06.898 26 DEBUG neutron.service [None req-4daac9a9-e664-4098-986e-d63a9a0a6c06 - - - - - -] calling RpcWorker wait() _wait /var/lib/kolla/venv/lib64/python3.9/site-packages/neutron/service.py:132
2026-09-07 02:08:06.898 26 DEBUG neutron.service [None req-4daac9a9-e664-4098-986e-d63a9a0a6c06 - - - - - -] calling wait on _wait /var/lib/kolla/venv/lib64/python3.9/site-packages/neutron/service.py:135
2026-09-07 02:08:06.905 26 WARNING amqp [None req-4daac9a9-e664-4098-986e-d63a9a0a6c06 - - - - - -] Received method (60, 30) during closing channel 1. This method will be ignored
2026-09-07 02:08:06.909 26 DEBUG neutron.service [None req-4daac9a9-e664-4098-986e-d63a9a0a6c06 - - - - - -] calling wait on _wait /var/lib/kolla/venv/lib64/python3.9/site-packages/neutron/service.py:135
2026-09-07 02:08:06.918 26 WARNING amqp [None req-4daac9a9-e664-4098-986e-d63a9a0a6c06 - - - - - -] Received method (60, 30) during closing channel 1. This method will be ignored
2026-09-07 02:08:06.921 26 DEBUG neutron.service [None req-4daac9a9-e664-4098-986e-d63a9a0a6c06 - - - - - -] calling wait on _wait /var/lib/kolla/venv/lib64/python3.9/site-packages/neutron/service.py:135
2026-09-07 02:08:06.930 25 DEBUG oslo_concurrency.lockutils [None req-4daac9a9-e664-4098-986e-d63a9a0a6c06 - - - - - -] Acquiring lock "singleton_lock" lock /var/lib/kolla/venv/lib64/python3.9/site-packages/oslo_concurrency/lockutils.py:310
2026-09-07 02:08:06.931 25 DEBUG oslo_concurrency.lockutils [None req-4daac9a9-e664-4098-986e-d63a9a0a6c06 - - - - - -] Acquired lock "singleton_lock" lock /var/lib/kolla/venv/lib64/python3.9/site-packages/oslo_concurrency/lockutils.py:313
2026-09-07 02:08:06.931 25 DEBUG oslo_concurrency.lockutils [None req-4daac9a9-e664-4098-986e-d63a9a0a6c06 - - - - - -] Releasing lock "singleton_lock" lock /var/lib/kolla/venv/lib64/python3.9/site-packages/oslo_concurrency/lockutils.py:331
2026-09-07 02:08:06.931 26 WARNING amqp [None req-4daac9a9-e664-4098-986e-d63a9a0a6c06 - - - - - -] Received method (60, 30) during closing channel 1. This method will be ignored
2026-09-07 02:08:06.931 25 DEBUG neutron.service [None req-4daac9a9-e664-4098-986e-d63a9a0a6c06 - - - - - -] calling RpcWorker wait() _wait /var/lib/kolla/venv/lib64/python3.9/site-packages/neutron/service.py:132
2026-09-07 02:08:06.931 25 DEBUG neutron.service [None req-4daac9a9-e664-4098-986e-d63a9a0a6c06 - - - - - -] calling wait on _wait /var/lib/kolla/venv/lib64/python3.9/site-packages/neutron/service.py:135
2026-09-07 02:08:06.932 26 DEBUG neutron.service [None req-4daac9a9-e664-4098-986e-d63a9a0a6c06 - - - - - -] calling wait on _wait /var/lib/kolla/venv/lib64/python3.9/site-packages/neutron/service.py:135
2026-09-07 02:08:06.942 26 WARNING amqp [None req-4daac9a9-e664-4098-986e-d63a9a0a6c06 - - - - - -] Received method (60, 30) during closing channel 1. This method will be ignored
2026-09-07 02:08:06.942 25 WARNING amqp [None req-4daac9a9-e664-4098-986e-d63a9a0a6c06 - - - - - -] Received method (60, 30) during closing channel 1. This method will be ignored
2026-09-07 02:08:06.944 25 DEBUG neutron.service [None req-4daac9a9-e664-4098-986e-d63a9a0a6c06 - - - - - -] calling wait on _wait /var/lib/kolla/venv/lib64/python3.9/site-packages/neutron/service.py:135
2026-09-07 02:08:06.945 26 DEBUG neutron.service [None req-4daac9a9-e664-4098-986e-d63a9a0a6c06 - - - - - -] returning from RpcWorker wait() _wait /var/lib/kolla/venv/lib64/python3.9/site-packages/neutron/service.py:139
2026-09-07 02:08:06.951 7 INFO oslo_service.service [-] Child 26 exited with status 0
2026-09-07 02:08:06.952 25 WARNING amqp [None req-4daac9a9-e664-4098-986e-d63a9a0a6c06 - - - - - -] Received method (60, 30) during closing channel 1. This method will be ignored
2026-09-07 02:08:06.955 25 DEBUG neutron.service [None req-4daac9a9-e664-4098-986e-d63a9a0a6c06 - - - - - -] calling wait on _wait /var/lib/kolla/venv/lib64/python3.9/site-packages/neutron/service.py:135
2026-09-07 02:08:06.961 25 WARNING amqp [None req-4daac9a9-e664-4098-986e-d63a9a0a6c06 - - - - - -] Received method (60, 30) during closing channel 1. This method will be ignored
2026-09-07 02:08:06.963 25 DEBUG neutron.service [None req-4daac9a9-e664-4098-986e-d63a9a0a6c06 - - - - - -] calling wait on _wait /var/lib/kolla/venv/lib64/python3.9/site-packages/neutron/service.py:135
2026-09-07 02:08:06.970 25 WARNING amqp [None req-4daac9a9-e664-4098-986e-d63a9a0a6c06 - - - - - -] Received method (60, 30) during closing channel 1. This method will be ignored
2026-09-07 02:08:06.971 25 DEBUG neutron.service [None req-4daac9a9-e664-4098-986e-d63a9a0a6c06 - - - - - -] returning from RpcWorker wait() _wait /var/lib/kolla/venv/lib64/python3.9/site-packages/neutron/service.py:139
2026-09-07 02:08:06.977 7 INFO oslo_service.service [-] Child 25 exited with status 0
2026-09-07 02:08:06.978 7 INFO oslo_service.service [-] Wait called after thread killed. Cleaning up.
2026-09-07 02:08:06.978 7 DEBUG oslo_service.service [-] Stop services. stop /var/lib/kolla/venv/lib64/python3.9/site-packages/oslo_service/service.py:699
2026-09-07 02:08:06.978 7 DEBUG oslo_service.service [-] Killing children. stop /var/lib/kolla/venv/lib64/python3.9/site-packages/oslo_service/service.py:704
2026-09-07 02:08:22.478 8 INFO neutron.common.config [-] Logging enabled!
2026-09-07 02:08:22.478 8 INFO neutron.common.config [-] /var/lib/kolla/venv/bin/neutron-server version 25.2.4.dev2
2026-09-07 02:08:22.479 8 DEBUG neutron.common.config [-] command line: /var/lib/kolla/venv/bin/neutron-server --config-file /etc/neutron/neutron.conf --config-file /etc/neutron/ContrailPlugin.ini --config-file /etc/neutron/api-paste.ini setup_logging /var/lib/kolla/venv/lib64/python3.9/site-packages/neutron/common/config.py:123
2026-09-07 02:08:22.480 8 DEBUG neutron.common.config [-] ******************************************************************************** log_opt_values /var/lib/kolla/venv/lib64/python3.9/site-packages/oslo_config/cfg.py:2806
2026-09-07 02:08:22.480 8 DEBUG neutron.common.config [-] Configuration options gathered from: log_opt_values /var/lib/kolla/venv/lib64/python3.9/site-packages/oslo_config/cfg.py:2807
2026-09-07 02:08:22.480 8 DEBUG neutron.common.config [-] command line args: ['--config-file', '/etc/neutron/neutron.conf', '--config-file', '/etc/neutron/ContrailPlugin.ini', '--config-file', '/etc/neutron/api-paste.ini'] log_opt_values /var/lib/kolla/venv/lib64/python3.9/site-packages/oslo_config/cfg.py:2808
2026-09-07 02:08:22.480 8 DEBUG neutron.common.config [-] config files: ['/etc/neutron/neutron.conf', '/etc/neutron/ContrailPlugin.ini', '/etc/neutron/api-paste.ini'] log_opt_values /var/lib/kolla/venv/lib64/python3.9/site-packages/oslo_config/cfg.py:2809
2026-09-07 02:08:22.480 8 DEBUG neutron.common.config [-] ================================================================================ log_opt_values /var/lib/kolla/venv/lib64/python3.9/site-packages/oslo_config/cfg.py:2811
2026-09-07 02:08:22.480 8 DEBUG neutron.common.config [-] allow_bulk = True log_opt_values /var/lib/kolla/venv/lib64/python3.9/site-packages/oslo_config/cfg.py:2819
2026-09-07 02:08:22.480 8 DEBUG neutron.common.config [-] api_extensions_path = /opt/plugin/site-packages/neutron_plugin_contrail/extensions:/opt/plugin/site-packages/neutron_lbaas/extensions log_opt_values /var/lib/kolla/venv/lib64/python3.9/site-packages/oslo_config/cfg.py:2819
2026-09-07 02:08:22.480 8 DEBUG neutron.common.config [-] api_paste_config = /etc/neutron/api-paste.ini log_opt_values /var/lib/kolla/venv/lib64/python3.9/site-packages/oslo_config/cfg.py:2819
2026-09-07 02:08:22.481 8 DEBUG neutron.common.config [-] api_workers = 1 log_opt_values /var/lib/kolla/venv/lib64/python3.9/site-packages/oslo_config/cfg.py:2819
2026-09-07 02:08:22.481 8 DEBUG neutron.common.config [-] auth_strategy = keystone log_opt_values /var/lib/kolla/venv/lib64/python3.9/site-packages/oslo_config/cfg.py:2819
2026-09-07 02:08:22.481 8 DEBUG neutron.common.config [-] backlog = 4096 log_opt_values /var/lib/kolla/venv/lib64/python3.9/site-packages/oslo_config/cfg.py:2819
2026-09-07 02:08:22.481 8 DEBUG neutron.common.config [-] base_mac = fa:16:3e:00:00:00 log_opt_values /var/lib/kolla/venv/lib64/python3.9/site-packages/oslo_config/cfg.py:2819
2026-09-07 02:08:22.481 8 DEBUG neutron.common.config [-] bind_host = 10.0.0.163 log_opt_values /var/lib/kolla/venv/lib64/python3.9/site-packages/oslo_config/cfg.py:2819
2026-09-07 02:08:22.481 8 DEBUG neutron.common.config [-] bind_port = 9696 log_opt_values /var/lib/kolla/venv/lib64/python3.9/site-packages/oslo_config/cfg.py:2819
2026-09-07 02:08:22.481 8 DEBUG neutron.common.config [-] client_socket_timeout = 900 log_opt_values /var/lib/kolla/venv/lib64/python3.9/site-packages/oslo_config/cfg.py:2819
2026-09-07 02:08:22.481 8 DEBUG neutron.common.config [-] config_dir = [] log_opt_values /var/lib/kolla/venv/lib64/python3.9/site-packages/oslo_config/cfg.py:2819
2026-09-07 02:08:22.481 8 DEBUG neutron.common.config [-] config_file = ['/etc/neutron/neutron.conf', '/etc/neutron/ContrailPlugin.ini', '/etc/neutron/api-paste.ini'] log_opt_values /var/lib/kolla/venv/lib64/python3.9/site-packages/oslo_config/cfg.py:2819
2026-09-07 02:08:22.481 8 DEBUG neutron.common.config [-] config_source = [] log_opt_values /var/lib/kolla/venv/lib64/python3.9/site-packages/oslo_config/cfg.py:2819
2026-09-07 02:08:22.482 8 DEBUG neutron.common.config [-] control_exchange = neutron log_opt_values /var/lib/kolla/venv/lib64/python3.9/site-packages/oslo_config/cfg.py:2819
2026-09-07 02:08:22.482 8 DEBUG neutron.common.config [-] core_plugin = neutron_plugin_contrail.plugins.opencontrail.contrail_plugin.NeutronPluginContrailCoreV2 log_opt_values /var/lib/kolla/venv/lib64/python3.9/site-packages/oslo_config/cfg.py:2819
2026-09-07 02:08:22.482 8 DEBUG neutron.common.config [-] debug = True log_opt_values /var/lib/kolla/venv/lib64/python3.9/site-packages/oslo_config/cfg.py:2819
2026-09-07 02:08:22.482 8 DEBUG neutron.common.config [-] default_availability_zones = [] log_opt_values /var/lib/kolla/venv/lib64/python3.9/site-packages/oslo_config/cfg.py:2819
2026-09-07 02:08:22.482 8 DEBUG neutron.common.config [-] default_log_levels = ['amqp=WARN', 'amqplib=WARN', 'boto=WARN', 'qpid=WARN', 'sqlalchemy=WARN', 'suds=INFO', 'oslo.messaging=INFO', 'oslo_messaging=INFO', 'iso8601=WARN', 'requests.packages.urllib3.connectionpool=WARN', 'urllib3.connectionpool=WARN', 'websocket=WARN', 'requests.packages.urllib3.util.retry=WARN', 'urllib3.util.retry=WARN', 'keystonemiddleware=WARN', 'routes.middleware=WARN', 'stevedore=WARN', 'taskflow=WARN', 'keystoneauth=WARN', 'oslo.cache=INFO', 'oslo_policy=INFO', 'dogpile.core.dogpile=INFO', 'OFPHandler=INFO', 'OfctlService=INFO', 'os_ken.base.app_manager=INFO', 'os_ken.controller.controller=INFO'] log_opt_values /var/lib/kolla/venv/lib64/python3.9/site-packages/oslo_config/cfg.py:2819
2026-09-07 02:08:22.482 8 DEBUG neutron.common.config [-] dhcp_agent_notification = True log_opt_values /var/lib/kolla/venv/lib64/python3.9/site-packages/oslo_config/cfg.py:2819
2026-09-07 02:08:22.482 8 DEBUG neutron.common.config [-] dhcp_lease_duration = 86400 log_opt_values /var/lib/kolla/venv/lib64/python3.9/site-packages/oslo_config/cfg.py:2819
2026-09-07 02:08:22.482 8 DEBUG neutron.common.config [-] dns_domain = openstacklocal log_opt_values /var/lib/kolla/venv/lib64/python3.9/site-packages/oslo_config/cfg.py:2819
2026-09-07 02:08:22.482 8 DEBUG neutron.common.config [-] enable_signals = True log_opt_values /var/lib/kolla/venv/lib64/python3.9/site-packages/oslo_config/cfg.py:2819
2026-09-07 02:08:22.483 8 DEBUG neutron.common.config [-] enable_traditional_dhcp = True log_opt_values /var/lib/kolla/venv/lib64/python3.9/site-packages/oslo_config/cfg.py:2819
2026-09-07 02:08:22.483 8 DEBUG neutron.common.config [-] external_dns_driver = None log_opt_values /var/lib/kolla/venv/lib64/python3.9/site-packages/oslo_config/cfg.py:2819
2026-09-07 02:08:22.483 8 DEBUG neutron.common.config [-] filter_validation = True log_opt_values /var/lib/kolla/venv/lib64/python3.9/site-packages/oslo_config/cfg.py:2819
2026-09-07 02:08:22.483 8 DEBUG neutron.common.config [-] global_physnet_mtu = 1500 log_opt_values /var/lib/kolla/venv/lib64/python3.9/site-packages/oslo_config/cfg.py:2819
2026-09-07 02:08:22.483 8 DEBUG neutron.common.config [-] host = cn-jenkins-deploy-platform-ansible-os-6257-1 log_opt_values /var/lib/kolla/venv/lib64/python3.9/site-packages/oslo_config/cfg.py:2819
2026-09-07 02:08:22.483 8 DEBUG neutron.common.config [-] http_retries = 3 log_opt_values /var/lib/kolla/venv/lib64/python3.9/site-packages/oslo_config/cfg.py:2819
2026-09-07 02:08:22.483 8 DEBUG neutron.common.config [-] instance_format = [instance: %(uuid)s] log_opt_values /var/lib/kolla/venv/lib64/python3.9/site-packages/oslo_config/cfg.py:2819
