2026-08-03 02:19:34.263 30 DEBUG neutron.db.agents_db [None req-a267f9e1-36ed-4141-8e12-241d1842c8bb - - - - - -] Agent healthcheck: found 2 active agents agent_health_check /var/lib/kolla/venv/lib64/python3.9/site-packages/neutron/db/agents_db.py:317
2026-08-03 02:19:36.843 27 DEBUG neutron_lib.callbacks.manager [None req-10efcad9-6c2a-4723-b9d0-5f65e82a71b7 - - - - - -] Publish callbacks ['neutron.services.segments.db._update_segment_host_mapping_for_agent-8731674427257', 'neutron.plugins.ml2.plugin.Ml2Plugin._retry_binding_revived_agents-4020052'] for agent (102bd325-071b-4a0b-b2de-268e190d5b20), after_update _notify_loop /var/lib/kolla/venv/lib64/python3.9/site-packages/neutron_lib/callbacks/manager.py:184
2026-08-03 02:19:41.946 23 DEBUG neutron.api.wsgi [-] (23) accepted ('10.0.0.33', 55640) server /var/lib/kolla/venv/lib64/python3.9/site-packages/eventlet/wsgi.py:1037
2026-08-03 02:19:41.948 23 INFO neutron.api.wsgi [-] 10.0.0.33 "GET / HTTP/1.1" status: 200 len: 227 time: 0.0015304
2026-08-03 02:19:45.990 29 DEBUG neutron_lib.callbacks.manager [None req-fb65cd0b-8652-4500-8efe-186d4ab27e83 - - - - - -] Publish callbacks ['neutron.services.segments.db._update_segment_host_mapping_for_agent-8731674427257', 'neutron.plugins.ml2.plugin.Ml2Plugin._retry_binding_revived_agents-4020052'] for agent (c1ec0894-e49e-4f1d-83db-ea960197b9f9), after_update _notify_loop /var/lib/kolla/venv/lib64/python3.9/site-packages/neutron_lib/callbacks/manager.py:184
2026-08-03 02:20:06.835 24 DEBUG neutron_lib.callbacks.manager [None req-10efcad9-6c2a-4723-b9d0-5f65e82a71b7 - - - - - -] Publish callbacks ['neutron.services.segments.db._update_segment_host_mapping_for_agent-8731674427257', 'neutron.plugins.ml2.plugin.Ml2Plugin._retry_binding_revived_agents-4020052'] for agent (102bd325-071b-4a0b-b2de-268e190d5b20), after_update _notify_loop /var/lib/kolla/venv/lib64/python3.9/site-packages/neutron_lib/callbacks/manager.py:184
2026-08-03 02:20:11.259 30 DEBUG neutron.db.agents_db [None req-a267f9e1-36ed-4141-8e12-241d1842c8bb - - - - - -] Agent healthcheck: found 2 active agents agent_health_check /var/lib/kolla/venv/lib64/python3.9/site-packages/neutron/db/agents_db.py:317
2026-08-03 02:20:11.995 23 DEBUG neutron.api.wsgi [-] (23) accepted ('10.0.0.33', 34548) server /var/lib/kolla/venv/lib64/python3.9/site-packages/eventlet/wsgi.py:1037
2026-08-03 02:20:11.998 23 INFO neutron.api.wsgi [-] 10.0.0.33 "GET / HTTP/1.1" status: 200 len: 227 time: 0.0015333
2026-08-03 02:20:15.986 25 DEBUG neutron_lib.callbacks.manager [None req-b9b251ea-b9f0-483e-8faa-2508767d90fc - - - - - -] Publish callbacks ['neutron.services.segments.db._update_segment_host_mapping_for_agent-8731674427257', 'neutron.plugins.ml2.plugin.Ml2Plugin._retry_binding_revived_agents-4020052'] for agent (c1ec0894-e49e-4f1d-83db-ea960197b9f9), after_update _notify_loop /var/lib/kolla/venv/lib64/python3.9/site-packages/neutron_lib/callbacks/manager.py:184
2026-08-03 02:20:36.831 26 DEBUG neutron_lib.callbacks.manager [None req-10efcad9-6c2a-4723-b9d0-5f65e82a71b7 - - - - - -] Publish callbacks ['neutron.services.segments.db._update_segment_host_mapping_for_agent-8731674427257', 'neutron.plugins.ml2.plugin.Ml2Plugin._retry_binding_revived_agents-4020052'] for agent (102bd325-071b-4a0b-b2de-268e190d5b20), after_update _notify_loop /var/lib/kolla/venv/lib64/python3.9/site-packages/neutron_lib/callbacks/manager.py:184
2026-08-03 02:20:42.043 23 DEBUG neutron.api.wsgi [-] (23) accepted ('10.0.0.33', 37736) server /var/lib/kolla/venv/lib64/python3.9/site-packages/eventlet/wsgi.py:1037
2026-08-03 02:20:42.045 23 INFO neutron.api.wsgi [-] 10.0.0.33 "GET / HTTP/1.1" status: 200 len: 227 time: 0.0014474
2026-08-03 02:20:45.982 28 DEBUG neutron_lib.callbacks.manager [None req-bfba8142-a5a0-4939-96ec-36f8a41d529f - - - - - -] Publish callbacks ['neutron.services.segments.db._update_segment_host_mapping_for_agent-8731674427257', 'neutron.plugins.ml2.plugin.Ml2Plugin._retry_binding_revived_agents-4020052'] for agent (c1ec0894-e49e-4f1d-83db-ea960197b9f9), after_update _notify_loop /var/lib/kolla/venv/lib64/python3.9/site-packages/neutron_lib/callbacks/manager.py:184
2026-08-03 02:20:48.258 30 DEBUG neutron.db.agents_db [None req-a267f9e1-36ed-4141-8e12-241d1842c8bb - - - - - -] Agent healthcheck: found 2 active agents agent_health_check /var/lib/kolla/venv/lib64/python3.9/site-packages/neutron/db/agents_db.py:317
2026-08-03 02:21:06.829 27 DEBUG neutron_lib.callbacks.manager [None req-10efcad9-6c2a-4723-b9d0-5f65e82a71b7 - - - - - -] Publish callbacks ['neutron.services.segments.db._update_segment_host_mapping_for_agent-8731674427257', 'neutron.plugins.ml2.plugin.Ml2Plugin._retry_binding_revived_agents-4020052'] for agent (102bd325-071b-4a0b-b2de-268e190d5b20), after_update _notify_loop /var/lib/kolla/venv/lib64/python3.9/site-packages/neutron_lib/callbacks/manager.py:184
2026-08-03 02:21:12.098 23 DEBUG neutron.api.wsgi [-] (23) accepted ('10.0.0.33', 42442) server /var/lib/kolla/venv/lib64/python3.9/site-packages/eventlet/wsgi.py:1037
2026-08-03 02:21:12.101 23 INFO neutron.api.wsgi [-] 10.0.0.33 "GET / HTTP/1.1" status: 200 len: 227 time: 0.0015845
2026-08-03 02:21:15.983 29 DEBUG neutron_lib.callbacks.manager [None req-1c0749fa-94b4-4c4c-8d29-78de0ffb30d4 - - - - - -] Publish callbacks ['neutron.services.segments.db._update_segment_host_mapping_for_agent-8731674427257', 'neutron.plugins.ml2.plugin.Ml2Plugin._retry_binding_revived_agents-4020052'] for agent (c1ec0894-e49e-4f1d-83db-ea960197b9f9), after_update _notify_loop /var/lib/kolla/venv/lib64/python3.9/site-packages/neutron_lib/callbacks/manager.py:184
2026-08-03 02:21:25.257 30 DEBUG neutron.db.agents_db [None req-a267f9e1-36ed-4141-8e12-241d1842c8bb - - - - - -] Agent healthcheck: found 2 active agents agent_health_check /var/lib/kolla/venv/lib64/python3.9/site-packages/neutron/db/agents_db.py:317
2026-08-03 02:21:36.824 24 DEBUG neutron_lib.callbacks.manager [None req-10efcad9-6c2a-4723-b9d0-5f65e82a71b7 - - - - - -] Publish callbacks ['neutron.services.segments.db._update_segment_host_mapping_for_agent-8731674427257', 'neutron.plugins.ml2.plugin.Ml2Plugin._retry_binding_revived_agents-4020052'] for agent (102bd325-071b-4a0b-b2de-268e190d5b20), after_update _notify_loop /var/lib/kolla/venv/lib64/python3.9/site-packages/neutron_lib/callbacks/manager.py:184
2026-08-03 02:21:42.147 23 DEBUG neutron.api.wsgi [-] (23) accepted ('10.0.0.33', 39510) server /var/lib/kolla/venv/lib64/python3.9/site-packages/eventlet/wsgi.py:1037
2026-08-03 02:21:42.149 23 INFO neutron.api.wsgi [-] 10.0.0.33 "GET / HTTP/1.1" status: 200 len: 227 time: 0.0013952
2026-08-03 02:21:45.980 25 DEBUG neutron_lib.callbacks.manager [None req-92be62c6-4b6c-4026-b653-9f77f0d485f9 - - - - - -] Publish callbacks ['neutron.services.segments.db._update_segment_host_mapping_for_agent-8731674427257', 'neutron.plugins.ml2.plugin.Ml2Plugin._retry_binding_revived_agents-4020052'] for agent (c1ec0894-e49e-4f1d-83db-ea960197b9f9), after_update _notify_loop /var/lib/kolla/venv/lib64/python3.9/site-packages/neutron_lib/callbacks/manager.py:184
2026-08-03 02:22:02.255 30 DEBUG neutron.db.agents_db [None req-a267f9e1-36ed-4141-8e12-241d1842c8bb - - - - - -] Agent healthcheck: found 2 active agents agent_health_check /var/lib/kolla/venv/lib64/python3.9/site-packages/neutron/db/agents_db.py:317
2026-08-03 02:22:06.822 26 DEBUG neutron_lib.callbacks.manager [None req-10efcad9-6c2a-4723-b9d0-5f65e82a71b7 - - - - - -] Publish callbacks ['neutron.services.segments.db._update_segment_host_mapping_for_agent-8731674427257', 'neutron.plugins.ml2.plugin.Ml2Plugin._retry_binding_revived_agents-4020052'] for agent (102bd325-071b-4a0b-b2de-268e190d5b20), after_update _notify_loop /var/lib/kolla/venv/lib64/python3.9/site-packages/neutron_lib/callbacks/manager.py:184
2026-08-03 02:22:12.198 23 DEBUG neutron.api.wsgi [-] (23) accepted ('10.0.0.33', 59098) server /var/lib/kolla/venv/lib64/python3.9/site-packages/eventlet/wsgi.py:1037
2026-08-03 02:22:12.200 23 INFO neutron.api.wsgi [-] 10.0.0.33 "GET / HTTP/1.1" status: 200 len: 227 time: 0.0016418
2026-08-03 02:22:15.980 28 DEBUG neutron_lib.callbacks.manager [None req-e009519f-8a7d-40c6-8812-8c8e85cfcdaf - - - - - -] Publish callbacks ['neutron.services.segments.db._update_segment_host_mapping_for_agent-8731674427257', 'neutron.plugins.ml2.plugin.Ml2Plugin._retry_binding_revived_agents-4020052'] for agent (c1ec0894-e49e-4f1d-83db-ea960197b9f9), after_update _notify_loop /var/lib/kolla/venv/lib64/python3.9/site-packages/neutron_lib/callbacks/manager.py:184
2026-08-03 02:22:36.905 27 DEBUG neutron_lib.callbacks.manager [None req-10efcad9-6c2a-4723-b9d0-5f65e82a71b7 - - - - - -] Publish callbacks ['neutron.services.segments.db._update_segment_host_mapping_for_agent-8731674427257', 'neutron.plugins.ml2.plugin.Ml2Plugin._retry_binding_revived_agents-4020052'] for agent (102bd325-071b-4a0b-b2de-268e190d5b20), after_update _notify_loop /var/lib/kolla/venv/lib64/python3.9/site-packages/neutron_lib/callbacks/manager.py:184
2026-08-03 02:22:39.254 30 DEBUG neutron.db.agents_db [None req-a267f9e1-36ed-4141-8e12-241d1842c8bb - - - - - -] Agent healthcheck: found 2 active agents agent_health_check /var/lib/kolla/venv/lib64/python3.9/site-packages/neutron/db/agents_db.py:317
2026-08-03 02:22:42.248 23 DEBUG neutron.api.wsgi [-] (23) accepted ('10.0.0.33', 33202) server /var/lib/kolla/venv/lib64/python3.9/site-packages/eventlet/wsgi.py:1037
2026-08-03 02:22:42.251 23 INFO neutron.api.wsgi [-] 10.0.0.33 "GET / HTTP/1.1" status: 200 len: 227 time: 0.0013590
2026-08-03 02:22:45.983 29 DEBUG neutron_lib.callbacks.manager [None req-ee21839a-f695-4045-9f97-4dadfecb5167 - - - - - -] Publish callbacks ['neutron.services.segments.db._update_segment_host_mapping_for_agent-8731674427257', 'neutron.plugins.ml2.plugin.Ml2Plugin._retry_binding_revived_agents-4020052'] for agent (c1ec0894-e49e-4f1d-83db-ea960197b9f9), after_update _notify_loop /var/lib/kolla/venv/lib64/python3.9/site-packages/neutron_lib/callbacks/manager.py:184
2026-08-03 02:23:07.050 24 DEBUG neutron_lib.callbacks.manager [None req-10efcad9-6c2a-4723-b9d0-5f65e82a71b7 - - - - - -] Publish callbacks ['neutron.services.segments.db._update_segment_host_mapping_for_agent-8731674427257', 'neutron.plugins.ml2.plugin.Ml2Plugin._retry_binding_revived_agents-4020052'] for agent (102bd325-071b-4a0b-b2de-268e190d5b20), after_update _notify_loop /var/lib/kolla/venv/lib64/python3.9/site-packages/neutron_lib/callbacks/manager.py:184
2026-08-03 02:23:12.300 23 DEBUG neutron.api.wsgi [-] (23) accepted ('10.0.0.33', 43662) server /var/lib/kolla/venv/lib64/python3.9/site-packages/eventlet/wsgi.py:1037
2026-08-03 02:23:12.303 23 INFO neutron.api.wsgi [-] 10.0.0.33 "GET / HTTP/1.1" status: 200 len: 227 time: 0.0016499
2026-08-03 02:23:15.980 25 DEBUG neutron_lib.callbacks.manager [None req-023f1df4-9f80-4411-a7bd-824fd18a862d - - - - - -] Publish callbacks ['neutron.services.segments.db._update_segment_host_mapping_for_agent-8731674427257', 'neutron.plugins.ml2.plugin.Ml2Plugin._retry_binding_revived_agents-4020052'] for agent (c1ec0894-e49e-4f1d-83db-ea960197b9f9), after_update _notify_loop /var/lib/kolla/venv/lib64/python3.9/site-packages/neutron_lib/callbacks/manager.py:184
2026-08-03 02:23:16.252 30 DEBUG neutron.db.agents_db [None req-a267f9e1-36ed-4141-8e12-241d1842c8bb - - - - - -] Agent healthcheck: found 2 active agents agent_health_check /var/lib/kolla/venv/lib64/python3.9/site-packages/neutron/db/agents_db.py:317
2026-08-03 02:23:36.849 26 DEBUG neutron_lib.callbacks.manager [None req-10efcad9-6c2a-4723-b9d0-5f65e82a71b7 - - - - - -] Publish callbacks ['neutron.services.segments.db._update_segment_host_mapping_for_agent-8731674427257', 'neutron.plugins.ml2.plugin.Ml2Plugin._retry_binding_revived_agents-4020052'] for agent (102bd325-071b-4a0b-b2de-268e190d5b20), after_update _notify_loop /var/lib/kolla/venv/lib64/python3.9/site-packages/neutron_lib/callbacks/manager.py:184
2026-08-03 02:23:42.354 23 DEBUG neutron.api.wsgi [-] (23) accepted ('10.0.0.33', 52726) server /var/lib/kolla/venv/lib64/python3.9/site-packages/eventlet/wsgi.py:1037
2026-08-03 02:23:42.356 23 INFO neutron.api.wsgi [-] 10.0.0.33 "GET / HTTP/1.1" status: 200 len: 227 time: 0.0011871
2026-08-03 02:23:45.981 28 DEBUG neutron_lib.callbacks.manager [None req-e2e9a4d6-f400-4352-91a4-08fd2730d949 - - - - - -] Publish callbacks ['neutron.services.segments.db._update_segment_host_mapping_for_agent-8731674427257', 'neutron.plugins.ml2.plugin.Ml2Plugin._retry_binding_revived_agents-4020052'] for agent (c1ec0894-e49e-4f1d-83db-ea960197b9f9), after_update _notify_loop /var/lib/kolla/venv/lib64/python3.9/site-packages/neutron_lib/callbacks/manager.py:184
2026-08-03 02:23:53.250 30 DEBUG neutron.db.agents_db [None req-a267f9e1-36ed-4141-8e12-241d1842c8bb - - - - - -] Agent healthcheck: found 2 active agents agent_health_check /var/lib/kolla/venv/lib64/python3.9/site-packages/neutron/db/agents_db.py:317
2026-08-03 02:24:06.829 27 DEBUG neutron_lib.callbacks.manager [None req-10efcad9-6c2a-4723-b9d0-5f65e82a71b7 - - - - - -] Publish callbacks ['neutron.services.segments.db._update_segment_host_mapping_for_agent-8731674427257', 'neutron.plugins.ml2.plugin.Ml2Plugin._retry_binding_revived_agents-4020052'] for agent (102bd325-071b-4a0b-b2de-268e190d5b20), after_update _notify_loop /var/lib/kolla/venv/lib64/python3.9/site-packages/neutron_lib/callbacks/manager.py:184
2026-08-03 02:24:12.405 23 DEBUG neutron.api.wsgi [-] (23) accepted ('10.0.0.33', 48950) server /var/lib/kolla/venv/lib64/python3.9/site-packages/eventlet/wsgi.py:1037
2026-08-03 02:24:12.407 23 INFO neutron.api.wsgi [-] 10.0.0.33 "GET / HTTP/1.1" status: 200 len: 227 time: 0.0014637
2026-08-03 02:24:15.980 29 DEBUG neutron_lib.callbacks.manager [None req-e89f229c-2da1-4fca-882c-7e120c7c3a0b - - - - - -] Publish callbacks ['neutron.services.segments.db._update_segment_host_mapping_for_agent-8731674427257', 'neutron.plugins.ml2.plugin.Ml2Plugin._retry_binding_revived_agents-4020052'] for agent (c1ec0894-e49e-4f1d-83db-ea960197b9f9), after_update _notify_loop /var/lib/kolla/venv/lib64/python3.9/site-packages/neutron_lib/callbacks/manager.py:184
2026-08-03 02:24:30.249 30 DEBUG neutron.db.agents_db [None req-a267f9e1-36ed-4141-8e12-241d1842c8bb - - - - - -] Agent healthcheck: found 2 active agents agent_health_check /var/lib/kolla/venv/lib64/python3.9/site-packages/neutron/db/agents_db.py:317
2026-08-03 02:24:36.829 24 DEBUG neutron_lib.callbacks.manager [None req-10efcad9-6c2a-4723-b9d0-5f65e82a71b7 - - - - - -] Publish callbacks ['neutron.services.segments.db._update_segment_host_mapping_for_agent-8731674427257', 'neutron.plugins.ml2.plugin.Ml2Plugin._retry_binding_revived_agents-4020052'] for agent (102bd325-071b-4a0b-b2de-268e190d5b20), after_update _notify_loop /var/lib/kolla/venv/lib64/python3.9/site-packages/neutron_lib/callbacks/manager.py:184
2026-08-03 02:24:42.458 23 DEBUG neutron.api.wsgi [-] (23) accepted ('10.0.0.33', 55496) server /var/lib/kolla/venv/lib64/python3.9/site-packages/eventlet/wsgi.py:1037
2026-08-03 02:24:42.461 23 INFO neutron.api.wsgi [-] 10.0.0.33 "GET / HTTP/1.1" status: 200 len: 227 time: 0.0014360
2026-08-03 02:24:45.979 25 DEBUG neutron_lib.callbacks.manager [None req-fd064084-2b18-4c04-9de8-1eebe9ec192a - - - - - -] Publish callbacks ['neutron.services.segments.db._update_segment_host_mapping_for_agent-8731674427257', 'neutron.plugins.ml2.plugin.Ml2Plugin._retry_binding_revived_agents-4020052'] for agent (c1ec0894-e49e-4f1d-83db-ea960197b9f9), after_update _notify_loop /var/lib/kolla/venv/lib64/python3.9/site-packages/neutron_lib/callbacks/manager.py:184
2026-08-03 02:25:06.837 26 DEBUG neutron_lib.callbacks.manager [None req-10efcad9-6c2a-4723-b9d0-5f65e82a71b7 - - - - - -] Publish callbacks ['neutron.services.segments.db._update_segment_host_mapping_for_agent-8731674427257', 'neutron.plugins.ml2.plugin.Ml2Plugin._retry_binding_revived_agents-4020052'] for agent (102bd325-071b-4a0b-b2de-268e190d5b20), after_update _notify_loop /var/lib/kolla/venv/lib64/python3.9/site-packages/neutron_lib/callbacks/manager.py:184
2026-08-03 02:25:07.247 30 DEBUG neutron.db.agents_db [None req-a267f9e1-36ed-4141-8e12-241d1842c8bb - - - - - -] Agent healthcheck: found 2 active agents agent_health_check /var/lib/kolla/venv/lib64/python3.9/site-packages/neutron/db/agents_db.py:317
2026-08-03 02:25:12.511 23 DEBUG neutron.api.wsgi [-] (23) accepted ('10.0.0.33', 48522) server /var/lib/kolla/venv/lib64/python3.9/site-packages/eventlet/wsgi.py:1037
2026-08-03 02:25:12.514 23 INFO neutron.api.wsgi [-] 10.0.0.33 "GET / HTTP/1.1" status: 200 len: 227 time: 0.0018990
2026-08-03 02:25:15.983 28 DEBUG neutron_lib.callbacks.manager [None req-6dea0ec7-506e-46a5-9ec9-9cafcd55b474 - - - - - -] Publish callbacks ['neutron.services.segments.db._update_segment_host_mapping_for_agent-8731674427257', 'neutron.plugins.ml2.plugin.Ml2Plugin._retry_binding_revived_agents-4020052'] for agent (c1ec0894-e49e-4f1d-83db-ea960197b9f9), after_update _notify_loop /var/lib/kolla/venv/lib64/python3.9/site-packages/neutron_lib/callbacks/manager.py:184
2026-08-03 02:25:36.834 27 DEBUG neutron_lib.callbacks.manager [None req-10efcad9-6c2a-4723-b9d0-5f65e82a71b7 - - - - - -] Publish callbacks ['neutron.services.segments.db._update_segment_host_mapping_for_agent-8731674427257', 'neutron.plugins.ml2.plugin.Ml2Plugin._retry_binding_revived_agents-4020052'] for agent (102bd325-071b-4a0b-b2de-268e190d5b20), after_update _notify_loop /var/lib/kolla/venv/lib64/python3.9/site-packages/neutron_lib/callbacks/manager.py:184
2026-08-03 02:25:42.564 23 DEBUG neutron.api.wsgi [-] (23) accepted ('10.0.0.33', 56376) server /var/lib/kolla/venv/lib64/python3.9/site-packages/eventlet/wsgi.py:1037
2026-08-03 02:25:42.566 23 INFO neutron.api.wsgi [-] 10.0.0.33 "GET / HTTP/1.1" status: 200 len: 227 time: 0.0015497
2026-08-03 02:25:44.253 30 DEBUG neutron.db.agents_db [None req-a267f9e1-36ed-4141-8e12-241d1842c8bb - - - - - -] Agent healthcheck: found 2 active agents agent_health_check /var/lib/kolla/venv/lib64/python3.9/site-packages/neutron/db/agents_db.py:317
2026-08-03 02:25:45.986 29 DEBUG neutron_lib.callbacks.manager [None req-60e62fb0-d7fb-437c-b980-d688fba0069f - - - - - -] Publish callbacks ['neutron.services.segments.db._update_segment_host_mapping_for_agent-8731674427257', 'neutron.plugins.ml2.plugin.Ml2Plugin._retry_binding_revived_agents-4020052'] for agent (c1ec0894-e49e-4f1d-83db-ea960197b9f9), after_update _notify_loop /var/lib/kolla/venv/lib64/python3.9/site-packages/neutron_lib/callbacks/manager.py:184
2026-08-03 02:26:06.827 24 DEBUG neutron_lib.callbacks.manager [None req-10efcad9-6c2a-4723-b9d0-5f65e82a71b7 - - - - - -] Publish callbacks ['neutron.services.segments.db._update_segment_host_mapping_for_agent-8731674427257', 'neutron.plugins.ml2.plugin.Ml2Plugin._retry_binding_revived_agents-4020052'] for agent (102bd325-071b-4a0b-b2de-268e190d5b20), after_update _notify_loop /var/lib/kolla/venv/lib64/python3.9/site-packages/neutron_lib/callbacks/manager.py:184
2026-08-03 02:26:13.250 23 DEBUG neutron.api.wsgi [-] (23) accepted ('10.0.0.33', 36730) server /var/lib/kolla/venv/lib64/python3.9/site-packages/eventlet/wsgi.py:1037
2026-08-03 02:26:13.254 23 INFO neutron.api.wsgi [-] 10.0.0.33 "GET / HTTP/1.1" status: 200 len: 227 time: 0.0018322
2026-08-03 02:26:15.977 25 DEBUG neutron_lib.callbacks.manager [None req-7038c568-2b18-4f3a-9c2a-35b5487ac6c6 - - - - - -] Publish callbacks ['neutron.services.segments.db._update_segment_host_mapping_for_agent-8731674427257', 'neutron.plugins.ml2.plugin.Ml2Plugin._retry_binding_revived_agents-4020052'] for agent (c1ec0894-e49e-4f1d-83db-ea960197b9f9), after_update _notify_loop /var/lib/kolla/venv/lib64/python3.9/site-packages/neutron_lib/callbacks/manager.py:184
2026-08-03 02:26:21.253 30 DEBUG neutron.db.agents_db [None req-a267f9e1-36ed-4141-8e12-241d1842c8bb - - - - - -] Agent healthcheck: found 2 active agents agent_health_check /var/lib/kolla/venv/lib64/python3.9/site-packages/neutron/db/agents_db.py:317
2026-08-03 02:26:24.839 7 INFO oslo_service.service [-] Caught SIGTERM, stopping children
2026-08-03 02:26:24.840 7 DEBUG oslo_concurrency.lockutils [-] Acquiring lock "singleton_lock" lock /var/lib/kolla/venv/lib64/python3.9/site-packages/oslo_concurrency/lockutils.py:310
2026-08-03 02:26:24.840 7 DEBUG oslo_concurrency.lockutils [-] Acquired lock "singleton_lock" lock /var/lib/kolla/venv/lib64/python3.9/site-packages/oslo_concurrency/lockutils.py:313
2026-08-03 02:26:24.840 7 DEBUG oslo_concurrency.lockutils [-] Releasing lock "singleton_lock" lock /var/lib/kolla/venv/lib64/python3.9/site-packages/oslo_concurrency/lockutils.py:331
2026-08-03 02:26:24.840 7 DEBUG oslo_service.service [-] Stop services. stop /var/lib/kolla/venv/lib64/python3.9/site-packages/oslo_service/service.py:699
2026-08-03 02:26:24.840 7 DEBUG neutron.service [-] calling RpcWorker stop() stop /var/lib/kolla/venv/lib64/python3.9/site-packages/neutron/service.py:142
2026-08-03 02:26:24.840 7 DEBUG neutron.service [-] calling RpcWorker stop() stop /var/lib/kolla/venv/lib64/python3.9/site-packages/neutron/service.py:142
2026-08-03 02:26:24.841 7 DEBUG oslo_service.service [-] Killing children. stop /var/lib/kolla/venv/lib64/python3.9/site-packages/oslo_service/service.py:704
2026-08-03 02:26:24.841 7 INFO oslo_service.service [-] Waiting on 8 children to exit
2026-08-03 02:26:24.841 28 DEBUG neutron.service [-] calling RpcWorker stop() stop /var/lib/kolla/venv/lib64/python3.9/site-packages/neutron/service.py:142
2026-08-03 02:26:24.841 27 DEBUG neutron.service [-] calling RpcWorker stop() stop /var/lib/kolla/venv/lib64/python3.9/site-packages/neutron/service.py:142
2026-08-03 02:26:24.841 23 INFO neutron.api.wsgi [-] (23) wsgi exited, is_accepting=True
2026-08-03 02:26:24.841 24 DEBUG neutron.service [-] calling RpcWorker stop() stop /var/lib/kolla/venv/lib64/python3.9/site-packages/neutron/service.py:142
2026-08-03 02:26:24.841 29 DEBUG neutron.service [-] calling RpcWorker stop() stop /var/lib/kolla/venv/lib64/python3.9/site-packages/neutron/service.py:142
2026-08-03 02:26:24.841 25 DEBUG neutron.service [-] calling RpcWorker stop() stop /var/lib/kolla/venv/lib64/python3.9/site-packages/neutron/service.py:142
2026-08-03 02:26:24.841 26 DEBUG neutron.service [-] calling RpcWorker stop() stop /var/lib/kolla/venv/lib64/python3.9/site-packages/neutron/service.py:142
2026-08-03 02:26:24.842 26 DEBUG neutron.service [-] calling stop on stop /var/lib/kolla/venv/lib64/python3.9/site-packages/neutron/service.py:145
2026-08-03 02:26:24.842 23 DEBUG oslo_concurrency.lockutils [None req-bddf9866-2d4e-4718-b3f5-9f40c94f57c6 - - - - - -] Acquiring lock "singleton_lock" lock /var/lib/kolla/venv/lib64/python3.9/site-packages/oslo_concurrency/lockutils.py:310
2026-08-03 02:26:24.842 27 DEBUG neutron.service [-] calling stop on stop /var/lib/kolla/venv/lib64/python3.9/site-packages/neutron/service.py:145
2026-08-03 02:26:24.842 29 DEBUG neutron.service [-] calling stop on stop /var/lib/kolla/venv/lib64/python3.9/site-packages/neutron/service.py:145
2026-08-03 02:26:24.842 23 DEBUG oslo_concurrency.lockutils [None req-bddf9866-2d4e-4718-b3f5-9f40c94f57c6 - - - - - -] Acquired lock "singleton_lock" lock /var/lib/kolla/venv/lib64/python3.9/site-packages/oslo_concurrency/lockutils.py:313
2026-08-03 02:26:24.842 24 DEBUG neutron.service [-] calling stop on stop /var/lib/kolla/venv/lib64/python3.9/site-packages/neutron/service.py:145
2026-08-03 02:26:24.843 23 DEBUG oslo_concurrency.lockutils [None req-bddf9866-2d4e-4718-b3f5-9f40c94f57c6 - - - - - -] Releasing lock "singleton_lock" lock /var/lib/kolla/venv/lib64/python3.9/site-packages/oslo_concurrency/lockutils.py:331
2026-08-03 02:26:24.842 25 DEBUG neutron.service [-] calling stop on stop /var/lib/kolla/venv/lib64/python3.9/site-packages/neutron/service.py:145
2026-08-03 02:26:24.843 30 DEBUG neutron.service [-] calling RpcWorker stop() stop /var/lib/kolla/venv/lib64/python3.9/site-packages/neutron/service.py:142
2026-08-03 02:26:24.843 30 DEBUG neutron.service [-] calling stop on stop /var/lib/kolla/venv/lib64/python3.9/site-packages/neutron/service.py:145
2026-08-03 02:26:24.843 28 DEBUG neutron.service [-] calling stop on stop /var/lib/kolla/venv/lib64/python3.9/site-packages/neutron/service.py:145
2026-08-03 02:26:24.846 7 INFO oslo_service.service [-] Child 23 exited with status 0
2026-08-03 02:26:25.258 24 DEBUG neutron.service [-] calling stop on stop /var/lib/kolla/venv/lib64/python3.9/site-packages/neutron/service.py:145
2026-08-03 02:26:25.262 25 DEBUG neutron.service [-] calling stop on stop /var/lib/kolla/venv/lib64/python3.9/site-packages/neutron/service.py:145
2026-08-03 02:26:25.272 27 DEBUG oslo_concurrency.lockutils [None req-bddf9866-2d4e-4718-b3f5-9f40c94f57c6 - - - - - -] Acquiring lock "singleton_lock" lock /var/lib/kolla/venv/lib64/python3.9/site-packages/oslo_concurrency/lockutils.py:310
2026-08-03 02:26:25.272 27 DEBUG oslo_concurrency.lockutils [None req-bddf9866-2d4e-4718-b3f5-9f40c94f57c6 - - - - - -] Acquired lock "singleton_lock" lock /var/lib/kolla/venv/lib64/python3.9/site-packages/oslo_concurrency/lockutils.py:313
2026-08-03 02:26:25.273 27 DEBUG oslo_concurrency.lockutils [None req-bddf9866-2d4e-4718-b3f5-9f40c94f57c6 - - - - - -] Releasing lock "singleton_lock" lock /var/lib/kolla/venv/lib64/python3.9/site-packages/oslo_concurrency/lockutils.py:331
2026-08-03 02:26:25.273 27 DEBUG neutron.service [None req-bddf9866-2d4e-4718-b3f5-9f40c94f57c6 - - - - - -] calling RpcWorker wait() _wait /var/lib/kolla/venv/lib64/python3.9/site-packages/neutron/service.py:132
2026-08-03 02:26:25.273 27 DEBUG neutron.service [None req-bddf9866-2d4e-4718-b3f5-9f40c94f57c6 - - - - - -] calling wait on _wait /var/lib/kolla/venv/lib64/python3.9/site-packages/neutron/service.py:135
2026-08-03 02:26:25.275 26 DEBUG neutron.service [-] calling stop on stop /var/lib/kolla/venv/lib64/python3.9/site-packages/neutron/service.py:145
2026-08-03 02:26:25.283 27 WARNING amqp [None req-bddf9866-2d4e-4718-b3f5-9f40c94f57c6 - - - - - -] Received method (60, 30) during closing channel 1. This method will be ignored
2026-08-03 02:26:25.284 27 DEBUG neutron.service [None req-bddf9866-2d4e-4718-b3f5-9f40c94f57c6 - - - - - -] returning from RpcWorker wait() _wait /var/lib/kolla/venv/lib64/python3.9/site-packages/neutron/service.py:139
2026-08-03 02:26:25.285 28 DEBUG oslo_concurrency.lockutils [None req-bddf9866-2d4e-4718-b3f5-9f40c94f57c6 - - - - - -] Acquiring lock "singleton_lock" lock /var/lib/kolla/venv/lib64/python3.9/site-packages/oslo_concurrency/lockutils.py:310
2026-08-03 02:26:25.285 28 DEBUG oslo_concurrency.lockutils [None req-bddf9866-2d4e-4718-b3f5-9f40c94f57c6 - - - - - -] Acquired lock "singleton_lock" lock /var/lib/kolla/venv/lib64/python3.9/site-packages/oslo_concurrency/lockutils.py:313
2026-08-03 02:26:25.285 28 DEBUG oslo_concurrency.lockutils [None req-bddf9866-2d4e-4718-b3f5-9f40c94f57c6 - - - - - -] Releasing lock "singleton_lock" lock /var/lib/kolla/venv/lib64/python3.9/site-packages/oslo_concurrency/lockutils.py:331
2026-08-03 02:26:25.286 28 DEBUG neutron.service [None req-bddf9866-2d4e-4718-b3f5-9f40c94f57c6 - - - - - -] calling RpcWorker wait() _wait /var/lib/kolla/venv/lib64/python3.9/site-packages/neutron/service.py:132
2026-08-03 02:26:25.286 28 DEBUG neutron.service [None req-bddf9866-2d4e-4718-b3f5-9f40c94f57c6 - - - - - -] calling wait on _wait /var/lib/kolla/venv/lib64/python3.9/site-packages/neutron/service.py:135
2026-08-03 02:26:25.289 30 DEBUG oslo_concurrency.lockutils [None req-bddf9866-2d4e-4718-b3f5-9f40c94f57c6 - - - - - -] Acquiring lock "singleton_lock" lock /var/lib/kolla/venv/lib64/python3.9/site-packages/oslo_concurrency/lockutils.py:310
2026-08-03 02:26:25.289 7 INFO oslo_service.service [-] Child 27 exited with status 0
2026-08-03 02:26:25.290 30 DEBUG oslo_concurrency.lockutils [None req-bddf9866-2d4e-4718-b3f5-9f40c94f57c6 - - - - - -] Acquired lock "singleton_lock" lock /var/lib/kolla/venv/lib64/python3.9/site-packages/oslo_concurrency/lockutils.py:313
2026-08-03 02:26:25.290 30 DEBUG oslo_concurrency.lockutils [None req-bddf9866-2d4e-4718-b3f5-9f40c94f57c6 - - - - - -] Releasing lock "singleton_lock" lock /var/lib/kolla/venv/lib64/python3.9/site-packages/oslo_concurrency/lockutils.py:331
2026-08-03 02:26:25.290 30 DEBUG neutron.service [None req-bddf9866-2d4e-4718-b3f5-9f40c94f57c6 - - - - - -] calling RpcWorker wait() _wait /var/lib/kolla/venv/lib64/python3.9/site-packages/neutron/service.py:132
2026-08-03 02:26:25.290 30 DEBUG neutron.service [None req-bddf9866-2d4e-4718-b3f5-9f40c94f57c6 - - - - - -] calling wait on _wait /var/lib/kolla/venv/lib64/python3.9/site-packages/neutron/service.py:135
2026-08-03 02:26:25.292 28 WARNING amqp [None req-bddf9866-2d4e-4718-b3f5-9f40c94f57c6 - - - - - -] Received method (60, 30) during closing channel 1. This method will be ignored
2026-08-03 02:26:25.293 28 DEBUG neutron.service [None req-bddf9866-2d4e-4718-b3f5-9f40c94f57c6 - - - - - -] returning from RpcWorker wait() _wait /var/lib/kolla/venv/lib64/python3.9/site-packages/neutron/service.py:139
2026-08-03 02:26:25.297 30 WARNING amqp [None req-bddf9866-2d4e-4718-b3f5-9f40c94f57c6 - - - - - -] Received method (60, 30) during closing channel 1. This method will be ignored
2026-08-03 02:26:25.298 30 DEBUG neutron.service [None req-bddf9866-2d4e-4718-b3f5-9f40c94f57c6 - - - - - -] returning from RpcWorker wait() _wait /var/lib/kolla/venv/lib64/python3.9/site-packages/neutron/service.py:139
2026-08-03 02:26:25.299 7 INFO oslo_service.service [-] Child 28 exited with status 0
2026-08-03 02:26:25.300 26 DEBUG neutron.service [-] calling stop on stop /var/lib/kolla/venv/lib64/python3.9/site-packages/neutron/service.py:145
2026-08-03 02:26:25.304 7 INFO oslo_service.service [-] Child 30 exited with status 0
2026-08-03 02:26:25.315 24 DEBUG neutron.service [-] calling stop on stop /var/lib/kolla/venv/lib64/python3.9/site-packages/neutron/service.py:145
2026-08-03 02:26:25.316 25 DEBUG neutron.service [-] calling stop on stop /var/lib/kolla/venv/lib64/python3.9/site-packages/neutron/service.py:145
2026-08-03 02:26:25.391 26 DEBUG neutron.service [-] calling stop on stop /var/lib/kolla/venv/lib64/python3.9/site-packages/neutron/service.py:145
2026-08-03 02:26:25.402 26 DEBUG oslo_concurrency.lockutils [None req-bddf9866-2d4e-4718-b3f5-9f40c94f57c6 - - - - - -] Acquiring lock "singleton_lock" lock /var/lib/kolla/venv/lib64/python3.9/site-packages/oslo_concurrency/lockutils.py:310
2026-08-03 02:26:25.403 26 DEBUG oslo_concurrency.lockutils [None req-bddf9866-2d4e-4718-b3f5-9f40c94f57c6 - - - - - -] Acquired lock "singleton_lock" lock /var/lib/kolla/venv/lib64/python3.9/site-packages/oslo_concurrency/lockutils.py:313
2026-08-03 02:26:25.403 26 DEBUG oslo_concurrency.lockutils [None req-bddf9866-2d4e-4718-b3f5-9f40c94f57c6 - - - - - -] Releasing lock "singleton_lock" lock /var/lib/kolla/venv/lib64/python3.9/site-packages/oslo_concurrency/lockutils.py:331
2026-08-03 02:26:25.403 26 DEBUG neutron.service [None req-bddf9866-2d4e-4718-b3f5-9f40c94f57c6 - - - - - -] calling RpcWorker wait() _wait /var/lib/kolla/venv/lib64/python3.9/site-packages/neutron/service.py:132
2026-08-03 02:26:25.403 26 DEBUG neutron.service [None req-bddf9866-2d4e-4718-b3f5-9f40c94f57c6 - - - - - -] calling wait on _wait /var/lib/kolla/venv/lib64/python3.9/site-packages/neutron/service.py:135
2026-08-03 02:26:25.409 26 WARNING amqp [None req-bddf9866-2d4e-4718-b3f5-9f40c94f57c6 - - - - - -] Received method (60, 30) during closing channel 1. This method will be ignored
2026-08-03 02:26:25.409 26 DEBUG neutron.service [None req-bddf9866-2d4e-4718-b3f5-9f40c94f57c6 - - - - - -] calling wait on _wait /var/lib/kolla/venv/lib64/python3.9/site-packages/neutron/service.py:135
2026-08-03 02:26:25.414 26 WARNING amqp [None req-bddf9866-2d4e-4718-b3f5-9f40c94f57c6 - - - - - -] Received method (60, 30) during closing channel 1. This method will be ignored
2026-08-03 02:26:25.415 26 DEBUG neutron.service [None req-bddf9866-2d4e-4718-b3f5-9f40c94f57c6 - - - - - -] calling wait on _wait /var/lib/kolla/venv/lib64/python3.9/site-packages/neutron/service.py:135
2026-08-03 02:26:25.419 26 WARNING amqp [None req-bddf9866-2d4e-4718-b3f5-9f40c94f57c6 - - - - - -] Received method (60, 30) during closing channel 1. This method will be ignored
2026-08-03 02:26:25.419 26 DEBUG neutron.service [None req-bddf9866-2d4e-4718-b3f5-9f40c94f57c6 - - - - - -] calling wait on _wait /var/lib/kolla/venv/lib64/python3.9/site-packages/neutron/service.py:135
2026-08-03 02:26:25.439 26 WARNING amqp [None req-bddf9866-2d4e-4718-b3f5-9f40c94f57c6 - - - - - -] Received method (60, 30) during closing channel 1. This method will be ignored
2026-08-03 02:26:25.440 26 DEBUG neutron.service [None req-bddf9866-2d4e-4718-b3f5-9f40c94f57c6 - - - - - -] returning from RpcWorker wait() _wait /var/lib/kolla/venv/lib64/python3.9/site-packages/neutron/service.py:139
2026-08-03 02:26:25.444 7 INFO oslo_service.service [-] Child 26 exited with status 0
2026-08-03 02:26:29.175 25 DEBUG neutron.service [-] calling stop on stop /var/lib/kolla/venv/lib64/python3.9/site-packages/neutron/service.py:145
2026-08-03 02:26:29.205 29 DEBUG oslo_concurrency.lockutils [None req-bddf9866-2d4e-4718-b3f5-9f40c94f57c6 - - - - - -] Acquiring lock "singleton_lock" lock /var/lib/kolla/venv/lib64/python3.9/site-packages/oslo_concurrency/lockutils.py:310
2026-08-03 02:26:29.205 29 DEBUG oslo_concurrency.lockutils [None req-bddf9866-2d4e-4718-b3f5-9f40c94f57c6 - - - - - -] Acquired lock "singleton_lock" lock /var/lib/kolla/venv/lib64/python3.9/site-packages/oslo_concurrency/lockutils.py:313
2026-08-03 02:26:29.205 29 DEBUG oslo_concurrency.lockutils [None req-bddf9866-2d4e-4718-b3f5-9f40c94f57c6 - - - - - -] Releasing lock "singleton_lock" lock /var/lib/kolla/venv/lib64/python3.9/site-packages/oslo_concurrency/lockutils.py:331
2026-08-03 02:26:29.205 29 DEBUG neutron.service [None req-bddf9866-2d4e-4718-b3f5-9f40c94f57c6 - - - - - -] calling RpcWorker wait() _wait /var/lib/kolla/venv/lib64/python3.9/site-packages/neutron/service.py:132
2026-08-03 02:26:29.206 29 DEBUG neutron.service [None req-bddf9866-2d4e-4718-b3f5-9f40c94f57c6 - - - - - -] calling wait on _wait /var/lib/kolla/venv/lib64/python3.9/site-packages/neutron/service.py:135
2026-08-03 02:26:29.228 29 WARNING amqp [None req-bddf9866-2d4e-4718-b3f5-9f40c94f57c6 - - - - - -] Received method (60, 30) during closing channel 1. This method will be ignored
2026-08-03 02:26:29.229 29 DEBUG neutron.service [None req-bddf9866-2d4e-4718-b3f5-9f40c94f57c6 - - - - - -] returning from RpcWorker wait() _wait /var/lib/kolla/venv/lib64/python3.9/site-packages/neutron/service.py:139
2026-08-03 02:26:29.234 7 INFO oslo_service.service [-] Child 29 exited with status 0
2026-08-03 02:26:30.029 24 DEBUG neutron.service [-] calling stop on stop /var/lib/kolla/venv/lib64/python3.9/site-packages/neutron/service.py:145
2026-08-03 02:26:30.372 24 DEBUG oslo_concurrency.lockutils [None req-bddf9866-2d4e-4718-b3f5-9f40c94f57c6 - - - - - -] Acquiring lock "singleton_lock" lock /var/lib/kolla/venv/lib64/python3.9/site-packages/oslo_concurrency/lockutils.py:310
2026-08-03 02:26:30.372 24 DEBUG oslo_concurrency.lockutils [None req-bddf9866-2d4e-4718-b3f5-9f40c94f57c6 - - - - - -] Acquired lock "singleton_lock" lock /var/lib/kolla/venv/lib64/python3.9/site-packages/oslo_concurrency/lockutils.py:313
2026-08-03 02:26:30.372 24 DEBUG oslo_concurrency.lockutils [None req-bddf9866-2d4e-4718-b3f5-9f40c94f57c6 - - - - - -] Releasing lock "singleton_lock" lock /var/lib/kolla/venv/lib64/python3.9/site-packages/oslo_concurrency/lockutils.py:331
2026-08-03 02:26:30.372 24 DEBUG neutron.service [None req-bddf9866-2d4e-4718-b3f5-9f40c94f57c6 - - - - - -] calling RpcWorker wait() _wait /var/lib/kolla/venv/lib64/python3.9/site-packages/neutron/service.py:132
2026-08-03 02:26:30.373 24 DEBUG neutron.service [None req-bddf9866-2d4e-4718-b3f5-9f40c94f57c6 - - - - - -] calling wait on _wait /var/lib/kolla/venv/lib64/python3.9/site-packages/neutron/service.py:135
2026-08-03 02:26:30.378 25 DEBUG oslo_concurrency.lockutils [None req-bddf9866-2d4e-4718-b3f5-9f40c94f57c6 - - - - - -] Acquiring lock "singleton_lock" lock /var/lib/kolla/venv/lib64/python3.9/site-packages/oslo_concurrency/lockutils.py:310
2026-08-03 02:26:30.379 25 DEBUG oslo_concurrency.lockutils [None req-bddf9866-2d4e-4718-b3f5-9f40c94f57c6 - - - - - -] Acquired lock "singleton_lock" lock /var/lib/kolla/venv/lib64/python3.9/site-packages/oslo_concurrency/lockutils.py:313
2026-08-03 02:26:30.379 24 WARNING amqp [None req-bddf9866-2d4e-4718-b3f5-9f40c94f57c6 - - - - - -] Received method (60, 30) during closing channel 1. This method will be ignored
2026-08-03 02:26:30.379 25 DEBUG oslo_concurrency.lockutils [None req-bddf9866-2d4e-4718-b3f5-9f40c94f57c6 - - - - - -] Releasing lock "singleton_lock" lock /var/lib/kolla/venv/lib64/python3.9/site-packages/oslo_concurrency/lockutils.py:331
2026-08-03 02:26:30.379 25 DEBUG neutron.service [None req-bddf9866-2d4e-4718-b3f5-9f40c94f57c6 - - - - - -] calling RpcWorker wait() _wait /var/lib/kolla/venv/lib64/python3.9/site-packages/neutron/service.py:132
2026-08-03 02:26:30.379 25 DEBUG neutron.service [None req-bddf9866-2d4e-4718-b3f5-9f40c94f57c6 - - - - - -] calling wait on _wait /var/lib/kolla/venv/lib64/python3.9/site-packages/neutron/service.py:135
2026-08-03 02:26:30.379 24 DEBUG neutron.service [None req-bddf9866-2d4e-4718-b3f5-9f40c94f57c6 - - - - - -] calling wait on _wait /var/lib/kolla/venv/lib64/python3.9/site-packages/neutron/service.py:135
2026-08-03 02:26:30.385 24 WARNING amqp [None req-bddf9866-2d4e-4718-b3f5-9f40c94f57c6 - - - - - -] Received method (60, 30) during closing channel 1. This method will be ignored
2026-08-03 02:26:30.386 24 DEBUG neutron.service [None req-bddf9866-2d4e-4718-b3f5-9f40c94f57c6 - - - - - -] calling wait on _wait /var/lib/kolla/venv/lib64/python3.9/site-packages/neutron/service.py:135
2026-08-03 02:26:30.388 25 WARNING amqp [None req-bddf9866-2d4e-4718-b3f5-9f40c94f57c6 - - - - - -] Received method (60, 30) during closing channel 1. This method will be ignored
2026-08-03 02:26:30.389 25 DEBUG neutron.service [None req-bddf9866-2d4e-4718-b3f5-9f40c94f57c6 - - - - - -] calling wait on _wait /var/lib/kolla/venv/lib64/python3.9/site-packages/neutron/service.py:135
2026-08-03 02:26:30.391 24 WARNING amqp [None req-bddf9866-2d4e-4718-b3f5-9f40c94f57c6 - - - - - -] Received method (60, 30) during closing channel 1. This method will be ignored
2026-08-03 02:26:30.392 24 DEBUG neutron.service [None req-bddf9866-2d4e-4718-b3f5-9f40c94f57c6 - - - - - -] calling wait on _wait /var/lib/kolla/venv/lib64/python3.9/site-packages/neutron/service.py:135
2026-08-03 02:26:30.394 25 WARNING amqp [None req-bddf9866-2d4e-4718-b3f5-9f40c94f57c6 - - - - - -] Received method (60, 30) during closing channel 1. This method will be ignored
2026-08-03 02:26:30.394 25 DEBUG neutron.service [None req-bddf9866-2d4e-4718-b3f5-9f40c94f57c6 - - - - - -] calling wait on _wait /var/lib/kolla/venv/lib64/python3.9/site-packages/neutron/service.py:135
2026-08-03 02:26:30.398 24 WARNING amqp [None req-bddf9866-2d4e-4718-b3f5-9f40c94f57c6 - - - - - -] Received method (60, 30) during closing channel 1. This method will be ignored
2026-08-03 02:26:30.399 24 DEBUG neutron.service [None req-bddf9866-2d4e-4718-b3f5-9f40c94f57c6 - - - - - -] returning from RpcWorker wait() _wait /var/lib/kolla/venv/lib64/python3.9/site-packages/neutron/service.py:139
2026-08-03 02:26:30.403 25 WARNING amqp [None req-bddf9866-2d4e-4718-b3f5-9f40c94f57c6 - - - - - -] Received method (60, 30) during closing channel 1. This method will be ignored
2026-08-03 02:26:30.404 25 DEBUG neutron.service [None req-bddf9866-2d4e-4718-b3f5-9f40c94f57c6 - - - - - -] calling wait on _wait /var/lib/kolla/venv/lib64/python3.9/site-packages/neutron/service.py:135
2026-08-03 02:26:30.404 7 INFO oslo_service.service [-] Child 24 exited with status 0
2026-08-03 02:26:30.408 25 WARNING amqp [None req-bddf9866-2d4e-4718-b3f5-9f40c94f57c6 - - - - - -] Received method (60, 30) during closing channel 1. This method will be ignored
2026-08-03 02:26:30.410 25 DEBUG neutron.service [None req-bddf9866-2d4e-4718-b3f5-9f40c94f57c6 - - - - - -] returning from RpcWorker wait() _wait /var/lib/kolla/venv/lib64/python3.9/site-packages/neutron/service.py:139
2026-08-03 02:26:30.416 7 INFO oslo_service.service [-] Child 25 exited with status 0
2026-08-03 02:26:30.417 7 INFO oslo_service.service [-] Wait called after thread killed. Cleaning up.
2026-08-03 02:26:30.417 7 DEBUG oslo_service.service [-] Stop services. stop /var/lib/kolla/venv/lib64/python3.9/site-packages/oslo_service/service.py:699
2026-08-03 02:26:30.417 7 DEBUG oslo_service.service [-] Killing children. stop /var/lib/kolla/venv/lib64/python3.9/site-packages/oslo_service/service.py:704
2026-08-03 02:26:45.290 7 INFO neutron.common.config [-] Logging enabled!
2026-08-03 02:26:45.291 7 INFO neutron.common.config [-] /var/lib/kolla/venv/bin/neutron-server version 25.2.4.dev2
2026-08-03 02:26:45.291 7 DEBUG neutron.common.config [-] command line: /var/lib/kolla/venv/bin/neutron-server --config-file /etc/neutron/neutron.conf --config-file /etc/neutron/ContrailPlugin.ini --config-file /etc/neutron/api-paste.ini setup_logging /var/lib/kolla/venv/lib64/python3.9/site-packages/neutron/common/config.py:123
2026-08-03 02:26:45.292 7 DEBUG neutron.common.config [-] ******************************************************************************** log_opt_values /var/lib/kolla/venv/lib64/python3.9/site-packages/oslo_config/cfg.py:2806
2026-08-03 02:26:45.292 7 DEBUG neutron.common.config [-] Configuration options gathered from: log_opt_values /var/lib/kolla/venv/lib64/python3.9/site-packages/oslo_config/cfg.py:2807
2026-08-03 02:26:45.292 7 DEBUG neutron.common.config [-] command line args: ['--config-file', '/etc/neutron/neutron.conf', '--config-file', '/etc/neutron/ContrailPlugin.ini', '--config-file', '/etc/neutron/api-paste.ini'] log_opt_values /var/lib/kolla/venv/lib64/python3.9/site-packages/oslo_config/cfg.py:2808
2026-08-03 02:26:45.292 7 DEBUG neutron.common.config [-] config files: ['/etc/neutron/neutron.conf', '/etc/neutron/ContrailPlugin.ini', '/etc/neutron/api-paste.ini'] log_opt_values /var/lib/kolla/venv/lib64/python3.9/site-packages/oslo_config/cfg.py:2809
2026-08-03 02:26:45.293 7 DEBUG neutron.common.config [-] ================================================================================ log_opt_values /var/lib/kolla/venv/lib64/python3.9/site-packages/oslo_config/cfg.py:2811
2026-08-03 02:26:45.293 7 DEBUG neutron.common.config [-] allow_bulk = True log_opt_values /var/lib/kolla/venv/lib64/python3.9/site-packages/oslo_config/cfg.py:2819
2026-08-03 02:26:45.293 7 DEBUG neutron.common.config [-] api_extensions_path = /opt/plugin/site-packages/neutron_plugin_contrail/extensions:/opt/plugin/site-packages/neutron_lbaas/extensions log_opt_values /var/lib/kolla/venv/lib64/python3.9/site-packages/oslo_config/cfg.py:2819
2026-08-03 02:26:45.293 7 DEBUG neutron.common.config [-] api_paste_config = /etc/neutron/api-paste.ini log_opt_values /var/lib/kolla/venv/lib64/python3.9/site-packages/oslo_config/cfg.py:2819
2026-08-03 02:26:45.293 7 DEBUG neutron.common.config [-] api_workers = 1 log_opt_values /var/lib/kolla/venv/lib64/python3.9/site-packages/oslo_config/cfg.py:2819
2026-08-03 02:26:45.293 7 DEBUG neutron.common.config [-] auth_strategy = keystone log_opt_values /var/lib/kolla/venv/lib64/python3.9/site-packages/oslo_config/cfg.py:2819
2026-08-03 02:26:45.293 7 DEBUG neutron.common.config [-] backlog = 4096 log_opt_values /var/lib/kolla/venv/lib64/python3.9/site-packages/oslo_config/cfg.py:2819
2026-08-03 02:26:45.293 7 DEBUG neutron.common.config [-] base_mac = fa:16:3e:00:00:00 log_opt_values /var/lib/kolla/venv/lib64/python3.9/site-packages/oslo_config/cfg.py:2819
2026-08-03 02:26:45.293 7 DEBUG neutron.common.config [-] bind_host = 10.0.0.33 log_opt_values /var/lib/kolla/venv/lib64/python3.9/site-packages/oslo_config/cfg.py:2819
2026-08-03 02:26:45.293 7 DEBUG neutron.common.config [-] bind_port = 9696 log_opt_values /var/lib/kolla/venv/lib64/python3.9/site-packages/oslo_config/cfg.py:2819
2026-08-03 02:26:45.294 7 DEBUG neutron.common.config [-] client_socket_timeout = 900 log_opt_values /var/lib/kolla/venv/lib64/python3.9/site-packages/oslo_config/cfg.py:2819
2026-08-03 02:26:45.294 7 DEBUG neutron.common.config [-] config_dir = [] log_opt_values /var/lib/kolla/venv/lib64/python3.9/site-packages/oslo_config/cfg.py:2819
2026-08-03 02:26:45.294 7 DEBUG neutron.common.config [-] config_file = ['/etc/neutron/neutron.conf', '/etc/neutron/ContrailPlugin.ini', '/etc/neutron/api-paste.ini'] log_opt_values /var/lib/kolla/venv/lib64/python3.9/site-packages/oslo_config/cfg.py:2819
2026-08-03 02:26:45.294 7 DEBUG neutron.common.config [-] config_source = [] log_opt_values /var/lib/kolla/venv/lib64/python3.9/site-packages/oslo_config/cfg.py:2819
2026-08-03 02:26:45.294 7 DEBUG neutron.common.config [-] control_exchange = neutron log_opt_values /var/lib/kolla/venv/lib64/python3.9/site-packages/oslo_config/cfg.py:2819
2026-08-03 02:26:45.294 7 DEBUG neutron.common.config [-] core_plugin = neutron_plugin_contrail.plugins.opencontrail.contrail_plugin.NeutronPluginContrailCoreV2 log_opt_values /var/lib/kolla/venv/lib64/python3.9/site-packages/oslo_config/cfg.py:2819
2026-08-03 02:26:45.294 7 DEBUG neutron.common.config [-] debug = True log_opt_values /var/lib/kolla/venv/lib64/python3.9/site-packages/oslo_config/cfg.py:2819
2026-08-03 02:26:45.294 7 DEBUG neutron.common.config [-] default_availability_zones = [] log_opt_values /var/lib/kolla/venv/lib64/python3.9/site-packages/oslo_config/cfg.py:2819
2026-08-03 02:26:45.294 7 DEBUG neutron.common.config [-] default_log_levels = ['amqp=WARN', 'amqplib=WARN', 'boto=WARN', 'qpid=WARN', 'sqlalchemy=WARN', 'suds=INFO', 'oslo.messaging=INFO', 'oslo_messaging=INFO', 'iso8601=WARN', 'requests.packages.urllib3.connectionpool=WARN', 'urllib3.connectionpool=WARN', 'websocket=WARN', 'requests.packages.urllib3.util.retry=WARN', 'urllib3.util.retry=WARN', 'keystonemiddleware=WARN', 'routes.middleware=WARN', 'stevedore=WARN', 'taskflow=WARN', 'keystoneauth=WARN', 'oslo.cache=INFO', 'oslo_policy=INFO', 'dogpile.core.dogpile=INFO', 'OFPHandler=INFO', 'OfctlService=INFO', 'os_ken.base.app_manager=INFO', 'os_ken.controller.controller=INFO'] log_opt_values /var/lib/kolla/venv/lib64/python3.9/site-packages/oslo_config/cfg.py:2819
2026-08-03 02:26:45.295 7 DEBUG neutron.common.config [-] dhcp_agent_notification = True log_opt_values /var/lib/kolla/venv/lib64/python3.9/site-packages/oslo_config/cfg.py:2819
2026-08-03 02:26:45.295 7 DEBUG neutron.common.config [-] dhcp_lease_duration = 86400 log_opt_values /var/lib/kolla/venv/lib64/python3.9/site-packages/oslo_config/cfg.py:2819
2026-08-03 02:26:45.295 7 DEBUG neutron.common.config [-] dns_domain = openstacklocal log_opt_values /var/lib/kolla/venv/lib64/python3.9/site-packages/oslo_config/cfg.py:2819
2026-08-03 02:26:45.295 7 DEBUG neutron.common.config [-] enable_signals = True log_opt_values /var/lib/kolla/venv/lib64/python3.9/site-packages/oslo_config/cfg.py:2819
2026-08-03 02:26:45.295 7 DEBUG neutron.common.config [-] enable_traditional_dhcp = True log_opt_values /var/lib/kolla/venv/lib64/python3.9/site-packages/oslo_config/cfg.py:2819
2026-08-03 02:26:45.295 7 DEBUG neutron.common.config [-] external_dns_driver = None log_opt_values /var/lib/kolla/venv/lib64/python3.9/site-packages/oslo_config/cfg.py:2819
2026-08-03 02:26:45.295 7 DEBUG neutron.common.config [-] filter_validation = True log_opt_values /var/lib/kolla/venv/lib64/python3.9/site-packages/oslo_config/cfg.py:2819
2026-08-03 02:26:45.295 7 DEBUG neutron.common.config [-] global_physnet_mtu = 1500 log_opt_values /var/lib/kolla/venv/lib64/python3.9/site-packages/oslo_config/cfg.py:2819
2026-08-03 02:26:45.295 7 DEBUG neutron.common.config [-] host = cn-jenkins-deploy-platform-ansible-os-6128-30 log_opt_values /var/lib/kolla/venv/lib64/python3.9/site-packages/oslo_config/cfg.py:2819
2026-08-03 02:26:45.295 7 DEBUG neutron.common.config [-] http_retries = 3 log_opt_values /var/lib/kolla/venv/lib64/python3.9/site-packages/oslo_config/cfg.py:2819
2026-08-03 02:26:45.296 7 DEBUG neutron.common.config [-] instance_format = [instance: %(uuid)s] log_opt_values /var/lib/kolla/venv/lib64/python3.9/site-packages/oslo_config/cfg.py:2819
2026-08-03 02:26:45.296 7 DEBUG neutron.common.config [-] instance_uuid_format = [instance: %(uuid)s] log_opt_values /var/lib/kolla/venv/lib64/python3.9/site-packages/oslo_config/cfg.py:2819
2026-08-03 02:26:45.296 7 DEBUG neutron.common.config [-] ipam_driver = internal log_opt_values /var/lib/kolla/venv/lib64/python3.9/site-packages/oslo_config/cfg.py:2819
2026-08-03 02:26:45.296 7 DEBUG neutron.common.config [-] ipv6_pd_enabled = False log_opt_values /var/lib/kolla/venv/lib64/python3.9/site-packages/oslo_config/cfg.py:2819
2026-08-03 02:26:45.296 7 DEBUG neutron.common.config [-] log_color = False log_opt_values /var/lib/kolla/venv/lib64/python3.9/site-packages/oslo_config/cfg.py:2819
2026-08-03 02:26:45.296 7 DEBUG neutron.common.config [-] log_config_append = None log_opt_values /var/lib/kolla/venv/lib64/python3.9/site-packages/oslo_config/cfg.py:2819
2026-08-03 02:26:45.296 7 DEBUG neutron.common.config [-] log_date_format = %Y-%m-%d %H:%M:%S log_opt_values /var/lib/kolla/venv/lib64/python3.9/site-packages/oslo_config/cfg.py:2819
2026-08-03 02:26:45.296 7 DEBUG neutron.common.config [-] log_dir = /var/log/kolla/neutron log_opt_values /var/lib/kolla/venv/lib64/python3.9/site-packages/oslo_config/cfg.py:2819
