2026-07-06 14:54:36.280 27 DEBUG neutron_lib.callbacks.manager [None req-92612da5-3da7-4a82-a94c-f97786506816 - - - - - -] Publish callbacks ['neutron.services.segments.db._update_segment_host_mapping_for_agent-8792231875193', 'neutron.plugins.ml2.plugin.Ml2Plugin._retry_binding_revived_agents-4149842'] for agent (62422fe4-5c88-4d97-9e3c-8c56c2df5b72), after_update _notify_loop /var/lib/kolla/venv/lib64/python3.9/site-packages/neutron_lib/callbacks/manager.py:184
2026-07-06 14:54:42.383 23 DEBUG neutron.api.wsgi [-] (23) accepted ('10.0.0.141', 38694) server /var/lib/kolla/venv/lib64/python3.9/site-packages/eventlet/wsgi.py:1037
2026-07-06 14:54:42.385 23 INFO neutron.api.wsgi [-] 10.0.0.141 "GET / HTTP/1.1" status: 200 len: 228 time: 0.0011735
2026-07-06 14:54:47.104 30 DEBUG neutron.db.agents_db [None req-57ef3187-88ec-42e9-9909-018aeaa21d46 - - - - - -] Agent healthcheck: found 2 active agents agent_health_check /var/lib/kolla/venv/lib64/python3.9/site-packages/neutron/db/agents_db.py:317
2026-07-06 14:54:50.580 28 DEBUG neutron_lib.callbacks.manager [None req-b71c1fd2-e9eb-401a-bac9-75e42c5c7e0d - - - - - -] Publish callbacks ['neutron.services.segments.db._update_segment_host_mapping_for_agent-8792231875193', 'neutron.plugins.ml2.plugin.Ml2Plugin._retry_binding_revived_agents-4149842'] for agent (ae519cd6-41d4-4a25-ac0a-1cb1e6c29e82), after_update _notify_loop /var/lib/kolla/venv/lib64/python3.9/site-packages/neutron_lib/callbacks/manager.py:184
2026-07-06 14:55:06.275 26 DEBUG neutron_lib.callbacks.manager [None req-92612da5-3da7-4a82-a94c-f97786506816 - - - - - -] Publish callbacks ['neutron.services.segments.db._update_segment_host_mapping_for_agent-8792231875193', 'neutron.plugins.ml2.plugin.Ml2Plugin._retry_binding_revived_agents-4149842'] for agent (62422fe4-5c88-4d97-9e3c-8c56c2df5b72), after_update _notify_loop /var/lib/kolla/venv/lib64/python3.9/site-packages/neutron_lib/callbacks/manager.py:184
2026-07-06 14:55:12.427 23 DEBUG neutron.api.wsgi [-] (23) accepted ('10.0.0.141', 39076) server /var/lib/kolla/venv/lib64/python3.9/site-packages/eventlet/wsgi.py:1037
2026-07-06 14:55:12.429 23 INFO neutron.api.wsgi [-] 10.0.0.141 "GET / HTTP/1.1" status: 200 len: 228 time: 0.0012605
2026-07-06 14:55:20.578 25 DEBUG neutron_lib.callbacks.manager [None req-0f347631-a5f3-4fde-954d-47c392e2fc12 - - - - - -] Publish callbacks ['neutron.services.segments.db._update_segment_host_mapping_for_agent-8792231875193', 'neutron.plugins.ml2.plugin.Ml2Plugin._retry_binding_revived_agents-4149842'] for agent (ae519cd6-41d4-4a25-ac0a-1cb1e6c29e82), after_update _notify_loop /var/lib/kolla/venv/lib64/python3.9/site-packages/neutron_lib/callbacks/manager.py:184
2026-07-06 14:55:24.116 30 DEBUG neutron.db.agents_db [None req-57ef3187-88ec-42e9-9909-018aeaa21d46 - - - - - -] Agent healthcheck: found 2 active agents agent_health_check /var/lib/kolla/venv/lib64/python3.9/site-packages/neutron/db/agents_db.py:317
2026-07-06 14:55:36.271 24 DEBUG neutron_lib.callbacks.manager [None req-92612da5-3da7-4a82-a94c-f97786506816 - - - - - -] Publish callbacks ['neutron.services.segments.db._update_segment_host_mapping_for_agent-8792231875193', 'neutron.plugins.ml2.plugin.Ml2Plugin._retry_binding_revived_agents-4149842'] for agent (62422fe4-5c88-4d97-9e3c-8c56c2df5b72), after_update _notify_loop /var/lib/kolla/venv/lib64/python3.9/site-packages/neutron_lib/callbacks/manager.py:184
2026-07-06 14:55:42.472 23 DEBUG neutron.api.wsgi [-] (23) accepted ('10.0.0.141', 38204) server /var/lib/kolla/venv/lib64/python3.9/site-packages/eventlet/wsgi.py:1037
2026-07-06 14:55:42.474 23 INFO neutron.api.wsgi [-] 10.0.0.141 "GET / HTTP/1.1" status: 200 len: 228 time: 0.0012875
2026-07-06 14:55:50.578 29 DEBUG neutron_lib.callbacks.manager [None req-02b943c6-e20a-4c56-9796-bd16156a8314 - - - - - -] Publish callbacks ['neutron.services.segments.db._update_segment_host_mapping_for_agent-8792231875193', 'neutron.plugins.ml2.plugin.Ml2Plugin._retry_binding_revived_agents-4149842'] for agent (ae519cd6-41d4-4a25-ac0a-1cb1e6c29e82), after_update _notify_loop /var/lib/kolla/venv/lib64/python3.9/site-packages/neutron_lib/callbacks/manager.py:184
2026-07-06 14:56:01.112 30 DEBUG neutron.db.agents_db [None req-57ef3187-88ec-42e9-9909-018aeaa21d46 - - - - - -] Agent healthcheck: found 2 active agents agent_health_check /var/lib/kolla/venv/lib64/python3.9/site-packages/neutron/db/agents_db.py:317
2026-07-06 14:56:06.274 27 DEBUG neutron_lib.callbacks.manager [None req-92612da5-3da7-4a82-a94c-f97786506816 - - - - - -] Publish callbacks ['neutron.services.segments.db._update_segment_host_mapping_for_agent-8792231875193', 'neutron.plugins.ml2.plugin.Ml2Plugin._retry_binding_revived_agents-4149842'] for agent (62422fe4-5c88-4d97-9e3c-8c56c2df5b72), after_update _notify_loop /var/lib/kolla/venv/lib64/python3.9/site-packages/neutron_lib/callbacks/manager.py:184
2026-07-06 14:56:12.516 23 DEBUG neutron.api.wsgi [-] (23) accepted ('10.0.0.141', 35212) server /var/lib/kolla/venv/lib64/python3.9/site-packages/eventlet/wsgi.py:1037
2026-07-06 14:56:12.518 23 INFO neutron.api.wsgi [-] 10.0.0.141 "GET / HTTP/1.1" status: 200 len: 228 time: 0.0012870
2026-07-06 14:56:20.575 28 DEBUG neutron_lib.callbacks.manager [None req-20dcc61b-086d-41c6-80aa-0f1ebbb7d354 - - - - - -] Publish callbacks ['neutron.services.segments.db._update_segment_host_mapping_for_agent-8792231875193', 'neutron.plugins.ml2.plugin.Ml2Plugin._retry_binding_revived_agents-4149842'] for agent (ae519cd6-41d4-4a25-ac0a-1cb1e6c29e82), after_update _notify_loop /var/lib/kolla/venv/lib64/python3.9/site-packages/neutron_lib/callbacks/manager.py:184
2026-07-06 14:56:36.351 26 DEBUG neutron_lib.callbacks.manager [None req-92612da5-3da7-4a82-a94c-f97786506816 - - - - - -] Publish callbacks ['neutron.services.segments.db._update_segment_host_mapping_for_agent-8792231875193', 'neutron.plugins.ml2.plugin.Ml2Plugin._retry_binding_revived_agents-4149842'] for agent (62422fe4-5c88-4d97-9e3c-8c56c2df5b72), after_update _notify_loop /var/lib/kolla/venv/lib64/python3.9/site-packages/neutron_lib/callbacks/manager.py:184
2026-07-06 14:56:38.118 30 DEBUG neutron.db.agents_db [None req-57ef3187-88ec-42e9-9909-018aeaa21d46 - - - - - -] Agent healthcheck: found 2 active agents agent_health_check /var/lib/kolla/venv/lib64/python3.9/site-packages/neutron/db/agents_db.py:317
2026-07-06 14:56:42.563 23 DEBUG neutron.api.wsgi [-] (23) accepted ('10.0.0.141', 58132) server /var/lib/kolla/venv/lib64/python3.9/site-packages/eventlet/wsgi.py:1037
2026-07-06 14:56:42.565 23 INFO neutron.api.wsgi [-] 10.0.0.141 "GET / HTTP/1.1" status: 200 len: 228 time: 0.0011199
2026-07-06 14:56:50.576 25 DEBUG neutron_lib.callbacks.manager [None req-1a3c69c8-03c8-4b3a-970a-7c12472251e9 - - - - - -] Publish callbacks ['neutron.services.segments.db._update_segment_host_mapping_for_agent-8792231875193', 'neutron.plugins.ml2.plugin.Ml2Plugin._retry_binding_revived_agents-4149842'] for agent (ae519cd6-41d4-4a25-ac0a-1cb1e6c29e82), after_update _notify_loop /var/lib/kolla/venv/lib64/python3.9/site-packages/neutron_lib/callbacks/manager.py:184
2026-07-06 14:57:06.271 24 DEBUG neutron_lib.callbacks.manager [None req-92612da5-3da7-4a82-a94c-f97786506816 - - - - - -] Publish callbacks ['neutron.services.segments.db._update_segment_host_mapping_for_agent-8792231875193', 'neutron.plugins.ml2.plugin.Ml2Plugin._retry_binding_revived_agents-4149842'] for agent (62422fe4-5c88-4d97-9e3c-8c56c2df5b72), after_update _notify_loop /var/lib/kolla/venv/lib64/python3.9/site-packages/neutron_lib/callbacks/manager.py:184
2026-07-06 14:57:12.618 23 DEBUG neutron.api.wsgi [-] (23) accepted ('10.0.0.141', 47976) server /var/lib/kolla/venv/lib64/python3.9/site-packages/eventlet/wsgi.py:1037
2026-07-06 14:57:12.621 23 INFO neutron.api.wsgi [-] 10.0.0.141 "GET / HTTP/1.1" status: 200 len: 228 time: 0.0012422
2026-07-06 14:57:15.118 30 DEBUG neutron.db.agents_db [None req-57ef3187-88ec-42e9-9909-018aeaa21d46 - - - - - -] Agent healthcheck: found 2 active agents agent_health_check /var/lib/kolla/venv/lib64/python3.9/site-packages/neutron/db/agents_db.py:317
2026-07-06 14:57:20.585 29 DEBUG neutron_lib.callbacks.manager [None req-5321b337-4c88-4625-bb80-0d57adc25911 - - - - - -] Publish callbacks ['neutron.services.segments.db._update_segment_host_mapping_for_agent-8792231875193', 'neutron.plugins.ml2.plugin.Ml2Plugin._retry_binding_revived_agents-4149842'] for agent (ae519cd6-41d4-4a25-ac0a-1cb1e6c29e82), after_update _notify_loop /var/lib/kolla/venv/lib64/python3.9/site-packages/neutron_lib/callbacks/manager.py:184
2026-07-06 14:57:36.266 27 DEBUG neutron_lib.callbacks.manager [None req-92612da5-3da7-4a82-a94c-f97786506816 - - - - - -] Publish callbacks ['neutron.services.segments.db._update_segment_host_mapping_for_agent-8792231875193', 'neutron.plugins.ml2.plugin.Ml2Plugin._retry_binding_revived_agents-4149842'] for agent (62422fe4-5c88-4d97-9e3c-8c56c2df5b72), after_update _notify_loop /var/lib/kolla/venv/lib64/python3.9/site-packages/neutron_lib/callbacks/manager.py:184
2026-07-06 14:57:42.706 23 DEBUG neutron.api.wsgi [-] (23) accepted ('10.0.0.141', 60348) server /var/lib/kolla/venv/lib64/python3.9/site-packages/eventlet/wsgi.py:1037
2026-07-06 14:57:42.709 23 INFO neutron.api.wsgi [-] 10.0.0.141 "GET / HTTP/1.1" status: 200 len: 228 time: 0.0015450
2026-07-06 14:57:50.582 28 DEBUG neutron_lib.callbacks.manager [None req-044e5009-428e-40f5-bc2b-2fcfe8e1f428 - - - - - -] Publish callbacks ['neutron.services.segments.db._update_segment_host_mapping_for_agent-8792231875193', 'neutron.plugins.ml2.plugin.Ml2Plugin._retry_binding_revived_agents-4149842'] for agent (ae519cd6-41d4-4a25-ac0a-1cb1e6c29e82), after_update _notify_loop /var/lib/kolla/venv/lib64/python3.9/site-packages/neutron_lib/callbacks/manager.py:184
2026-07-06 14:57:52.114 30 DEBUG neutron.db.agents_db [None req-57ef3187-88ec-42e9-9909-018aeaa21d46 - - - - - -] Agent healthcheck: found 2 active agents agent_health_check /var/lib/kolla/venv/lib64/python3.9/site-packages/neutron/db/agents_db.py:317
2026-07-06 14:58:06.264 26 DEBUG neutron_lib.callbacks.manager [None req-92612da5-3da7-4a82-a94c-f97786506816 - - - - - -] Publish callbacks ['neutron.services.segments.db._update_segment_host_mapping_for_agent-8792231875193', 'neutron.plugins.ml2.plugin.Ml2Plugin._retry_binding_revived_agents-4149842'] for agent (62422fe4-5c88-4d97-9e3c-8c56c2df5b72), after_update _notify_loop /var/lib/kolla/venv/lib64/python3.9/site-packages/neutron_lib/callbacks/manager.py:184
2026-07-06 14:58:12.754 23 DEBUG neutron.api.wsgi [-] (23) accepted ('10.0.0.141', 53408) server /var/lib/kolla/venv/lib64/python3.9/site-packages/eventlet/wsgi.py:1037
2026-07-06 14:58:12.757 23 INFO neutron.api.wsgi [-] 10.0.0.141 "GET / HTTP/1.1" status: 200 len: 228 time: 0.0015581
2026-07-06 14:58:20.570 25 DEBUG neutron_lib.callbacks.manager [None req-537d77e8-beea-4611-b7b9-5d9f2c7516ce - - - - - -] Publish callbacks ['neutron.services.segments.db._update_segment_host_mapping_for_agent-8792231875193', 'neutron.plugins.ml2.plugin.Ml2Plugin._retry_binding_revived_agents-4149842'] for agent (ae519cd6-41d4-4a25-ac0a-1cb1e6c29e82), after_update _notify_loop /var/lib/kolla/venv/lib64/python3.9/site-packages/neutron_lib/callbacks/manager.py:184
2026-07-06 14:58:29.124 30 DEBUG neutron.db.agents_db [None req-57ef3187-88ec-42e9-9909-018aeaa21d46 - - - - - -] Agent healthcheck: found 2 active agents agent_health_check /var/lib/kolla/venv/lib64/python3.9/site-packages/neutron/db/agents_db.py:317
2026-07-06 14:58:36.267 24 DEBUG neutron_lib.callbacks.manager [None req-92612da5-3da7-4a82-a94c-f97786506816 - - - - - -] Publish callbacks ['neutron.services.segments.db._update_segment_host_mapping_for_agent-8792231875193', 'neutron.plugins.ml2.plugin.Ml2Plugin._retry_binding_revived_agents-4149842'] for agent (62422fe4-5c88-4d97-9e3c-8c56c2df5b72), after_update _notify_loop /var/lib/kolla/venv/lib64/python3.9/site-packages/neutron_lib/callbacks/manager.py:184
2026-07-06 14:58:42.804 23 DEBUG neutron.api.wsgi [-] (23) accepted ('10.0.0.141', 57342) server /var/lib/kolla/venv/lib64/python3.9/site-packages/eventlet/wsgi.py:1037
2026-07-06 14:58:42.806 23 INFO neutron.api.wsgi [-] 10.0.0.141 "GET / HTTP/1.1" status: 200 len: 228 time: 0.0012054
2026-07-06 14:58:50.571 29 DEBUG neutron_lib.callbacks.manager [None req-7276eeaa-78f1-4792-8a07-303db2a8c8e9 - - - - - -] Publish callbacks ['neutron.services.segments.db._update_segment_host_mapping_for_agent-8792231875193', 'neutron.plugins.ml2.plugin.Ml2Plugin._retry_binding_revived_agents-4149842'] for agent (ae519cd6-41d4-4a25-ac0a-1cb1e6c29e82), after_update _notify_loop /var/lib/kolla/venv/lib64/python3.9/site-packages/neutron_lib/callbacks/manager.py:184
2026-07-06 14:59:06.123 30 DEBUG neutron.db.agents_db [None req-57ef3187-88ec-42e9-9909-018aeaa21d46 - - - - - -] Agent healthcheck: found 2 active agents agent_health_check /var/lib/kolla/venv/lib64/python3.9/site-packages/neutron/db/agents_db.py:317
2026-07-06 14:59:06.261 27 DEBUG neutron_lib.callbacks.manager [None req-92612da5-3da7-4a82-a94c-f97786506816 - - - - - -] Publish callbacks ['neutron.services.segments.db._update_segment_host_mapping_for_agent-8792231875193', 'neutron.plugins.ml2.plugin.Ml2Plugin._retry_binding_revived_agents-4149842'] for agent (62422fe4-5c88-4d97-9e3c-8c56c2df5b72), after_update _notify_loop /var/lib/kolla/venv/lib64/python3.9/site-packages/neutron_lib/callbacks/manager.py:184
2026-07-06 14:59:12.851 23 DEBUG neutron.api.wsgi [-] (23) accepted ('10.0.0.141', 49828) server /var/lib/kolla/venv/lib64/python3.9/site-packages/eventlet/wsgi.py:1037
2026-07-06 14:59:12.853 23 INFO neutron.api.wsgi [-] 10.0.0.141 "GET / HTTP/1.1" status: 200 len: 228 time: 0.0011206
2026-07-06 14:59:20.568 28 DEBUG neutron_lib.callbacks.manager [None req-59fe73c4-f846-499c-b539-d387e927da8d - - - - - -] Publish callbacks ['neutron.services.segments.db._update_segment_host_mapping_for_agent-8792231875193', 'neutron.plugins.ml2.plugin.Ml2Plugin._retry_binding_revived_agents-4149842'] for agent (ae519cd6-41d4-4a25-ac0a-1cb1e6c29e82), after_update _notify_loop /var/lib/kolla/venv/lib64/python3.9/site-packages/neutron_lib/callbacks/manager.py:184
2026-07-06 14:59:36.258 26 DEBUG neutron_lib.callbacks.manager [None req-92612da5-3da7-4a82-a94c-f97786506816 - - - - - -] Publish callbacks ['neutron.services.segments.db._update_segment_host_mapping_for_agent-8792231875193', 'neutron.plugins.ml2.plugin.Ml2Plugin._retry_binding_revived_agents-4149842'] for agent (62422fe4-5c88-4d97-9e3c-8c56c2df5b72), after_update _notify_loop /var/lib/kolla/venv/lib64/python3.9/site-packages/neutron_lib/callbacks/manager.py:184
2026-07-06 14:59:42.904 23 DEBUG neutron.api.wsgi [-] (23) accepted ('10.0.0.141', 37748) server /var/lib/kolla/venv/lib64/python3.9/site-packages/eventlet/wsgi.py:1037
2026-07-06 14:59:42.908 23 INFO neutron.api.wsgi [-] 10.0.0.141 "GET / HTTP/1.1" status: 200 len: 228 time: 0.0014441
2026-07-06 14:59:43.121 30 DEBUG neutron.db.agents_db [None req-57ef3187-88ec-42e9-9909-018aeaa21d46 - - - - - -] Agent healthcheck: found 2 active agents agent_health_check /var/lib/kolla/venv/lib64/python3.9/site-packages/neutron/db/agents_db.py:317
2026-07-06 14:59:50.567 25 DEBUG neutron_lib.callbacks.manager [None req-ea133115-71a9-4030-bcec-e1073b0ca0f4 - - - - - -] Publish callbacks ['neutron.services.segments.db._update_segment_host_mapping_for_agent-8792231875193', 'neutron.plugins.ml2.plugin.Ml2Plugin._retry_binding_revived_agents-4149842'] for agent (ae519cd6-41d4-4a25-ac0a-1cb1e6c29e82), after_update _notify_loop /var/lib/kolla/venv/lib64/python3.9/site-packages/neutron_lib/callbacks/manager.py:184
2026-07-06 15:00:06.255 24 DEBUG neutron_lib.callbacks.manager [None req-92612da5-3da7-4a82-a94c-f97786506816 - - - - - -] Publish callbacks ['neutron.services.segments.db._update_segment_host_mapping_for_agent-8792231875193', 'neutron.plugins.ml2.plugin.Ml2Plugin._retry_binding_revived_agents-4149842'] for agent (62422fe4-5c88-4d97-9e3c-8c56c2df5b72), after_update _notify_loop /var/lib/kolla/venv/lib64/python3.9/site-packages/neutron_lib/callbacks/manager.py:184
2026-07-06 15:00:12.956 23 DEBUG neutron.api.wsgi [-] (23) accepted ('10.0.0.141', 42520) server /var/lib/kolla/venv/lib64/python3.9/site-packages/eventlet/wsgi.py:1037
2026-07-06 15:00:12.959 23 INFO neutron.api.wsgi [-] 10.0.0.141 "GET / HTTP/1.1" status: 200 len: 228 time: 0.0017157
2026-07-06 15:00:20.124 30 DEBUG neutron.db.agents_db [None req-57ef3187-88ec-42e9-9909-018aeaa21d46 - - - - - -] Agent healthcheck: found 2 active agents agent_health_check /var/lib/kolla/venv/lib64/python3.9/site-packages/neutron/db/agents_db.py:317
2026-07-06 15:00:20.605 29 DEBUG neutron_lib.callbacks.manager [None req-b0887d63-ff65-4eff-808d-7e37ead2ae08 - - - - - -] Publish callbacks ['neutron.services.segments.db._update_segment_host_mapping_for_agent-8792231875193', 'neutron.plugins.ml2.plugin.Ml2Plugin._retry_binding_revived_agents-4149842'] for agent (ae519cd6-41d4-4a25-ac0a-1cb1e6c29e82), after_update _notify_loop /var/lib/kolla/venv/lib64/python3.9/site-packages/neutron_lib/callbacks/manager.py:184
2026-07-06 15:00:36.254 27 DEBUG neutron_lib.callbacks.manager [None req-92612da5-3da7-4a82-a94c-f97786506816 - - - - - -] Publish callbacks ['neutron.services.segments.db._update_segment_host_mapping_for_agent-8792231875193', 'neutron.plugins.ml2.plugin.Ml2Plugin._retry_binding_revived_agents-4149842'] for agent (62422fe4-5c88-4d97-9e3c-8c56c2df5b72), after_update _notify_loop /var/lib/kolla/venv/lib64/python3.9/site-packages/neutron_lib/callbacks/manager.py:184
2026-07-06 15:00:38.614 7 INFO oslo_service.service [-] Caught SIGTERM, stopping children
2026-07-06 15:00:38.614 7 DEBUG oslo_concurrency.lockutils [-] Acquiring lock "singleton_lock" lock /var/lib/kolla/venv/lib64/python3.9/site-packages/oslo_concurrency/lockutils.py:310
2026-07-06 15:00:38.614 7 DEBUG oslo_concurrency.lockutils [-] Acquired lock "singleton_lock" lock /var/lib/kolla/venv/lib64/python3.9/site-packages/oslo_concurrency/lockutils.py:313
2026-07-06 15:00:38.615 7 DEBUG oslo_concurrency.lockutils [-] Releasing lock "singleton_lock" lock /var/lib/kolla/venv/lib64/python3.9/site-packages/oslo_concurrency/lockutils.py:331
2026-07-06 15:00:38.615 7 DEBUG oslo_service.service [-] Stop services. stop /var/lib/kolla/venv/lib64/python3.9/site-packages/oslo_service/service.py:699
2026-07-06 15:00:38.615 7 DEBUG neutron.service [-] calling RpcWorker stop() stop /var/lib/kolla/venv/lib64/python3.9/site-packages/neutron/service.py:142
2026-07-06 15:00:38.615 7 DEBUG neutron.service [-] calling RpcWorker stop() stop /var/lib/kolla/venv/lib64/python3.9/site-packages/neutron/service.py:142
2026-07-06 15:00:38.615 7 DEBUG oslo_service.service [-] Killing children. stop /var/lib/kolla/venv/lib64/python3.9/site-packages/oslo_service/service.py:704
2026-07-06 15:00:38.615 7 INFO oslo_service.service [-] Waiting on 8 children to exit
2026-07-06 15:00:38.616 29 DEBUG neutron.service [-] calling RpcWorker stop() stop /var/lib/kolla/venv/lib64/python3.9/site-packages/neutron/service.py:142
2026-07-06 15:00:38.616 28 DEBUG neutron.service [-] calling RpcWorker stop() stop /var/lib/kolla/venv/lib64/python3.9/site-packages/neutron/service.py:142
2026-07-06 15:00:38.616 27 DEBUG neutron.service [-] calling RpcWorker stop() stop /var/lib/kolla/venv/lib64/python3.9/site-packages/neutron/service.py:142
2026-07-06 15:00:38.616 23 INFO neutron.api.wsgi [-] (23) wsgi exited, is_accepting=True
2026-07-06 15:00:38.616 29 DEBUG neutron.service [-] calling stop on stop /var/lib/kolla/venv/lib64/python3.9/site-packages/neutron/service.py:145
2026-07-06 15:00:38.616 28 DEBUG neutron.service [-] calling stop on stop /var/lib/kolla/venv/lib64/python3.9/site-packages/neutron/service.py:145
2026-07-06 15:00:38.617 23 DEBUG oslo_concurrency.lockutils [None req-e61861af-60ee-4e49-b6ad-5370bafa2c55 - - - - - -] Acquiring lock "singleton_lock" lock /var/lib/kolla/venv/lib64/python3.9/site-packages/oslo_concurrency/lockutils.py:310
2026-07-06 15:00:38.617 23 DEBUG oslo_concurrency.lockutils [None req-e61861af-60ee-4e49-b6ad-5370bafa2c55 - - - - - -] Acquired lock "singleton_lock" lock /var/lib/kolla/venv/lib64/python3.9/site-packages/oslo_concurrency/lockutils.py:313
2026-07-06 15:00:38.617 23 DEBUG oslo_concurrency.lockutils [None req-e61861af-60ee-4e49-b6ad-5370bafa2c55 - - - - - -] Releasing lock "singleton_lock" lock /var/lib/kolla/venv/lib64/python3.9/site-packages/oslo_concurrency/lockutils.py:331
2026-07-06 15:00:38.616 27 DEBUG neutron.service [-] calling stop on stop /var/lib/kolla/venv/lib64/python3.9/site-packages/neutron/service.py:145
2026-07-06 15:00:38.618 24 DEBUG neutron.service [-] calling RpcWorker stop() stop /var/lib/kolla/venv/lib64/python3.9/site-packages/neutron/service.py:142
2026-07-06 15:00:38.618 24 DEBUG neutron.service [-] calling stop on stop /var/lib/kolla/venv/lib64/python3.9/site-packages/neutron/service.py:145
2026-07-06 15:00:38.620 7 INFO oslo_service.service [-] Child 23 exited with status 0
2026-07-06 15:00:38.629 30 DEBUG neutron.service [-] calling RpcWorker stop() stop /var/lib/kolla/venv/lib64/python3.9/site-packages/neutron/service.py:142
2026-07-06 15:00:38.629 26 DEBUG neutron.service [-] calling RpcWorker stop() stop /var/lib/kolla/venv/lib64/python3.9/site-packages/neutron/service.py:142
2026-07-06 15:00:38.629 30 DEBUG neutron.service [-] calling stop on stop /var/lib/kolla/venv/lib64/python3.9/site-packages/neutron/service.py:145
2026-07-06 15:00:38.630 25 DEBUG neutron.service [-] calling RpcWorker stop() stop /var/lib/kolla/venv/lib64/python3.9/site-packages/neutron/service.py:142
2026-07-06 15:00:38.629 26 DEBUG neutron.service [-] calling stop on stop /var/lib/kolla/venv/lib64/python3.9/site-packages/neutron/service.py:145
2026-07-06 15:00:38.630 25 DEBUG neutron.service [-] calling stop on stop /var/lib/kolla/venv/lib64/python3.9/site-packages/neutron/service.py:145
2026-07-06 15:00:38.795 29 DEBUG oslo_concurrency.lockutils [None req-e61861af-60ee-4e49-b6ad-5370bafa2c55 - - - - - -] Acquiring lock "singleton_lock" lock /var/lib/kolla/venv/lib64/python3.9/site-packages/oslo_concurrency/lockutils.py:310
2026-07-06 15:00:38.796 29 DEBUG oslo_concurrency.lockutils [None req-e61861af-60ee-4e49-b6ad-5370bafa2c55 - - - - - -] Acquired lock "singleton_lock" lock /var/lib/kolla/venv/lib64/python3.9/site-packages/oslo_concurrency/lockutils.py:313
2026-07-06 15:00:38.796 29 DEBUG oslo_concurrency.lockutils [None req-e61861af-60ee-4e49-b6ad-5370bafa2c55 - - - - - -] Releasing lock "singleton_lock" lock /var/lib/kolla/venv/lib64/python3.9/site-packages/oslo_concurrency/lockutils.py:331
2026-07-06 15:00:38.796 29 DEBUG neutron.service [None req-e61861af-60ee-4e49-b6ad-5370bafa2c55 - - - - - -] calling RpcWorker wait() _wait /var/lib/kolla/venv/lib64/python3.9/site-packages/neutron/service.py:132
2026-07-06 15:00:38.797 29 DEBUG neutron.service [None req-e61861af-60ee-4e49-b6ad-5370bafa2c55 - - - - - -] calling wait on _wait /var/lib/kolla/venv/lib64/python3.9/site-packages/neutron/service.py:135
2026-07-06 15:00:38.804 29 WARNING amqp [None req-e61861af-60ee-4e49-b6ad-5370bafa2c55 - - - - - -] Received method (60, 30) during closing channel 1. This method will be ignored
2026-07-06 15:00:38.805 29 DEBUG neutron.service [None req-e61861af-60ee-4e49-b6ad-5370bafa2c55 - - - - - -] returning from RpcWorker wait() _wait /var/lib/kolla/venv/lib64/python3.9/site-packages/neutron/service.py:139
2026-07-06 15:00:38.812 7 INFO oslo_service.service [-] Child 29 exited with status 0
2026-07-06 15:00:40.350 27 DEBUG oslo_concurrency.lockutils [None req-e61861af-60ee-4e49-b6ad-5370bafa2c55 - - - - - -] Acquiring lock "singleton_lock" lock /var/lib/kolla/venv/lib64/python3.9/site-packages/oslo_concurrency/lockutils.py:310
2026-07-06 15:00:40.350 27 DEBUG oslo_concurrency.lockutils [None req-e61861af-60ee-4e49-b6ad-5370bafa2c55 - - - - - -] Acquired lock "singleton_lock" lock /var/lib/kolla/venv/lib64/python3.9/site-packages/oslo_concurrency/lockutils.py:313
2026-07-06 15:00:40.351 27 DEBUG oslo_concurrency.lockutils [None req-e61861af-60ee-4e49-b6ad-5370bafa2c55 - - - - - -] Releasing lock "singleton_lock" lock /var/lib/kolla/venv/lib64/python3.9/site-packages/oslo_concurrency/lockutils.py:331
2026-07-06 15:00:40.351 27 DEBUG neutron.service [None req-e61861af-60ee-4e49-b6ad-5370bafa2c55 - - - - - -] calling RpcWorker wait() _wait /var/lib/kolla/venv/lib64/python3.9/site-packages/neutron/service.py:132
2026-07-06 15:00:40.351 27 DEBUG neutron.service [None req-e61861af-60ee-4e49-b6ad-5370bafa2c55 - - - - - -] calling wait on _wait /var/lib/kolla/venv/lib64/python3.9/site-packages/neutron/service.py:135
2026-07-06 15:00:40.357 27 WARNING amqp [None req-e61861af-60ee-4e49-b6ad-5370bafa2c55 - - - - - -] Received method (60, 30) during closing channel 1. This method will be ignored
2026-07-06 15:00:40.359 27 DEBUG neutron.service [None req-e61861af-60ee-4e49-b6ad-5370bafa2c55 - - - - - -] returning from RpcWorker wait() _wait /var/lib/kolla/venv/lib64/python3.9/site-packages/neutron/service.py:139
2026-07-06 15:00:40.364 7 INFO oslo_service.service [-] Child 27 exited with status 0
2026-07-06 15:00:45.099 24 DEBUG neutron.service [-] calling stop on stop /var/lib/kolla/venv/lib64/python3.9/site-packages/neutron/service.py:145
2026-07-06 15:00:45.102 25 DEBUG neutron.service [-] calling stop on stop /var/lib/kolla/venv/lib64/python3.9/site-packages/neutron/service.py:145
2026-07-06 15:00:45.105 26 DEBUG neutron.service [-] calling stop on stop /var/lib/kolla/venv/lib64/python3.9/site-packages/neutron/service.py:145
2026-07-06 15:00:45.122 30 DEBUG oslo_concurrency.lockutils [None req-e61861af-60ee-4e49-b6ad-5370bafa2c55 - - - - - -] Acquiring lock "singleton_lock" lock /var/lib/kolla/venv/lib64/python3.9/site-packages/oslo_concurrency/lockutils.py:310
2026-07-06 15:00:45.122 30 DEBUG oslo_concurrency.lockutils [None req-e61861af-60ee-4e49-b6ad-5370bafa2c55 - - - - - -] Acquired lock "singleton_lock" lock /var/lib/kolla/venv/lib64/python3.9/site-packages/oslo_concurrency/lockutils.py:313
2026-07-06 15:00:45.122 30 DEBUG oslo_concurrency.lockutils [None req-e61861af-60ee-4e49-b6ad-5370bafa2c55 - - - - - -] Releasing lock "singleton_lock" lock /var/lib/kolla/venv/lib64/python3.9/site-packages/oslo_concurrency/lockutils.py:331
2026-07-06 15:00:45.122 30 DEBUG neutron.service [None req-e61861af-60ee-4e49-b6ad-5370bafa2c55 - - - - - -] calling RpcWorker wait() _wait /var/lib/kolla/venv/lib64/python3.9/site-packages/neutron/service.py:132
2026-07-06 15:00:45.122 30 DEBUG neutron.service [None req-e61861af-60ee-4e49-b6ad-5370bafa2c55 - - - - - -] calling wait on _wait /var/lib/kolla/venv/lib64/python3.9/site-packages/neutron/service.py:135
2026-07-06 15:00:45.126 28 DEBUG oslo_concurrency.lockutils [None req-e61861af-60ee-4e49-b6ad-5370bafa2c55 - - - - - -] Acquiring lock "singleton_lock" lock /var/lib/kolla/venv/lib64/python3.9/site-packages/oslo_concurrency/lockutils.py:310
2026-07-06 15:00:45.128 28 DEBUG oslo_concurrency.lockutils [None req-e61861af-60ee-4e49-b6ad-5370bafa2c55 - - - - - -] Acquired lock "singleton_lock" lock /var/lib/kolla/venv/lib64/python3.9/site-packages/oslo_concurrency/lockutils.py:313
2026-07-06 15:00:45.129 28 DEBUG oslo_concurrency.lockutils [None req-e61861af-60ee-4e49-b6ad-5370bafa2c55 - - - - - -] Releasing lock "singleton_lock" lock /var/lib/kolla/venv/lib64/python3.9/site-packages/oslo_concurrency/lockutils.py:331
2026-07-06 15:00:45.129 28 DEBUG neutron.service [None req-e61861af-60ee-4e49-b6ad-5370bafa2c55 - - - - - -] calling RpcWorker wait() _wait /var/lib/kolla/venv/lib64/python3.9/site-packages/neutron/service.py:132
2026-07-06 15:00:45.130 28 DEBUG neutron.service [None req-e61861af-60ee-4e49-b6ad-5370bafa2c55 - - - - - -] calling wait on _wait /var/lib/kolla/venv/lib64/python3.9/site-packages/neutron/service.py:135
2026-07-06 15:00:45.130 30 WARNING amqp [None req-e61861af-60ee-4e49-b6ad-5370bafa2c55 - - - - - -] Received method (60, 30) during closing channel 1. This method will be ignored
2026-07-06 15:00:45.131 30 DEBUG neutron.service [None req-e61861af-60ee-4e49-b6ad-5370bafa2c55 - - - - - -] returning from RpcWorker wait() _wait /var/lib/kolla/venv/lib64/python3.9/site-packages/neutron/service.py:139
2026-07-06 15:00:45.136 7 INFO oslo_service.service [-] Child 30 exited with status 0
2026-07-06 15:00:45.137 28 WARNING amqp [None req-e61861af-60ee-4e49-b6ad-5370bafa2c55 - - - - - -] Received method (60, 30) during closing channel 1. This method will be ignored
2026-07-06 15:00:45.139 28 DEBUG neutron.service [None req-e61861af-60ee-4e49-b6ad-5370bafa2c55 - - - - - -] returning from RpcWorker wait() _wait /var/lib/kolla/venv/lib64/python3.9/site-packages/neutron/service.py:139
2026-07-06 15:00:45.145 7 INFO oslo_service.service [-] Child 28 exited with status 0
2026-07-06 15:00:45.177 24 DEBUG neutron.service [-] calling stop on stop /var/lib/kolla/venv/lib64/python3.9/site-packages/neutron/service.py:145
2026-07-06 15:00:45.177 26 DEBUG neutron.service [-] calling stop on stop /var/lib/kolla/venv/lib64/python3.9/site-packages/neutron/service.py:145
2026-07-06 15:00:45.177 25 DEBUG neutron.service [-] calling stop on stop /var/lib/kolla/venv/lib64/python3.9/site-packages/neutron/service.py:145
2026-07-06 15:00:45.217 26 DEBUG neutron.service [-] calling stop on stop /var/lib/kolla/venv/lib64/python3.9/site-packages/neutron/service.py:145
2026-07-06 15:00:45.224 24 DEBUG neutron.service [-] calling stop on stop /var/lib/kolla/venv/lib64/python3.9/site-packages/neutron/service.py:145
2026-07-06 15:00:45.224 25 DEBUG neutron.service [-] calling stop on stop /var/lib/kolla/venv/lib64/python3.9/site-packages/neutron/service.py:145
2026-07-06 15:00:45.231 26 DEBUG oslo_concurrency.lockutils [None req-e61861af-60ee-4e49-b6ad-5370bafa2c55 - - - - - -] Acquiring lock "singleton_lock" lock /var/lib/kolla/venv/lib64/python3.9/site-packages/oslo_concurrency/lockutils.py:310
2026-07-06 15:00:45.233 26 DEBUG oslo_concurrency.lockutils [None req-e61861af-60ee-4e49-b6ad-5370bafa2c55 - - - - - -] Acquired lock "singleton_lock" lock /var/lib/kolla/venv/lib64/python3.9/site-packages/oslo_concurrency/lockutils.py:313
2026-07-06 15:00:45.234 26 DEBUG oslo_concurrency.lockutils [None req-e61861af-60ee-4e49-b6ad-5370bafa2c55 - - - - - -] Releasing lock "singleton_lock" lock /var/lib/kolla/venv/lib64/python3.9/site-packages/oslo_concurrency/lockutils.py:331
2026-07-06 15:00:45.234 26 DEBUG neutron.service [None req-e61861af-60ee-4e49-b6ad-5370bafa2c55 - - - - - -] calling RpcWorker wait() _wait /var/lib/kolla/venv/lib64/python3.9/site-packages/neutron/service.py:132
2026-07-06 15:00:45.235 26 DEBUG neutron.service [None req-e61861af-60ee-4e49-b6ad-5370bafa2c55 - - - - - -] calling wait on _wait /var/lib/kolla/venv/lib64/python3.9/site-packages/neutron/service.py:135
2026-07-06 15:00:45.237 24 DEBUG oslo_concurrency.lockutils [None req-e61861af-60ee-4e49-b6ad-5370bafa2c55 - - - - - -] Acquiring lock "singleton_lock" lock /var/lib/kolla/venv/lib64/python3.9/site-packages/oslo_concurrency/lockutils.py:310
2026-07-06 15:00:45.238 24 DEBUG oslo_concurrency.lockutils [None req-e61861af-60ee-4e49-b6ad-5370bafa2c55 - - - - - -] Acquired lock "singleton_lock" lock /var/lib/kolla/venv/lib64/python3.9/site-packages/oslo_concurrency/lockutils.py:313
2026-07-06 15:00:45.238 25 DEBUG oslo_concurrency.lockutils [None req-e61861af-60ee-4e49-b6ad-5370bafa2c55 - - - - - -] Acquiring lock "singleton_lock" lock /var/lib/kolla/venv/lib64/python3.9/site-packages/oslo_concurrency/lockutils.py:310
2026-07-06 15:00:45.240 25 DEBUG oslo_concurrency.lockutils [None req-e61861af-60ee-4e49-b6ad-5370bafa2c55 - - - - - -] Acquired lock "singleton_lock" lock /var/lib/kolla/venv/lib64/python3.9/site-packages/oslo_concurrency/lockutils.py:313
2026-07-06 15:00:45.240 25 DEBUG oslo_concurrency.lockutils [None req-e61861af-60ee-4e49-b6ad-5370bafa2c55 - - - - - -] Releasing lock "singleton_lock" lock /var/lib/kolla/venv/lib64/python3.9/site-packages/oslo_concurrency/lockutils.py:331
2026-07-06 15:00:45.240 25 DEBUG neutron.service [None req-e61861af-60ee-4e49-b6ad-5370bafa2c55 - - - - - -] calling RpcWorker wait() _wait /var/lib/kolla/venv/lib64/python3.9/site-packages/neutron/service.py:132
2026-07-06 15:00:45.241 25 DEBUG neutron.service [None req-e61861af-60ee-4e49-b6ad-5370bafa2c55 - - - - - -] calling wait on _wait /var/lib/kolla/venv/lib64/python3.9/site-packages/neutron/service.py:135
2026-07-06 15:00:45.238 24 DEBUG oslo_concurrency.lockutils [None req-e61861af-60ee-4e49-b6ad-5370bafa2c55 - - - - - -] Releasing lock "singleton_lock" lock /var/lib/kolla/venv/lib64/python3.9/site-packages/oslo_concurrency/lockutils.py:331
2026-07-06 15:00:45.241 24 DEBUG neutron.service [None req-e61861af-60ee-4e49-b6ad-5370bafa2c55 - - - - - -] calling RpcWorker wait() _wait /var/lib/kolla/venv/lib64/python3.9/site-packages/neutron/service.py:132
2026-07-06 15:00:45.242 24 DEBUG neutron.service [None req-e61861af-60ee-4e49-b6ad-5370bafa2c55 - - - - - -] calling wait on _wait /var/lib/kolla/venv/lib64/python3.9/site-packages/neutron/service.py:135
2026-07-06 15:00:45.243 26 WARNING amqp [None req-e61861af-60ee-4e49-b6ad-5370bafa2c55 - - - - - -] Received method (60, 30) during closing channel 1. This method will be ignored
2026-07-06 15:00:45.244 26 DEBUG neutron.service [None req-e61861af-60ee-4e49-b6ad-5370bafa2c55 - - - - - -] calling wait on _wait /var/lib/kolla/venv/lib64/python3.9/site-packages/neutron/service.py:135
2026-07-06 15:00:45.248 25 WARNING amqp [None req-e61861af-60ee-4e49-b6ad-5370bafa2c55 - - - - - -] Received method (60, 30) during closing channel 1. This method will be ignored
2026-07-06 15:00:45.249 25 DEBUG neutron.service [None req-e61861af-60ee-4e49-b6ad-5370bafa2c55 - - - - - -] calling wait on _wait /var/lib/kolla/venv/lib64/python3.9/site-packages/neutron/service.py:135
2026-07-06 15:00:45.253 26 WARNING amqp [None req-e61861af-60ee-4e49-b6ad-5370bafa2c55 - - - - - -] Received method (60, 30) during closing channel 1. This method will be ignored
2026-07-06 15:00:45.253 24 WARNING amqp [None req-e61861af-60ee-4e49-b6ad-5370bafa2c55 - - - - - -] Received method (60, 30) during closing channel 1. This method will be ignored
2026-07-06 15:00:45.254 24 DEBUG neutron.service [None req-e61861af-60ee-4e49-b6ad-5370bafa2c55 - - - - - -] calling wait on _wait /var/lib/kolla/venv/lib64/python3.9/site-packages/neutron/service.py:135
2026-07-06 15:00:45.255 26 DEBUG neutron.service [None req-e61861af-60ee-4e49-b6ad-5370bafa2c55 - - - - - -] calling wait on _wait /var/lib/kolla/venv/lib64/python3.9/site-packages/neutron/service.py:135
2026-07-06 15:00:45.257 25 WARNING amqp [None req-e61861af-60ee-4e49-b6ad-5370bafa2c55 - - - - - -] Received method (60, 30) during closing channel 1. This method will be ignored
2026-07-06 15:00:45.258 25 DEBUG neutron.service [None req-e61861af-60ee-4e49-b6ad-5370bafa2c55 - - - - - -] calling wait on _wait /var/lib/kolla/venv/lib64/python3.9/site-packages/neutron/service.py:135
2026-07-06 15:00:45.263 24 WARNING amqp [None req-e61861af-60ee-4e49-b6ad-5370bafa2c55 - - - - - -] Received method (60, 30) during closing channel 1. This method will be ignored
2026-07-06 15:00:45.264 24 DEBUG neutron.service [None req-e61861af-60ee-4e49-b6ad-5370bafa2c55 - - - - - -] calling wait on _wait /var/lib/kolla/venv/lib64/python3.9/site-packages/neutron/service.py:135
2026-07-06 15:00:45.266 26 WARNING amqp [None req-e61861af-60ee-4e49-b6ad-5370bafa2c55 - - - - - -] Received method (60, 30) during closing channel 1. This method will be ignored
2026-07-06 15:00:45.268 26 DEBUG neutron.service [None req-e61861af-60ee-4e49-b6ad-5370bafa2c55 - - - - - -] calling wait on _wait /var/lib/kolla/venv/lib64/python3.9/site-packages/neutron/service.py:135
2026-07-06 15:00:45.270 24 WARNING amqp [None req-e61861af-60ee-4e49-b6ad-5370bafa2c55 - - - - - -] Received method (60, 30) during closing channel 1. This method will be ignored
2026-07-06 15:00:45.270 24 DEBUG neutron.service [None req-e61861af-60ee-4e49-b6ad-5370bafa2c55 - - - - - -] calling wait on _wait /var/lib/kolla/venv/lib64/python3.9/site-packages/neutron/service.py:135
2026-07-06 15:00:45.274 25 WARNING amqp [None req-e61861af-60ee-4e49-b6ad-5370bafa2c55 - - - - - -] Received method (60, 30) during closing channel 1. This method will be ignored
2026-07-06 15:00:45.275 25 DEBUG neutron.service [None req-e61861af-60ee-4e49-b6ad-5370bafa2c55 - - - - - -] calling wait on _wait /var/lib/kolla/venv/lib64/python3.9/site-packages/neutron/service.py:135
2026-07-06 15:00:45.277 24 WARNING amqp [None req-e61861af-60ee-4e49-b6ad-5370bafa2c55 - - - - - -] Received method (60, 30) during closing channel 1. This method will be ignored
2026-07-06 15:00:45.278 26 WARNING amqp [None req-e61861af-60ee-4e49-b6ad-5370bafa2c55 - - - - - -] Received method (60, 30) during closing channel 1. This method will be ignored
2026-07-06 15:00:45.278 24 DEBUG neutron.service [None req-e61861af-60ee-4e49-b6ad-5370bafa2c55 - - - - - -] returning from RpcWorker wait() _wait /var/lib/kolla/venv/lib64/python3.9/site-packages/neutron/service.py:139
2026-07-06 15:00:45.279 26 DEBUG neutron.service [None req-e61861af-60ee-4e49-b6ad-5370bafa2c55 - - - - - -] returning from RpcWorker wait() _wait /var/lib/kolla/venv/lib64/python3.9/site-packages/neutron/service.py:139
2026-07-06 15:00:45.282 25 WARNING amqp [None req-e61861af-60ee-4e49-b6ad-5370bafa2c55 - - - - - -] Received method (60, 30) during closing channel 1. This method will be ignored
2026-07-06 15:00:45.284 7 INFO oslo_service.service [-] Child 24 exited with status 0
2026-07-06 15:00:45.285 25 DEBUG neutron.service [None req-e61861af-60ee-4e49-b6ad-5370bafa2c55 - - - - - -] returning from RpcWorker wait() _wait /var/lib/kolla/venv/lib64/python3.9/site-packages/neutron/service.py:139
2026-07-06 15:00:45.290 7 INFO oslo_service.service [-] Child 26 exited with status 0
2026-07-06 15:00:45.293 7 INFO oslo_service.service [-] Child 25 exited with status 0
2026-07-06 15:00:45.293 7 INFO oslo_service.service [-] Wait called after thread killed. Cleaning up.
2026-07-06 15:00:45.293 7 DEBUG oslo_service.service [-] Stop services. stop /var/lib/kolla/venv/lib64/python3.9/site-packages/oslo_service/service.py:699
2026-07-06 15:00:45.293 7 DEBUG oslo_service.service [-] Killing children. stop /var/lib/kolla/venv/lib64/python3.9/site-packages/oslo_service/service.py:704
2026-07-06 15:01:00.504 7 INFO neutron.common.config [-] Logging enabled!
2026-07-06 15:01:00.505 7 INFO neutron.common.config [-] /var/lib/kolla/venv/bin/neutron-server version 25.2.4.dev2
2026-07-06 15:01:00.505 7 DEBUG neutron.common.config [-] command line: /var/lib/kolla/venv/bin/neutron-server --config-file /etc/neutron/neutron.conf --config-file /etc/neutron/ContrailPlugin.ini --config-file /etc/neutron/api-paste.ini setup_logging /var/lib/kolla/venv/lib64/python3.9/site-packages/neutron/common/config.py:123
2026-07-06 15:01:00.506 7 DEBUG neutron.common.config [-] ******************************************************************************** log_opt_values /var/lib/kolla/venv/lib64/python3.9/site-packages/oslo_config/cfg.py:2806
2026-07-06 15:01:00.506 7 DEBUG neutron.common.config [-] Configuration options gathered from: log_opt_values /var/lib/kolla/venv/lib64/python3.9/site-packages/oslo_config/cfg.py:2807
2026-07-06 15:01:00.506 7 DEBUG neutron.common.config [-] command line args: ['--config-file', '/etc/neutron/neutron.conf', '--config-file', '/etc/neutron/ContrailPlugin.ini', '--config-file', '/etc/neutron/api-paste.ini'] log_opt_values /var/lib/kolla/venv/lib64/python3.9/site-packages/oslo_config/cfg.py:2808
2026-07-06 15:01:00.507 7 DEBUG neutron.common.config [-] config files: ['/etc/neutron/neutron.conf', '/etc/neutron/ContrailPlugin.ini', '/etc/neutron/api-paste.ini'] log_opt_values /var/lib/kolla/venv/lib64/python3.9/site-packages/oslo_config/cfg.py:2809
2026-07-06 15:01:00.507 7 DEBUG neutron.common.config [-] ================================================================================ log_opt_values /var/lib/kolla/venv/lib64/python3.9/site-packages/oslo_config/cfg.py:2811
2026-07-06 15:01:00.507 7 DEBUG neutron.common.config [-] allow_bulk = True log_opt_values /var/lib/kolla/venv/lib64/python3.9/site-packages/oslo_config/cfg.py:2819
2026-07-06 15:01:00.507 7 DEBUG neutron.common.config [-] api_extensions_path = /opt/plugin/site-packages/neutron_plugin_contrail/extensions:/opt/plugin/site-packages/neutron_lbaas/extensions log_opt_values /var/lib/kolla/venv/lib64/python3.9/site-packages/oslo_config/cfg.py:2819
2026-07-06 15:01:00.507 7 DEBUG neutron.common.config [-] api_paste_config = /etc/neutron/api-paste.ini log_opt_values /var/lib/kolla/venv/lib64/python3.9/site-packages/oslo_config/cfg.py:2819
2026-07-06 15:01:00.507 7 DEBUG neutron.common.config [-] api_workers = 1 log_opt_values /var/lib/kolla/venv/lib64/python3.9/site-packages/oslo_config/cfg.py:2819
2026-07-06 15:01:00.507 7 DEBUG neutron.common.config [-] auth_strategy = keystone log_opt_values /var/lib/kolla/venv/lib64/python3.9/site-packages/oslo_config/cfg.py:2819
2026-07-06 15:01:00.507 7 DEBUG neutron.common.config [-] backlog = 4096 log_opt_values /var/lib/kolla/venv/lib64/python3.9/site-packages/oslo_config/cfg.py:2819
2026-07-06 15:01:00.507 7 DEBUG neutron.common.config [-] base_mac = fa:16:3e:00:00:00 log_opt_values /var/lib/kolla/venv/lib64/python3.9/site-packages/oslo_config/cfg.py:2819
2026-07-06 15:01:00.507 7 DEBUG neutron.common.config [-] bind_host = 10.0.0.141 log_opt_values /var/lib/kolla/venv/lib64/python3.9/site-packages/oslo_config/cfg.py:2819
2026-07-06 15:01:00.508 7 DEBUG neutron.common.config [-] bind_port = 9696 log_opt_values /var/lib/kolla/venv/lib64/python3.9/site-packages/oslo_config/cfg.py:2819
2026-07-06 15:01:00.508 7 DEBUG neutron.common.config [-] client_socket_timeout = 900 log_opt_values /var/lib/kolla/venv/lib64/python3.9/site-packages/oslo_config/cfg.py:2819
2026-07-06 15:01:00.508 7 DEBUG neutron.common.config [-] config_dir = [] log_opt_values /var/lib/kolla/venv/lib64/python3.9/site-packages/oslo_config/cfg.py:2819
2026-07-06 15:01:00.508 7 DEBUG neutron.common.config [-] config_file = ['/etc/neutron/neutron.conf', '/etc/neutron/ContrailPlugin.ini', '/etc/neutron/api-paste.ini'] log_opt_values /var/lib/kolla/venv/lib64/python3.9/site-packages/oslo_config/cfg.py:2819
2026-07-06 15:01:00.508 7 DEBUG neutron.common.config [-] config_source = [] log_opt_values /var/lib/kolla/venv/lib64/python3.9/site-packages/oslo_config/cfg.py:2819
2026-07-06 15:01:00.508 7 DEBUG neutron.common.config [-] control_exchange = neutron log_opt_values /var/lib/kolla/venv/lib64/python3.9/site-packages/oslo_config/cfg.py:2819
2026-07-06 15:01:00.508 7 DEBUG neutron.common.config [-] core_plugin = neutron_plugin_contrail.plugins.opencontrail.contrail_plugin.NeutronPluginContrailCoreV2 log_opt_values /var/lib/kolla/venv/lib64/python3.9/site-packages/oslo_config/cfg.py:2819
2026-07-06 15:01:00.508 7 DEBUG neutron.common.config [-] debug = True log_opt_values /var/lib/kolla/venv/lib64/python3.9/site-packages/oslo_config/cfg.py:2819
2026-07-06 15:01:00.508 7 DEBUG neutron.common.config [-] default_availability_zones = [] log_opt_values /var/lib/kolla/venv/lib64/python3.9/site-packages/oslo_config/cfg.py:2819
2026-07-06 15:01:00.508 7 DEBUG neutron.common.config [-] default_log_levels = ['amqp=WARN', 'amqplib=WARN', 'boto=WARN', 'qpid=WARN', 'sqlalchemy=WARN', 'suds=INFO', 'oslo.messaging=INFO', 'oslo_messaging=INFO', 'iso8601=WARN', 'requests.packages.urllib3.connectionpool=WARN', 'urllib3.connectionpool=WARN', 'websocket=WARN', 'requests.packages.urllib3.util.retry=WARN', 'urllib3.util.retry=WARN', 'keystonemiddleware=WARN', 'routes.middleware=WARN', 'stevedore=WARN', 'taskflow=WARN', 'keystoneauth=WARN', 'oslo.cache=INFO', 'oslo_policy=INFO', 'dogpile.core.dogpile=INFO', 'OFPHandler=INFO', 'OfctlService=INFO', 'os_ken.base.app_manager=INFO', 'os_ken.controller.controller=INFO'] log_opt_values /var/lib/kolla/venv/lib64/python3.9/site-packages/oslo_config/cfg.py:2819
2026-07-06 15:01:00.509 7 DEBUG neutron.common.config [-] dhcp_agent_notification = True log_opt_values /var/lib/kolla/venv/lib64/python3.9/site-packages/oslo_config/cfg.py:2819
2026-07-06 15:01:00.509 7 DEBUG neutron.common.config [-] dhcp_lease_duration = 86400 log_opt_values /var/lib/kolla/venv/lib64/python3.9/site-packages/oslo_config/cfg.py:2819
2026-07-06 15:01:00.509 7 DEBUG neutron.common.config [-] dns_domain = openstacklocal log_opt_values /var/lib/kolla/venv/lib64/python3.9/site-packages/oslo_config/cfg.py:2819
2026-07-06 15:01:00.509 7 DEBUG neutron.common.config [-] enable_signals = True log_opt_values /var/lib/kolla/venv/lib64/python3.9/site-packages/oslo_config/cfg.py:2819
2026-07-06 15:01:00.509 7 DEBUG neutron.common.config [-] enable_traditional_dhcp = True log_opt_values /var/lib/kolla/venv/lib64/python3.9/site-packages/oslo_config/cfg.py:2819
2026-07-06 15:01:00.509 7 DEBUG neutron.common.config [-] external_dns_driver = None log_opt_values /var/lib/kolla/venv/lib64/python3.9/site-packages/oslo_config/cfg.py:2819
2026-07-06 15:01:00.509 7 DEBUG neutron.common.config [-] filter_validation = True log_opt_values /var/lib/kolla/venv/lib64/python3.9/site-packages/oslo_config/cfg.py:2819
2026-07-06 15:01:00.509 7 DEBUG neutron.common.config [-] global_physnet_mtu = 1500 log_opt_values /var/lib/kolla/venv/lib64/python3.9/site-packages/oslo_config/cfg.py:2819
2026-07-06 15:01:00.510 7 DEBUG neutron.common.config [-] host = cn-jenkins-deploy-platform-ansible-os-6084-1 log_opt_values /var/lib/kolla/venv/lib64/python3.9/site-packages/oslo_config/cfg.py:2819
2026-07-06 15:01:00.510 7 DEBUG neutron.common.config [-] http_retries = 3 log_opt_values /var/lib/kolla/venv/lib64/python3.9/site-packages/oslo_config/cfg.py:2819
2026-07-06 15:01:00.510 7 DEBUG neutron.common.config [-] instance_format = [instance: %(uuid)s] log_opt_values /var/lib/kolla/venv/lib64/python3.9/site-packages/oslo_config/cfg.py:2819
2026-07-06 15:01:00.510 7 DEBUG neutron.common.config [-] instance_uuid_format = [instance: %(uuid)s] log_opt_values /var/lib/kolla/venv/lib64/python3.9/site-packages/oslo_config/cfg.py:2819
2026-07-06 15:01:00.510 7 DEBUG neutron.common.config [-] ipam_driver = internal log_opt_values /var/lib/kolla/venv/lib64/python3.9/site-packages/oslo_config/cfg.py:2819
2026-07-06 15:01:00.510 7 DEBUG neutron.common.config [-] ipv6_pd_enabled = False log_opt_values /var/lib/kolla/venv/lib64/python3.9/site-packages/oslo_config/cfg.py:2819
2026-07-06 15:01:00.510 7 DEBUG neutron.common.config [-] log_color = False log_opt_values /var/lib/kolla/venv/lib64/python3.9/site-packages/oslo_config/cfg.py:2819
2026-07-06 15:01:00.510 7 DEBUG neutron.common.config [-] log_config_append = None log_opt_values /var/lib/kolla/venv/lib64/python3.9/site-packages/oslo_config/cfg.py:2819
2026-07-06 15:01:00.510 7 DEBUG neutron.common.config [-] log_date_format = %Y-%m-%d %H:%M:%S log_opt_values /var/lib/kolla/venv/lib64/python3.9/site-packages/oslo_config/cfg.py:2819
2026-07-06 15:01:00.511 7 DEBUG neutron.common.config [-] log_dir = /var/log/kolla/neutron log_opt_values /var/lib/kolla/venv/lib64/python3.9/site-packages/oslo_config/cfg.py:2819
2026-07-06 15:01:00.511 7 DEBUG neutron.common.config [-] log_file = None log_opt_values /var/lib/kolla/venv/lib64/python3.9/site-packages/oslo_config/cfg.py:2819
2026-07-06 15:01:00.511 7 DEBUG neutron.common.config [-] log_rotate_interval = 1 log_opt_values /var/lib/kolla/venv/lib64/python3.9/site-packages/oslo_config/cfg.py:2819
2026-07-06 15:01:00.511 7 DEBUG neutron.common.config [-] log_rotate_interval_type = days log_opt_values /var/lib/kolla/venv/lib64/python3.9/site-packages/oslo_config/cfg.py:2819
2026-07-06 15:01:00.511 7 DEBUG neutron.common.config [-] log_rotation_type = none log_opt_values /var/lib/kolla/venv/lib64/python3.9/site-packages/oslo_config/cfg.py:2819
2026-07-06 15:01:00.511 7 DEBUG neutron.common.config [-] logging_context_format_string = %(asctime)s.%(msecs)03d %(process)d %(levelname)s %(name)s [%(global_request_id)s %(request_id)s %(user_identity)s] %(instance)s%(message)s log_opt_values /var/lib/kolla/venv/lib64/python3.9/site-packages/oslo_config/cfg.py:2819
2026-07-06 15:01:00.511 7 DEBUG neutron.common.config [-] logging_debug_format_suffix = %(funcName)s %(pathname)s:%(lineno)d log_opt_values /var/lib/kolla/venv/lib64/python3.9/site-packages/oslo_config/cfg.py:2819
2026-07-06 15:01:00.511 7 DEBUG neutron.common.config [-] logging_default_format_string = %(asctime)s.%(msecs)03d %(process)d %(levelname)s %(name)s [-] %(instance)s%(message)s log_opt_values /var/lib/kolla/venv/lib64/python3.9/site-packages/oslo_config/cfg.py:2819
2026-07-06 15:01:00.511 7 DEBUG neutron.common.config [-] logging_exception_prefix = %(asctime)s.%(msecs)03d %(process)d ERROR %(name)s %(instance)s log_opt_values /var/lib/kolla/venv/lib64/python3.9/site-packages/oslo_config/cfg.py:2819
2026-07-06 15:01:00.511 7 DEBUG neutron.common.config [-] logging_user_identity_format = %(user)s %(project)s %(domain)s %(system_scope)s %(user_domain)s %(project_domain)s log_opt_values /var/lib/kolla/venv/lib64/python3.9/site-packages/oslo_config/cfg.py:2819
2026-07-06 15:01:00.511 7 DEBUG neutron.common.config [-] max_dns_nameservers = 5 log_opt_values /var/lib/kolla/venv/lib64/python3.9/site-packages/oslo_config/cfg.py:2819
2026-07-06 15:01:00.512 7 DEBUG neutron.common.config [-] max_header_line = 16384 log_opt_values /var/lib/kolla/venv/lib64/python3.9/site-packages/oslo_config/cfg.py:2819
2026-07-06 15:01:00.512 7 DEBUG neutron.common.config [-] max_logfile_count = 30 log_opt_values /var/lib/kolla/venv/lib64/python3.9/site-packages/oslo_config/cfg.py:2819
