2026-06-08 00:35:02.354 145255 DEBUG oslo_service.service [req-489383f1-ebe9-48f2-90dd-e1b7b6ede63e - - - - -] oslo_messaging_metrics.metrics_process_name = log_opt_values /usr/lib/python3/dist-packages/oslo_config/cfg.py:2609
2026-06-08 00:35:02.354 145255 DEBUG oslo_service.service [req-489383f1-ebe9-48f2-90dd-e1b7b6ede63e - - - - -] oslo_messaging_metrics.metrics_socket_file = /var/tmp/metrics_collector.sock log_opt_values /usr/lib/python3/dist-packages/oslo_config/cfg.py:2609
2026-06-08 00:35:02.354 145255 DEBUG oslo_service.service [req-489383f1-ebe9-48f2-90dd-e1b7b6ede63e - - - - -] oslo_messaging_metrics.metrics_thread_stop_timeout = 10 log_opt_values /usr/lib/python3/dist-packages/oslo_config/cfg.py:2609
2026-06-08 00:35:02.355 145255 WARNING oslo_config.cfg [req-489383f1-ebe9-48f2-90dd-e1b7b6ede63e - - - - -] Deprecated: Option "auth_strategy" from group "api" is deprecated for removal ( The only non-default choice, ``noauth2``, is for internal development and testing purposes only and should not be used in deployments. This option and its middleware, NoAuthMiddleware[V2_18], will be removed in a future release. ). Its value may be silently ignored in the future.
2026-06-08 00:35:02.355 145255 DEBUG oslo_service.service [req-489383f1-ebe9-48f2-90dd-e1b7b6ede63e - - - - -] api.auth_strategy = keystone log_opt_values /usr/lib/python3/dist-packages/oslo_config/cfg.py:2609
2026-06-08 00:35:02.355 145255 DEBUG oslo_service.service [req-489383f1-ebe9-48f2-90dd-e1b7b6ede63e - - - - -] api.compute_link_prefix = None log_opt_values /usr/lib/python3/dist-packages/oslo_config/cfg.py:2609
2026-06-08 00:35:02.356 145255 DEBUG oslo_service.service [req-489383f1-ebe9-48f2-90dd-e1b7b6ede63e - - - - -] api.config_drive_skip_versions = 1.0 2007-01-19 2007-03-01 2007-08-29 2007-10-10 2007-12-15 2008-02-01 2008-09-01 log_opt_values /usr/lib/python3/dist-packages/oslo_config/cfg.py:2609
2026-06-08 00:35:02.356 145255 DEBUG oslo_service.service [req-489383f1-ebe9-48f2-90dd-e1b7b6ede63e - - - - -] api.dhcp_domain = novalocal log_opt_values /usr/lib/python3/dist-packages/oslo_config/cfg.py:2609
2026-06-08 00:35:02.356 145255 DEBUG oslo_service.service [req-489383f1-ebe9-48f2-90dd-e1b7b6ede63e - - - - -] api.enable_instance_password = True log_opt_values /usr/lib/python3/dist-packages/oslo_config/cfg.py:2609
2026-06-08 00:35:02.356 145255 DEBUG oslo_service.service [req-489383f1-ebe9-48f2-90dd-e1b7b6ede63e - - - - -] api.glance_link_prefix = None log_opt_values /usr/lib/python3/dist-packages/oslo_config/cfg.py:2609
2026-06-08 00:35:02.357 145255 DEBUG oslo_service.service [req-489383f1-ebe9-48f2-90dd-e1b7b6ede63e - - - - -] api.instance_list_cells_batch_fixed_size = 100 log_opt_values /usr/lib/python3/dist-packages/oslo_config/cfg.py:2609
2026-06-08 00:35:02.357 145255 DEBUG oslo_service.service [req-489383f1-ebe9-48f2-90dd-e1b7b6ede63e - - - - -] api.instance_list_cells_batch_strategy = distributed log_opt_values /usr/lib/python3/dist-packages/oslo_config/cfg.py:2609
2026-06-08 00:35:02.357 145255 DEBUG oslo_service.service [req-489383f1-ebe9-48f2-90dd-e1b7b6ede63e - - - - -] api.instance_list_per_project_cells = False log_opt_values /usr/lib/python3/dist-packages/oslo_config/cfg.py:2609
2026-06-08 00:35:02.357 145255 DEBUG oslo_service.service [req-489383f1-ebe9-48f2-90dd-e1b7b6ede63e - - - - -] api.list_records_by_skipping_down_cells = True log_opt_values /usr/lib/python3/dist-packages/oslo_config/cfg.py:2609
2026-06-08 00:35:02.358 145255 DEBUG oslo_service.service [req-489383f1-ebe9-48f2-90dd-e1b7b6ede63e - - - - -] api.local_metadata_per_cell = False log_opt_values /usr/lib/python3/dist-packages/oslo_config/cfg.py:2609
2026-06-08 00:35:02.358 145255 DEBUG oslo_service.service [req-489383f1-ebe9-48f2-90dd-e1b7b6ede63e - - - - -] api.max_limit = 1000 log_opt_values /usr/lib/python3/dist-packages/oslo_config/cfg.py:2609
2026-06-08 00:35:02.358 145255 DEBUG oslo_service.service [req-489383f1-ebe9-48f2-90dd-e1b7b6ede63e - - - - -] api.metadata_cache_expiration = 15 log_opt_values /usr/lib/python3/dist-packages/oslo_config/cfg.py:2609
2026-06-08 00:35:02.358 145255 DEBUG oslo_service.service [req-489383f1-ebe9-48f2-90dd-e1b7b6ede63e - - - - -] api.neutron_default_tenant_id = default log_opt_values /usr/lib/python3/dist-packages/oslo_config/cfg.py:2609
2026-06-08 00:35:02.359 145255 DEBUG oslo_service.service [req-489383f1-ebe9-48f2-90dd-e1b7b6ede63e - - - - -] api.use_forwarded_for = False log_opt_values /usr/lib/python3/dist-packages/oslo_config/cfg.py:2609
2026-06-08 00:35:02.359 145255 DEBUG oslo_service.service [req-489383f1-ebe9-48f2-90dd-e1b7b6ede63e - - - - -] api.use_neutron_default_nets = False log_opt_values /usr/lib/python3/dist-packages/oslo_config/cfg.py:2609
2026-06-08 00:35:02.359 145255 DEBUG oslo_service.service [req-489383f1-ebe9-48f2-90dd-e1b7b6ede63e - - - - -] api.vendordata_dynamic_connect_timeout = 5 log_opt_values /usr/lib/python3/dist-packages/oslo_config/cfg.py:2609
2026-06-08 00:35:02.360 145255 DEBUG oslo_service.service [req-489383f1-ebe9-48f2-90dd-e1b7b6ede63e - - - - -] api.vendordata_dynamic_failure_fatal = False log_opt_values /usr/lib/python3/dist-packages/oslo_config/cfg.py:2609
2026-06-08 00:35:02.360 145255 DEBUG oslo_service.service [req-489383f1-ebe9-48f2-90dd-e1b7b6ede63e - - - - -] api.vendordata_dynamic_read_timeout = 5 log_opt_values /usr/lib/python3/dist-packages/oslo_config/cfg.py:2609
2026-06-08 00:35:02.360 145255 DEBUG oslo_service.service [req-489383f1-ebe9-48f2-90dd-e1b7b6ede63e - - - - -] api.vendordata_dynamic_ssl_certfile = log_opt_values /usr/lib/python3/dist-packages/oslo_config/cfg.py:2609
2026-06-08 00:35:02.360 145255 DEBUG oslo_service.service [req-489383f1-ebe9-48f2-90dd-e1b7b6ede63e - - - - -] api.vendordata_dynamic_targets = [] log_opt_values /usr/lib/python3/dist-packages/oslo_config/cfg.py:2609
2026-06-08 00:35:02.360 145255 DEBUG oslo_service.service [req-489383f1-ebe9-48f2-90dd-e1b7b6ede63e - - - - -] api.vendordata_jsonfile_path = None log_opt_values /usr/lib/python3/dist-packages/oslo_config/cfg.py:2609
2026-06-08 00:35:02.361 145255 DEBUG oslo_service.service [req-489383f1-ebe9-48f2-90dd-e1b7b6ede63e - - - - -] api.vendordata_providers = ['StaticJSON'] log_opt_values /usr/lib/python3/dist-packages/oslo_config/cfg.py:2609
2026-06-08 00:35:02.361 145255 DEBUG oslo_service.service [req-489383f1-ebe9-48f2-90dd-e1b7b6ede63e - - - - -] cache.backend = dogpile.cache.null log_opt_values /usr/lib/python3/dist-packages/oslo_config/cfg.py:2609
2026-06-08 00:35:02.361 145255 DEBUG oslo_service.service [req-489383f1-ebe9-48f2-90dd-e1b7b6ede63e - - - - -] cache.backend_argument = **** log_opt_values /usr/lib/python3/dist-packages/oslo_config/cfg.py:2609
2026-06-08 00:35:02.361 145255 DEBUG oslo_service.service [req-489383f1-ebe9-48f2-90dd-e1b7b6ede63e - - - - -] cache.config_prefix = cache.oslo log_opt_values /usr/lib/python3/dist-packages/oslo_config/cfg.py:2609
2026-06-08 00:35:02.362 145255 DEBUG oslo_service.service [req-489383f1-ebe9-48f2-90dd-e1b7b6ede63e - - - - -] cache.debug_cache_backend = False log_opt_values /usr/lib/python3/dist-packages/oslo_config/cfg.py:2609
2026-06-08 00:35:02.362 145255 DEBUG oslo_service.service [req-489383f1-ebe9-48f2-90dd-e1b7b6ede63e - - - - -] cache.enabled = False log_opt_values /usr/lib/python3/dist-packages/oslo_config/cfg.py:2609
2026-06-08 00:35:02.362 145255 DEBUG oslo_service.service [req-489383f1-ebe9-48f2-90dd-e1b7b6ede63e - - - - -] cache.expiration_time = 600 log_opt_values /usr/lib/python3/dist-packages/oslo_config/cfg.py:2609
2026-06-08 00:35:02.362 145255 DEBUG oslo_service.service [req-489383f1-ebe9-48f2-90dd-e1b7b6ede63e - - - - -] cache.memcache_dead_retry = 300 log_opt_values /usr/lib/python3/dist-packages/oslo_config/cfg.py:2609
2026-06-08 00:35:02.363 145255 DEBUG oslo_service.service [req-489383f1-ebe9-48f2-90dd-e1b7b6ede63e - - - - -] cache.memcache_pool_connection_get_timeout = 10 log_opt_values /usr/lib/python3/dist-packages/oslo_config/cfg.py:2609
2026-06-08 00:35:02.363 145255 DEBUG oslo_service.service [req-489383f1-ebe9-48f2-90dd-e1b7b6ede63e - - - - -] cache.memcache_pool_flush_on_reconnect = False log_opt_values /usr/lib/python3/dist-packages/oslo_config/cfg.py:2609
2026-06-08 00:35:02.363 145255 DEBUG oslo_service.service [req-489383f1-ebe9-48f2-90dd-e1b7b6ede63e - - - - -] cache.memcache_pool_maxsize = 10 log_opt_values /usr/lib/python3/dist-packages/oslo_config/cfg.py:2609
2026-06-08 00:35:02.363 145255 DEBUG oslo_service.service [req-489383f1-ebe9-48f2-90dd-e1b7b6ede63e - - - - -] cache.memcache_pool_unused_timeout = 60 log_opt_values /usr/lib/python3/dist-packages/oslo_config/cfg.py:2609
2026-06-08 00:35:02.364 145255 DEBUG oslo_service.service [req-489383f1-ebe9-48f2-90dd-e1b7b6ede63e - - - - -] cache.memcache_servers = ['localhost:11211'] log_opt_values /usr/lib/python3/dist-packages/oslo_config/cfg.py:2609
2026-06-08 00:35:02.364 145255 DEBUG oslo_service.service [req-489383f1-ebe9-48f2-90dd-e1b7b6ede63e - - - - -] cache.memcache_socket_timeout = 1.0 log_opt_values /usr/lib/python3/dist-packages/oslo_config/cfg.py:2609
2026-06-08 00:35:02.364 145255 DEBUG oslo_service.service [req-489383f1-ebe9-48f2-90dd-e1b7b6ede63e - - - - -] cache.proxies = [] log_opt_values /usr/lib/python3/dist-packages/oslo_config/cfg.py:2609
2026-06-08 00:35:02.364 145558 DEBUG nova.service [req-fe45640c-1d54-4321-a13f-8b3c959c3b28 - - - - -] Creating RPC server for service conductor start /usr/lib/python3/dist-packages/nova/service.py:182
2026-06-08 00:35:02.364 145255 DEBUG oslo_service.service [req-489383f1-ebe9-48f2-90dd-e1b7b6ede63e - - - - -] cache.tls_allowed_ciphers = None log_opt_values /usr/lib/python3/dist-packages/oslo_config/cfg.py:2609
2026-06-08 00:35:02.365 145255 DEBUG oslo_service.service [req-489383f1-ebe9-48f2-90dd-e1b7b6ede63e - - - - -] cache.tls_cafile = None log_opt_values /usr/lib/python3/dist-packages/oslo_config/cfg.py:2609
2026-06-08 00:35:02.365 145255 DEBUG oslo_service.service [req-489383f1-ebe9-48f2-90dd-e1b7b6ede63e - - - - -] cache.tls_certfile = None log_opt_values /usr/lib/python3/dist-packages/oslo_config/cfg.py:2609
2026-06-08 00:35:02.365 145255 DEBUG oslo_service.service [req-489383f1-ebe9-48f2-90dd-e1b7b6ede63e - - - - -] cache.tls_enabled = False log_opt_values /usr/lib/python3/dist-packages/oslo_config/cfg.py:2609
2026-06-08 00:35:02.365 145255 DEBUG oslo_service.service [req-489383f1-ebe9-48f2-90dd-e1b7b6ede63e - - - - -] cache.tls_keyfile = None log_opt_values /usr/lib/python3/dist-packages/oslo_config/cfg.py:2609
2026-06-08 00:35:02.365 145255 DEBUG oslo_service.service [req-489383f1-ebe9-48f2-90dd-e1b7b6ede63e - - - - -] cinder.auth_section = None log_opt_values /usr/lib/python3/dist-packages/oslo_config/cfg.py:2609
2026-06-08 00:35:02.365 145255 DEBUG oslo_service.service [req-489383f1-ebe9-48f2-90dd-e1b7b6ede63e - - - - -] cinder.auth_type = None log_opt_values /usr/lib/python3/dist-packages/oslo_config/cfg.py:2609
2026-06-08 00:35:02.366 145255 DEBUG oslo_service.service [req-489383f1-ebe9-48f2-90dd-e1b7b6ede63e - - - - -] cinder.cafile = None log_opt_values /usr/lib/python3/dist-packages/oslo_config/cfg.py:2609
2026-06-08 00:35:02.366 145255 DEBUG oslo_service.service [req-489383f1-ebe9-48f2-90dd-e1b7b6ede63e - - - - -] cinder.catalog_info = volumev3::publicURL log_opt_values /usr/lib/python3/dist-packages/oslo_config/cfg.py:2609
2026-06-08 00:35:02.366 145255 DEBUG oslo_service.service [req-489383f1-ebe9-48f2-90dd-e1b7b6ede63e - - - - -] cinder.certfile = None log_opt_values /usr/lib/python3/dist-packages/oslo_config/cfg.py:2609
2026-06-08 00:35:02.366 145255 DEBUG oslo_service.service [req-489383f1-ebe9-48f2-90dd-e1b7b6ede63e - - - - -] cinder.collect_timing = False log_opt_values /usr/lib/python3/dist-packages/oslo_config/cfg.py:2609
2026-06-08 00:35:02.366 145255 DEBUG oslo_service.service [req-489383f1-ebe9-48f2-90dd-e1b7b6ede63e - - - - -] cinder.cross_az_attach = True log_opt_values /usr/lib/python3/dist-packages/oslo_config/cfg.py:2609
2026-06-08 00:35:02.367 145255 DEBUG oslo_service.service [req-489383f1-ebe9-48f2-90dd-e1b7b6ede63e - - - - -] cinder.debug = False log_opt_values /usr/lib/python3/dist-packages/oslo_config/cfg.py:2609
2026-06-08 00:35:02.367 145255 DEBUG oslo_service.service [req-489383f1-ebe9-48f2-90dd-e1b7b6ede63e - - - - -] cinder.endpoint_template = None log_opt_values /usr/lib/python3/dist-packages/oslo_config/cfg.py:2609
2026-06-08 00:35:02.367 145255 DEBUG oslo_service.service [req-489383f1-ebe9-48f2-90dd-e1b7b6ede63e - - - - -] cinder.http_retries = 3 log_opt_values /usr/lib/python3/dist-packages/oslo_config/cfg.py:2609
2026-06-08 00:35:02.367 145255 DEBUG oslo_service.service [req-489383f1-ebe9-48f2-90dd-e1b7b6ede63e - - - - -] cinder.insecure = False log_opt_values /usr/lib/python3/dist-packages/oslo_config/cfg.py:2609
2026-06-08 00:35:02.368 145255 DEBUG oslo_service.service [req-489383f1-ebe9-48f2-90dd-e1b7b6ede63e - - - - -] cinder.keyfile = None log_opt_values /usr/lib/python3/dist-packages/oslo_config/cfg.py:2609
2026-06-08 00:35:02.368 145255 DEBUG oslo_service.service [req-489383f1-ebe9-48f2-90dd-e1b7b6ede63e - - - - -] cinder.os_region_name = None log_opt_values /usr/lib/python3/dist-packages/oslo_config/cfg.py:2609
2026-06-08 00:35:02.368 145255 DEBUG oslo_service.service [req-489383f1-ebe9-48f2-90dd-e1b7b6ede63e - - - - -] cinder.split_loggers = False log_opt_values /usr/lib/python3/dist-packages/oslo_config/cfg.py:2609
2026-06-08 00:35:02.368 145255 DEBUG oslo_service.service [req-489383f1-ebe9-48f2-90dd-e1b7b6ede63e - - - - -] cinder.timeout = None log_opt_values /usr/lib/python3/dist-packages/oslo_config/cfg.py:2609
2026-06-08 00:35:02.368 145255 DEBUG oslo_service.service [req-489383f1-ebe9-48f2-90dd-e1b7b6ede63e - - - - -] compute.consecutive_build_service_disable_threshold = 10 log_opt_values /usr/lib/python3/dist-packages/oslo_config/cfg.py:2609
2026-06-08 00:35:02.369 145255 DEBUG oslo_service.service [req-489383f1-ebe9-48f2-90dd-e1b7b6ede63e - - - - -] compute.cpu_dedicated_set = None log_opt_values /usr/lib/python3/dist-packages/oslo_config/cfg.py:2609
2026-06-08 00:35:02.369 145255 DEBUG oslo_service.service [req-489383f1-ebe9-48f2-90dd-e1b7b6ede63e - - - - -] compute.cpu_shared_set = None log_opt_values /usr/lib/python3/dist-packages/oslo_config/cfg.py:2609
2026-06-08 00:35:02.369 145560 DEBUG oslo_messaging._drivers.amqpdriver [-] Listener is running poll /usr/lib/python3/dist-packages/oslo_messaging/_drivers/amqpdriver.py:343
2026-06-08 00:35:02.369 145255 DEBUG oslo_service.service [req-489383f1-ebe9-48f2-90dd-e1b7b6ede63e - - - - -] compute.image_type_exclude_list = [] log_opt_values /usr/lib/python3/dist-packages/oslo_config/cfg.py:2609
2026-06-08 00:35:02.369 145560 DEBUG oslo_messaging._drivers.amqpdriver [-] AMQPListener connection consume poll /usr/lib/python3/dist-packages/oslo_messaging/_drivers/amqpdriver.py:357
2026-06-08 00:35:02.369 145255 DEBUG oslo_service.service [req-489383f1-ebe9-48f2-90dd-e1b7b6ede63e - - - - -] compute.live_migration_wait_for_vif_plug = True log_opt_values /usr/lib/python3/dist-packages/oslo_config/cfg.py:2609
2026-06-08 00:35:02.370 145255 DEBUG oslo_service.service [req-489383f1-ebe9-48f2-90dd-e1b7b6ede63e - - - - -] compute.max_concurrent_disk_ops = 0 log_opt_values /usr/lib/python3/dist-packages/oslo_config/cfg.py:2609
2026-06-08 00:35:02.370 145255 DEBUG oslo_service.service [req-489383f1-ebe9-48f2-90dd-e1b7b6ede63e - - - - -] compute.max_disk_devices_to_attach = -1 log_opt_values /usr/lib/python3/dist-packages/oslo_config/cfg.py:2609
2026-06-08 00:35:02.370 145255 DEBUG oslo_service.service [req-489383f1-ebe9-48f2-90dd-e1b7b6ede63e - - - - -] compute.packing_host_numa_cells_allocation_strategy = True log_opt_values /usr/lib/python3/dist-packages/oslo_config/cfg.py:2609
2026-06-08 00:35:02.370 145559 DEBUG oslo_messaging._drivers.amqpdriver [-] Listener is running poll /usr/lib/python3/dist-packages/oslo_messaging/_drivers/amqpdriver.py:343
2026-06-08 00:35:02.370 145255 DEBUG oslo_service.service [req-489383f1-ebe9-48f2-90dd-e1b7b6ede63e - - - - -] compute.provider_config_location = /etc/nova/provider_config/ log_opt_values /usr/lib/python3/dist-packages/oslo_config/cfg.py:2609
2026-06-08 00:35:02.370 145559 DEBUG oslo_messaging._drivers.amqpdriver [-] AMQPListener connection consume poll /usr/lib/python3/dist-packages/oslo_messaging/_drivers/amqpdriver.py:357
2026-06-08 00:35:02.371 145255 DEBUG oslo_service.service [req-489383f1-ebe9-48f2-90dd-e1b7b6ede63e - - - - -] compute.resource_provider_association_refresh = 300 log_opt_values /usr/lib/python3/dist-packages/oslo_config/cfg.py:2609
2026-06-08 00:35:02.371 145255 DEBUG oslo_service.service [req-489383f1-ebe9-48f2-90dd-e1b7b6ede63e - - - - -] compute.shutdown_retry_interval = 10 log_opt_values /usr/lib/python3/dist-packages/oslo_config/cfg.py:2609
2026-06-08 00:35:02.371 145255 DEBUG oslo_service.service [req-489383f1-ebe9-48f2-90dd-e1b7b6ede63e - - - - -] compute.vmdk_allowed_types = ['streamOptimized', 'monolithicSparse'] log_opt_values /usr/lib/python3/dist-packages/oslo_config/cfg.py:2609
2026-06-08 00:35:02.371 145255 DEBUG oslo_service.service [req-489383f1-ebe9-48f2-90dd-e1b7b6ede63e - - - - -] conductor.workers = 4 log_opt_values /usr/lib/python3/dist-packages/oslo_config/cfg.py:2609
2026-06-08 00:35:02.371 145559 DEBUG nova.service [req-b566dc9d-14ea-4d5b-8db3-88f2b6521ec6 - - - - -] Join ServiceGroup membership for this service conductor start /usr/lib/python3/dist-packages/nova/service.py:199
2026-06-08 00:35:02.371 145255 DEBUG oslo_service.service [req-489383f1-ebe9-48f2-90dd-e1b7b6ede63e - - - - -] console.allowed_origins = [] log_opt_values /usr/lib/python3/dist-packages/oslo_config/cfg.py:2609
2026-06-08 00:35:02.372 145559 DEBUG nova.servicegroup.drivers.db [req-b566dc9d-14ea-4d5b-8db3-88f2b6521ec6 - - - - -] DB_Driver: join new ServiceGroup member juju-41701f-0-lxd-7 to the conductor group, service = join /usr/lib/python3/dist-packages/nova/servicegroup/drivers/db.py:44
2026-06-08 00:35:02.372 145560 DEBUG nova.service [req-6e63b79c-f148-42dd-b19d-0c9ae397b8e5 - - - - -] Join ServiceGroup membership for this service conductor start /usr/lib/python3/dist-packages/nova/service.py:199
2026-06-08 00:35:02.372 145255 DEBUG oslo_service.service [req-489383f1-ebe9-48f2-90dd-e1b7b6ede63e - - - - -] console.ssl_ciphers = None log_opt_values /usr/lib/python3/dist-packages/oslo_config/cfg.py:2609
2026-06-08 00:35:02.372 145560 DEBUG nova.servicegroup.drivers.db [req-6e63b79c-f148-42dd-b19d-0c9ae397b8e5 - - - - -] DB_Driver: join new ServiceGroup member juju-41701f-0-lxd-7 to the conductor group, service = join /usr/lib/python3/dist-packages/nova/servicegroup/drivers/db.py:44
2026-06-08 00:35:02.372 145255 DEBUG oslo_service.service [req-489383f1-ebe9-48f2-90dd-e1b7b6ede63e - - - - -] console.ssl_minimum_version = default log_opt_values /usr/lib/python3/dist-packages/oslo_config/cfg.py:2609
2026-06-08 00:35:02.372 145255 DEBUG oslo_service.service [req-489383f1-ebe9-48f2-90dd-e1b7b6ede63e - - - - -] consoleauth.token_ttl = 600 log_opt_values /usr/lib/python3/dist-packages/oslo_config/cfg.py:2609
2026-06-08 00:35:02.373 145255 DEBUG oslo_service.service [req-489383f1-ebe9-48f2-90dd-e1b7b6ede63e - - - - -] cyborg.cafile = None log_opt_values /usr/lib/python3/dist-packages/oslo_config/cfg.py:2609
2026-06-08 00:35:02.373 145255 DEBUG oslo_service.service [req-489383f1-ebe9-48f2-90dd-e1b7b6ede63e - - - - -] cyborg.certfile = None log_opt_values /usr/lib/python3/dist-packages/oslo_config/cfg.py:2609
2026-06-08 00:35:02.373 145255 DEBUG oslo_service.service [req-489383f1-ebe9-48f2-90dd-e1b7b6ede63e - - - - -] cyborg.collect_timing = False log_opt_values /usr/lib/python3/dist-packages/oslo_config/cfg.py:2609
2026-06-08 00:35:02.373 145255 DEBUG oslo_service.service [req-489383f1-ebe9-48f2-90dd-e1b7b6ede63e - - - - -] cyborg.connect_retries = None log_opt_values /usr/lib/python3/dist-packages/oslo_config/cfg.py:2609
2026-06-08 00:35:02.374 145255 DEBUG oslo_service.service [req-489383f1-ebe9-48f2-90dd-e1b7b6ede63e - - - - -] cyborg.connect_retry_delay = None log_opt_values /usr/lib/python3/dist-packages/oslo_config/cfg.py:2609
2026-06-08 00:35:02.374 145255 DEBUG oslo_service.service [req-489383f1-ebe9-48f2-90dd-e1b7b6ede63e - - - - -] cyborg.endpoint_override = None log_opt_values /usr/lib/python3/dist-packages/oslo_config/cfg.py:2609
2026-06-08 00:35:02.374 145255 DEBUG oslo_service.service [req-489383f1-ebe9-48f2-90dd-e1b7b6ede63e - - - - -] cyborg.insecure = False log_opt_values /usr/lib/python3/dist-packages/oslo_config/cfg.py:2609
2026-06-08 00:35:02.374 145255 DEBUG oslo_service.service [req-489383f1-ebe9-48f2-90dd-e1b7b6ede63e - - - - -] cyborg.keyfile = None log_opt_values /usr/lib/python3/dist-packages/oslo_config/cfg.py:2609
2026-06-08 00:35:02.375 145255 DEBUG oslo_service.service [req-489383f1-ebe9-48f2-90dd-e1b7b6ede63e - - - - -] cyborg.max_version = None log_opt_values /usr/lib/python3/dist-packages/oslo_config/cfg.py:2609
2026-06-08 00:35:02.375 145255 DEBUG oslo_service.service [req-489383f1-ebe9-48f2-90dd-e1b7b6ede63e - - - - -] cyborg.min_version = None log_opt_values /usr/lib/python3/dist-packages/oslo_config/cfg.py:2609
2026-06-08 00:35:02.375 145560 DEBUG oslo_messaging._drivers.amqpdriver [-] AMQPListener connection timeout poll /usr/lib/python3/dist-packages/oslo_messaging/_drivers/amqpdriver.py:360
2026-06-08 00:35:02.375 145255 DEBUG oslo_service.service [req-489383f1-ebe9-48f2-90dd-e1b7b6ede63e - - - - -] cyborg.region_name = None log_opt_values /usr/lib/python3/dist-packages/oslo_config/cfg.py:2609
2026-06-08 00:35:02.375 145255 DEBUG oslo_service.service [req-489383f1-ebe9-48f2-90dd-e1b7b6ede63e - - - - -] cyborg.service_name = None log_opt_values /usr/lib/python3/dist-packages/oslo_config/cfg.py:2609
2026-06-08 00:35:02.375 145255 DEBUG oslo_service.service [req-489383f1-ebe9-48f2-90dd-e1b7b6ede63e - - - - -] cyborg.service_type = accelerator log_opt_values /usr/lib/python3/dist-packages/oslo_config/cfg.py:2609
2026-06-08 00:35:02.376 145255 DEBUG oslo_service.service [req-489383f1-ebe9-48f2-90dd-e1b7b6ede63e - - - - -] cyborg.split_loggers = False log_opt_values /usr/lib/python3/dist-packages/oslo_config/cfg.py:2609
2026-06-08 00:35:02.375 145559 DEBUG oslo_messaging._drivers.amqpdriver [-] AMQPListener connection timeout poll /usr/lib/python3/dist-packages/oslo_messaging/_drivers/amqpdriver.py:360
2026-06-08 00:35:02.376 145255 DEBUG oslo_service.service [req-489383f1-ebe9-48f2-90dd-e1b7b6ede63e - - - - -] cyborg.status_code_retries = None log_opt_values /usr/lib/python3/dist-packages/oslo_config/cfg.py:2609
2026-06-08 00:35:02.375 145560 DEBUG oslo_messaging._drivers.amqpdriver [-] Listener is running poll /usr/lib/python3/dist-packages/oslo_messaging/_drivers/amqpdriver.py:343
2026-06-08 00:35:02.376 145255 DEBUG oslo_service.service [req-489383f1-ebe9-48f2-90dd-e1b7b6ede63e - - - - -] cyborg.status_code_retry_delay = None log_opt_values /usr/lib/python3/dist-packages/oslo_config/cfg.py:2609
2026-06-08 00:35:02.376 145559 DEBUG oslo_messaging._drivers.amqpdriver [-] Listener is running poll /usr/lib/python3/dist-packages/oslo_messaging/_drivers/amqpdriver.py:343
2026-06-08 00:35:02.376 145560 DEBUG oslo_messaging._drivers.amqpdriver [-] AMQPListener connection consume poll /usr/lib/python3/dist-packages/oslo_messaging/_drivers/amqpdriver.py:357
2026-06-08 00:35:02.376 145559 DEBUG oslo_messaging._drivers.amqpdriver [-] AMQPListener connection consume poll /usr/lib/python3/dist-packages/oslo_messaging/_drivers/amqpdriver.py:357
2026-06-08 00:35:02.376 145255 DEBUG oslo_service.service [req-489383f1-ebe9-48f2-90dd-e1b7b6ede63e - - - - -] cyborg.timeout = None log_opt_values /usr/lib/python3/dist-packages/oslo_config/cfg.py:2609
2026-06-08 00:35:02.376 145255 DEBUG oslo_service.service [req-489383f1-ebe9-48f2-90dd-e1b7b6ede63e - - - - -] cyborg.valid_interfaces = ['internal', 'public'] log_opt_values /usr/lib/python3/dist-packages/oslo_config/cfg.py:2609
2026-06-08 00:35:02.376 145255 DEBUG oslo_service.service [req-489383f1-ebe9-48f2-90dd-e1b7b6ede63e - - - - -] cyborg.version = None log_opt_values /usr/lib/python3/dist-packages/oslo_config/cfg.py:2609
2026-06-08 00:35:02.377 145255 DEBUG oslo_service.service [req-489383f1-ebe9-48f2-90dd-e1b7b6ede63e - - - - -] database.backend = sqlalchemy log_opt_values /usr/lib/python3/dist-packages/oslo_config/cfg.py:2609
2026-06-08 00:35:02.377 145255 DEBUG oslo_service.service [req-489383f1-ebe9-48f2-90dd-e1b7b6ede63e - - - - -] database.connection = **** log_opt_values /usr/lib/python3/dist-packages/oslo_config/cfg.py:2609
2026-06-08 00:35:02.377 145255 DEBUG oslo_service.service [req-489383f1-ebe9-48f2-90dd-e1b7b6ede63e - - - - -] database.connection_debug = 0 log_opt_values /usr/lib/python3/dist-packages/oslo_config/cfg.py:2609
2026-06-08 00:35:02.377 145255 DEBUG oslo_service.service [req-489383f1-ebe9-48f2-90dd-e1b7b6ede63e - - - - -] database.connection_parameters = log_opt_values /usr/lib/python3/dist-packages/oslo_config/cfg.py:2609
2026-06-08 00:35:02.377 145255 DEBUG oslo_service.service [req-489383f1-ebe9-48f2-90dd-e1b7b6ede63e - - - - -] database.connection_recycle_time = 3600 log_opt_values /usr/lib/python3/dist-packages/oslo_config/cfg.py:2609
2026-06-08 00:35:02.378 145255 DEBUG oslo_service.service [req-489383f1-ebe9-48f2-90dd-e1b7b6ede63e - - - - -] database.connection_trace = False log_opt_values /usr/lib/python3/dist-packages/oslo_config/cfg.py:2609
2026-06-08 00:35:02.378 145255 DEBUG oslo_service.service [req-489383f1-ebe9-48f2-90dd-e1b7b6ede63e - - - - -] database.db_inc_retry_interval = True log_opt_values /usr/lib/python3/dist-packages/oslo_config/cfg.py:2609
2026-06-08 00:35:02.378 145255 DEBUG oslo_service.service [req-489383f1-ebe9-48f2-90dd-e1b7b6ede63e - - - - -] database.db_max_retries = 20 log_opt_values /usr/lib/python3/dist-packages/oslo_config/cfg.py:2609
2026-06-08 00:35:02.378 145255 DEBUG oslo_service.service [req-489383f1-ebe9-48f2-90dd-e1b7b6ede63e - - - - -] database.db_max_retry_interval = 10 log_opt_values /usr/lib/python3/dist-packages/oslo_config/cfg.py:2609
2026-06-08 00:35:02.379 145255 DEBUG oslo_service.service [req-489383f1-ebe9-48f2-90dd-e1b7b6ede63e - - - - -] database.db_retry_interval = 1 log_opt_values /usr/lib/python3/dist-packages/oslo_config/cfg.py:2609
2026-06-08 00:35:02.379 145255 DEBUG oslo_service.service [req-489383f1-ebe9-48f2-90dd-e1b7b6ede63e - - - - -] database.max_overflow = 50 log_opt_values /usr/lib/python3/dist-packages/oslo_config/cfg.py:2609
2026-06-08 00:35:02.379 145255 DEBUG oslo_service.service [req-489383f1-ebe9-48f2-90dd-e1b7b6ede63e - - - - -] database.max_pool_size = 4 log_opt_values /usr/lib/python3/dist-packages/oslo_config/cfg.py:2609
2026-06-08 00:35:02.379 145255 DEBUG oslo_service.service [req-489383f1-ebe9-48f2-90dd-e1b7b6ede63e - - - - -] database.max_retries = 10 log_opt_values /usr/lib/python3/dist-packages/oslo_config/cfg.py:2609
2026-06-08 00:35:02.380 145255 DEBUG oslo_service.service [req-489383f1-ebe9-48f2-90dd-e1b7b6ede63e - - - - -] database.mysql_enable_ndb = False log_opt_values /usr/lib/python3/dist-packages/oslo_config/cfg.py:2609
2026-06-08 00:35:02.380 145255 DEBUG oslo_service.service [req-489383f1-ebe9-48f2-90dd-e1b7b6ede63e - - - - -] database.mysql_sql_mode = TRADITIONAL log_opt_values /usr/lib/python3/dist-packages/oslo_config/cfg.py:2609
2026-06-08 00:35:02.380 145255 DEBUG oslo_service.service [req-489383f1-ebe9-48f2-90dd-e1b7b6ede63e - - - - -] database.pool_timeout = None log_opt_values /usr/lib/python3/dist-packages/oslo_config/cfg.py:2609
2026-06-08 00:35:02.380 145255 DEBUG oslo_service.service [req-489383f1-ebe9-48f2-90dd-e1b7b6ede63e - - - - -] database.retry_interval = 10 log_opt_values /usr/lib/python3/dist-packages/oslo_config/cfg.py:2609
2026-06-08 00:35:02.380 145255 DEBUG oslo_service.service [req-489383f1-ebe9-48f2-90dd-e1b7b6ede63e - - - - -] database.slave_connection = **** log_opt_values /usr/lib/python3/dist-packages/oslo_config/cfg.py:2609
2026-06-08 00:35:02.381 145255 DEBUG oslo_service.service [req-489383f1-ebe9-48f2-90dd-e1b7b6ede63e - - - - -] database.sqlite_synchronous = True log_opt_values /usr/lib/python3/dist-packages/oslo_config/cfg.py:2609
2026-06-08 00:35:02.381 145255 DEBUG oslo_service.service [req-489383f1-ebe9-48f2-90dd-e1b7b6ede63e - - - - -] database.use_db_reconnect = False log_opt_values /usr/lib/python3/dist-packages/oslo_config/cfg.py:2609
2026-06-08 00:35:02.381 145255 DEBUG oslo_service.service [req-489383f1-ebe9-48f2-90dd-e1b7b6ede63e - - - - -] api_database.backend = sqlalchemy log_opt_values /usr/lib/python3/dist-packages/oslo_config/cfg.py:2609
2026-06-08 00:35:02.381 145255 DEBUG oslo_service.service [req-489383f1-ebe9-48f2-90dd-e1b7b6ede63e - - - - -] api_database.connection = **** log_opt_values /usr/lib/python3/dist-packages/oslo_config/cfg.py:2609
2026-06-08 00:35:02.382 145255 DEBUG oslo_service.service [req-489383f1-ebe9-48f2-90dd-e1b7b6ede63e - - - - -] api_database.connection_debug = 0 log_opt_values /usr/lib/python3/dist-packages/oslo_config/cfg.py:2609
2026-06-08 00:35:02.382 145255 DEBUG oslo_service.service [req-489383f1-ebe9-48f2-90dd-e1b7b6ede63e - - - - -] api_database.connection_parameters = log_opt_values /usr/lib/python3/dist-packages/oslo_config/cfg.py:2609
2026-06-08 00:35:02.382 145255 DEBUG oslo_service.service [req-489383f1-ebe9-48f2-90dd-e1b7b6ede63e - - - - -] api_database.connection_recycle_time = 3600 log_opt_values /usr/lib/python3/dist-packages/oslo_config/cfg.py:2609
2026-06-08 00:35:02.382 145255 DEBUG oslo_service.service [req-489383f1-ebe9-48f2-90dd-e1b7b6ede63e - - - - -] api_database.connection_trace = False log_opt_values /usr/lib/python3/dist-packages/oslo_config/cfg.py:2609
2026-06-08 00:35:02.382 145255 DEBUG oslo_service.service [req-489383f1-ebe9-48f2-90dd-e1b7b6ede63e - - - - -] api_database.db_inc_retry_interval = True log_opt_values /usr/lib/python3/dist-packages/oslo_config/cfg.py:2609
2026-06-08 00:35:02.383 145255 DEBUG oslo_service.service [req-489383f1-ebe9-48f2-90dd-e1b7b6ede63e - - - - -] api_database.db_max_retries = 20 log_opt_values /usr/lib/python3/dist-packages/oslo_config/cfg.py:2609
2026-06-08 00:35:02.383 145561 DEBUG oslo_messaging._drivers.amqpdriver [-] Listener is running poll /usr/lib/python3/dist-packages/oslo_messaging/_drivers/amqpdriver.py:343
2026-06-08 00:35:02.383 145255 DEBUG oslo_service.service [req-489383f1-ebe9-48f2-90dd-e1b7b6ede63e - - - - -] api_database.db_max_retry_interval = 10 log_opt_values /usr/lib/python3/dist-packages/oslo_config/cfg.py:2609
2026-06-08 00:35:02.383 145561 DEBUG oslo_messaging._drivers.amqpdriver [-] AMQPListener connection consume poll /usr/lib/python3/dist-packages/oslo_messaging/_drivers/amqpdriver.py:357
2026-06-08 00:35:02.383 145255 DEBUG oslo_service.service [req-489383f1-ebe9-48f2-90dd-e1b7b6ede63e - - - - -] api_database.db_retry_interval = 1 log_opt_values /usr/lib/python3/dist-packages/oslo_config/cfg.py:2609
2026-06-08 00:35:02.383 145255 DEBUG oslo_service.service [req-489383f1-ebe9-48f2-90dd-e1b7b6ede63e - - - - -] api_database.max_overflow = 50 log_opt_values /usr/lib/python3/dist-packages/oslo_config/cfg.py:2609
2026-06-08 00:35:02.384 145255 DEBUG oslo_service.service [req-489383f1-ebe9-48f2-90dd-e1b7b6ede63e - - - - -] api_database.max_pool_size = 4 log_opt_values /usr/lib/python3/dist-packages/oslo_config/cfg.py:2609
2026-06-08 00:35:02.384 145255 DEBUG oslo_service.service [req-489383f1-ebe9-48f2-90dd-e1b7b6ede63e - - - - -] api_database.max_retries = 10 log_opt_values /usr/lib/python3/dist-packages/oslo_config/cfg.py:2609
2026-06-08 00:35:02.384 145255 DEBUG oslo_service.service [req-489383f1-ebe9-48f2-90dd-e1b7b6ede63e - - - - -] api_database.mysql_enable_ndb = False log_opt_values /usr/lib/python3/dist-packages/oslo_config/cfg.py:2609
2026-06-08 00:35:02.384 145255 DEBUG oslo_service.service [req-489383f1-ebe9-48f2-90dd-e1b7b6ede63e - - - - -] api_database.mysql_sql_mode = TRADITIONAL log_opt_values /usr/lib/python3/dist-packages/oslo_config/cfg.py:2609
2026-06-08 00:35:02.385 145255 DEBUG oslo_service.service [req-489383f1-ebe9-48f2-90dd-e1b7b6ede63e - - - - -] api_database.pool_timeout = None log_opt_values /usr/lib/python3/dist-packages/oslo_config/cfg.py:2609
2026-06-08 00:35:02.385 145255 DEBUG oslo_service.service [req-489383f1-ebe9-48f2-90dd-e1b7b6ede63e - - - - -] api_database.retry_interval = 10 log_opt_values /usr/lib/python3/dist-packages/oslo_config/cfg.py:2609
2026-06-08 00:35:02.385 145255 DEBUG oslo_service.service [req-489383f1-ebe9-48f2-90dd-e1b7b6ede63e - - - - -] api_database.slave_connection = **** log_opt_values /usr/lib/python3/dist-packages/oslo_config/cfg.py:2609
2026-06-08 00:35:02.385 145255 DEBUG oslo_service.service [req-489383f1-ebe9-48f2-90dd-e1b7b6ede63e - - - - -] api_database.sqlite_synchronous = True log_opt_values /usr/lib/python3/dist-packages/oslo_config/cfg.py:2609
2026-06-08 00:35:02.386 145255 DEBUG oslo_service.service [req-489383f1-ebe9-48f2-90dd-e1b7b6ede63e - - - - -] devices.enabled_mdev_types = [] log_opt_values /usr/lib/python3/dist-packages/oslo_config/cfg.py:2609
2026-06-08 00:35:02.386 145255 DEBUG oslo_service.service [req-489383f1-ebe9-48f2-90dd-e1b7b6ede63e - - - - -] ephemeral_storage_encryption.cipher = aes-xts-plain64 log_opt_values /usr/lib/python3/dist-packages/oslo_config/cfg.py:2609
2026-06-08 00:35:02.386 145255 DEBUG oslo_service.service [req-489383f1-ebe9-48f2-90dd-e1b7b6ede63e - - - - -] ephemeral_storage_encryption.enabled = False log_opt_values /usr/lib/python3/dist-packages/oslo_config/cfg.py:2609
2026-06-08 00:35:02.386 145255 DEBUG oslo_service.service [req-489383f1-ebe9-48f2-90dd-e1b7b6ede63e - - - - -] ephemeral_storage_encryption.key_size = 512 log_opt_values /usr/lib/python3/dist-packages/oslo_config/cfg.py:2609
2026-06-08 00:35:02.386 145255 WARNING oslo_config.cfg [req-489383f1-ebe9-48f2-90dd-e1b7b6ede63e - - - - -] Deprecated: Option "api_servers" from group "glance" is deprecated for removal ( Support for image service configuration via standard keystoneauth1 Adapter options was added in the 17.0.0 Queens release. The api_servers option was retained temporarily to allow consumers time to cut over to a real load balancing solution. ). Its value may be silently ignored in the future.
2026-06-08 00:35:02.386 145561 DEBUG nova.service [req-8bb284b6-f3d4-4a9b-bf5a-f80d5d1df994 - - - - -] Join ServiceGroup membership for this service conductor start /usr/lib/python3/dist-packages/nova/service.py:199
2026-06-08 00:35:02.387 145255 DEBUG oslo_service.service [req-489383f1-ebe9-48f2-90dd-e1b7b6ede63e - - - - -] glance.api_servers = ['http://252.129.222.202:9292'] log_opt_values /usr/lib/python3/dist-packages/oslo_config/cfg.py:2609
2026-06-08 00:35:02.387 145255 DEBUG oslo_service.service [req-489383f1-ebe9-48f2-90dd-e1b7b6ede63e - - - - -] glance.cafile = None log_opt_values /usr/lib/python3/dist-packages/oslo_config/cfg.py:2609
2026-06-08 00:35:02.387 145561 DEBUG nova.servicegroup.drivers.db [req-8bb284b6-f3d4-4a9b-bf5a-f80d5d1df994 - - - - -] DB_Driver: join new ServiceGroup member juju-41701f-0-lxd-7 to the conductor group, service = join /usr/lib/python3/dist-packages/nova/servicegroup/drivers/db.py:44
2026-06-08 00:35:02.387 145255 DEBUG oslo_service.service [req-489383f1-ebe9-48f2-90dd-e1b7b6ede63e - - - - -] glance.certfile = None log_opt_values /usr/lib/python3/dist-packages/oslo_config/cfg.py:2609
2026-06-08 00:35:02.387 145255 DEBUG oslo_service.service [req-489383f1-ebe9-48f2-90dd-e1b7b6ede63e - - - - -] glance.collect_timing = False log_opt_values /usr/lib/python3/dist-packages/oslo_config/cfg.py:2609
2026-06-08 00:35:02.387 145255 DEBUG oslo_service.service [req-489383f1-ebe9-48f2-90dd-e1b7b6ede63e - - - - -] glance.connect_retries = None log_opt_values /usr/lib/python3/dist-packages/oslo_config/cfg.py:2609
2026-06-08 00:35:02.388 145255 DEBUG oslo_service.service [req-489383f1-ebe9-48f2-90dd-e1b7b6ede63e - - - - -] glance.connect_retry_delay = None log_opt_values /usr/lib/python3/dist-packages/oslo_config/cfg.py:2609
2026-06-08 00:35:02.388 145255 DEBUG oslo_service.service [req-489383f1-ebe9-48f2-90dd-e1b7b6ede63e - - - - -] glance.debug = False log_opt_values /usr/lib/python3/dist-packages/oslo_config/cfg.py:2609
2026-06-08 00:35:02.388 145558 DEBUG oslo_messaging._drivers.amqpdriver [-] Listener is running poll /usr/lib/python3/dist-packages/oslo_messaging/_drivers/amqpdriver.py:343
2026-06-08 00:35:02.388 145255 DEBUG oslo_service.service [req-489383f1-ebe9-48f2-90dd-e1b7b6ede63e - - - - -] glance.default_trusted_certificate_ids = [] log_opt_values /usr/lib/python3/dist-packages/oslo_config/cfg.py:2609
2026-06-08 00:35:02.388 145558 DEBUG oslo_messaging._drivers.amqpdriver [-] AMQPListener connection consume poll /usr/lib/python3/dist-packages/oslo_messaging/_drivers/amqpdriver.py:357
2026-06-08 00:35:02.388 145255 DEBUG oslo_service.service [req-489383f1-ebe9-48f2-90dd-e1b7b6ede63e - - - - -] glance.enable_certificate_validation = False log_opt_values /usr/lib/python3/dist-packages/oslo_config/cfg.py:2609
2026-06-08 00:35:02.388 145255 DEBUG oslo_service.service [req-489383f1-ebe9-48f2-90dd-e1b7b6ede63e - - - - -] glance.enable_rbd_download = False log_opt_values /usr/lib/python3/dist-packages/oslo_config/cfg.py:2609
2026-06-08 00:35:02.389 145255 DEBUG oslo_service.service [req-489383f1-ebe9-48f2-90dd-e1b7b6ede63e - - - - -] glance.endpoint_override = None log_opt_values /usr/lib/python3/dist-packages/oslo_config/cfg.py:2609
2026-06-08 00:35:02.389 145255 DEBUG oslo_service.service [req-489383f1-ebe9-48f2-90dd-e1b7b6ede63e - - - - -] glance.insecure = False log_opt_values /usr/lib/python3/dist-packages/oslo_config/cfg.py:2609
2026-06-08 00:35:02.389 145255 DEBUG oslo_service.service [req-489383f1-ebe9-48f2-90dd-e1b7b6ede63e - - - - -] glance.keyfile = None log_opt_values /usr/lib/python3/dist-packages/oslo_config/cfg.py:2609
2026-06-08 00:35:02.389 145561 DEBUG oslo_messaging._drivers.amqpdriver [-] AMQPListener connection timeout poll /usr/lib/python3/dist-packages/oslo_messaging/_drivers/amqpdriver.py:360
2026-06-08 00:35:02.389 145558 DEBUG nova.service [req-fe45640c-1d54-4321-a13f-8b3c959c3b28 - - - - -] Join ServiceGroup membership for this service conductor start /usr/lib/python3/dist-packages/nova/service.py:199
2026-06-08 00:35:02.389 145255 DEBUG oslo_service.service [req-489383f1-ebe9-48f2-90dd-e1b7b6ede63e - - - - -] glance.max_version = None log_opt_values /usr/lib/python3/dist-packages/oslo_config/cfg.py:2609
2026-06-08 00:35:02.389 145561 DEBUG oslo_messaging._drivers.amqpdriver [-] Listener is running poll /usr/lib/python3/dist-packages/oslo_messaging/_drivers/amqpdriver.py:343
2026-06-08 00:35:02.390 145558 DEBUG nova.servicegroup.drivers.db [req-fe45640c-1d54-4321-a13f-8b3c959c3b28 - - - - -] DB_Driver: join new ServiceGroup member juju-41701f-0-lxd-7 to the conductor group, service = join /usr/lib/python3/dist-packages/nova/servicegroup/drivers/db.py:44
2026-06-08 00:35:02.390 145561 DEBUG oslo_messaging._drivers.amqpdriver [-] AMQPListener connection consume poll /usr/lib/python3/dist-packages/oslo_messaging/_drivers/amqpdriver.py:357
2026-06-08 00:35:02.390 145255 DEBUG oslo_service.service [req-489383f1-ebe9-48f2-90dd-e1b7b6ede63e - - - - -] glance.min_version = None log_opt_values /usr/lib/python3/dist-packages/oslo_config/cfg.py:2609
2026-06-08 00:35:02.390 145255 DEBUG oslo_service.service [req-489383f1-ebe9-48f2-90dd-e1b7b6ede63e - - - - -] glance.num_retries = 3 log_opt_values /usr/lib/python3/dist-packages/oslo_config/cfg.py:2609
2026-06-08 00:35:02.390 145255 DEBUG oslo_service.service [req-489383f1-ebe9-48f2-90dd-e1b7b6ede63e - - - - -] glance.rbd_ceph_conf = log_opt_values /usr/lib/python3/dist-packages/oslo_config/cfg.py:2609
2026-06-08 00:35:02.390 145255 DEBUG oslo_service.service [req-489383f1-ebe9-48f2-90dd-e1b7b6ede63e - - - - -] glance.rbd_connect_timeout = 5 log_opt_values /usr/lib/python3/dist-packages/oslo_config/cfg.py:2609
2026-06-08 00:35:02.391 145255 DEBUG oslo_service.service [req-489383f1-ebe9-48f2-90dd-e1b7b6ede63e - - - - -] glance.rbd_pool = log_opt_values /usr/lib/python3/dist-packages/oslo_config/cfg.py:2609
2026-06-08 00:35:02.391 145255 DEBUG oslo_service.service [req-489383f1-ebe9-48f2-90dd-e1b7b6ede63e - - - - -] glance.rbd_user = log_opt_values /usr/lib/python3/dist-packages/oslo_config/cfg.py:2609
2026-06-08 00:35:02.391 145255 DEBUG oslo_service.service [req-489383f1-ebe9-48f2-90dd-e1b7b6ede63e - - - - -] glance.region_name = None log_opt_values /usr/lib/python3/dist-packages/oslo_config/cfg.py:2609
2026-06-08 00:35:02.391 145255 DEBUG oslo_service.service [req-489383f1-ebe9-48f2-90dd-e1b7b6ede63e - - - - -] glance.service_name = None log_opt_values /usr/lib/python3/dist-packages/oslo_config/cfg.py:2609
2026-06-08 00:35:02.391 145558 DEBUG oslo_messaging._drivers.amqpdriver [-] AMQPListener connection timeout poll /usr/lib/python3/dist-packages/oslo_messaging/_drivers/amqpdriver.py:360
2026-06-08 00:35:02.391 145558 DEBUG oslo_messaging._drivers.amqpdriver [-] Listener is running poll /usr/lib/python3/dist-packages/oslo_messaging/_drivers/amqpdriver.py:343
2026-06-08 00:35:02.391 145255 DEBUG oslo_service.service [req-489383f1-ebe9-48f2-90dd-e1b7b6ede63e - - - - -] glance.service_type = image log_opt_values /usr/lib/python3/dist-packages/oslo_config/cfg.py:2609
2026-06-08 00:35:02.392 145558 DEBUG oslo_messaging._drivers.amqpdriver [-] AMQPListener connection consume poll /usr/lib/python3/dist-packages/oslo_messaging/_drivers/amqpdriver.py:357
2026-06-08 00:35:02.392 145255 DEBUG oslo_service.service [req-489383f1-ebe9-48f2-90dd-e1b7b6ede63e - - - - -] glance.split_loggers = False log_opt_values /usr/lib/python3/dist-packages/oslo_config/cfg.py:2609
2026-06-08 00:35:02.392 145255 DEBUG oslo_service.service [req-489383f1-ebe9-48f2-90dd-e1b7b6ede63e - - - - -] glance.status_code_retries = None log_opt_values /usr/lib/python3/dist-packages/oslo_config/cfg.py:2609
2026-06-08 00:35:02.392 145255 DEBUG oslo_service.service [req-489383f1-ebe9-48f2-90dd-e1b7b6ede63e - - - - -] glance.status_code_retry_delay = None log_opt_values /usr/lib/python3/dist-packages/oslo_config/cfg.py:2609
2026-06-08 00:35:02.392 145255 DEBUG oslo_service.service [req-489383f1-ebe9-48f2-90dd-e1b7b6ede63e - - - - -] glance.timeout = None log_opt_values /usr/lib/python3/dist-packages/oslo_config/cfg.py:2609
2026-06-08 00:35:02.392 145255 DEBUG oslo_service.service [req-489383f1-ebe9-48f2-90dd-e1b7b6ede63e - - - - -] glance.valid_interfaces = ['internal', 'public'] log_opt_values /usr/lib/python3/dist-packages/oslo_config/cfg.py:2609
2026-06-08 00:35:02.393 145255 DEBUG oslo_service.service [req-489383f1-ebe9-48f2-90dd-e1b7b6ede63e - - - - -] glance.verify_glance_signatures = False log_opt_values /usr/lib/python3/dist-packages/oslo_config/cfg.py:2609
2026-06-08 00:35:02.393 145255 DEBUG oslo_service.service [req-489383f1-ebe9-48f2-90dd-e1b7b6ede63e - - - - -] glance.version = None log_opt_values /usr/lib/python3/dist-packages/oslo_config/cfg.py:2609
2026-06-08 00:35:02.393 145255 DEBUG oslo_service.service [req-489383f1-ebe9-48f2-90dd-e1b7b6ede63e - - - - -] guestfs.debug = False log_opt_values /usr/lib/python3/dist-packages/oslo_config/cfg.py:2609
2026-06-08 00:35:02.393 145255 DEBUG oslo_service.service [req-489383f1-ebe9-48f2-90dd-e1b7b6ede63e - - - - -] hyperv.config_drive_cdrom = False log_opt_values /usr/lib/python3/dist-packages/oslo_config/cfg.py:2609
2026-06-08 00:35:02.394 145255 DEBUG oslo_service.service [req-489383f1-ebe9-48f2-90dd-e1b7b6ede63e - - - - -] hyperv.config_drive_inject_password = False log_opt_values /usr/lib/python3/dist-packages/oslo_config/cfg.py:2609
2026-06-08 00:35:02.394 145255 DEBUG oslo_service.service [req-489383f1-ebe9-48f2-90dd-e1b7b6ede63e - - - - -] hyperv.dynamic_memory_ratio = 1.0 log_opt_values /usr/lib/python3/dist-packages/oslo_config/cfg.py:2609
2026-06-08 00:35:02.394 145255 DEBUG oslo_service.service [req-489383f1-ebe9-48f2-90dd-e1b7b6ede63e - - - - -] hyperv.enable_instance_metrics_collection = False log_opt_values /usr/lib/python3/dist-packages/oslo_config/cfg.py:2609
2026-06-08 00:35:02.394 145255 DEBUG oslo_service.service [req-489383f1-ebe9-48f2-90dd-e1b7b6ede63e - - - - -] hyperv.enable_remotefx = False log_opt_values /usr/lib/python3/dist-packages/oslo_config/cfg.py:2609
2026-06-08 00:35:02.395 145255 DEBUG oslo_service.service [req-489383f1-ebe9-48f2-90dd-e1b7b6ede63e - - - - -] hyperv.instances_path_share = log_opt_values /usr/lib/python3/dist-packages/oslo_config/cfg.py:2609
2026-06-08 00:35:02.395 145255 DEBUG oslo_service.service [req-489383f1-ebe9-48f2-90dd-e1b7b6ede63e - - - - -] hyperv.iscsi_initiator_list = [] log_opt_values /usr/lib/python3/dist-packages/oslo_config/cfg.py:2609
2026-06-08 00:35:02.395 145255 DEBUG oslo_service.service [req-489383f1-ebe9-48f2-90dd-e1b7b6ede63e - - - - -] hyperv.limit_cpu_features = False log_opt_values /usr/lib/python3/dist-packages/oslo_config/cfg.py:2609
2026-06-08 00:35:02.395 145255 DEBUG oslo_service.service [req-489383f1-ebe9-48f2-90dd-e1b7b6ede63e - - - - -] hyperv.mounted_disk_query_retry_count = 10 log_opt_values /usr/lib/python3/dist-packages/oslo_config/cfg.py:2609
2026-06-08 00:35:02.396 145255 DEBUG oslo_service.service [req-489383f1-ebe9-48f2-90dd-e1b7b6ede63e - - - - -] hyperv.mounted_disk_query_retry_interval = 5 log_opt_values /usr/lib/python3/dist-packages/oslo_config/cfg.py:2609
2026-06-08 00:35:02.396 145255 DEBUG oslo_service.service [req-489383f1-ebe9-48f2-90dd-e1b7b6ede63e - - - - -] hyperv.power_state_check_timeframe = 60 log_opt_values /usr/lib/python3/dist-packages/oslo_config/cfg.py:2609
2026-06-08 00:35:02.396 145255 DEBUG oslo_service.service [req-489383f1-ebe9-48f2-90dd-e1b7b6ede63e - - - - -] hyperv.power_state_event_polling_interval = 2 log_opt_values /usr/lib/python3/dist-packages/oslo_config/cfg.py:2609
2026-06-08 00:35:02.396 145255 DEBUG oslo_service.service [req-489383f1-ebe9-48f2-90dd-e1b7b6ede63e - - - - -] hyperv.qemu_img_cmd = qemu-img.exe log_opt_values /usr/lib/python3/dist-packages/oslo_config/cfg.py:2609
2026-06-08 00:35:02.396 145255 DEBUG oslo_service.service [req-489383f1-ebe9-48f2-90dd-e1b7b6ede63e - - - - -] hyperv.use_multipath_io = False log_opt_values /usr/lib/python3/dist-packages/oslo_config/cfg.py:2609
2026-06-08 00:35:02.396 145255 DEBUG oslo_service.service [req-489383f1-ebe9-48f2-90dd-e1b7b6ede63e - - - - -] hyperv.volume_attach_retry_count = 10 log_opt_values /usr/lib/python3/dist-packages/oslo_config/cfg.py:2609
2026-06-08 00:35:02.397 145255 DEBUG oslo_service.service [req-489383f1-ebe9-48f2-90dd-e1b7b6ede63e - - - - -] hyperv.volume_attach_retry_interval = 5 log_opt_values /usr/lib/python3/dist-packages/oslo_config/cfg.py:2609
2026-06-08 00:35:02.397 145255 DEBUG oslo_service.service [req-489383f1-ebe9-48f2-90dd-e1b7b6ede63e - - - - -] hyperv.vswitch_name = None log_opt_values /usr/lib/python3/dist-packages/oslo_config/cfg.py:2609
2026-06-08 00:35:02.397 145255 DEBUG oslo_service.service [req-489383f1-ebe9-48f2-90dd-e1b7b6ede63e - - - - -] hyperv.wait_soft_reboot_seconds = 60 log_opt_values /usr/lib/python3/dist-packages/oslo_config/cfg.py:2609
2026-06-08 00:35:02.397 145255 DEBUG oslo_service.service [req-489383f1-ebe9-48f2-90dd-e1b7b6ede63e - - - - -] mks.enabled = False log_opt_values /usr/lib/python3/dist-packages/oslo_config/cfg.py:2609
2026-06-08 00:35:02.398 145255 DEBUG oslo_service.service [req-489383f1-ebe9-48f2-90dd-e1b7b6ede63e - - - - -] mks.mksproxy_base_url = http://127.0.0.1:6090/ log_opt_values /usr/lib/python3/dist-packages/oslo_config/cfg.py:2609
2026-06-08 00:35:02.398 145255 DEBUG oslo_service.service [req-489383f1-ebe9-48f2-90dd-e1b7b6ede63e - - - - -] image_cache.manager_interval = 2400 log_opt_values /usr/lib/python3/dist-packages/oslo_config/cfg.py:2609
2026-06-08 00:35:02.398 145255 DEBUG oslo_service.service [req-489383f1-ebe9-48f2-90dd-e1b7b6ede63e - - - - -] image_cache.precache_concurrency = 1 log_opt_values /usr/lib/python3/dist-packages/oslo_config/cfg.py:2609
2026-06-08 00:35:02.398 145255 DEBUG oslo_service.service [req-489383f1-ebe9-48f2-90dd-e1b7b6ede63e - - - - -] image_cache.remove_unused_base_images = True log_opt_values /usr/lib/python3/dist-packages/oslo_config/cfg.py:2609
2026-06-08 00:35:02.399 145255 DEBUG oslo_service.service [req-489383f1-ebe9-48f2-90dd-e1b7b6ede63e - - - - -] image_cache.remove_unused_original_minimum_age_seconds = 86400 log_opt_values /usr/lib/python3/dist-packages/oslo_config/cfg.py:2609
2026-06-08 00:35:02.399 145255 DEBUG oslo_service.service [req-489383f1-ebe9-48f2-90dd-e1b7b6ede63e - - - - -] image_cache.remove_unused_resized_minimum_age_seconds = 3600 log_opt_values /usr/lib/python3/dist-packages/oslo_config/cfg.py:2609
2026-06-08 00:35:02.399 145255 DEBUG oslo_service.service [req-489383f1-ebe9-48f2-90dd-e1b7b6ede63e - - - - -] image_cache.subdirectory_name = _base log_opt_values /usr/lib/python3/dist-packages/oslo_config/cfg.py:2609
2026-06-08 00:35:02.399 145255 DEBUG oslo_service.service [req-489383f1-ebe9-48f2-90dd-e1b7b6ede63e - - - - -] ironic.api_max_retries = 60 log_opt_values /usr/lib/python3/dist-packages/oslo_config/cfg.py:2609
2026-06-08 00:35:02.400 145255 DEBUG oslo_service.service [req-489383f1-ebe9-48f2-90dd-e1b7b6ede63e - - - - -] ironic.api_retry_interval = 2 log_opt_values /usr/lib/python3/dist-packages/oslo_config/cfg.py:2609
2026-06-08 00:35:02.400 145255 DEBUG oslo_service.service [req-489383f1-ebe9-48f2-90dd-e1b7b6ede63e - - - - -] ironic.auth_section = None log_opt_values /usr/lib/python3/dist-packages/oslo_config/cfg.py:2609
2026-06-08 00:35:02.400 145255 DEBUG oslo_service.service [req-489383f1-ebe9-48f2-90dd-e1b7b6ede63e - - - - -] ironic.auth_type = None log_opt_values /usr/lib/python3/dist-packages/oslo_config/cfg.py:2609
