2026-06-08 01:58:58.285 7 DEBUG oslo_service.service [-] database.connection = **** log_opt_values /var/lib/kolla/venv/lib/python3.6/site-packages/oslo_config/cfg.py:2611
2026-06-08 01:58:58.285 7 DEBUG oslo_service.service [-] database.connection_debug = 0 log_opt_values /var/lib/kolla/venv/lib/python3.6/site-packages/oslo_config/cfg.py:2611
2026-06-08 01:58:58.285 7 DEBUG oslo_service.service [-] database.connection_parameters = log_opt_values /var/lib/kolla/venv/lib/python3.6/site-packages/oslo_config/cfg.py:2611
2026-06-08 01:58:58.285 7 DEBUG oslo_service.service [-] database.connection_recycle_time = 10 log_opt_values /var/lib/kolla/venv/lib/python3.6/site-packages/oslo_config/cfg.py:2611
2026-06-08 01:58:58.285 7 DEBUG oslo_service.service [-] database.connection_trace = False log_opt_values /var/lib/kolla/venv/lib/python3.6/site-packages/oslo_config/cfg.py:2611
2026-06-08 01:58:58.285 7 DEBUG oslo_service.service [-] database.db_inc_retry_interval = True log_opt_values /var/lib/kolla/venv/lib/python3.6/site-packages/oslo_config/cfg.py:2611
2026-06-08 01:58:58.286 7 DEBUG oslo_service.service [-] database.db_max_retries = 20 log_opt_values /var/lib/kolla/venv/lib/python3.6/site-packages/oslo_config/cfg.py:2611
2026-06-08 01:58:58.286 7 DEBUG oslo_service.service [-] database.db_max_retry_interval = 10 log_opt_values /var/lib/kolla/venv/lib/python3.6/site-packages/oslo_config/cfg.py:2611
2026-06-08 01:58:58.286 7 DEBUG oslo_service.service [-] database.db_retry_interval = 1 log_opt_values /var/lib/kolla/venv/lib/python3.6/site-packages/oslo_config/cfg.py:2611
2026-06-08 01:58:58.286 7 DEBUG oslo_service.service [-] database.max_overflow = 50 log_opt_values /var/lib/kolla/venv/lib/python3.6/site-packages/oslo_config/cfg.py:2611
2026-06-08 01:58:58.286 7 DEBUG oslo_service.service [-] database.max_pool_size = 1 log_opt_values /var/lib/kolla/venv/lib/python3.6/site-packages/oslo_config/cfg.py:2611
2026-06-08 01:58:58.286 7 DEBUG oslo_service.service [-] database.max_retries = -1 log_opt_values /var/lib/kolla/venv/lib/python3.6/site-packages/oslo_config/cfg.py:2611
2026-06-08 01:58:58.286 7 DEBUG oslo_service.service [-] database.mysql_enable_ndb = False log_opt_values /var/lib/kolla/venv/lib/python3.6/site-packages/oslo_config/cfg.py:2611
2026-06-08 01:58:58.286 7 DEBUG oslo_service.service [-] database.mysql_sql_mode = TRADITIONAL log_opt_values /var/lib/kolla/venv/lib/python3.6/site-packages/oslo_config/cfg.py:2611
2026-06-08 01:58:58.286 7 DEBUG oslo_service.service [-] database.pool_timeout = None log_opt_values /var/lib/kolla/venv/lib/python3.6/site-packages/oslo_config/cfg.py:2611
2026-06-08 01:58:58.286 7 DEBUG oslo_service.service [-] database.retry_interval = 10 log_opt_values /var/lib/kolla/venv/lib/python3.6/site-packages/oslo_config/cfg.py:2611
2026-06-08 01:58:58.286 7 DEBUG oslo_service.service [-] database.slave_connection = **** log_opt_values /var/lib/kolla/venv/lib/python3.6/site-packages/oslo_config/cfg.py:2611
2026-06-08 01:58:58.286 7 DEBUG oslo_service.service [-] database.sqlite_synchronous = True log_opt_values /var/lib/kolla/venv/lib/python3.6/site-packages/oslo_config/cfg.py:2611
2026-06-08 01:58:58.286 7 DEBUG oslo_service.service [-] database.use_db_reconnect = False log_opt_values /var/lib/kolla/venv/lib/python3.6/site-packages/oslo_config/cfg.py:2611
2026-06-08 01:58:58.286 7 DEBUG oslo_service.service [-] ******************************************************************************** log_opt_values /var/lib/kolla/venv/lib/python3.6/site-packages/oslo_config/cfg.py:2613
2026-06-08 01:58:58.287 25 DEBUG neutron.services.l3_router.l3_router_plugin [-] neutron.services.l3_router.l3_router_plugin.L3RouterPlugin method start_rpc_listeners called with arguments () {} wrapper /var/lib/kolla/venv/lib/python3.6/site-packages/oslo_log/helpers.py:66
2026-06-08 01:58:58.288 23 DEBUG neutron.services.l3_router.l3_router_plugin [-] neutron.services.l3_router.l3_router_plugin.L3RouterPlugin method start_rpc_listeners called with arguments () {} wrapper /var/lib/kolla/venv/lib/python3.6/site-packages/oslo_log/helpers.py:66
2026-06-08 01:58:58.290 24 DEBUG neutron.services.l3_router.l3_router_plugin [-] neutron.services.l3_router.l3_router_plugin.L3RouterPlugin method start_rpc_listeners called with arguments () {} wrapper /var/lib/kolla/venv/lib/python3.6/site-packages/oslo_log/helpers.py:66
2026-06-08 01:58:59.815 22 DEBUG neutron.wsgi [-] (22) accepted ('10.0.0.242', 54784) server /var/lib/kolla/venv/lib/python3.6/site-packages/eventlet/wsgi.py:1004
2026-06-08 01:58:59.822 22 INFO neutron.wsgi [-] 10.0.0.242 "GET / HTTP/1.1" status: 200 len: 228 time: 0.0048659
2026-06-08 01:59:01.945 24 DEBUG neutron.api.rpc.handlers.dhcp_rpc [req-15cd5922-cc71-47d5-a1db-e874b5cf0cbd - - - - -] get_active_networks_info from cn-jenkins-deploy-platform-ansible-os-5900-1 get_active_networks_info /var/lib/kolla/venv/lib/python3.6/site-packages/neutron/api/rpc/handlers/dhcp_rpc.py:159
2026-06-08 01:59:01.976 28 DEBUG neutron_lib.callbacks.manager [req-8f06e92b-71a3-4d60-a619-eaaa70be64b1 - - - - -] Publish callbacks ['neutron.services.segments.db._update_segment_host_mapping_for_agent-8762202740595', 'neutron.services.l3_router.l3_router_plugin.DVRResourceOperationHandler.create_fip_agent_gw_ports-633347'] for agent (20c04c2c-cfa8-4430-b4f3-f9e88bcc09d6), after_create _notify_loop /var/lib/kolla/venv/lib/python3.6/site-packages/neutron_lib/callbacks/manager.py:177
2026-06-08 01:59:01.989 24 DEBUG neutron.scheduler.dhcp_agent_scheduler [req-15cd5922-cc71-47d5-a1db-e874b5cf0cbd - - - - -] No non-hosted networks auto_schedule_networks /var/lib/kolla/venv/lib/python3.6/site-packages/neutron/scheduler/dhcp_agent_scheduler.py:60
2026-06-08 01:59:14.493 26 DEBUG neutron_lib.callbacks.manager [req-16d0a9f9-e67b-4e16-a0f9-ce8e9c674d98 - - - - -] Publish callbacks ['neutron.services.segments.db._update_segment_host_mapping_for_agent-8762202740595', 'neutron.services.l3_router.l3_router_plugin.DVRResourceOperationHandler.create_fip_agent_gw_ports-633347'] for agent (fef5a5f6-bb9a-479b-84e5-2611dc6c9833), after_create _notify_loop /var/lib/kolla/venv/lib/python3.6/site-packages/neutron_lib/callbacks/manager.py:177
2026-06-08 01:59:29.876 22 DEBUG neutron.wsgi [-] (22) accepted ('10.0.0.242', 49296) server /var/lib/kolla/venv/lib/python3.6/site-packages/eventlet/wsgi.py:1004
2026-06-08 01:59:29.879 22 INFO neutron.wsgi [-] 10.0.0.242 "GET / HTTP/1.1" status: 200 len: 228 time: 0.0029488
2026-06-08 01:59:31.960 27 DEBUG neutron_lib.callbacks.manager [req-947a4e3c-2ab7-4e97-a88b-3c02314456a1 - - - - -] Publish callbacks ['neutron.services.segments.db._update_segment_host_mapping_for_agent-8762202740595', 'neutron.plugins.ml2.plugin.Ml2Plugin._retry_binding_revived_agents-133982044'] for agent (20c04c2c-cfa8-4430-b4f3-f9e88bcc09d6), after_update _notify_loop /var/lib/kolla/venv/lib/python3.6/site-packages/neutron_lib/callbacks/manager.py:177
2026-06-08 01:59:44.479 25 DEBUG neutron_lib.callbacks.manager [req-16d0a9f9-e67b-4e16-a0f9-ce8e9c674d98 - - - - -] Publish callbacks ['neutron.services.segments.db._update_segment_host_mapping_for_agent-8762202740595', 'neutron.plugins.ml2.plugin.Ml2Plugin._retry_binding_revived_agents-133982044'] for agent (fef5a5f6-bb9a-479b-84e5-2611dc6c9833), after_update _notify_loop /var/lib/kolla/venv/lib/python3.6/site-packages/neutron_lib/callbacks/manager.py:177
2026-06-08 01:59:49.254 29 DEBUG neutron.db.agents_db [req-4fa84731-0ecd-4ea9-a167-e8c1eb7c25dd - - - - -] Agent healthcheck: found 2 active agents agent_health_check /var/lib/kolla/venv/lib/python3.6/site-packages/neutron/db/agents_db.py:318
2026-06-08 01:59:59.926 22 DEBUG neutron.wsgi [-] (22) accepted ('10.0.0.242', 44752) server /var/lib/kolla/venv/lib/python3.6/site-packages/eventlet/wsgi.py:1004
2026-06-08 01:59:59.932 22 INFO neutron.wsgi [-] 10.0.0.242 "GET / HTTP/1.1" status: 200 len: 228 time: 0.0050082
2026-06-08 02:00:01.963 23 DEBUG neutron_lib.callbacks.manager [req-2aa854d8-9ddc-46e9-ba61-682ce6a05455 - - - - -] Publish callbacks ['neutron.services.segments.db._update_segment_host_mapping_for_agent-8762202740595', 'neutron.plugins.ml2.plugin.Ml2Plugin._retry_binding_revived_agents-133982044'] for agent (20c04c2c-cfa8-4430-b4f3-f9e88bcc09d6), after_update _notify_loop /var/lib/kolla/venv/lib/python3.6/site-packages/neutron_lib/callbacks/manager.py:177
2026-06-08 02:00:14.469 24 DEBUG neutron_lib.callbacks.manager [req-16d0a9f9-e67b-4e16-a0f9-ce8e9c674d98 - - - - -] Publish callbacks ['neutron.services.segments.db._update_segment_host_mapping_for_agent-8762202740595', 'neutron.plugins.ml2.plugin.Ml2Plugin._retry_binding_revived_agents-133982044'] for agent (fef5a5f6-bb9a-479b-84e5-2611dc6c9833), after_update _notify_loop /var/lib/kolla/venv/lib/python3.6/site-packages/neutron_lib/callbacks/manager.py:177
2026-06-08 02:00:26.255 29 DEBUG neutron.db.agents_db [req-4fa84731-0ecd-4ea9-a167-e8c1eb7c25dd - - - - -] Agent healthcheck: found 2 active agents agent_health_check /var/lib/kolla/venv/lib/python3.6/site-packages/neutron/db/agents_db.py:318
2026-06-08 02:00:29.980 22 DEBUG neutron.wsgi [-] (22) accepted ('10.0.0.242', 48040) server /var/lib/kolla/venv/lib/python3.6/site-packages/eventlet/wsgi.py:1004
2026-06-08 02:00:29.984 22 INFO neutron.wsgi [-] 10.0.0.242 "GET / HTTP/1.1" status: 200 len: 228 time: 0.0026398
2026-06-08 02:00:31.944 28 DEBUG neutron_lib.callbacks.manager [req-7c53d5e1-bf0f-45f7-b3e3-bf3789bb8535 - - - - -] Publish callbacks ['neutron.services.segments.db._update_segment_host_mapping_for_agent-8762202740595', 'neutron.plugins.ml2.plugin.Ml2Plugin._retry_binding_revived_agents-133982044'] for agent (20c04c2c-cfa8-4430-b4f3-f9e88bcc09d6), after_update _notify_loop /var/lib/kolla/venv/lib/python3.6/site-packages/neutron_lib/callbacks/manager.py:177
2026-06-08 02:00:44.467 26 DEBUG neutron_lib.callbacks.manager [req-16d0a9f9-e67b-4e16-a0f9-ce8e9c674d98 - - - - -] Publish callbacks ['neutron.services.segments.db._update_segment_host_mapping_for_agent-8762202740595', 'neutron.plugins.ml2.plugin.Ml2Plugin._retry_binding_revived_agents-133982044'] for agent (fef5a5f6-bb9a-479b-84e5-2611dc6c9833), after_update _notify_loop /var/lib/kolla/venv/lib/python3.6/site-packages/neutron_lib/callbacks/manager.py:177
2026-06-08 02:01:00.031 22 DEBUG neutron.wsgi [-] (22) accepted ('10.0.0.242', 49484) server /var/lib/kolla/venv/lib/python3.6/site-packages/eventlet/wsgi.py:1004
2026-06-08 02:01:00.035 22 INFO neutron.wsgi [-] 10.0.0.242 "GET / HTTP/1.1" status: 200 len: 228 time: 0.0029035
2026-06-08 02:01:01.943 27 DEBUG neutron_lib.callbacks.manager [req-0464f705-f515-4163-8f1e-505090a98dcd - - - - -] Publish callbacks ['neutron.services.segments.db._update_segment_host_mapping_for_agent-8762202740595', 'neutron.plugins.ml2.plugin.Ml2Plugin._retry_binding_revived_agents-133982044'] for agent (20c04c2c-cfa8-4430-b4f3-f9e88bcc09d6), after_update _notify_loop /var/lib/kolla/venv/lib/python3.6/site-packages/neutron_lib/callbacks/manager.py:177
2026-06-08 02:01:03.256 29 DEBUG neutron.db.agents_db [req-4fa84731-0ecd-4ea9-a167-e8c1eb7c25dd - - - - -] Agent healthcheck: found 2 active agents agent_health_check /var/lib/kolla/venv/lib/python3.6/site-packages/neutron/db/agents_db.py:318
2026-06-08 02:01:14.466 25 DEBUG neutron_lib.callbacks.manager [req-16d0a9f9-e67b-4e16-a0f9-ce8e9c674d98 - - - - -] Publish callbacks ['neutron.services.segments.db._update_segment_host_mapping_for_agent-8762202740595', 'neutron.plugins.ml2.plugin.Ml2Plugin._retry_binding_revived_agents-133982044'] for agent (fef5a5f6-bb9a-479b-84e5-2611dc6c9833), after_update _notify_loop /var/lib/kolla/venv/lib/python3.6/site-packages/neutron_lib/callbacks/manager.py:177
2026-06-08 02:01:30.088 22 DEBUG neutron.wsgi [-] (22) accepted ('10.0.0.242', 40018) server /var/lib/kolla/venv/lib/python3.6/site-packages/eventlet/wsgi.py:1004
2026-06-08 02:01:30.093 22 INFO neutron.wsgi [-] 10.0.0.242 "GET / HTTP/1.1" status: 200 len: 228 time: 0.0035794
2026-06-08 02:01:31.940 23 DEBUG neutron_lib.callbacks.manager [req-ab397d8e-1e4e-4f06-80ea-cf73fdb65cef - - - - -] Publish callbacks ['neutron.services.segments.db._update_segment_host_mapping_for_agent-8762202740595', 'neutron.plugins.ml2.plugin.Ml2Plugin._retry_binding_revived_agents-133982044'] for agent (20c04c2c-cfa8-4430-b4f3-f9e88bcc09d6), after_update _notify_loop /var/lib/kolla/venv/lib/python3.6/site-packages/neutron_lib/callbacks/manager.py:177
2026-06-08 02:01:40.256 29 DEBUG neutron.db.agents_db [req-4fa84731-0ecd-4ea9-a167-e8c1eb7c25dd - - - - -] Agent healthcheck: found 2 active agents agent_health_check /var/lib/kolla/venv/lib/python3.6/site-packages/neutron/db/agents_db.py:318
2026-06-08 02:01:44.468 24 DEBUG neutron_lib.callbacks.manager [req-16d0a9f9-e67b-4e16-a0f9-ce8e9c674d98 - - - - -] Publish callbacks ['neutron.services.segments.db._update_segment_host_mapping_for_agent-8762202740595', 'neutron.plugins.ml2.plugin.Ml2Plugin._retry_binding_revived_agents-133982044'] for agent (fef5a5f6-bb9a-479b-84e5-2611dc6c9833), after_update _notify_loop /var/lib/kolla/venv/lib/python3.6/site-packages/neutron_lib/callbacks/manager.py:177
2026-06-08 02:02:00.139 22 DEBUG neutron.wsgi [-] (22) accepted ('10.0.0.242', 40304) server /var/lib/kolla/venv/lib/python3.6/site-packages/eventlet/wsgi.py:1004
2026-06-08 02:02:00.142 22 INFO neutron.wsgi [-] 10.0.0.242 "GET / HTTP/1.1" status: 200 len: 228 time: 0.0025873
2026-06-08 02:02:01.938 28 DEBUG neutron_lib.callbacks.manager [req-99c99c4d-20df-4475-807c-fdcf99c1bf96 - - - - -] Publish callbacks ['neutron.services.segments.db._update_segment_host_mapping_for_agent-8762202740595', 'neutron.plugins.ml2.plugin.Ml2Plugin._retry_binding_revived_agents-133982044'] for agent (20c04c2c-cfa8-4430-b4f3-f9e88bcc09d6), after_update _notify_loop /var/lib/kolla/venv/lib/python3.6/site-packages/neutron_lib/callbacks/manager.py:177
2026-06-08 02:02:14.471 26 DEBUG neutron_lib.callbacks.manager [req-16d0a9f9-e67b-4e16-a0f9-ce8e9c674d98 - - - - -] Publish callbacks ['neutron.services.segments.db._update_segment_host_mapping_for_agent-8762202740595', 'neutron.plugins.ml2.plugin.Ml2Plugin._retry_binding_revived_agents-133982044'] for agent (fef5a5f6-bb9a-479b-84e5-2611dc6c9833), after_update _notify_loop /var/lib/kolla/venv/lib/python3.6/site-packages/neutron_lib/callbacks/manager.py:177
2026-06-08 02:02:17.258 29 DEBUG neutron.db.agents_db [req-4fa84731-0ecd-4ea9-a167-e8c1eb7c25dd - - - - -] Agent healthcheck: found 2 active agents agent_health_check /var/lib/kolla/venv/lib/python3.6/site-packages/neutron/db/agents_db.py:318
2026-06-08 02:02:30.191 22 DEBUG neutron.wsgi [-] (22) accepted ('10.0.0.242', 33168) server /var/lib/kolla/venv/lib/python3.6/site-packages/eventlet/wsgi.py:1004
2026-06-08 02:02:30.197 22 INFO neutron.wsgi [-] 10.0.0.242 "GET / HTTP/1.1" status: 200 len: 228 time: 0.0056179
2026-06-08 02:02:31.937 27 DEBUG neutron_lib.callbacks.manager [req-e73e26b7-5c5d-4a87-98e1-21ea578e5118 - - - - -] Publish callbacks ['neutron.services.segments.db._update_segment_host_mapping_for_agent-8762202740595', 'neutron.plugins.ml2.plugin.Ml2Plugin._retry_binding_revived_agents-133982044'] for agent (20c04c2c-cfa8-4430-b4f3-f9e88bcc09d6), after_update _notify_loop /var/lib/kolla/venv/lib/python3.6/site-packages/neutron_lib/callbacks/manager.py:177
2026-06-08 02:02:44.474 25 DEBUG neutron_lib.callbacks.manager [req-16d0a9f9-e67b-4e16-a0f9-ce8e9c674d98 - - - - -] Publish callbacks ['neutron.services.segments.db._update_segment_host_mapping_for_agent-8762202740595', 'neutron.plugins.ml2.plugin.Ml2Plugin._retry_binding_revived_agents-133982044'] for agent (fef5a5f6-bb9a-479b-84e5-2611dc6c9833), after_update _notify_loop /var/lib/kolla/venv/lib/python3.6/site-packages/neutron_lib/callbacks/manager.py:177
2026-06-08 02:02:54.256 29 DEBUG neutron.db.agents_db [req-4fa84731-0ecd-4ea9-a167-e8c1eb7c25dd - - - - -] Agent healthcheck: found 2 active agents agent_health_check /var/lib/kolla/venv/lib/python3.6/site-packages/neutron/db/agents_db.py:318
2026-06-08 02:03:00.263 22 DEBUG neutron.wsgi [-] (22) accepted ('10.0.0.242', 52286) server /var/lib/kolla/venv/lib/python3.6/site-packages/eventlet/wsgi.py:1004
2026-06-08 02:03:00.269 22 INFO neutron.wsgi [-] 10.0.0.242 "GET / HTTP/1.1" status: 200 len: 228 time: 0.0033376
2026-06-08 02:03:01.939 23 DEBUG neutron_lib.callbacks.manager [req-37a1aca4-fb42-479a-b1e5-cc82cd102fe9 - - - - -] Publish callbacks ['neutron.services.segments.db._update_segment_host_mapping_for_agent-8762202740595', 'neutron.plugins.ml2.plugin.Ml2Plugin._retry_binding_revived_agents-133982044'] for agent (20c04c2c-cfa8-4430-b4f3-f9e88bcc09d6), after_update _notify_loop /var/lib/kolla/venv/lib/python3.6/site-packages/neutron_lib/callbacks/manager.py:177
2026-06-08 02:03:14.479 24 DEBUG neutron_lib.callbacks.manager [req-16d0a9f9-e67b-4e16-a0f9-ce8e9c674d98 - - - - -] Publish callbacks ['neutron.services.segments.db._update_segment_host_mapping_for_agent-8762202740595', 'neutron.plugins.ml2.plugin.Ml2Plugin._retry_binding_revived_agents-133982044'] for agent (fef5a5f6-bb9a-479b-84e5-2611dc6c9833), after_update _notify_loop /var/lib/kolla/venv/lib/python3.6/site-packages/neutron_lib/callbacks/manager.py:177
2026-06-08 02:03:30.325 22 DEBUG neutron.wsgi [-] (22) accepted ('10.0.0.242', 38390) server /var/lib/kolla/venv/lib/python3.6/site-packages/eventlet/wsgi.py:1004
2026-06-08 02:03:30.332 22 INFO neutron.wsgi [-] 10.0.0.242 "GET / HTTP/1.1" status: 200 len: 228 time: 0.0065324
2026-06-08 02:03:31.258 29 DEBUG neutron.db.agents_db [req-4fa84731-0ecd-4ea9-a167-e8c1eb7c25dd - - - - -] Agent healthcheck: found 2 active agents agent_health_check /var/lib/kolla/venv/lib/python3.6/site-packages/neutron/db/agents_db.py:318
2026-06-08 02:03:31.947 28 DEBUG neutron_lib.callbacks.manager [req-81e79df3-ce54-4464-a22f-2e327dc24d4f - - - - -] Publish callbacks ['neutron.services.segments.db._update_segment_host_mapping_for_agent-8762202740595', 'neutron.plugins.ml2.plugin.Ml2Plugin._retry_binding_revived_agents-133982044'] for agent (20c04c2c-cfa8-4430-b4f3-f9e88bcc09d6), after_update _notify_loop /var/lib/kolla/venv/lib/python3.6/site-packages/neutron_lib/callbacks/manager.py:177
2026-06-08 02:03:44.488 26 DEBUG neutron_lib.callbacks.manager [req-16d0a9f9-e67b-4e16-a0f9-ce8e9c674d98 - - - - -] Publish callbacks ['neutron.services.segments.db._update_segment_host_mapping_for_agent-8762202740595', 'neutron.plugins.ml2.plugin.Ml2Plugin._retry_binding_revived_agents-133982044'] for agent (fef5a5f6-bb9a-479b-84e5-2611dc6c9833), after_update _notify_loop /var/lib/kolla/venv/lib/python3.6/site-packages/neutron_lib/callbacks/manager.py:177
2026-06-08 02:04:00.382 22 DEBUG neutron.wsgi [-] (22) accepted ('10.0.0.242', 35700) server /var/lib/kolla/venv/lib/python3.6/site-packages/eventlet/wsgi.py:1004
2026-06-08 02:04:00.387 22 INFO neutron.wsgi [-] 10.0.0.242 "GET / HTTP/1.1" status: 200 len: 228 time: 0.0027468
2026-06-08 02:04:01.938 27 DEBUG neutron_lib.callbacks.manager [req-8c92d12f-8c8a-4f5d-a760-52ff7f490ae0 - - - - -] Publish callbacks ['neutron.services.segments.db._update_segment_host_mapping_for_agent-8762202740595', 'neutron.plugins.ml2.plugin.Ml2Plugin._retry_binding_revived_agents-133982044'] for agent (20c04c2c-cfa8-4430-b4f3-f9e88bcc09d6), after_update _notify_loop /var/lib/kolla/venv/lib/python3.6/site-packages/neutron_lib/callbacks/manager.py:177
2026-06-08 02:04:08.258 29 DEBUG neutron.db.agents_db [req-4fa84731-0ecd-4ea9-a167-e8c1eb7c25dd - - - - -] Agent healthcheck: found 2 active agents agent_health_check /var/lib/kolla/venv/lib/python3.6/site-packages/neutron/db/agents_db.py:318
2026-06-08 02:04:14.481 25 DEBUG neutron_lib.callbacks.manager [req-16d0a9f9-e67b-4e16-a0f9-ce8e9c674d98 - - - - -] Publish callbacks ['neutron.services.segments.db._update_segment_host_mapping_for_agent-8762202740595', 'neutron.plugins.ml2.plugin.Ml2Plugin._retry_binding_revived_agents-133982044'] for agent (fef5a5f6-bb9a-479b-84e5-2611dc6c9833), after_update _notify_loop /var/lib/kolla/venv/lib/python3.6/site-packages/neutron_lib/callbacks/manager.py:177
2026-06-08 02:04:30.442 22 DEBUG neutron.wsgi [-] (22) accepted ('10.0.0.242', 43404) server /var/lib/kolla/venv/lib/python3.6/site-packages/eventlet/wsgi.py:1004
2026-06-08 02:04:30.446 22 INFO neutron.wsgi [-] 10.0.0.242 "GET / HTTP/1.1" status: 200 len: 228 time: 0.0027127
2026-06-08 02:04:31.938 23 DEBUG neutron_lib.callbacks.manager [req-cb2857fa-016d-4e13-bdfe-c6c5dd080df5 - - - - -] Publish callbacks ['neutron.services.segments.db._update_segment_host_mapping_for_agent-8762202740595', 'neutron.plugins.ml2.plugin.Ml2Plugin._retry_binding_revived_agents-133982044'] for agent (20c04c2c-cfa8-4430-b4f3-f9e88bcc09d6), after_update _notify_loop /var/lib/kolla/venv/lib/python3.6/site-packages/neutron_lib/callbacks/manager.py:177
2026-06-08 02:04:44.489 24 DEBUG neutron_lib.callbacks.manager [req-16d0a9f9-e67b-4e16-a0f9-ce8e9c674d98 - - - - -] Publish callbacks ['neutron.services.segments.db._update_segment_host_mapping_for_agent-8762202740595', 'neutron.plugins.ml2.plugin.Ml2Plugin._retry_binding_revived_agents-133982044'] for agent (fef5a5f6-bb9a-479b-84e5-2611dc6c9833), after_update _notify_loop /var/lib/kolla/venv/lib/python3.6/site-packages/neutron_lib/callbacks/manager.py:177
2026-06-08 02:04:45.253 29 DEBUG neutron.db.agents_db [req-4fa84731-0ecd-4ea9-a167-e8c1eb7c25dd - - - - -] Agent healthcheck: found 2 active agents agent_health_check /var/lib/kolla/venv/lib/python3.6/site-packages/neutron/db/agents_db.py:318
2026-06-08 02:05:00.511 22 DEBUG neutron.wsgi [-] (22) accepted ('10.0.0.242', 49312) server /var/lib/kolla/venv/lib/python3.6/site-packages/eventlet/wsgi.py:1004
2026-06-08 02:05:00.515 22 INFO neutron.wsgi [-] 10.0.0.242 "GET / HTTP/1.1" status: 200 len: 228 time: 0.0031700
2026-06-08 02:05:01.942 28 DEBUG neutron_lib.callbacks.manager [req-d19217ee-99fc-4d1e-a66b-38d60b010a79 - - - - -] Publish callbacks ['neutron.services.segments.db._update_segment_host_mapping_for_agent-8762202740595', 'neutron.plugins.ml2.plugin.Ml2Plugin._retry_binding_revived_agents-133982044'] for agent (20c04c2c-cfa8-4430-b4f3-f9e88bcc09d6), after_update _notify_loop /var/lib/kolla/venv/lib/python3.6/site-packages/neutron_lib/callbacks/manager.py:177
2026-06-08 02:05:14.489 26 DEBUG neutron_lib.callbacks.manager [req-16d0a9f9-e67b-4e16-a0f9-ce8e9c674d98 - - - - -] Publish callbacks ['neutron.services.segments.db._update_segment_host_mapping_for_agent-8762202740595', 'neutron.plugins.ml2.plugin.Ml2Plugin._retry_binding_revived_agents-133982044'] for agent (fef5a5f6-bb9a-479b-84e5-2611dc6c9833), after_update _notify_loop /var/lib/kolla/venv/lib/python3.6/site-packages/neutron_lib/callbacks/manager.py:177
2026-06-08 02:05:22.260 29 DEBUG neutron.db.agents_db [req-4fa84731-0ecd-4ea9-a167-e8c1eb7c25dd - - - - -] Agent healthcheck: found 2 active agents agent_health_check /var/lib/kolla/venv/lib/python3.6/site-packages/neutron/db/agents_db.py:318
2026-06-08 02:05:30.567 22 DEBUG neutron.wsgi [-] (22) accepted ('10.0.0.242', 38136) server /var/lib/kolla/venv/lib/python3.6/site-packages/eventlet/wsgi.py:1004
2026-06-08 02:05:30.571 22 INFO neutron.wsgi [-] 10.0.0.242 "GET / HTTP/1.1" status: 200 len: 228 time: 0.0029595
2026-06-08 02:05:31.982 27 DEBUG neutron_lib.callbacks.manager [req-a73c1217-004c-445a-a442-9e7a116f2a03 - - - - -] Publish callbacks ['neutron.services.segments.db._update_segment_host_mapping_for_agent-8762202740595', 'neutron.plugins.ml2.plugin.Ml2Plugin._retry_binding_revived_agents-133982044'] for agent (20c04c2c-cfa8-4430-b4f3-f9e88bcc09d6), after_update _notify_loop /var/lib/kolla/venv/lib/python3.6/site-packages/neutron_lib/callbacks/manager.py:177
2026-06-08 02:05:44.495 25 DEBUG neutron_lib.callbacks.manager [req-16d0a9f9-e67b-4e16-a0f9-ce8e9c674d98 - - - - -] Publish callbacks ['neutron.services.segments.db._update_segment_host_mapping_for_agent-8762202740595', 'neutron.plugins.ml2.plugin.Ml2Plugin._retry_binding_revived_agents-133982044'] for agent (fef5a5f6-bb9a-479b-84e5-2611dc6c9833), after_update _notify_loop /var/lib/kolla/venv/lib/python3.6/site-packages/neutron_lib/callbacks/manager.py:177
2026-06-08 02:05:59.258 29 DEBUG neutron.db.agents_db [req-4fa84731-0ecd-4ea9-a167-e8c1eb7c25dd - - - - -] Agent healthcheck: found 2 active agents agent_health_check /var/lib/kolla/venv/lib/python3.6/site-packages/neutron/db/agents_db.py:318
2026-06-08 02:06:00.625 22 DEBUG neutron.wsgi [-] (22) accepted ('10.0.0.242', 53818) server /var/lib/kolla/venv/lib/python3.6/site-packages/eventlet/wsgi.py:1004
2026-06-08 02:06:00.629 22 INFO neutron.wsgi [-] 10.0.0.242 "GET / HTTP/1.1" status: 200 len: 228 time: 0.0031507
2026-06-08 02:06:01.953 23 DEBUG neutron_lib.callbacks.manager [req-079af3e7-eb6c-4209-aa69-fc7f825e70cf - - - - -] Publish callbacks ['neutron.services.segments.db._update_segment_host_mapping_for_agent-8762202740595', 'neutron.plugins.ml2.plugin.Ml2Plugin._retry_binding_revived_agents-133982044'] for agent (20c04c2c-cfa8-4430-b4f3-f9e88bcc09d6), after_update _notify_loop /var/lib/kolla/venv/lib/python3.6/site-packages/neutron_lib/callbacks/manager.py:177
2026-06-08 02:06:14.492 24 DEBUG neutron_lib.callbacks.manager [req-16d0a9f9-e67b-4e16-a0f9-ce8e9c674d98 - - - - -] Publish callbacks ['neutron.services.segments.db._update_segment_host_mapping_for_agent-8762202740595', 'neutron.plugins.ml2.plugin.Ml2Plugin._retry_binding_revived_agents-133982044'] for agent (fef5a5f6-bb9a-479b-84e5-2611dc6c9833), after_update _notify_loop /var/lib/kolla/venv/lib/python3.6/site-packages/neutron_lib/callbacks/manager.py:177
2026-06-08 02:06:30.683 22 DEBUG neutron.wsgi [-] (22) accepted ('10.0.0.242', 44722) server /var/lib/kolla/venv/lib/python3.6/site-packages/eventlet/wsgi.py:1004
2026-06-08 02:06:30.688 22 INFO neutron.wsgi [-] 10.0.0.242 "GET / HTTP/1.1" status: 200 len: 228 time: 0.0035129
2026-06-08 02:06:31.951 28 DEBUG neutron_lib.callbacks.manager [req-50aa4e4d-7817-419b-9a07-dff0ca9e9232 - - - - -] Publish callbacks ['neutron.services.segments.db._update_segment_host_mapping_for_agent-8762202740595', 'neutron.plugins.ml2.plugin.Ml2Plugin._retry_binding_revived_agents-133982044'] for agent (20c04c2c-cfa8-4430-b4f3-f9e88bcc09d6), after_update _notify_loop /var/lib/kolla/venv/lib/python3.6/site-packages/neutron_lib/callbacks/manager.py:177
2026-06-08 02:06:36.257 29 DEBUG neutron.db.agents_db [req-4fa84731-0ecd-4ea9-a167-e8c1eb7c25dd - - - - -] Agent healthcheck: found 2 active agents agent_health_check /var/lib/kolla/venv/lib/python3.6/site-packages/neutron/db/agents_db.py:318
2026-06-08 02:06:44.496 26 DEBUG neutron_lib.callbacks.manager [req-16d0a9f9-e67b-4e16-a0f9-ce8e9c674d98 - - - - -] Publish callbacks ['neutron.services.segments.db._update_segment_host_mapping_for_agent-8762202740595', 'neutron.plugins.ml2.plugin.Ml2Plugin._retry_binding_revived_agents-133982044'] for agent (fef5a5f6-bb9a-479b-84e5-2611dc6c9833), after_update _notify_loop /var/lib/kolla/venv/lib/python3.6/site-packages/neutron_lib/callbacks/manager.py:177
2026-06-08 02:07:00.736 22 DEBUG neutron.wsgi [-] (22) accepted ('10.0.0.242', 54560) server /var/lib/kolla/venv/lib/python3.6/site-packages/eventlet/wsgi.py:1004
2026-06-08 02:07:00.740 22 INFO neutron.wsgi [-] 10.0.0.242 "GET / HTTP/1.1" status: 200 len: 228 time: 0.0028622
2026-06-08 02:07:01.957 27 DEBUG neutron_lib.callbacks.manager [req-bcb2a302-dfde-4072-ba80-fd20a5fbdbf4 - - - - -] Publish callbacks ['neutron.services.segments.db._update_segment_host_mapping_for_agent-8762202740595', 'neutron.plugins.ml2.plugin.Ml2Plugin._retry_binding_revived_agents-133982044'] for agent (20c04c2c-cfa8-4430-b4f3-f9e88bcc09d6), after_update _notify_loop /var/lib/kolla/venv/lib/python3.6/site-packages/neutron_lib/callbacks/manager.py:177
2026-06-08 02:07:13.262 29 DEBUG neutron.db.agents_db [req-4fa84731-0ecd-4ea9-a167-e8c1eb7c25dd - - - - -] Agent healthcheck: found 2 active agents agent_health_check /var/lib/kolla/venv/lib/python3.6/site-packages/neutron/db/agents_db.py:318
2026-06-08 02:07:14.505 25 DEBUG neutron_lib.callbacks.manager [req-16d0a9f9-e67b-4e16-a0f9-ce8e9c674d98 - - - - -] Publish callbacks ['neutron.services.segments.db._update_segment_host_mapping_for_agent-8762202740595', 'neutron.plugins.ml2.plugin.Ml2Plugin._retry_binding_revived_agents-133982044'] for agent (fef5a5f6-bb9a-479b-84e5-2611dc6c9833), after_update _notify_loop /var/lib/kolla/venv/lib/python3.6/site-packages/neutron_lib/callbacks/manager.py:177
2026-06-08 02:07:30.794 22 DEBUG neutron.wsgi [-] (22) accepted ('10.0.0.242', 44120) server /var/lib/kolla/venv/lib/python3.6/site-packages/eventlet/wsgi.py:1004
2026-06-08 02:07:30.799 22 INFO neutron.wsgi [-] 10.0.0.242 "GET / HTTP/1.1" status: 200 len: 228 time: 0.0032363
2026-06-08 02:07:31.970 23 DEBUG neutron_lib.callbacks.manager [req-d3c27cd2-ee07-41c6-a998-6fa3ef5794ba - - - - -] Publish callbacks ['neutron.services.segments.db._update_segment_host_mapping_for_agent-8762202740595', 'neutron.plugins.ml2.plugin.Ml2Plugin._retry_binding_revived_agents-133982044'] for agent (20c04c2c-cfa8-4430-b4f3-f9e88bcc09d6), after_update _notify_loop /var/lib/kolla/venv/lib/python3.6/site-packages/neutron_lib/callbacks/manager.py:177
2026-06-08 02:07:44.503 24 DEBUG neutron_lib.callbacks.manager [req-16d0a9f9-e67b-4e16-a0f9-ce8e9c674d98 - - - - -] Publish callbacks ['neutron.services.segments.db._update_segment_host_mapping_for_agent-8762202740595', 'neutron.plugins.ml2.plugin.Ml2Plugin._retry_binding_revived_agents-133982044'] for agent (fef5a5f6-bb9a-479b-84e5-2611dc6c9833), after_update _notify_loop /var/lib/kolla/venv/lib/python3.6/site-packages/neutron_lib/callbacks/manager.py:177
2026-06-08 02:07:50.261 29 DEBUG neutron.db.agents_db [req-4fa84731-0ecd-4ea9-a167-e8c1eb7c25dd - - - - -] Agent healthcheck: found 2 active agents agent_health_check /var/lib/kolla/venv/lib/python3.6/site-packages/neutron/db/agents_db.py:318
2026-06-08 02:08:00.849 22 DEBUG neutron.wsgi [-] (22) accepted ('10.0.0.242', 40430) server /var/lib/kolla/venv/lib/python3.6/site-packages/eventlet/wsgi.py:1004
2026-06-08 02:08:00.853 22 INFO neutron.wsgi [-] 10.0.0.242 "GET / HTTP/1.1" status: 200 len: 228 time: 0.0030041
2026-06-08 02:08:01.967 28 DEBUG neutron_lib.callbacks.manager [req-2182636b-6da7-4339-bce4-bfd10d422451 - - - - -] Publish callbacks ['neutron.services.segments.db._update_segment_host_mapping_for_agent-8762202740595', 'neutron.plugins.ml2.plugin.Ml2Plugin._retry_binding_revived_agents-133982044'] for agent (20c04c2c-cfa8-4430-b4f3-f9e88bcc09d6), after_update _notify_loop /var/lib/kolla/venv/lib/python3.6/site-packages/neutron_lib/callbacks/manager.py:177
2026-06-08 02:08:14.508 26 DEBUG neutron_lib.callbacks.manager [req-16d0a9f9-e67b-4e16-a0f9-ce8e9c674d98 - - - - -] Publish callbacks ['neutron.services.segments.db._update_segment_host_mapping_for_agent-8762202740595', 'neutron.plugins.ml2.plugin.Ml2Plugin._retry_binding_revived_agents-133982044'] for agent (fef5a5f6-bb9a-479b-84e5-2611dc6c9833), after_update _notify_loop /var/lib/kolla/venv/lib/python3.6/site-packages/neutron_lib/callbacks/manager.py:177
2026-06-08 02:08:27.262 29 DEBUG neutron.db.agents_db [req-4fa84731-0ecd-4ea9-a167-e8c1eb7c25dd - - - - -] Agent healthcheck: found 2 active agents agent_health_check /var/lib/kolla/venv/lib/python3.6/site-packages/neutron/db/agents_db.py:318
2026-06-08 02:08:30.914 22 DEBUG neutron.wsgi [-] (22) accepted ('10.0.0.242', 40040) server /var/lib/kolla/venv/lib/python3.6/site-packages/eventlet/wsgi.py:1004
2026-06-08 02:08:30.921 22 INFO neutron.wsgi [-] 10.0.0.242 "GET / HTTP/1.1" status: 200 len: 228 time: 0.0044882
2026-06-08 02:08:31.958 27 DEBUG neutron_lib.callbacks.manager [req-2ad40749-eba6-4600-8af6-706f223dca14 - - - - -] Publish callbacks ['neutron.services.segments.db._update_segment_host_mapping_for_agent-8762202740595', 'neutron.plugins.ml2.plugin.Ml2Plugin._retry_binding_revived_agents-133982044'] for agent (20c04c2c-cfa8-4430-b4f3-f9e88bcc09d6), after_update _notify_loop /var/lib/kolla/venv/lib/python3.6/site-packages/neutron_lib/callbacks/manager.py:177
2026-06-08 02:08:40.753 7 INFO oslo_service.service [-] Caught SIGTERM, stopping children
2026-06-08 02:08:40.754 7 DEBUG oslo_concurrency.lockutils [-] Acquired lock "singleton_lock" lock /var/lib/kolla/venv/lib/python3.6/site-packages/oslo_concurrency/lockutils.py:294
2026-06-08 02:08:40.754 7 DEBUG oslo_concurrency.lockutils [-] Releasing lock "singleton_lock" lock /var/lib/kolla/venv/lib/python3.6/site-packages/oslo_concurrency/lockutils.py:312
2026-06-08 02:08:40.754 7 DEBUG oslo_service.service [-] Stop services. stop /var/lib/kolla/venv/lib/python3.6/site-packages/oslo_service/service.py:695
2026-06-08 02:08:40.754 7 DEBUG neutron.service [-] calling RpcWorker stop() stop /var/lib/kolla/venv/lib/python3.6/site-packages/neutron/service.py:138
2026-06-08 02:08:40.754 7 DEBUG neutron.service [-] calling RpcWorker stop() stop /var/lib/kolla/venv/lib/python3.6/site-packages/neutron/service.py:138
2026-06-08 02:08:40.755 7 DEBUG oslo_service.service [-] Killing children. stop /var/lib/kolla/venv/lib/python3.6/site-packages/oslo_service/service.py:700
2026-06-08 02:08:40.755 7 INFO oslo_service.service [-] Waiting on 8 children to exit
2026-06-08 02:08:40.755 22 INFO neutron.wsgi [-] (22) wsgi exited, is_accepting=True
2026-06-08 02:08:40.755 23 DEBUG neutron.service [-] calling RpcWorker stop() stop /var/lib/kolla/venv/lib/python3.6/site-packages/neutron/service.py:138
2026-06-08 02:08:40.755 25 DEBUG neutron.service [-] calling RpcWorker stop() stop /var/lib/kolla/venv/lib/python3.6/site-packages/neutron/service.py:138
2026-06-08 02:08:40.756 29 DEBUG neutron.service [-] calling RpcWorker stop() stop /var/lib/kolla/venv/lib/python3.6/site-packages/neutron/service.py:138
2026-06-08 02:08:40.756 22 DEBUG oslo_concurrency.lockutils [req-1ff344a0-d3dd-4af7-b078-3ec45f782ba3 - - - - -] Acquired lock "singleton_lock" lock /var/lib/kolla/venv/lib/python3.6/site-packages/oslo_concurrency/lockutils.py:294
2026-06-08 02:08:40.757 22 DEBUG oslo_concurrency.lockutils [req-1ff344a0-d3dd-4af7-b078-3ec45f782ba3 - - - - -] Releasing lock "singleton_lock" lock /var/lib/kolla/venv/lib/python3.6/site-packages/oslo_concurrency/lockutils.py:312
2026-06-08 02:08:40.756 23 DEBUG neutron.service [-] calling stop on stop /var/lib/kolla/venv/lib/python3.6/site-packages/neutron/service.py:141
2026-06-08 02:08:40.756 25 DEBUG neutron.service [-] calling stop on stop /var/lib/kolla/venv/lib/python3.6/site-packages/neutron/service.py:141
2026-06-08 02:08:40.756 29 DEBUG neutron.service [-] calling stop on stop /var/lib/kolla/venv/lib/python3.6/site-packages/neutron/service.py:141
2026-06-08 02:08:40.760 26 DEBUG neutron.service [-] calling RpcWorker stop() stop /var/lib/kolla/venv/lib/python3.6/site-packages/neutron/service.py:138
2026-06-08 02:08:40.761 7 INFO oslo_service.service [-] Child 22 exited with status 0
2026-06-08 02:08:40.763 24 DEBUG neutron.service [-] calling RpcWorker stop() stop /var/lib/kolla/venv/lib/python3.6/site-packages/neutron/service.py:138
2026-06-08 02:08:40.761 26 DEBUG neutron.service [-] calling stop on stop /var/lib/kolla/venv/lib/python3.6/site-packages/neutron/service.py:141
2026-06-08 02:08:40.765 24 DEBUG neutron.service [-] calling stop on stop /var/lib/kolla/venv/lib/python3.6/site-packages/neutron/service.py:141
2026-06-08 02:08:40.768 27 DEBUG neutron.service [-] calling RpcWorker stop() stop /var/lib/kolla/venv/lib/python3.6/site-packages/neutron/service.py:138
2026-06-08 02:08:40.769 28 DEBUG neutron.service [-] calling RpcWorker stop() stop /var/lib/kolla/venv/lib/python3.6/site-packages/neutron/service.py:138
2026-06-08 02:08:40.768 27 DEBUG neutron.service [-] calling stop on stop /var/lib/kolla/venv/lib/python3.6/site-packages/neutron/service.py:141
2026-06-08 02:08:40.770 28 DEBUG neutron.service [-] calling stop on stop /var/lib/kolla/venv/lib/python3.6/site-packages/neutron/service.py:141
2026-06-08 02:08:42.705 26 DEBUG oslo_concurrency.lockutils [req-1ff344a0-d3dd-4af7-b078-3ec45f782ba3 - - - - -] Acquired lock "singleton_lock" lock /var/lib/kolla/venv/lib/python3.6/site-packages/oslo_concurrency/lockutils.py:294
2026-06-08 02:08:42.705 26 DEBUG oslo_concurrency.lockutils [req-1ff344a0-d3dd-4af7-b078-3ec45f782ba3 - - - - -] Releasing lock "singleton_lock" lock /var/lib/kolla/venv/lib/python3.6/site-packages/oslo_concurrency/lockutils.py:312
2026-06-08 02:08:42.706 26 DEBUG neutron.service [req-1ff344a0-d3dd-4af7-b078-3ec45f782ba3 - - - - -] calling RpcWorker wait() _wait /var/lib/kolla/venv/lib/python3.6/site-packages/neutron/service.py:128
2026-06-08 02:08:42.706 26 DEBUG neutron.service [req-1ff344a0-d3dd-4af7-b078-3ec45f782ba3 - - - - -] calling wait on _wait /var/lib/kolla/venv/lib/python3.6/site-packages/neutron/service.py:131
2026-06-08 02:08:42.714 26 WARNING amqp [req-1ff344a0-d3dd-4af7-b078-3ec45f782ba3 - - - - -] Received method (60, 30) during closing channel 1. This method will be ignored
2026-06-08 02:08:42.716 26 DEBUG neutron.service [req-1ff344a0-d3dd-4af7-b078-3ec45f782ba3 - - - - -] returning from RpcWorker wait() _wait /var/lib/kolla/venv/lib/python3.6/site-packages/neutron/service.py:135
2026-06-08 02:08:42.723 7 INFO oslo_service.service [-] Child 26 exited with status 0
2026-06-08 02:08:43.234 24 DEBUG neutron.service [-] calling stop on stop /var/lib/kolla/venv/lib/python3.6/site-packages/neutron/service.py:141
2026-06-08 02:08:43.234 23 DEBUG neutron.service [-] calling stop on stop /var/lib/kolla/venv/lib/python3.6/site-packages/neutron/service.py:141
2026-06-08 02:08:43.252 25 DEBUG neutron.service [-] calling stop on stop /var/lib/kolla/venv/lib/python3.6/site-packages/neutron/service.py:141
2026-06-08 02:08:43.269 24 DEBUG neutron.service [-] calling stop on stop /var/lib/kolla/venv/lib/python3.6/site-packages/neutron/service.py:141
2026-06-08 02:08:43.270 23 DEBUG neutron.service [-] calling stop on stop /var/lib/kolla/venv/lib/python3.6/site-packages/neutron/service.py:141
2026-06-08 02:08:43.273 25 DEBUG neutron.service [-] calling stop on stop /var/lib/kolla/venv/lib/python3.6/site-packages/neutron/service.py:141
2026-06-08 02:08:43.280 29 DEBUG oslo_concurrency.lockutils [req-1ff344a0-d3dd-4af7-b078-3ec45f782ba3 - - - - -] Acquired lock "singleton_lock" lock /var/lib/kolla/venv/lib/python3.6/site-packages/oslo_concurrency/lockutils.py:294
2026-06-08 02:08:43.280 29 DEBUG oslo_concurrency.lockutils [req-1ff344a0-d3dd-4af7-b078-3ec45f782ba3 - - - - -] Releasing lock "singleton_lock" lock /var/lib/kolla/venv/lib/python3.6/site-packages/oslo_concurrency/lockutils.py:312
2026-06-08 02:08:43.281 29 DEBUG neutron.service [req-1ff344a0-d3dd-4af7-b078-3ec45f782ba3 - - - - -] calling RpcWorker wait() _wait /var/lib/kolla/venv/lib/python3.6/site-packages/neutron/service.py:128
2026-06-08 02:08:43.281 29 DEBUG neutron.service [req-1ff344a0-d3dd-4af7-b078-3ec45f782ba3 - - - - -] calling wait on _wait /var/lib/kolla/venv/lib/python3.6/site-packages/neutron/service.py:131
2026-06-08 02:08:43.288 29 WARNING amqp [req-1ff344a0-d3dd-4af7-b078-3ec45f782ba3 - - - - -] Received method (60, 30) during closing channel 1. This method will be ignored
2026-06-08 02:08:43.289 29 DEBUG neutron.service [req-1ff344a0-d3dd-4af7-b078-3ec45f782ba3 - - - - -] returning from RpcWorker wait() _wait /var/lib/kolla/venv/lib/python3.6/site-packages/neutron/service.py:135
2026-06-08 02:08:43.294 25 DEBUG neutron.service [-] calling stop on stop /var/lib/kolla/venv/lib/python3.6/site-packages/neutron/service.py:141
2026-06-08 02:08:43.296 7 INFO oslo_service.service [-] Child 29 exited with status 0
2026-06-08 02:08:43.296 23 DEBUG neutron.service [-] calling stop on stop /var/lib/kolla/venv/lib/python3.6/site-packages/neutron/service.py:141
2026-06-08 02:08:43.303 24 DEBUG neutron.service [-] calling stop on stop /var/lib/kolla/venv/lib/python3.6/site-packages/neutron/service.py:141
2026-06-08 02:08:43.313 23 DEBUG oslo_concurrency.lockutils [req-1ff344a0-d3dd-4af7-b078-3ec45f782ba3 - - - - -] Acquired lock "singleton_lock" lock /var/lib/kolla/venv/lib/python3.6/site-packages/oslo_concurrency/lockutils.py:294
2026-06-08 02:08:43.315 25 DEBUG oslo_concurrency.lockutils [req-1ff344a0-d3dd-4af7-b078-3ec45f782ba3 - - - - -] Acquired lock "singleton_lock" lock /var/lib/kolla/venv/lib/python3.6/site-packages/oslo_concurrency/lockutils.py:294
2026-06-08 02:08:43.316 25 DEBUG oslo_concurrency.lockutils [req-1ff344a0-d3dd-4af7-b078-3ec45f782ba3 - - - - -] Releasing lock "singleton_lock" lock /var/lib/kolla/venv/lib/python3.6/site-packages/oslo_concurrency/lockutils.py:312
2026-06-08 02:08:43.316 25 DEBUG neutron.service [req-1ff344a0-d3dd-4af7-b078-3ec45f782ba3 - - - - -] calling RpcWorker wait() _wait /var/lib/kolla/venv/lib/python3.6/site-packages/neutron/service.py:128
2026-06-08 02:08:43.316 24 DEBUG oslo_concurrency.lockutils [req-1ff344a0-d3dd-4af7-b078-3ec45f782ba3 - - - - -] Acquired lock "singleton_lock" lock /var/lib/kolla/venv/lib/python3.6/site-packages/oslo_concurrency/lockutils.py:294
2026-06-08 02:08:43.317 24 DEBUG oslo_concurrency.lockutils [req-1ff344a0-d3dd-4af7-b078-3ec45f782ba3 - - - - -] Releasing lock "singleton_lock" lock /var/lib/kolla/venv/lib/python3.6/site-packages/oslo_concurrency/lockutils.py:312
2026-06-08 02:08:43.317 24 DEBUG neutron.service [req-1ff344a0-d3dd-4af7-b078-3ec45f782ba3 - - - - -] calling RpcWorker wait() _wait /var/lib/kolla/venv/lib/python3.6/site-packages/neutron/service.py:128
2026-06-08 02:08:43.317 24 DEBUG neutron.service [req-1ff344a0-d3dd-4af7-b078-3ec45f782ba3 - - - - -] calling wait on _wait /var/lib/kolla/venv/lib/python3.6/site-packages/neutron/service.py:131
2026-06-08 02:08:43.317 25 DEBUG neutron.service [req-1ff344a0-d3dd-4af7-b078-3ec45f782ba3 - - - - -] calling wait on _wait /var/lib/kolla/venv/lib/python3.6/site-packages/neutron/service.py:131
2026-06-08 02:08:43.319 23 DEBUG oslo_concurrency.lockutils [req-1ff344a0-d3dd-4af7-b078-3ec45f782ba3 - - - - -] Releasing lock "singleton_lock" lock /var/lib/kolla/venv/lib/python3.6/site-packages/oslo_concurrency/lockutils.py:312
2026-06-08 02:08:43.319 23 DEBUG neutron.service [req-1ff344a0-d3dd-4af7-b078-3ec45f782ba3 - - - - -] calling RpcWorker wait() _wait /var/lib/kolla/venv/lib/python3.6/site-packages/neutron/service.py:128
2026-06-08 02:08:43.320 23 DEBUG neutron.service [req-1ff344a0-d3dd-4af7-b078-3ec45f782ba3 - - - - -] calling wait on _wait /var/lib/kolla/venv/lib/python3.6/site-packages/neutron/service.py:131
2026-06-08 02:08:43.325 24 WARNING amqp [req-1ff344a0-d3dd-4af7-b078-3ec45f782ba3 - - - - -] Received method (60, 30) during closing channel 1. This method will be ignored
2026-06-08 02:08:43.327 23 WARNING amqp [req-1ff344a0-d3dd-4af7-b078-3ec45f782ba3 - - - - -] Received method (60, 30) during closing channel 1. This method will be ignored
2026-06-08 02:08:43.327 24 DEBUG neutron.service [req-1ff344a0-d3dd-4af7-b078-3ec45f782ba3 - - - - -] calling wait on _wait /var/lib/kolla/venv/lib/python3.6/site-packages/neutron/service.py:131
2026-06-08 02:08:43.329 23 DEBUG neutron.service [req-1ff344a0-d3dd-4af7-b078-3ec45f782ba3 - - - - -] calling wait on _wait /var/lib/kolla/venv/lib/python3.6/site-packages/neutron/service.py:131
2026-06-08 02:08:43.328 25 WARNING amqp [req-1ff344a0-d3dd-4af7-b078-3ec45f782ba3 - - - - -] Received method (60, 30) during closing channel 1. This method will be ignored
2026-06-08 02:08:43.331 25 DEBUG neutron.service [req-1ff344a0-d3dd-4af7-b078-3ec45f782ba3 - - - - -] calling wait on _wait /var/lib/kolla/venv/lib/python3.6/site-packages/neutron/service.py:131
2026-06-08 02:08:43.341 24 WARNING amqp [req-1ff344a0-d3dd-4af7-b078-3ec45f782ba3 - - - - -] Received method (60, 30) during closing channel 1. This method will be ignored
2026-06-08 02:08:43.344 23 WARNING amqp [req-1ff344a0-d3dd-4af7-b078-3ec45f782ba3 - - - - -] Received method (60, 30) during closing channel 1. This method will be ignored
2026-06-08 02:08:43.345 24 DEBUG neutron.service [req-1ff344a0-d3dd-4af7-b078-3ec45f782ba3 - - - - -] calling wait on _wait /var/lib/kolla/venv/lib/python3.6/site-packages/neutron/service.py:131
2026-06-08 02:08:43.346 23 DEBUG neutron.service [req-1ff344a0-d3dd-4af7-b078-3ec45f782ba3 - - - - -] calling wait on _wait /var/lib/kolla/venv/lib/python3.6/site-packages/neutron/service.py:131
2026-06-08 02:08:43.345 25 WARNING amqp [req-1ff344a0-d3dd-4af7-b078-3ec45f782ba3 - - - - -] Received method (60, 30) during closing channel 1. This method will be ignored
2026-06-08 02:08:43.349 25 DEBUG neutron.service [req-1ff344a0-d3dd-4af7-b078-3ec45f782ba3 - - - - -] calling wait on _wait /var/lib/kolla/venv/lib/python3.6/site-packages/neutron/service.py:131
2026-06-08 02:08:43.351 24 WARNING amqp [req-1ff344a0-d3dd-4af7-b078-3ec45f782ba3 - - - - -] Received method (60, 30) during closing channel 1. This method will be ignored
2026-06-08 02:08:43.352 24 DEBUG neutron.service [req-1ff344a0-d3dd-4af7-b078-3ec45f782ba3 - - - - -] calling wait on _wait /var/lib/kolla/venv/lib/python3.6/site-packages/neutron/service.py:131
2026-06-08 02:08:43.355 23 WARNING amqp [req-1ff344a0-d3dd-4af7-b078-3ec45f782ba3 - - - - -] Received method (60, 30) during closing channel 1. This method will be ignored
2026-06-08 02:08:43.357 23 DEBUG neutron.service [req-1ff344a0-d3dd-4af7-b078-3ec45f782ba3 - - - - -] calling wait on _wait /var/lib/kolla/venv/lib/python3.6/site-packages/neutron/service.py:131
2026-06-08 02:08:43.359 25 WARNING amqp [req-1ff344a0-d3dd-4af7-b078-3ec45f782ba3 - - - - -] Received method (60, 30) during closing channel 1. This method will be ignored
2026-06-08 02:08:43.362 25 DEBUG neutron.service [req-1ff344a0-d3dd-4af7-b078-3ec45f782ba3 - - - - -] calling wait on _wait /var/lib/kolla/venv/lib/python3.6/site-packages/neutron/service.py:131
2026-06-08 02:08:43.366 24 WARNING amqp [req-1ff344a0-d3dd-4af7-b078-3ec45f782ba3 - - - - -] Received method (60, 30) during closing channel 1. This method will be ignored
2026-06-08 02:08:43.366 23 WARNING amqp [req-1ff344a0-d3dd-4af7-b078-3ec45f782ba3 - - - - -] Received method (60, 30) during closing channel 1. This method will be ignored
2026-06-08 02:08:43.368 23 DEBUG neutron.service [req-1ff344a0-d3dd-4af7-b078-3ec45f782ba3 - - - - -] returning from RpcWorker wait() _wait /var/lib/kolla/venv/lib/python3.6/site-packages/neutron/service.py:135
2026-06-08 02:08:43.370 25 WARNING amqp [req-1ff344a0-d3dd-4af7-b078-3ec45f782ba3 - - - - -] Received method (60, 30) during closing channel 1. This method will be ignored
2026-06-08 02:08:43.371 24 DEBUG neutron.service [req-1ff344a0-d3dd-4af7-b078-3ec45f782ba3 - - - - -] returning from RpcWorker wait() _wait /var/lib/kolla/venv/lib/python3.6/site-packages/neutron/service.py:135
2026-06-08 02:08:43.374 25 DEBUG neutron.service [req-1ff344a0-d3dd-4af7-b078-3ec45f782ba3 - - - - -] returning from RpcWorker wait() _wait /var/lib/kolla/venv/lib/python3.6/site-packages/neutron/service.py:135
2026-06-08 02:08:43.377 7 INFO oslo_service.service [-] Child 24 exited with status 0
2026-06-08 02:08:43.380 7 INFO oslo_service.service [-] Child 25 exited with status 0
2026-06-08 02:08:43.382 7 INFO oslo_service.service [-] Child 23 exited with status 0
2026-06-08 02:08:44.507 28 DEBUG oslo_concurrency.lockutils [req-1ff344a0-d3dd-4af7-b078-3ec45f782ba3 - - - - -] Acquired lock "singleton_lock" lock /var/lib/kolla/venv/lib/python3.6/site-packages/oslo_concurrency/lockutils.py:294
2026-06-08 02:08:44.508 28 DEBUG oslo_concurrency.lockutils [req-1ff344a0-d3dd-4af7-b078-3ec45f782ba3 - - - - -] Releasing lock "singleton_lock" lock /var/lib/kolla/venv/lib/python3.6/site-packages/oslo_concurrency/lockutils.py:312
2026-06-08 02:08:44.508 28 DEBUG neutron.service [req-1ff344a0-d3dd-4af7-b078-3ec45f782ba3 - - - - -] calling RpcWorker wait() _wait /var/lib/kolla/venv/lib/python3.6/site-packages/neutron/service.py:128
2026-06-08 02:08:44.509 28 DEBUG neutron.service [req-1ff344a0-d3dd-4af7-b078-3ec45f782ba3 - - - - -] calling wait on _wait /var/lib/kolla/venv/lib/python3.6/site-packages/neutron/service.py:131
2026-06-08 02:08:44.510 28 DEBUG neutron_lib.callbacks.manager [req-16d0a9f9-e67b-4e16-a0f9-ce8e9c674d98 - - - - -] Publish callbacks ['neutron.services.segments.db._update_segment_host_mapping_for_agent-8762202740595', 'neutron.plugins.ml2.plugin.Ml2Plugin._retry_binding_revived_agents-133982044'] for agent (fef5a5f6-bb9a-479b-84e5-2611dc6c9833), after_update _notify_loop /var/lib/kolla/venv/lib/python3.6/site-packages/neutron_lib/callbacks/manager.py:177
2026-06-08 02:08:44.517 28 WARNING amqp [req-1ff344a0-d3dd-4af7-b078-3ec45f782ba3 - - - - -] Received method (60, 30) during closing channel 1. This method will be ignored
2026-06-08 02:08:44.518 28 DEBUG neutron.service [req-1ff344a0-d3dd-4af7-b078-3ec45f782ba3 - - - - -] returning from RpcWorker wait() _wait /var/lib/kolla/venv/lib/python3.6/site-packages/neutron/service.py:135
2026-06-08 02:08:44.525 7 INFO oslo_service.service [-] Child 28 exited with status 0
2026-06-08 02:08:45.152 27 DEBUG oslo_concurrency.lockutils [req-1ff344a0-d3dd-4af7-b078-3ec45f782ba3 - - - - -] Acquired lock "singleton_lock" lock /var/lib/kolla/venv/lib/python3.6/site-packages/oslo_concurrency/lockutils.py:294
2026-06-08 02:08:45.153 27 DEBUG oslo_concurrency.lockutils [req-1ff344a0-d3dd-4af7-b078-3ec45f782ba3 - - - - -] Releasing lock "singleton_lock" lock /var/lib/kolla/venv/lib/python3.6/site-packages/oslo_concurrency/lockutils.py:312
2026-06-08 02:08:45.153 27 DEBUG neutron.service [req-1ff344a0-d3dd-4af7-b078-3ec45f782ba3 - - - - -] calling RpcWorker wait() _wait /var/lib/kolla/venv/lib/python3.6/site-packages/neutron/service.py:128
2026-06-08 02:08:45.153 27 DEBUG neutron.service [req-1ff344a0-d3dd-4af7-b078-3ec45f782ba3 - - - - -] calling wait on _wait /var/lib/kolla/venv/lib/python3.6/site-packages/neutron/service.py:131
