2026-06-04 02:01:50.426 73898 DEBUG oslo_service.service [-] paste_deploy.api_paste_config = /etc/heat/api-paste.ini log_opt_values /usr/lib/python3/dist-packages/oslo_config/cfg.py:2609
2026-06-04 02:01:50.426 73898 DEBUG oslo_service.service [-] paste_deploy.flavor = None log_opt_values /usr/lib/python3/dist-packages/oslo_config/cfg.py:2609
2026-06-04 02:01:50.426 73898 DEBUG oslo_service.service [-] auth_password.allowed_auth_uris = [] log_opt_values /usr/lib/python3/dist-packages/oslo_config/cfg.py:2609
2026-06-04 02:01:50.426 73898 DEBUG oslo_service.service [-] auth_password.multi_cloud = False log_opt_values /usr/lib/python3/dist-packages/oslo_config/cfg.py:2609
2026-06-04 02:01:50.426 73898 DEBUG oslo_service.service [-] revision.heat_revision = unknown log_opt_values /usr/lib/python3/dist-packages/oslo_config/cfg.py:2609
2026-06-04 02:01:50.427 73898 DEBUG oslo_service.service [-] volumes.backups_enabled = True log_opt_values /usr/lib/python3/dist-packages/oslo_config/cfg.py:2609
2026-06-04 02:01:50.427 73898 DEBUG oslo_service.service [-] noauth.token_response = log_opt_values /usr/lib/python3/dist-packages/oslo_config/cfg.py:2609
2026-06-04 02:01:50.427 73898 DEBUG oslo_service.service [-] clients.ca_file = None log_opt_values /usr/lib/python3/dist-packages/oslo_config/cfg.py:2609
2026-06-04 02:01:50.427 73898 DEBUG oslo_service.service [-] clients.cert_file = None log_opt_values /usr/lib/python3/dist-packages/oslo_config/cfg.py:2609
2026-06-04 02:01:50.427 73898 DEBUG oslo_service.service [-] clients.endpoint_type = publicURL log_opt_values /usr/lib/python3/dist-packages/oslo_config/cfg.py:2609
2026-06-04 02:01:50.427 73898 DEBUG oslo_service.service [-] clients.insecure = False log_opt_values /usr/lib/python3/dist-packages/oslo_config/cfg.py:2609
2026-06-04 02:01:50.427 73898 DEBUG oslo_service.service [-] clients.key_file = None log_opt_values /usr/lib/python3/dist-packages/oslo_config/cfg.py:2609
2026-06-04 02:01:50.427 73898 DEBUG oslo_service.service [-] clients_aodh.ca_file = None log_opt_values /usr/lib/python3/dist-packages/oslo_config/cfg.py:2609
2026-06-04 02:01:50.427 73898 DEBUG oslo_service.service [-] clients_aodh.cert_file = None log_opt_values /usr/lib/python3/dist-packages/oslo_config/cfg.py:2609
2026-06-04 02:01:50.428 73898 DEBUG oslo_service.service [-] clients_aodh.endpoint_type = None log_opt_values /usr/lib/python3/dist-packages/oslo_config/cfg.py:2609
2026-06-04 02:01:50.428 73898 DEBUG oslo_service.service [-] clients_aodh.insecure = None log_opt_values /usr/lib/python3/dist-packages/oslo_config/cfg.py:2609
2026-06-04 02:01:50.428 73898 DEBUG oslo_service.service [-] clients_aodh.key_file = None log_opt_values /usr/lib/python3/dist-packages/oslo_config/cfg.py:2609
2026-06-04 02:01:50.428 73898 DEBUG oslo_service.service [-] clients_barbican.ca_file = None log_opt_values /usr/lib/python3/dist-packages/oslo_config/cfg.py:2609
2026-06-04 02:01:50.428 73898 DEBUG oslo_service.service [-] clients_barbican.cert_file = None log_opt_values /usr/lib/python3/dist-packages/oslo_config/cfg.py:2609
2026-06-04 02:01:50.428 73898 DEBUG oslo_service.service [-] clients_barbican.endpoint_type = None log_opt_values /usr/lib/python3/dist-packages/oslo_config/cfg.py:2609
2026-06-04 02:01:50.428 73898 DEBUG oslo_service.service [-] clients_barbican.insecure = None log_opt_values /usr/lib/python3/dist-packages/oslo_config/cfg.py:2609
2026-06-04 02:01:50.428 73898 DEBUG oslo_service.service [-] clients_barbican.key_file = None log_opt_values /usr/lib/python3/dist-packages/oslo_config/cfg.py:2609
2026-06-04 02:01:50.428 73898 DEBUG oslo_service.service [-] clients_cinder.ca_file = None log_opt_values /usr/lib/python3/dist-packages/oslo_config/cfg.py:2609
2026-06-04 02:01:50.428 73898 DEBUG oslo_service.service [-] clients_cinder.cert_file = None log_opt_values /usr/lib/python3/dist-packages/oslo_config/cfg.py:2609
2026-06-04 02:01:50.429 73898 DEBUG oslo_service.service [-] clients_cinder.endpoint_type = None log_opt_values /usr/lib/python3/dist-packages/oslo_config/cfg.py:2609
2026-06-04 02:01:50.429 73898 DEBUG oslo_service.service [-] clients_cinder.http_log_debug = False log_opt_values /usr/lib/python3/dist-packages/oslo_config/cfg.py:2609
2026-06-04 02:01:50.429 73898 DEBUG oslo_service.service [-] clients_cinder.insecure = None log_opt_values /usr/lib/python3/dist-packages/oslo_config/cfg.py:2609
2026-06-04 02:01:50.429 73898 DEBUG oslo_service.service [-] clients_cinder.key_file = None log_opt_values /usr/lib/python3/dist-packages/oslo_config/cfg.py:2609
2026-06-04 02:01:50.429 73898 DEBUG oslo_service.service [-] clients_designate.ca_file = None log_opt_values /usr/lib/python3/dist-packages/oslo_config/cfg.py:2609
2026-06-04 02:01:50.429 73898 DEBUG oslo_service.service [-] clients_designate.cert_file = None log_opt_values /usr/lib/python3/dist-packages/oslo_config/cfg.py:2609
2026-06-04 02:01:50.429 73898 DEBUG oslo_service.service [-] clients_designate.endpoint_type = None log_opt_values /usr/lib/python3/dist-packages/oslo_config/cfg.py:2609
2026-06-04 02:01:50.429 73898 DEBUG oslo_service.service [-] clients_designate.insecure = None log_opt_values /usr/lib/python3/dist-packages/oslo_config/cfg.py:2609
2026-06-04 02:01:50.429 73898 DEBUG oslo_service.service [-] clients_designate.key_file = None log_opt_values /usr/lib/python3/dist-packages/oslo_config/cfg.py:2609
2026-06-04 02:01:50.430 73898 DEBUG oslo_service.service [-] clients_glance.ca_file = None log_opt_values /usr/lib/python3/dist-packages/oslo_config/cfg.py:2609
2026-06-04 02:01:50.430 73898 DEBUG oslo_service.service [-] clients_glance.cert_file = None log_opt_values /usr/lib/python3/dist-packages/oslo_config/cfg.py:2609
2026-06-04 02:01:50.430 73898 DEBUG oslo_service.service [-] clients_glance.endpoint_type = None log_opt_values /usr/lib/python3/dist-packages/oslo_config/cfg.py:2609
2026-06-04 02:01:50.430 73898 DEBUG oslo_service.service [-] clients_glance.insecure = None log_opt_values /usr/lib/python3/dist-packages/oslo_config/cfg.py:2609
2026-06-04 02:01:50.430 73898 DEBUG oslo_service.service [-] clients_glance.key_file = None log_opt_values /usr/lib/python3/dist-packages/oslo_config/cfg.py:2609
2026-06-04 02:01:50.430 73898 DEBUG oslo_service.service [-] clients_heat.ca_file = None log_opt_values /usr/lib/python3/dist-packages/oslo_config/cfg.py:2609
2026-06-04 02:01:50.430 73898 DEBUG oslo_service.service [-] clients_heat.cert_file = None log_opt_values /usr/lib/python3/dist-packages/oslo_config/cfg.py:2609
2026-06-04 02:01:50.430 73898 DEBUG oslo_service.service [-] clients_heat.endpoint_type = None log_opt_values /usr/lib/python3/dist-packages/oslo_config/cfg.py:2609
2026-06-04 02:01:50.430 74126 INFO heat.engine.worker [-] Starting engine_worker (1.4) in engine 1f7502b0-76f9-4fd6-a377-17cad7571c63.
2026-06-04 02:01:50.430 73898 DEBUG oslo_service.service [-] clients_heat.insecure = None log_opt_values /usr/lib/python3/dist-packages/oslo_config/cfg.py:2609
2026-06-04 02:01:50.431 73898 DEBUG oslo_service.service [-] clients_heat.key_file = None log_opt_values /usr/lib/python3/dist-packages/oslo_config/cfg.py:2609
2026-06-04 02:01:50.431 73898 DEBUG oslo_service.service [-] clients_heat.url = log_opt_values /usr/lib/python3/dist-packages/oslo_config/cfg.py:2609
2026-06-04 02:01:50.431 73898 DEBUG oslo_service.service [-] clients_keystone.auth_uri = http://252.129.1.127:5050 log_opt_values /usr/lib/python3/dist-packages/oslo_config/cfg.py:2609
2026-06-04 02:01:50.431 73898 DEBUG oslo_service.service [-] clients_keystone.ca_file = None log_opt_values /usr/lib/python3/dist-packages/oslo_config/cfg.py:2609
2026-06-04 02:01:50.431 73898 DEBUG oslo_service.service [-] clients_keystone.cert_file = None log_opt_values /usr/lib/python3/dist-packages/oslo_config/cfg.py:2609
2026-06-04 02:01:50.431 73898 DEBUG oslo_service.service [-] clients_keystone.endpoint_type = None log_opt_values /usr/lib/python3/dist-packages/oslo_config/cfg.py:2609
2026-06-04 02:01:50.431 73898 DEBUG oslo_service.service [-] clients_keystone.insecure = None log_opt_values /usr/lib/python3/dist-packages/oslo_config/cfg.py:2609
2026-06-04 02:01:50.431 73898 DEBUG oslo_service.service [-] clients_keystone.key_file = None log_opt_values /usr/lib/python3/dist-packages/oslo_config/cfg.py:2609
2026-06-04 02:01:50.431 73898 DEBUG oslo_service.service [-] clients_magnum.ca_file = None log_opt_values /usr/lib/python3/dist-packages/oslo_config/cfg.py:2609
2026-06-04 02:01:50.432 73898 DEBUG oslo_service.service [-] clients_magnum.cert_file = None log_opt_values /usr/lib/python3/dist-packages/oslo_config/cfg.py:2609
2026-06-04 02:01:50.432 73898 DEBUG oslo_service.service [-] clients_magnum.endpoint_type = None log_opt_values /usr/lib/python3/dist-packages/oslo_config/cfg.py:2609
2026-06-04 02:01:50.432 73898 DEBUG oslo_service.service [-] clients_magnum.insecure = None log_opt_values /usr/lib/python3/dist-packages/oslo_config/cfg.py:2609
2026-06-04 02:01:50.432 73898 DEBUG oslo_service.service [-] clients_magnum.key_file = None log_opt_values /usr/lib/python3/dist-packages/oslo_config/cfg.py:2609
2026-06-04 02:01:50.432 73898 DEBUG oslo_service.service [-] clients_manila.ca_file = None log_opt_values /usr/lib/python3/dist-packages/oslo_config/cfg.py:2609
2026-06-04 02:01:50.432 73898 DEBUG oslo_service.service [-] clients_manila.cert_file = None log_opt_values /usr/lib/python3/dist-packages/oslo_config/cfg.py:2609
2026-06-04 02:01:50.432 73898 DEBUG oslo_service.service [-] clients_manila.endpoint_type = None log_opt_values /usr/lib/python3/dist-packages/oslo_config/cfg.py:2609
2026-06-04 02:01:50.432 73898 DEBUG oslo_service.service [-] clients_manila.insecure = None log_opt_values /usr/lib/python3/dist-packages/oslo_config/cfg.py:2609
2026-06-04 02:01:50.432 73898 DEBUG oslo_service.service [-] clients_manila.key_file = None log_opt_values /usr/lib/python3/dist-packages/oslo_config/cfg.py:2609
2026-06-04 02:01:50.433 73898 DEBUG oslo_service.service [-] clients_mistral.ca_file = None log_opt_values /usr/lib/python3/dist-packages/oslo_config/cfg.py:2609
2026-06-04 02:01:50.433 73898 DEBUG oslo_service.service [-] clients_mistral.cert_file = None log_opt_values /usr/lib/python3/dist-packages/oslo_config/cfg.py:2609
2026-06-04 02:01:50.433 73898 DEBUG oslo_service.service [-] clients_mistral.endpoint_type = None log_opt_values /usr/lib/python3/dist-packages/oslo_config/cfg.py:2609
2026-06-04 02:01:50.433 73898 DEBUG oslo_service.service [-] clients_mistral.insecure = None log_opt_values /usr/lib/python3/dist-packages/oslo_config/cfg.py:2609
2026-06-04 02:01:50.433 73898 DEBUG oslo_service.service [-] clients_mistral.key_file = None log_opt_values /usr/lib/python3/dist-packages/oslo_config/cfg.py:2609
2026-06-04 02:01:50.433 73898 DEBUG oslo_service.service [-] clients_monasca.ca_file = None log_opt_values /usr/lib/python3/dist-packages/oslo_config/cfg.py:2609
2026-06-04 02:01:50.433 73898 DEBUG oslo_service.service [-] clients_monasca.cert_file = None log_opt_values /usr/lib/python3/dist-packages/oslo_config/cfg.py:2609
2026-06-04 02:01:50.433 73898 DEBUG oslo_service.service [-] clients_monasca.endpoint_type = None log_opt_values /usr/lib/python3/dist-packages/oslo_config/cfg.py:2609
2026-06-04 02:01:50.433 73898 DEBUG oslo_service.service [-] clients_monasca.insecure = None log_opt_values /usr/lib/python3/dist-packages/oslo_config/cfg.py:2609
2026-06-04 02:01:50.433 73898 DEBUG oslo_service.service [-] clients_monasca.key_file = None log_opt_values /usr/lib/python3/dist-packages/oslo_config/cfg.py:2609
2026-06-04 02:01:50.434 73898 DEBUG oslo_service.service [-] clients_neutron.ca_file = None log_opt_values /usr/lib/python3/dist-packages/oslo_config/cfg.py:2609
2026-06-04 02:01:50.434 73898 DEBUG oslo_service.service [-] clients_neutron.cert_file = None log_opt_values /usr/lib/python3/dist-packages/oslo_config/cfg.py:2609
2026-06-04 02:01:50.434 73898 DEBUG oslo_service.service [-] clients_neutron.endpoint_type = None log_opt_values /usr/lib/python3/dist-packages/oslo_config/cfg.py:2609
2026-06-04 02:01:50.434 73898 DEBUG oslo_service.service [-] clients_neutron.insecure = None log_opt_values /usr/lib/python3/dist-packages/oslo_config/cfg.py:2609
2026-06-04 02:01:50.434 73898 DEBUG oslo_service.service [-] clients_neutron.key_file = None log_opt_values /usr/lib/python3/dist-packages/oslo_config/cfg.py:2609
2026-06-04 02:01:50.434 73898 DEBUG oslo_service.service [-] clients_nova.ca_file = None log_opt_values /usr/lib/python3/dist-packages/oslo_config/cfg.py:2609
2026-06-04 02:01:50.434 73898 DEBUG oslo_service.service [-] clients_nova.cert_file = None log_opt_values /usr/lib/python3/dist-packages/oslo_config/cfg.py:2609
2026-06-04 02:01:50.434 73898 DEBUG oslo_service.service [-] clients_nova.endpoint_type = None log_opt_values /usr/lib/python3/dist-packages/oslo_config/cfg.py:2609
2026-06-04 02:01:50.434 73898 DEBUG oslo_service.service [-] clients_nova.http_log_debug = False log_opt_values /usr/lib/python3/dist-packages/oslo_config/cfg.py:2609
2026-06-04 02:01:50.435 73898 DEBUG oslo_service.service [-] clients_nova.insecure = None log_opt_values /usr/lib/python3/dist-packages/oslo_config/cfg.py:2609
2026-06-04 02:01:50.435 73898 DEBUG oslo_service.service [-] clients_nova.key_file = None log_opt_values /usr/lib/python3/dist-packages/oslo_config/cfg.py:2609
2026-06-04 02:01:50.435 73898 DEBUG oslo_service.service [-] clients_octavia.ca_file = None log_opt_values /usr/lib/python3/dist-packages/oslo_config/cfg.py:2609
2026-06-04 02:01:50.435 73898 DEBUG oslo_service.service [-] clients_octavia.cert_file = None log_opt_values /usr/lib/python3/dist-packages/oslo_config/cfg.py:2609
2026-06-04 02:01:50.435 73898 DEBUG oslo_service.service [-] clients_octavia.endpoint_type = None log_opt_values /usr/lib/python3/dist-packages/oslo_config/cfg.py:2609
2026-06-04 02:01:50.435 73898 DEBUG oslo_service.service [-] clients_octavia.insecure = None log_opt_values /usr/lib/python3/dist-packages/oslo_config/cfg.py:2609
2026-06-04 02:01:50.435 73898 DEBUG oslo_service.service [-] clients_octavia.key_file = None log_opt_values /usr/lib/python3/dist-packages/oslo_config/cfg.py:2609
2026-06-04 02:01:50.435 73898 DEBUG oslo_service.service [-] clients_sahara.ca_file = None log_opt_values /usr/lib/python3/dist-packages/oslo_config/cfg.py:2609
2026-06-04 02:01:50.435 73898 DEBUG oslo_service.service [-] clients_sahara.cert_file = None log_opt_values /usr/lib/python3/dist-packages/oslo_config/cfg.py:2609
2026-06-04 02:01:50.436 73898 DEBUG oslo_service.service [-] clients_sahara.endpoint_type = None log_opt_values /usr/lib/python3/dist-packages/oslo_config/cfg.py:2609
2026-06-04 02:01:50.436 73898 DEBUG oslo_service.service [-] clients_sahara.insecure = None log_opt_values /usr/lib/python3/dist-packages/oslo_config/cfg.py:2609
2026-06-04 02:01:50.436 73898 DEBUG oslo_service.service [-] clients_sahara.key_file = None log_opt_values /usr/lib/python3/dist-packages/oslo_config/cfg.py:2609
2026-06-04 02:01:50.436 73898 DEBUG oslo_service.service [-] clients_senlin.ca_file = None log_opt_values /usr/lib/python3/dist-packages/oslo_config/cfg.py:2609
2026-06-04 02:01:50.436 73898 DEBUG oslo_service.service [-] clients_senlin.cert_file = None log_opt_values /usr/lib/python3/dist-packages/oslo_config/cfg.py:2609
2026-06-04 02:01:50.436 73898 DEBUG oslo_service.service [-] clients_senlin.endpoint_type = None log_opt_values /usr/lib/python3/dist-packages/oslo_config/cfg.py:2609
2026-06-04 02:01:50.436 73898 DEBUG oslo_service.service [-] clients_senlin.insecure = None log_opt_values /usr/lib/python3/dist-packages/oslo_config/cfg.py:2609
2026-06-04 02:01:50.436 73898 DEBUG oslo_service.service [-] clients_senlin.key_file = None log_opt_values /usr/lib/python3/dist-packages/oslo_config/cfg.py:2609
2026-06-04 02:01:50.436 73898 DEBUG oslo_service.service [-] clients_swift.ca_file = None log_opt_values /usr/lib/python3/dist-packages/oslo_config/cfg.py:2609
2026-06-04 02:01:50.437 73898 DEBUG oslo_service.service [-] clients_swift.cert_file = None log_opt_values /usr/lib/python3/dist-packages/oslo_config/cfg.py:2609
2026-06-04 02:01:50.437 73898 DEBUG oslo_service.service [-] clients_swift.endpoint_type = None log_opt_values /usr/lib/python3/dist-packages/oslo_config/cfg.py:2609
2026-06-04 02:01:50.437 73898 DEBUG oslo_service.service [-] clients_swift.insecure = None log_opt_values /usr/lib/python3/dist-packages/oslo_config/cfg.py:2609
2026-06-04 02:01:50.437 73898 DEBUG oslo_service.service [-] clients_swift.key_file = None log_opt_values /usr/lib/python3/dist-packages/oslo_config/cfg.py:2609
2026-06-04 02:01:50.437 73898 DEBUG oslo_service.service [-] clients_trove.ca_file = None log_opt_values /usr/lib/python3/dist-packages/oslo_config/cfg.py:2609
2026-06-04 02:01:50.437 73898 DEBUG oslo_service.service [-] clients_trove.cert_file = None log_opt_values /usr/lib/python3/dist-packages/oslo_config/cfg.py:2609
2026-06-04 02:01:50.437 73898 DEBUG oslo_service.service [-] clients_trove.endpoint_type = None log_opt_values /usr/lib/python3/dist-packages/oslo_config/cfg.py:2609
2026-06-04 02:01:50.437 73898 DEBUG oslo_service.service [-] clients_trove.insecure = None log_opt_values /usr/lib/python3/dist-packages/oslo_config/cfg.py:2609
2026-06-04 02:01:50.437 73898 DEBUG oslo_service.service [-] clients_trove.key_file = None log_opt_values /usr/lib/python3/dist-packages/oslo_config/cfg.py:2609
2026-06-04 02:01:50.437 73898 DEBUG oslo_service.service [-] clients_vitrage.ca_file = None log_opt_values /usr/lib/python3/dist-packages/oslo_config/cfg.py:2609
2026-06-04 02:01:50.438 73898 DEBUG oslo_service.service [-] clients_vitrage.cert_file = None log_opt_values /usr/lib/python3/dist-packages/oslo_config/cfg.py:2609
2026-06-04 02:01:50.438 73898 DEBUG oslo_service.service [-] clients_vitrage.endpoint_type = None log_opt_values /usr/lib/python3/dist-packages/oslo_config/cfg.py:2609
2026-06-04 02:01:50.438 73898 DEBUG oslo_service.service [-] clients_vitrage.insecure = None log_opt_values /usr/lib/python3/dist-packages/oslo_config/cfg.py:2609
2026-06-04 02:01:50.438 73898 DEBUG oslo_service.service [-] clients_vitrage.key_file = None log_opt_values /usr/lib/python3/dist-packages/oslo_config/cfg.py:2609
2026-06-04 02:01:50.438 73898 DEBUG oslo_service.service [-] clients_zaqar.ca_file = None log_opt_values /usr/lib/python3/dist-packages/oslo_config/cfg.py:2609
2026-06-04 02:01:50.438 73898 DEBUG oslo_service.service [-] clients_zaqar.cert_file = None log_opt_values /usr/lib/python3/dist-packages/oslo_config/cfg.py:2609
2026-06-04 02:01:50.438 73898 DEBUG oslo_service.service [-] clients_zaqar.endpoint_type = None log_opt_values /usr/lib/python3/dist-packages/oslo_config/cfg.py:2609
2026-06-04 02:01:50.438 73898 DEBUG oslo_service.service [-] clients_zaqar.insecure = None log_opt_values /usr/lib/python3/dist-packages/oslo_config/cfg.py:2609
2026-06-04 02:01:50.438 73898 DEBUG oslo_service.service [-] clients_zaqar.key_file = None log_opt_values /usr/lib/python3/dist-packages/oslo_config/cfg.py:2609
2026-06-04 02:01:50.439 73898 DEBUG oslo_service.service [-] database.backend = sqlalchemy log_opt_values /usr/lib/python3/dist-packages/oslo_config/cfg.py:2609
2026-06-04 02:01:50.439 73898 DEBUG oslo_service.service [-] database.connection = **** log_opt_values /usr/lib/python3/dist-packages/oslo_config/cfg.py:2609
2026-06-04 02:01:50.439 73898 DEBUG oslo_service.service [-] database.connection_debug = 0 log_opt_values /usr/lib/python3/dist-packages/oslo_config/cfg.py:2609
2026-06-04 02:01:50.439 73898 DEBUG oslo_service.service [-] database.connection_parameters = log_opt_values /usr/lib/python3/dist-packages/oslo_config/cfg.py:2609
2026-06-04 02:01:50.439 73898 DEBUG oslo_service.service [-] database.connection_recycle_time = 3600 log_opt_values /usr/lib/python3/dist-packages/oslo_config/cfg.py:2609
2026-06-04 02:01:50.439 73898 DEBUG oslo_service.service [-] database.connection_trace = False log_opt_values /usr/lib/python3/dist-packages/oslo_config/cfg.py:2609
2026-06-04 02:01:50.439 73898 DEBUG oslo_service.service [-] database.db_inc_retry_interval = True log_opt_values /usr/lib/python3/dist-packages/oslo_config/cfg.py:2609
2026-06-04 02:01:50.439 73898 DEBUG oslo_service.service [-] database.db_max_retries = 20 log_opt_values /usr/lib/python3/dist-packages/oslo_config/cfg.py:2609
2026-06-04 02:01:50.440 73898 DEBUG oslo_service.service [-] database.db_max_retry_interval = 10 log_opt_values /usr/lib/python3/dist-packages/oslo_config/cfg.py:2609
2026-06-04 02:01:50.440 73898 DEBUG oslo_service.service [-] database.db_retry_interval = 1 log_opt_values /usr/lib/python3/dist-packages/oslo_config/cfg.py:2609
2026-06-04 02:01:50.440 73898 DEBUG oslo_service.service [-] database.max_overflow = 50 log_opt_values /usr/lib/python3/dist-packages/oslo_config/cfg.py:2609
2026-06-04 02:01:50.440 73898 DEBUG oslo_service.service [-] database.max_pool_size = 5 log_opt_values /usr/lib/python3/dist-packages/oslo_config/cfg.py:2609
2026-06-04 02:01:50.440 73898 DEBUG oslo_service.service [-] database.max_retries = 10 log_opt_values /usr/lib/python3/dist-packages/oslo_config/cfg.py:2609
2026-06-04 02:01:50.440 73898 DEBUG oslo_service.service [-] database.mysql_enable_ndb = False log_opt_values /usr/lib/python3/dist-packages/oslo_config/cfg.py:2609
2026-06-04 02:01:50.440 73898 DEBUG oslo_service.service [-] database.mysql_sql_mode = TRADITIONAL log_opt_values /usr/lib/python3/dist-packages/oslo_config/cfg.py:2609
2026-06-04 02:01:50.440 73898 DEBUG oslo_service.service [-] database.pool_timeout = None log_opt_values /usr/lib/python3/dist-packages/oslo_config/cfg.py:2609
2026-06-04 02:01:50.441 73898 DEBUG oslo_service.service [-] database.retry_interval = 10 log_opt_values /usr/lib/python3/dist-packages/oslo_config/cfg.py:2609
2026-06-04 02:01:50.441 73898 DEBUG oslo_service.service [-] database.slave_connection = **** log_opt_values /usr/lib/python3/dist-packages/oslo_config/cfg.py:2609
2026-06-04 02:01:50.441 73898 DEBUG oslo_service.service [-] database.sqlite_synchronous = True log_opt_values /usr/lib/python3/dist-packages/oslo_config/cfg.py:2609
2026-06-04 02:01:50.441 73898 DEBUG oslo_service.service [-] database.use_db_reconnect = False log_opt_values /usr/lib/python3/dist-packages/oslo_config/cfg.py:2609
2026-06-04 02:01:50.441 73898 DEBUG oslo_service.service [-] oslo_messaging_metrics.metrics_buffer_size = 1000 log_opt_values /usr/lib/python3/dist-packages/oslo_config/cfg.py:2609
2026-06-04 02:01:50.441 73898 DEBUG oslo_service.service [-] oslo_messaging_metrics.metrics_enabled = False log_opt_values /usr/lib/python3/dist-packages/oslo_config/cfg.py:2609
2026-06-04 02:01:50.441 73898 DEBUG oslo_service.service [-] oslo_messaging_metrics.metrics_process_name = log_opt_values /usr/lib/python3/dist-packages/oslo_config/cfg.py:2609
2026-06-04 02:01:50.441 73898 DEBUG oslo_service.service [-] oslo_messaging_metrics.metrics_socket_file = /var/tmp/metrics_collector.sock log_opt_values /usr/lib/python3/dist-packages/oslo_config/cfg.py:2609
2026-06-04 02:01:50.442 73898 DEBUG oslo_service.service [-] oslo_messaging_metrics.metrics_thread_stop_timeout = 10 log_opt_values /usr/lib/python3/dist-packages/oslo_config/cfg.py:2609
2026-06-04 02:01:50.442 73898 DEBUG oslo_service.service [-] oslo_policy.enforce_new_defaults = False log_opt_values /usr/lib/python3/dist-packages/oslo_config/cfg.py:2609
2026-06-04 02:01:50.442 73898 DEBUG oslo_service.service [-] oslo_policy.enforce_scope = False log_opt_values /usr/lib/python3/dist-packages/oslo_config/cfg.py:2609
2026-06-04 02:01:50.442 73898 DEBUG oslo_service.service [-] oslo_policy.policy_default_rule = default log_opt_values /usr/lib/python3/dist-packages/oslo_config/cfg.py:2609
2026-06-04 02:01:50.442 73898 DEBUG oslo_service.service [-] oslo_policy.policy_dirs = ['policy.d'] log_opt_values /usr/lib/python3/dist-packages/oslo_config/cfg.py:2609
2026-06-04 02:01:50.442 73898 DEBUG oslo_service.service [-] oslo_policy.policy_file = policy.yaml log_opt_values /usr/lib/python3/dist-packages/oslo_config/cfg.py:2609
2026-06-04 02:01:50.442 73898 DEBUG oslo_service.service [-] oslo_policy.remote_content_type = application/x-www-form-urlencoded log_opt_values /usr/lib/python3/dist-packages/oslo_config/cfg.py:2609
2026-06-04 02:01:50.442 73898 DEBUG oslo_service.service [-] oslo_policy.remote_ssl_ca_crt_file = None log_opt_values /usr/lib/python3/dist-packages/oslo_config/cfg.py:2609
2026-06-04 02:01:50.443 73898 DEBUG oslo_service.service [-] oslo_policy.remote_ssl_client_crt_file = None log_opt_values /usr/lib/python3/dist-packages/oslo_config/cfg.py:2609
2026-06-04 02:01:50.443 73898 DEBUG oslo_service.service [-] oslo_policy.remote_ssl_client_key_file = None log_opt_values /usr/lib/python3/dist-packages/oslo_config/cfg.py:2609
2026-06-04 02:01:50.443 73898 DEBUG oslo_service.service [-] oslo_policy.remote_ssl_verify_server_crt = False log_opt_values /usr/lib/python3/dist-packages/oslo_config/cfg.py:2609
2026-06-04 02:01:50.443 73898 DEBUG oslo_service.service [-] trustee.auth_section = None log_opt_values /usr/lib/python3/dist-packages/oslo_config/cfg.py:2609
2026-06-04 02:01:50.443 73898 WARNING oslo_config.cfg [-] Deprecated: Option "auth_plugin" from group "trustee" is deprecated. Use option "auth_type" from group "trustee".
2026-06-04 02:01:50.443 73898 DEBUG oslo_service.service [-] trustee.auth_type = password log_opt_values /usr/lib/python3/dist-packages/oslo_config/cfg.py:2609
2026-06-04 02:01:50.444 73898 DEBUG oslo_service.service [-] oslo_versionedobjects.fatal_exception_format_errors = False log_opt_values /usr/lib/python3/dist-packages/oslo_config/cfg.py:2609
2026-06-04 02:01:50.444 73898 DEBUG oslo_service.service [-] oslo_messaging_rabbit.amqp_auto_delete = False log_opt_values /usr/lib/python3/dist-packages/oslo_config/cfg.py:2609
2026-06-04 02:01:50.444 73898 DEBUG oslo_service.service [-] oslo_messaging_rabbit.amqp_durable_queues = False log_opt_values /usr/lib/python3/dist-packages/oslo_config/cfg.py:2609
2026-06-04 02:01:50.444 73898 DEBUG oslo_service.service [-] oslo_messaging_rabbit.conn_pool_min_size = 2 log_opt_values /usr/lib/python3/dist-packages/oslo_config/cfg.py:2609
2026-06-04 02:01:50.444 73898 DEBUG oslo_service.service [-] oslo_messaging_rabbit.conn_pool_ttl = 1200 log_opt_values /usr/lib/python3/dist-packages/oslo_config/cfg.py:2609
2026-06-04 02:01:50.444 73898 DEBUG oslo_service.service [-] oslo_messaging_rabbit.direct_mandatory_flag = True log_opt_values /usr/lib/python3/dist-packages/oslo_config/cfg.py:2609
2026-06-04 02:01:50.444 73898 DEBUG oslo_service.service [-] oslo_messaging_rabbit.enable_cancel_on_failover = False log_opt_values /usr/lib/python3/dist-packages/oslo_config/cfg.py:2609
2026-06-04 02:01:50.444 73898 DEBUG oslo_service.service [-] oslo_messaging_rabbit.heartbeat_in_pthread = False log_opt_values /usr/lib/python3/dist-packages/oslo_config/cfg.py:2609
2026-06-04 02:01:50.444 74128 INFO heat.engine.worker [-] Starting engine_worker (1.4) in engine 4ea8f2fb-35f5-418f-a13e-5e43bd30b960.
2026-06-04 02:01:50.445 73898 DEBUG oslo_service.service [-] oslo_messaging_rabbit.heartbeat_rate = 2 log_opt_values /usr/lib/python3/dist-packages/oslo_config/cfg.py:2609
2026-06-04 02:01:50.445 73898 DEBUG oslo_service.service [-] oslo_messaging_rabbit.heartbeat_timeout_threshold = 60 log_opt_values /usr/lib/python3/dist-packages/oslo_config/cfg.py:2609
2026-06-04 02:01:50.446 73898 DEBUG oslo_service.service [-] oslo_messaging_rabbit.kombu_compression = None log_opt_values /usr/lib/python3/dist-packages/oslo_config/cfg.py:2609
2026-06-04 02:01:50.446 73898 DEBUG oslo_service.service [-] oslo_messaging_rabbit.kombu_failover_strategy = round-robin log_opt_values /usr/lib/python3/dist-packages/oslo_config/cfg.py:2609
2026-06-04 02:01:50.446 73898 DEBUG oslo_service.service [-] oslo_messaging_rabbit.kombu_missing_consumer_retry_timeout = 60 log_opt_values /usr/lib/python3/dist-packages/oslo_config/cfg.py:2609
2026-06-04 02:01:50.446 73898 DEBUG oslo_service.service [-] oslo_messaging_rabbit.kombu_reconnect_delay = 1.0 log_opt_values /usr/lib/python3/dist-packages/oslo_config/cfg.py:2609
2026-06-04 02:01:50.446 73898 DEBUG oslo_service.service [-] oslo_messaging_rabbit.rabbit_ha_queues = False log_opt_values /usr/lib/python3/dist-packages/oslo_config/cfg.py:2609
2026-06-04 02:01:50.446 73898 DEBUG oslo_service.service [-] oslo_messaging_rabbit.rabbit_interval_max = 30 log_opt_values /usr/lib/python3/dist-packages/oslo_config/cfg.py:2609
2026-06-04 02:01:50.446 73898 DEBUG oslo_service.service [-] oslo_messaging_rabbit.rabbit_login_method = AMQPLAIN log_opt_values /usr/lib/python3/dist-packages/oslo_config/cfg.py:2609
2026-06-04 02:01:50.446 73898 DEBUG oslo_service.service [-] oslo_messaging_rabbit.rabbit_qos_prefetch_count = 0 log_opt_values /usr/lib/python3/dist-packages/oslo_config/cfg.py:2609
2026-06-04 02:01:50.447 73898 DEBUG oslo_service.service [-] oslo_messaging_rabbit.rabbit_quorum_queue = False log_opt_values /usr/lib/python3/dist-packages/oslo_config/cfg.py:2609
2026-06-04 02:01:50.447 73898 DEBUG oslo_service.service [-] oslo_messaging_rabbit.rabbit_retry_backoff = 2 log_opt_values /usr/lib/python3/dist-packages/oslo_config/cfg.py:2609
2026-06-04 02:01:50.447 73898 DEBUG oslo_service.service [-] oslo_messaging_rabbit.rabbit_retry_interval = 1 log_opt_values /usr/lib/python3/dist-packages/oslo_config/cfg.py:2609
2026-06-04 02:01:50.447 73898 DEBUG oslo_service.service [-] oslo_messaging_rabbit.rabbit_transient_queues_ttl = 1800 log_opt_values /usr/lib/python3/dist-packages/oslo_config/cfg.py:2609
2026-06-04 02:01:50.447 73898 DEBUG oslo_service.service [-] oslo_messaging_rabbit.rpc_conn_pool_size = 30 log_opt_values /usr/lib/python3/dist-packages/oslo_config/cfg.py:2609
2026-06-04 02:01:50.447 73898 DEBUG oslo_service.service [-] oslo_messaging_rabbit.ssl = False log_opt_values /usr/lib/python3/dist-packages/oslo_config/cfg.py:2609
2026-06-04 02:01:50.447 73898 DEBUG oslo_service.service [-] oslo_messaging_rabbit.ssl_ca_file = log_opt_values /usr/lib/python3/dist-packages/oslo_config/cfg.py:2609
2026-06-04 02:01:50.447 73898 DEBUG oslo_service.service [-] oslo_messaging_rabbit.ssl_cert_file = log_opt_values /usr/lib/python3/dist-packages/oslo_config/cfg.py:2609
2026-06-04 02:01:50.447 73898 DEBUG oslo_service.service [-] oslo_messaging_rabbit.ssl_key_file = log_opt_values /usr/lib/python3/dist-packages/oslo_config/cfg.py:2609
2026-06-04 02:01:50.448 73898 DEBUG oslo_service.service [-] oslo_messaging_rabbit.ssl_version = log_opt_values /usr/lib/python3/dist-packages/oslo_config/cfg.py:2609
2026-06-04 02:01:50.448 73898 DEBUG oslo_service.service [-] oslo_messaging_notifications.driver = [] log_opt_values /usr/lib/python3/dist-packages/oslo_config/cfg.py:2609
2026-06-04 02:01:50.448 73898 DEBUG oslo_service.service [-] oslo_messaging_notifications.retry = -1 log_opt_values /usr/lib/python3/dist-packages/oslo_config/cfg.py:2609
2026-06-04 02:01:50.448 73898 DEBUG oslo_service.service [-] oslo_messaging_notifications.topics = ['notifications'] log_opt_values /usr/lib/python3/dist-packages/oslo_config/cfg.py:2609
2026-06-04 02:01:50.448 73898 DEBUG oslo_service.service [-] oslo_messaging_notifications.transport_url = **** log_opt_values /usr/lib/python3/dist-packages/oslo_config/cfg.py:2609
2026-06-04 02:01:50.448 73898 DEBUG oslo_service.service [-] cache.backend = dogpile.cache.null log_opt_values /usr/lib/python3/dist-packages/oslo_config/cfg.py:2609
2026-06-04 02:01:50.448 73898 DEBUG oslo_service.service [-] cache.backend_argument = **** log_opt_values /usr/lib/python3/dist-packages/oslo_config/cfg.py:2609
2026-06-04 02:01:50.448 73898 DEBUG oslo_service.service [-] cache.config_prefix = cache.oslo log_opt_values /usr/lib/python3/dist-packages/oslo_config/cfg.py:2609
2026-06-04 02:01:50.449 73898 DEBUG oslo_service.service [-] cache.debug_cache_backend = False log_opt_values /usr/lib/python3/dist-packages/oslo_config/cfg.py:2609
2026-06-04 02:01:50.449 73898 DEBUG oslo_service.service [-] cache.enabled = False log_opt_values /usr/lib/python3/dist-packages/oslo_config/cfg.py:2609
2026-06-04 02:01:50.449 73898 DEBUG oslo_service.service [-] cache.expiration_time = 600 log_opt_values /usr/lib/python3/dist-packages/oslo_config/cfg.py:2609
2026-06-04 02:01:50.449 73898 DEBUG oslo_service.service [-] cache.memcache_dead_retry = 300 log_opt_values /usr/lib/python3/dist-packages/oslo_config/cfg.py:2609
2026-06-04 02:01:50.449 73898 DEBUG oslo_service.service [-] cache.memcache_pool_connection_get_timeout = 10 log_opt_values /usr/lib/python3/dist-packages/oslo_config/cfg.py:2609
2026-06-04 02:01:50.449 73898 DEBUG oslo_service.service [-] cache.memcache_pool_flush_on_reconnect = False log_opt_values /usr/lib/python3/dist-packages/oslo_config/cfg.py:2609
2026-06-04 02:01:50.449 73898 DEBUG oslo_service.service [-] cache.memcache_pool_maxsize = 10 log_opt_values /usr/lib/python3/dist-packages/oslo_config/cfg.py:2609
2026-06-04 02:01:50.449 73898 DEBUG oslo_service.service [-] cache.memcache_pool_unused_timeout = 60 log_opt_values /usr/lib/python3/dist-packages/oslo_config/cfg.py:2609
2026-06-04 02:01:50.449 73898 DEBUG oslo_service.service [-] cache.memcache_servers = ['localhost:11211'] log_opt_values /usr/lib/python3/dist-packages/oslo_config/cfg.py:2609
2026-06-04 02:01:50.450 73898 DEBUG oslo_service.service [-] cache.memcache_socket_timeout = 1.0 log_opt_values /usr/lib/python3/dist-packages/oslo_config/cfg.py:2609
2026-06-04 02:01:50.450 73898 DEBUG oslo_service.service [-] cache.proxies = [] log_opt_values /usr/lib/python3/dist-packages/oslo_config/cfg.py:2609
2026-06-04 02:01:50.450 73898 DEBUG oslo_service.service [-] cache.tls_allowed_ciphers = None log_opt_values /usr/lib/python3/dist-packages/oslo_config/cfg.py:2609
2026-06-04 02:01:50.450 73898 DEBUG oslo_service.service [-] cache.tls_cafile = None log_opt_values /usr/lib/python3/dist-packages/oslo_config/cfg.py:2609
2026-06-04 02:01:50.450 73898 DEBUG oslo_service.service [-] cache.tls_certfile = None log_opt_values /usr/lib/python3/dist-packages/oslo_config/cfg.py:2609
2026-06-04 02:01:50.450 73898 DEBUG oslo_service.service [-] cache.tls_enabled = False log_opt_values /usr/lib/python3/dist-packages/oslo_config/cfg.py:2609
2026-06-04 02:01:50.450 73898 DEBUG oslo_service.service [-] cache.tls_keyfile = None log_opt_values /usr/lib/python3/dist-packages/oslo_config/cfg.py:2609
2026-06-04 02:01:50.450 73898 DEBUG oslo_service.service [-] constraint_validation_cache.caching = True log_opt_values /usr/lib/python3/dist-packages/oslo_config/cfg.py:2609
2026-06-04 02:01:50.451 73898 DEBUG oslo_service.service [-] constraint_validation_cache.expiration_time = 60 log_opt_values /usr/lib/python3/dist-packages/oslo_config/cfg.py:2609
2026-06-04 02:01:50.451 73898 DEBUG oslo_service.service [-] service_extension_cache.caching = True log_opt_values /usr/lib/python3/dist-packages/oslo_config/cfg.py:2609
2026-06-04 02:01:50.451 73898 DEBUG oslo_service.service [-] service_extension_cache.expiration_time = 3600 log_opt_values /usr/lib/python3/dist-packages/oslo_config/cfg.py:2609
2026-06-04 02:01:50.451 73898 DEBUG oslo_service.service [-] resource_finder_cache.caching = True log_opt_values /usr/lib/python3/dist-packages/oslo_config/cfg.py:2609
2026-06-04 02:01:50.451 73898 DEBUG oslo_service.service [-] resource_finder_cache.expiration_time = 3600 log_opt_values /usr/lib/python3/dist-packages/oslo_config/cfg.py:2609
2026-06-04 02:01:50.451 73898 DEBUG oslo_service.service [-] yaql.limit_iterators = 200 log_opt_values /usr/lib/python3/dist-packages/oslo_config/cfg.py:2609
2026-06-04 02:01:50.451 73898 DEBUG oslo_service.service [-] yaql.memory_quota = 10000 log_opt_values /usr/lib/python3/dist-packages/oslo_config/cfg.py:2609
2026-06-04 02:01:50.452 73898 DEBUG oslo_service.service [-] ******************************************************************************** log_opt_values /usr/lib/python3/dist-packages/oslo_config/cfg.py:2613
2026-06-04 02:01:50.472 74129 INFO heat.engine.worker [-] Starting engine_worker (1.4) in engine b7173424-6dd0-470d-9672-a8afd60fe5d9.
2026-06-04 02:01:50.531 74128 DEBUG oslo_db.sqlalchemy.engines [req-44a7f899-6e0c-4281-bfa6-547ca6062346 - - - - -] MySQL server mode set to STRICT_TRANS_TABLES,STRICT_ALL_TABLES,NO_ZERO_IN_DATE,NO_ZERO_DATE,ERROR_FOR_DIVISION_BY_ZERO,TRADITIONAL,NO_ENGINE_SUBSTITUTION _check_effective_sql_mode /usr/lib/python3/dist-packages/oslo_db/sqlalchemy/engines.py:314
2026-06-04 02:01:50.539 74126 DEBUG oslo_db.sqlalchemy.engines [req-2f32d44b-ab8d-466f-a500-dcc3bb5b14df - - - - -] MySQL server mode set to STRICT_TRANS_TABLES,STRICT_ALL_TABLES,NO_ZERO_IN_DATE,NO_ZERO_DATE,ERROR_FOR_DIVISION_BY_ZERO,TRADITIONAL,NO_ENGINE_SUBSTITUTION _check_effective_sql_mode /usr/lib/python3/dist-packages/oslo_db/sqlalchemy/engines.py:314
2026-06-04 02:01:50.548 74127 DEBUG oslo_db.sqlalchemy.engines [req-59762fdc-b81e-492b-a9d5-c35eae9071e8 - - - - -] MySQL server mode set to STRICT_TRANS_TABLES,STRICT_ALL_TABLES,NO_ZERO_IN_DATE,NO_ZERO_DATE,ERROR_FOR_DIVISION_BY_ZERO,TRADITIONAL,NO_ENGINE_SUBSTITUTION _check_effective_sql_mode /usr/lib/python3/dist-packages/oslo_db/sqlalchemy/engines.py:314
2026-06-04 02:01:50.581 74129 DEBUG oslo_db.sqlalchemy.engines [req-6ef7c634-f37b-4b29-b004-a94e5b72fe61 - - - - -] MySQL server mode set to STRICT_TRANS_TABLES,STRICT_ALL_TABLES,NO_ZERO_IN_DATE,NO_ZERO_DATE,ERROR_FOR_DIVISION_BY_ZERO,TRADITIONAL,NO_ENGINE_SUBSTITUTION _check_effective_sql_mode /usr/lib/python3/dist-packages/oslo_db/sqlalchemy/engines.py:314
2026-06-04 02:01:50.586 74128 DEBUG heat.engine.service [req-44a7f899-6e0c-4281-bfa6-547ca6062346 - - - - -] Service 04901a67-9c5c-4d69-bbd2-dc40e661dbf4 was aborted service_manage_cleanup /usr/lib/python3/dist-packages/heat/engine/service.py:2391
2026-06-04 02:01:50.603 74127 DEBUG heat.engine.service [req-59762fdc-b81e-492b-a9d5-c35eae9071e8 - - - - -] Service 04901a67-9c5c-4d69-bbd2-dc40e661dbf4 was aborted service_manage_cleanup /usr/lib/python3/dist-packages/heat/engine/service.py:2391
2026-06-04 02:01:50.611 74128 DEBUG heat.engine.service [req-44a7f899-6e0c-4281-bfa6-547ca6062346 - - - - -] Service 4432e7b0-65d1-465c-a331-1d48facef227 was aborted service_manage_cleanup /usr/lib/python3/dist-packages/heat/engine/service.py:2391
2026-06-04 02:01:50.613 74127 DEBUG heat.engine.service [req-59762fdc-b81e-492b-a9d5-c35eae9071e8 - - - - -] Service 4432e7b0-65d1-465c-a331-1d48facef227 was aborted service_manage_cleanup /usr/lib/python3/dist-packages/heat/engine/service.py:2391
2026-06-04 02:01:50.614 74126 DEBUG heat.engine.service [req-2f32d44b-ab8d-466f-a500-dcc3bb5b14df - - - - -] Service 04901a67-9c5c-4d69-bbd2-dc40e661dbf4 was aborted service_manage_cleanup /usr/lib/python3/dist-packages/heat/engine/service.py:2391
2026-06-04 02:01:50.624 74128 DEBUG heat.engine.service [req-44a7f899-6e0c-4281-bfa6-547ca6062346 - - - - -] Service 9ecc76d9-954d-4318-8aa0-e0ac57ba07d7 was aborted service_manage_cleanup /usr/lib/python3/dist-packages/heat/engine/service.py:2391
2026-06-04 02:01:50.626 74127 DEBUG heat.engine.service [req-59762fdc-b81e-492b-a9d5-c35eae9071e8 - - - - -] Service 9ecc76d9-954d-4318-8aa0-e0ac57ba07d7 was aborted service_manage_cleanup /usr/lib/python3/dist-packages/heat/engine/service.py:2391
2026-06-04 02:01:50.629 74126 DEBUG heat.engine.service [req-2f32d44b-ab8d-466f-a500-dcc3bb5b14df - - - - -] Service 4432e7b0-65d1-465c-a331-1d48facef227 was aborted service_manage_cleanup /usr/lib/python3/dist-packages/heat/engine/service.py:2391
2026-06-04 02:01:50.638 74126 DEBUG heat.engine.service [req-2f32d44b-ab8d-466f-a500-dcc3bb5b14df - - - - -] Service 9ecc76d9-954d-4318-8aa0-e0ac57ba07d7 was aborted service_manage_cleanup /usr/lib/python3/dist-packages/heat/engine/service.py:2391
2026-06-04 02:01:50.638 74128 DEBUG heat.engine.service [req-44a7f899-6e0c-4281-bfa6-547ca6062346 - - - - -] Service d2888867-41e0-407a-961d-822ca0fe343a was aborted service_manage_cleanup /usr/lib/python3/dist-packages/heat/engine/service.py:2391
2026-06-04 02:01:50.640 74127 DEBUG heat.engine.service [req-59762fdc-b81e-492b-a9d5-c35eae9071e8 - - - - -] Service d2888867-41e0-407a-961d-822ca0fe343a was aborted service_manage_cleanup /usr/lib/python3/dist-packages/heat/engine/service.py:2391
2026-06-04 02:01:50.646 74126 DEBUG heat.engine.service [req-2f32d44b-ab8d-466f-a500-dcc3bb5b14df - - - - -] Service d2888867-41e0-407a-961d-822ca0fe343a was aborted service_manage_cleanup /usr/lib/python3/dist-packages/heat/engine/service.py:2391
2026-06-04 02:01:50.654 74129 DEBUG heat.engine.service [req-6ef7c634-f37b-4b29-b004-a94e5b72fe61 - - - - -] Service d2888867-41e0-407a-961d-822ca0fe343a was aborted service_manage_cleanup /usr/lib/python3/dist-packages/heat/engine/service.py:2391
2026-06-04 02:01:50.665 74128 DEBUG heat.engine.service [req-98c41fbb-132f-4fed-93a0-17c02275e50d - - - - -] Service 147a9433-e7c8-4f70-9632-67cb6c7c41ab is started service_manage_report /usr/lib/python3/dist-packages/heat/engine/service.py:2363
2026-06-04 02:01:50.681 74127 DEBUG heat.engine.service [req-ac332da5-4816-4c37-9a7b-1ce02323397b - - - - -] Service 3b6aa30d-89e6-4de6-9924-10b8d1038d10 is started service_manage_report /usr/lib/python3/dist-packages/heat/engine/service.py:2363
2026-06-04 02:01:50.692 74126 DEBUG heat.engine.service [req-01e5a165-f431-46cd-bd77-0f063a4f3478 - - - - -] Service 1d36b35f-8434-4258-a450-99fa56235c15 is started service_manage_report /usr/lib/python3/dist-packages/heat/engine/service.py:2363
2026-06-04 02:01:50.691 74128 DEBUG heat.engine.service [req-98c41fbb-132f-4fed-93a0-17c02275e50d - - - - -] Service 147a9433-e7c8-4f70-9632-67cb6c7c41ab is updated service_manage_report /usr/lib/python3/dist-packages/heat/engine/service.py:2370
2026-06-04 02:01:50.692 74129 DEBUG heat.engine.service [req-5d631e6c-535a-4f6c-aa8e-d567ce3ef3ba - - - - -] Service 19eebc73-f319-4ffd-b649-42e643e277ac is started service_manage_report /usr/lib/python3/dist-packages/heat/engine/service.py:2363
2026-06-04 02:01:50.698 74127 DEBUG heat.engine.service [req-ac332da5-4816-4c37-9a7b-1ce02323397b - - - - -] Service 3b6aa30d-89e6-4de6-9924-10b8d1038d10 is updated service_manage_report /usr/lib/python3/dist-packages/heat/engine/service.py:2370
2026-06-04 02:01:50.710 74126 DEBUG heat.engine.service [req-01e5a165-f431-46cd-bd77-0f063a4f3478 - - - - -] Service 1d36b35f-8434-4258-a450-99fa56235c15 is updated service_manage_report /usr/lib/python3/dist-packages/heat/engine/service.py:2370
2026-06-04 02:01:50.714 74129 DEBUG heat.engine.service [req-5d631e6c-535a-4f6c-aa8e-d567ce3ef3ba - - - - -] Service 19eebc73-f319-4ffd-b649-42e643e277ac is updated service_manage_report /usr/lib/python3/dist-packages/heat/engine/service.py:2370
2026-06-04 02:02:50.666 74127 DEBUG heat.engine.service [req-1ebbf961-3832-4a45-8d34-777f42d3fe64 - - - - -] Service 3b6aa30d-89e6-4de6-9924-10b8d1038d10 is updated service_manage_report /usr/lib/python3/dist-packages/heat/engine/service.py:2370
2026-06-04 02:02:50.668 74128 DEBUG heat.engine.service [req-c0d21404-76f0-4e65-ae7a-c9aa5cefe88d - - - - -] Service 147a9433-e7c8-4f70-9632-67cb6c7c41ab is updated service_manage_report /usr/lib/python3/dist-packages/heat/engine/service.py:2370
2026-06-04 02:02:50.669 74126 DEBUG heat.engine.service [req-9d394775-837b-4a1a-90eb-d27f6cf23590 - - - - -] Service 1d36b35f-8434-4258-a450-99fa56235c15 is updated service_manage_report /usr/lib/python3/dist-packages/heat/engine/service.py:2370
2026-06-04 02:02:50.679 74129 DEBUG heat.engine.service [req-389e0c43-ff59-4709-a280-b6d56a9ff8cc - - - - -] Service 19eebc73-f319-4ffd-b649-42e643e277ac is updated service_manage_report /usr/lib/python3/dist-packages/heat/engine/service.py:2370
2026-06-04 02:03:50.737 74127 DEBUG heat.engine.service [req-eb164af1-678e-4159-85c5-34cbef9ce8ff - - - - -] Service 3b6aa30d-89e6-4de6-9924-10b8d1038d10 is updated service_manage_report /usr/lib/python3/dist-packages/heat/engine/service.py:2370
2026-06-04 02:03:50.797 74126 DEBUG heat.engine.service [req-003390c9-6eb6-4a0c-94d8-e09624e2674f - - - - -] Service 1d36b35f-8434-4258-a450-99fa56235c15 is updated service_manage_report /usr/lib/python3/dist-packages/heat/engine/service.py:2370
2026-06-04 02:03:50.797 74128 DEBUG heat.engine.service [req-76083655-fb65-4574-8357-f2f9e950ff2a - - - - -] Service 147a9433-e7c8-4f70-9632-67cb6c7c41ab is updated service_manage_report /usr/lib/python3/dist-packages/heat/engine/service.py:2370
2026-06-04 02:03:50.800 74129 DEBUG heat.engine.service [req-271b00e3-d94a-46f5-b34d-195a2a234514 - - - - -] Service 19eebc73-f319-4ffd-b649-42e643e277ac is updated service_manage_report /usr/lib/python3/dist-packages/heat/engine/service.py:2370
2026-06-04 02:04:50.665 74128 DEBUG heat.engine.service [req-d3b9d1b5-b68e-4c88-99e8-5412d17cd0dd - - - - -] Service 147a9433-e7c8-4f70-9632-67cb6c7c41ab is updated service_manage_report /usr/lib/python3/dist-packages/heat/engine/service.py:2370
2026-06-04 02:04:50.671 74126 DEBUG heat.engine.service [req-830e8a24-f1a7-44ca-8d6d-309e6871d54d - - - - -] Service 1d36b35f-8434-4258-a450-99fa56235c15 is updated service_manage_report /usr/lib/python3/dist-packages/heat/engine/service.py:2370
2026-06-04 02:04:50.671 74127 DEBUG heat.engine.service [req-b08153cd-0fb8-4d94-813f-049b00301ae6 - - - - -] Service 3b6aa30d-89e6-4de6-9924-10b8d1038d10 is updated service_manage_report /usr/lib/python3/dist-packages/heat/engine/service.py:2370
2026-06-04 02:04:50.684 74129 DEBUG heat.engine.service [req-44589eb3-14ba-4feb-9742-2574b620e67a - - - - -] Service 19eebc73-f319-4ffd-b649-42e643e277ac is updated service_manage_report /usr/lib/python3/dist-packages/heat/engine/service.py:2370
2026-06-04 02:05:50.667 74128 DEBUG heat.engine.service [req-0cbc0afc-db48-4514-99db-a5d4c159240d - - - - -] Service 147a9433-e7c8-4f70-9632-67cb6c7c41ab is updated service_manage_report /usr/lib/python3/dist-packages/heat/engine/service.py:2370
2026-06-04 02:05:50.671 74127 DEBUG heat.engine.service [req-6b87b824-d8f6-425e-b2fa-98c6f2302de5 - - - - -] Service 3b6aa30d-89e6-4de6-9924-10b8d1038d10 is updated service_manage_report /usr/lib/python3/dist-packages/heat/engine/service.py:2370
2026-06-04 02:05:50.671 74126 DEBUG heat.engine.service [req-c1593e4d-ea7c-47d6-8b35-8d174adc09b6 - - - - -] Service 1d36b35f-8434-4258-a450-99fa56235c15 is updated service_manage_report /usr/lib/python3/dist-packages/heat/engine/service.py:2370
2026-06-04 02:05:50.689 74129 DEBUG heat.engine.service [req-cb8dbc53-705d-4471-9349-809c7d74d2ad - - - - -] Service 19eebc73-f319-4ffd-b649-42e643e277ac is updated service_manage_report /usr/lib/python3/dist-packages/heat/engine/service.py:2370
2026-06-04 02:06:50.667 74128 DEBUG heat.engine.service [req-eae4b9e5-0b85-4fe3-a902-87e8dd38dd27 - - - - -] Service 147a9433-e7c8-4f70-9632-67cb6c7c41ab is updated service_manage_report /usr/lib/python3/dist-packages/heat/engine/service.py:2370
2026-06-04 02:06:50.670 74127 DEBUG heat.engine.service [req-1b1d35ca-610b-4468-87e0-47bcc16c0a62 - - - - -] Service 3b6aa30d-89e6-4de6-9924-10b8d1038d10 is updated service_manage_report /usr/lib/python3/dist-packages/heat/engine/service.py:2370
2026-06-04 02:06:50.670 74126 DEBUG heat.engine.service [req-66dc593e-627f-410e-9fe4-b1eb2ab95518 - - - - -] Service 1d36b35f-8434-4258-a450-99fa56235c15 is updated service_manage_report /usr/lib/python3/dist-packages/heat/engine/service.py:2370
2026-06-04 02:06:50.694 74129 DEBUG heat.engine.service [req-c000af02-b3ab-411b-92b2-23541b193d35 - - - - -] Service 19eebc73-f319-4ffd-b649-42e643e277ac is updated service_manage_report /usr/lib/python3/dist-packages/heat/engine/service.py:2370
2026-06-04 02:07:50.663 74128 DEBUG heat.engine.service [req-f231b3cd-695c-4652-8588-4a80d0f2b8a9 - - - - -] Service 147a9433-e7c8-4f70-9632-67cb6c7c41ab is updated service_manage_report /usr/lib/python3/dist-packages/heat/engine/service.py:2370
2026-06-04 02:07:50.665 74127 DEBUG heat.engine.service [req-2d72b5bc-cea1-405e-9a60-8cd5dfc26e33 - - - - -] Service 3b6aa30d-89e6-4de6-9924-10b8d1038d10 is updated service_manage_report /usr/lib/python3/dist-packages/heat/engine/service.py:2370
2026-06-04 02:07:50.665 74126 DEBUG heat.engine.service [req-fc809e0e-2e72-44d5-bb09-20fab0b56425 - - - - -] Service 1d36b35f-8434-4258-a450-99fa56235c15 is updated service_manage_report /usr/lib/python3/dist-packages/heat/engine/service.py:2370
2026-06-04 02:07:50.699 74129 DEBUG heat.engine.service [req-20b58740-fbe1-4d44-9b27-0e08ad61b3a8 - - - - -] Service 19eebc73-f319-4ffd-b649-42e643e277ac is updated service_manage_report /usr/lib/python3/dist-packages/heat/engine/service.py:2370
2026-06-04 02:08:50.767 74127 DEBUG heat.engine.service [req-05a4c2c8-fcd4-48e2-9691-093bf4e22bb6 - - - - -] Service 3b6aa30d-89e6-4de6-9924-10b8d1038d10 is updated service_manage_report /usr/lib/python3/dist-packages/heat/engine/service.py:2370
2026-06-04 02:08:50.789 74128 DEBUG heat.engine.service [req-f8ea6974-a8d7-49ed-ab50-0622e8634d7d - - - - -] Service 147a9433-e7c8-4f70-9632-67cb6c7c41ab is updated service_manage_report /usr/lib/python3/dist-packages/heat/engine/service.py:2370
2026-06-04 02:08:50.789 74129 DEBUG heat.engine.service [req-6de65cd2-dc8a-4ea3-9e54-82f8f59ddcba - - - - -] Service 19eebc73-f319-4ffd-b649-42e643e277ac is updated service_manage_report /usr/lib/python3/dist-packages/heat/engine/service.py:2370
2026-06-04 02:08:50.790 74126 DEBUG heat.engine.service [req-19920b2a-aaa3-4b0b-a834-f6c9db38d5b7 - - - - -] Service 1d36b35f-8434-4258-a450-99fa56235c15 is updated service_manage_report /usr/lib/python3/dist-packages/heat/engine/service.py:2370
2026-06-04 02:09:50.665 74128 DEBUG heat.engine.service [req-799c82b9-af6e-450b-b9a3-432b9a501d8a - - - - -] Service 147a9433-e7c8-4f70-9632-67cb6c7c41ab is updated service_manage_report /usr/lib/python3/dist-packages/heat/engine/service.py:2370
