2026-06-04 00:34:21.796 39209 DEBUG oslo_service.service [-] clients_mistral.ca_file = None log_opt_values /usr/lib/python3/dist-packages/oslo_config/cfg.py:2609
2026-06-04 00:34:21.796 39209 DEBUG oslo_service.service [-] clients_mistral.cert_file = None log_opt_values /usr/lib/python3/dist-packages/oslo_config/cfg.py:2609
2026-06-04 00:34:21.796 39209 DEBUG oslo_service.service [-] clients_mistral.endpoint_type = None log_opt_values /usr/lib/python3/dist-packages/oslo_config/cfg.py:2609
2026-06-04 00:34:21.796 39209 DEBUG oslo_service.service [-] clients_mistral.insecure = None log_opt_values /usr/lib/python3/dist-packages/oslo_config/cfg.py:2609
2026-06-04 00:34:21.797 39209 DEBUG oslo_service.service [-] clients_mistral.key_file = None log_opt_values /usr/lib/python3/dist-packages/oslo_config/cfg.py:2609
2026-06-04 00:34:21.797 39209 DEBUG oslo_service.service [-] clients_monasca.ca_file = None log_opt_values /usr/lib/python3/dist-packages/oslo_config/cfg.py:2609
2026-06-04 00:34:21.797 39209 DEBUG oslo_service.service [-] clients_monasca.cert_file = None log_opt_values /usr/lib/python3/dist-packages/oslo_config/cfg.py:2609
2026-06-04 00:34:21.797 39209 DEBUG oslo_service.service [-] clients_monasca.endpoint_type = None log_opt_values /usr/lib/python3/dist-packages/oslo_config/cfg.py:2609
2026-06-04 00:34:21.797 39209 DEBUG oslo_service.service [-] clients_monasca.insecure = None log_opt_values /usr/lib/python3/dist-packages/oslo_config/cfg.py:2609
2026-06-04 00:34:21.797 39209 DEBUG oslo_service.service [-] clients_monasca.key_file = None log_opt_values /usr/lib/python3/dist-packages/oslo_config/cfg.py:2609
2026-06-04 00:34:21.797 39209 DEBUG oslo_service.service [-] clients_neutron.ca_file = None log_opt_values /usr/lib/python3/dist-packages/oslo_config/cfg.py:2609
2026-06-04 00:34:21.798 39209 DEBUG oslo_service.service [-] clients_neutron.cert_file = None log_opt_values /usr/lib/python3/dist-packages/oslo_config/cfg.py:2609
2026-06-04 00:34:21.798 39209 DEBUG oslo_service.service [-] clients_neutron.endpoint_type = None log_opt_values /usr/lib/python3/dist-packages/oslo_config/cfg.py:2609
2026-06-04 00:34:21.798 39209 DEBUG oslo_service.service [-] clients_neutron.insecure = None log_opt_values /usr/lib/python3/dist-packages/oslo_config/cfg.py:2609
2026-06-04 00:34:21.798 39209 DEBUG oslo_service.service [-] clients_neutron.key_file = None log_opt_values /usr/lib/python3/dist-packages/oslo_config/cfg.py:2609
2026-06-04 00:34:21.798 39209 DEBUG oslo_service.service [-] clients_nova.ca_file = None log_opt_values /usr/lib/python3/dist-packages/oslo_config/cfg.py:2609
2026-06-04 00:34:21.798 39209 DEBUG oslo_service.service [-] clients_nova.cert_file = None log_opt_values /usr/lib/python3/dist-packages/oslo_config/cfg.py:2609
2026-06-04 00:34:21.798 39209 DEBUG oslo_service.service [-] clients_nova.endpoint_type = None log_opt_values /usr/lib/python3/dist-packages/oslo_config/cfg.py:2609
2026-06-04 00:34:21.799 39209 DEBUG oslo_service.service [-] clients_nova.http_log_debug = False log_opt_values /usr/lib/python3/dist-packages/oslo_config/cfg.py:2609
2026-06-04 00:34:21.799 39209 DEBUG oslo_service.service [-] clients_nova.insecure = None log_opt_values /usr/lib/python3/dist-packages/oslo_config/cfg.py:2609
2026-06-04 00:34:21.799 39209 DEBUG oslo_service.service [-] clients_nova.key_file = None log_opt_values /usr/lib/python3/dist-packages/oslo_config/cfg.py:2609
2026-06-04 00:34:21.800 39209 DEBUG oslo_service.service [-] clients_octavia.ca_file = None log_opt_values /usr/lib/python3/dist-packages/oslo_config/cfg.py:2609
2026-06-04 00:34:21.800 39209 DEBUG oslo_service.service [-] clients_octavia.cert_file = None log_opt_values /usr/lib/python3/dist-packages/oslo_config/cfg.py:2609
2026-06-04 00:34:21.800 39209 DEBUG oslo_service.service [-] clients_octavia.endpoint_type = None log_opt_values /usr/lib/python3/dist-packages/oslo_config/cfg.py:2609
2026-06-04 00:34:21.800 39209 DEBUG oslo_service.service [-] clients_octavia.insecure = None log_opt_values /usr/lib/python3/dist-packages/oslo_config/cfg.py:2609
2026-06-04 00:34:21.800 39209 DEBUG oslo_service.service [-] clients_octavia.key_file = None log_opt_values /usr/lib/python3/dist-packages/oslo_config/cfg.py:2609
2026-06-04 00:34:21.800 39209 DEBUG oslo_service.service [-] clients_sahara.ca_file = None log_opt_values /usr/lib/python3/dist-packages/oslo_config/cfg.py:2609
2026-06-04 00:34:21.800 39209 DEBUG oslo_service.service [-] clients_sahara.cert_file = None log_opt_values /usr/lib/python3/dist-packages/oslo_config/cfg.py:2609
2026-06-04 00:34:21.801 39209 DEBUG oslo_service.service [-] clients_sahara.endpoint_type = None log_opt_values /usr/lib/python3/dist-packages/oslo_config/cfg.py:2609
2026-06-04 00:34:21.801 39209 DEBUG oslo_service.service [-] clients_sahara.insecure = None log_opt_values /usr/lib/python3/dist-packages/oslo_config/cfg.py:2609
2026-06-04 00:34:21.801 39209 DEBUG oslo_service.service [-] clients_sahara.key_file = None log_opt_values /usr/lib/python3/dist-packages/oslo_config/cfg.py:2609
2026-06-04 00:34:21.801 39209 DEBUG oslo_service.service [-] clients_senlin.ca_file = None log_opt_values /usr/lib/python3/dist-packages/oslo_config/cfg.py:2609
2026-06-04 00:34:21.801 39209 DEBUG oslo_service.service [-] clients_senlin.cert_file = None log_opt_values /usr/lib/python3/dist-packages/oslo_config/cfg.py:2609
2026-06-04 00:34:21.801 39209 DEBUG oslo_service.service [-] clients_senlin.endpoint_type = None log_opt_values /usr/lib/python3/dist-packages/oslo_config/cfg.py:2609
2026-06-04 00:34:21.801 39209 DEBUG oslo_service.service [-] clients_senlin.insecure = None log_opt_values /usr/lib/python3/dist-packages/oslo_config/cfg.py:2609
2026-06-04 00:34:21.801 39209 DEBUG oslo_service.service [-] clients_senlin.key_file = None log_opt_values /usr/lib/python3/dist-packages/oslo_config/cfg.py:2609
2026-06-04 00:34:21.802 39209 DEBUG oslo_service.service [-] clients_swift.ca_file = None log_opt_values /usr/lib/python3/dist-packages/oslo_config/cfg.py:2609
2026-06-04 00:34:21.802 39209 DEBUG oslo_service.service [-] clients_swift.cert_file = None log_opt_values /usr/lib/python3/dist-packages/oslo_config/cfg.py:2609
2026-06-04 00:34:21.802 39209 DEBUG oslo_service.service [-] clients_swift.endpoint_type = None log_opt_values /usr/lib/python3/dist-packages/oslo_config/cfg.py:2609
2026-06-04 00:34:21.802 39209 DEBUG oslo_service.service [-] clients_swift.insecure = None log_opt_values /usr/lib/python3/dist-packages/oslo_config/cfg.py:2609
2026-06-04 00:34:21.802 39209 DEBUG oslo_service.service [-] clients_swift.key_file = None log_opt_values /usr/lib/python3/dist-packages/oslo_config/cfg.py:2609
2026-06-04 00:34:21.802 39209 DEBUG oslo_service.service [-] clients_trove.ca_file = None log_opt_values /usr/lib/python3/dist-packages/oslo_config/cfg.py:2609
2026-06-04 00:34:21.803 39209 DEBUG oslo_service.service [-] clients_trove.cert_file = None log_opt_values /usr/lib/python3/dist-packages/oslo_config/cfg.py:2609
2026-06-04 00:34:21.803 39209 DEBUG oslo_service.service [-] clients_trove.endpoint_type = None log_opt_values /usr/lib/python3/dist-packages/oslo_config/cfg.py:2609
2026-06-04 00:34:21.803 39209 DEBUG oslo_service.service [-] clients_trove.insecure = None log_opt_values /usr/lib/python3/dist-packages/oslo_config/cfg.py:2609
2026-06-04 00:34:21.803 39209 DEBUG oslo_service.service [-] clients_trove.key_file = None log_opt_values /usr/lib/python3/dist-packages/oslo_config/cfg.py:2609
2026-06-04 00:34:21.803 39209 DEBUG oslo_service.service [-] clients_vitrage.ca_file = None log_opt_values /usr/lib/python3/dist-packages/oslo_config/cfg.py:2609
2026-06-04 00:34:21.804 39209 DEBUG oslo_service.service [-] clients_vitrage.cert_file = None log_opt_values /usr/lib/python3/dist-packages/oslo_config/cfg.py:2609
2026-06-04 00:34:21.804 39209 DEBUG oslo_service.service [-] clients_vitrage.endpoint_type = None log_opt_values /usr/lib/python3/dist-packages/oslo_config/cfg.py:2609
2026-06-04 00:34:21.804 39209 DEBUG oslo_service.service [-] clients_vitrage.insecure = None log_opt_values /usr/lib/python3/dist-packages/oslo_config/cfg.py:2609
2026-06-04 00:34:21.804 39209 DEBUG oslo_service.service [-] clients_vitrage.key_file = None log_opt_values /usr/lib/python3/dist-packages/oslo_config/cfg.py:2609
2026-06-04 00:34:21.804 39209 DEBUG oslo_service.service [-] clients_zaqar.ca_file = None log_opt_values /usr/lib/python3/dist-packages/oslo_config/cfg.py:2609
2026-06-04 00:34:21.804 39209 DEBUG oslo_service.service [-] clients_zaqar.cert_file = None log_opt_values /usr/lib/python3/dist-packages/oslo_config/cfg.py:2609
2026-06-04 00:34:21.804 39209 DEBUG oslo_service.service [-] clients_zaqar.endpoint_type = None log_opt_values /usr/lib/python3/dist-packages/oslo_config/cfg.py:2609
2026-06-04 00:34:21.805 39209 DEBUG oslo_service.service [-] clients_zaqar.insecure = None log_opt_values /usr/lib/python3/dist-packages/oslo_config/cfg.py:2609
2026-06-04 00:34:21.805 39209 DEBUG oslo_service.service [-] clients_zaqar.key_file = None log_opt_values /usr/lib/python3/dist-packages/oslo_config/cfg.py:2609
2026-06-04 00:34:21.805 39209 DEBUG oslo_service.service [-] database.backend = sqlalchemy log_opt_values /usr/lib/python3/dist-packages/oslo_config/cfg.py:2609
2026-06-04 00:34:21.805 39209 DEBUG oslo_service.service [-] database.connection = **** log_opt_values /usr/lib/python3/dist-packages/oslo_config/cfg.py:2609
2026-06-04 00:34:21.805 39209 DEBUG oslo_service.service [-] database.connection_debug = 0 log_opt_values /usr/lib/python3/dist-packages/oslo_config/cfg.py:2609
2026-06-04 00:34:21.805 39209 DEBUG oslo_service.service [-] database.connection_parameters = log_opt_values /usr/lib/python3/dist-packages/oslo_config/cfg.py:2609
2026-06-04 00:34:21.805 39209 DEBUG oslo_service.service [-] database.connection_recycle_time = 3600 log_opt_values /usr/lib/python3/dist-packages/oslo_config/cfg.py:2609
2026-06-04 00:34:21.806 39209 DEBUG oslo_service.service [-] database.connection_trace = False log_opt_values /usr/lib/python3/dist-packages/oslo_config/cfg.py:2609
2026-06-04 00:34:21.806 39209 DEBUG oslo_service.service [-] database.db_inc_retry_interval = True log_opt_values /usr/lib/python3/dist-packages/oslo_config/cfg.py:2609
2026-06-04 00:34:21.806 39209 DEBUG oslo_service.service [-] database.db_max_retries = 20 log_opt_values /usr/lib/python3/dist-packages/oslo_config/cfg.py:2609
2026-06-04 00:34:21.806 39209 DEBUG oslo_service.service [-] database.db_max_retry_interval = 10 log_opt_values /usr/lib/python3/dist-packages/oslo_config/cfg.py:2609
2026-06-04 00:34:21.806 39209 DEBUG oslo_service.service [-] database.db_retry_interval = 1 log_opt_values /usr/lib/python3/dist-packages/oslo_config/cfg.py:2609
2026-06-04 00:34:21.807 39209 DEBUG oslo_service.service [-] database.max_overflow = 50 log_opt_values /usr/lib/python3/dist-packages/oslo_config/cfg.py:2609
2026-06-04 00:34:21.809 39209 DEBUG oslo_service.service [-] database.max_pool_size = 5 log_opt_values /usr/lib/python3/dist-packages/oslo_config/cfg.py:2609
2026-06-04 00:34:21.809 39209 DEBUG oslo_service.service [-] database.max_retries = 10 log_opt_values /usr/lib/python3/dist-packages/oslo_config/cfg.py:2609
2026-06-04 00:34:21.809 39209 DEBUG oslo_service.service [-] database.mysql_enable_ndb = False log_opt_values /usr/lib/python3/dist-packages/oslo_config/cfg.py:2609
2026-06-04 00:34:21.809 39209 DEBUG oslo_service.service [-] database.mysql_sql_mode = TRADITIONAL log_opt_values /usr/lib/python3/dist-packages/oslo_config/cfg.py:2609
2026-06-04 00:34:21.809 39209 DEBUG oslo_service.service [-] database.pool_timeout = None log_opt_values /usr/lib/python3/dist-packages/oslo_config/cfg.py:2609
2026-06-04 00:34:21.810 39209 DEBUG oslo_service.service [-] database.retry_interval = 10 log_opt_values /usr/lib/python3/dist-packages/oslo_config/cfg.py:2609
2026-06-04 00:34:21.810 39209 DEBUG oslo_service.service [-] database.slave_connection = **** log_opt_values /usr/lib/python3/dist-packages/oslo_config/cfg.py:2609
2026-06-04 00:34:21.810 39209 DEBUG oslo_service.service [-] database.sqlite_synchronous = True log_opt_values /usr/lib/python3/dist-packages/oslo_config/cfg.py:2609
2026-06-04 00:34:21.810 39209 DEBUG oslo_service.service [-] database.use_db_reconnect = False log_opt_values /usr/lib/python3/dist-packages/oslo_config/cfg.py:2609
2026-06-04 00:34:21.810 39209 DEBUG oslo_service.service [-] oslo_messaging_metrics.metrics_buffer_size = 1000 log_opt_values /usr/lib/python3/dist-packages/oslo_config/cfg.py:2609
2026-06-04 00:34:21.811 39209 DEBUG oslo_service.service [-] oslo_messaging_metrics.metrics_enabled = False log_opt_values /usr/lib/python3/dist-packages/oslo_config/cfg.py:2609
2026-06-04 00:34:21.811 39209 DEBUG oslo_service.service [-] oslo_messaging_metrics.metrics_process_name = log_opt_values /usr/lib/python3/dist-packages/oslo_config/cfg.py:2609
2026-06-04 00:34:21.811 39209 DEBUG oslo_service.service [-] oslo_messaging_metrics.metrics_socket_file = /var/tmp/metrics_collector.sock log_opt_values /usr/lib/python3/dist-packages/oslo_config/cfg.py:2609
2026-06-04 00:34:21.811 39209 DEBUG oslo_service.service [-] oslo_messaging_metrics.metrics_thread_stop_timeout = 10 log_opt_values /usr/lib/python3/dist-packages/oslo_config/cfg.py:2609
2026-06-04 00:34:21.811 39209 DEBUG oslo_service.service [-] oslo_policy.enforce_new_defaults = False log_opt_values /usr/lib/python3/dist-packages/oslo_config/cfg.py:2609
2026-06-04 00:34:21.811 39209 DEBUG oslo_service.service [-] oslo_policy.enforce_scope = False log_opt_values /usr/lib/python3/dist-packages/oslo_config/cfg.py:2609
2026-06-04 00:34:21.812 39209 DEBUG oslo_service.service [-] oslo_policy.policy_default_rule = default log_opt_values /usr/lib/python3/dist-packages/oslo_config/cfg.py:2609
2026-06-04 00:34:21.812 39209 DEBUG oslo_service.service [-] oslo_policy.policy_dirs = ['policy.d'] log_opt_values /usr/lib/python3/dist-packages/oslo_config/cfg.py:2609
2026-06-04 00:34:21.812 39209 DEBUG oslo_service.service [-] oslo_policy.policy_file = policy.yaml log_opt_values /usr/lib/python3/dist-packages/oslo_config/cfg.py:2609
2026-06-04 00:34:21.812 39209 DEBUG oslo_service.service [-] oslo_policy.remote_content_type = application/x-www-form-urlencoded log_opt_values /usr/lib/python3/dist-packages/oslo_config/cfg.py:2609
2026-06-04 00:34:21.812 39209 DEBUG oslo_service.service [-] oslo_policy.remote_ssl_ca_crt_file = None log_opt_values /usr/lib/python3/dist-packages/oslo_config/cfg.py:2609
2026-06-04 00:34:21.812 39209 DEBUG oslo_service.service [-] oslo_policy.remote_ssl_client_crt_file = None log_opt_values /usr/lib/python3/dist-packages/oslo_config/cfg.py:2609
2026-06-04 00:34:21.813 39209 DEBUG oslo_service.service [-] oslo_policy.remote_ssl_client_key_file = None log_opt_values /usr/lib/python3/dist-packages/oslo_config/cfg.py:2609
2026-06-04 00:34:21.813 39209 DEBUG oslo_service.service [-] oslo_policy.remote_ssl_verify_server_crt = False log_opt_values /usr/lib/python3/dist-packages/oslo_config/cfg.py:2609
2026-06-04 00:34:21.813 39209 DEBUG oslo_service.service [-] trustee.auth_section = None log_opt_values /usr/lib/python3/dist-packages/oslo_config/cfg.py:2609
2026-06-04 00:34:21.814 39209 WARNING oslo_config.cfg [-] Deprecated: Option "auth_plugin" from group "trustee" is deprecated. Use option "auth_type" from group "trustee".
2026-06-04 00:34:21.814 39209 DEBUG oslo_service.service [-] trustee.auth_type = password log_opt_values /usr/lib/python3/dist-packages/oslo_config/cfg.py:2609
2026-06-04 00:34:21.814 39209 DEBUG oslo_service.service [-] oslo_versionedobjects.fatal_exception_format_errors = False log_opt_values /usr/lib/python3/dist-packages/oslo_config/cfg.py:2609
2026-06-04 00:34:21.816 39209 DEBUG oslo_service.service [-] oslo_messaging_rabbit.amqp_auto_delete = False log_opt_values /usr/lib/python3/dist-packages/oslo_config/cfg.py:2609
2026-06-04 00:34:21.817 39209 DEBUG oslo_service.service [-] oslo_messaging_rabbit.amqp_durable_queues = False log_opt_values /usr/lib/python3/dist-packages/oslo_config/cfg.py:2609
2026-06-04 00:34:21.817 39209 DEBUG oslo_service.service [-] oslo_messaging_rabbit.conn_pool_min_size = 2 log_opt_values /usr/lib/python3/dist-packages/oslo_config/cfg.py:2609
2026-06-04 00:34:21.817 39209 DEBUG oslo_service.service [-] oslo_messaging_rabbit.conn_pool_ttl = 1200 log_opt_values /usr/lib/python3/dist-packages/oslo_config/cfg.py:2609
2026-06-04 00:34:21.819 39209 DEBUG oslo_service.service [-] oslo_messaging_rabbit.direct_mandatory_flag = True log_opt_values /usr/lib/python3/dist-packages/oslo_config/cfg.py:2609
2026-06-04 00:34:21.819 39209 DEBUG oslo_service.service [-] oslo_messaging_rabbit.enable_cancel_on_failover = False log_opt_values /usr/lib/python3/dist-packages/oslo_config/cfg.py:2609
2026-06-04 00:34:21.819 39209 DEBUG oslo_service.service [-] oslo_messaging_rabbit.heartbeat_in_pthread = False log_opt_values /usr/lib/python3/dist-packages/oslo_config/cfg.py:2609
2026-06-04 00:34:21.819 39209 DEBUG oslo_service.service [-] oslo_messaging_rabbit.heartbeat_rate = 2 log_opt_values /usr/lib/python3/dist-packages/oslo_config/cfg.py:2609
2026-06-04 00:34:21.819 39209 DEBUG oslo_service.service [-] oslo_messaging_rabbit.heartbeat_timeout_threshold = 60 log_opt_values /usr/lib/python3/dist-packages/oslo_config/cfg.py:2609
2026-06-04 00:34:21.819 39209 DEBUG oslo_service.service [-] oslo_messaging_rabbit.kombu_compression = None log_opt_values /usr/lib/python3/dist-packages/oslo_config/cfg.py:2609
2026-06-04 00:34:21.820 39209 DEBUG oslo_service.service [-] oslo_messaging_rabbit.kombu_failover_strategy = round-robin log_opt_values /usr/lib/python3/dist-packages/oslo_config/cfg.py:2609
2026-06-04 00:34:21.821 39209 DEBUG oslo_service.service [-] oslo_messaging_rabbit.kombu_missing_consumer_retry_timeout = 60 log_opt_values /usr/lib/python3/dist-packages/oslo_config/cfg.py:2609
2026-06-04 00:34:21.822 39209 DEBUG oslo_service.service [-] oslo_messaging_rabbit.kombu_reconnect_delay = 1.0 log_opt_values /usr/lib/python3/dist-packages/oslo_config/cfg.py:2609
2026-06-04 00:34:21.822 39209 DEBUG oslo_service.service [-] oslo_messaging_rabbit.rabbit_ha_queues = False log_opt_values /usr/lib/python3/dist-packages/oslo_config/cfg.py:2609
2026-06-04 00:34:21.824 39209 DEBUG oslo_service.service [-] oslo_messaging_rabbit.rabbit_interval_max = 30 log_opt_values /usr/lib/python3/dist-packages/oslo_config/cfg.py:2609
2026-06-04 00:34:21.824 39209 DEBUG oslo_service.service [-] oslo_messaging_rabbit.rabbit_login_method = AMQPLAIN log_opt_values /usr/lib/python3/dist-packages/oslo_config/cfg.py:2609
2026-06-04 00:34:21.824 39209 DEBUG oslo_service.service [-] oslo_messaging_rabbit.rabbit_qos_prefetch_count = 0 log_opt_values /usr/lib/python3/dist-packages/oslo_config/cfg.py:2609
2026-06-04 00:34:21.825 39209 DEBUG oslo_service.service [-] oslo_messaging_rabbit.rabbit_quorum_queue = False log_opt_values /usr/lib/python3/dist-packages/oslo_config/cfg.py:2609
2026-06-04 00:34:21.825 39209 DEBUG oslo_service.service [-] oslo_messaging_rabbit.rabbit_retry_backoff = 2 log_opt_values /usr/lib/python3/dist-packages/oslo_config/cfg.py:2609
2026-06-04 00:34:21.825 39209 DEBUG oslo_service.service [-] oslo_messaging_rabbit.rabbit_retry_interval = 1 log_opt_values /usr/lib/python3/dist-packages/oslo_config/cfg.py:2609
2026-06-04 00:34:21.825 39209 DEBUG oslo_service.service [-] oslo_messaging_rabbit.rabbit_transient_queues_ttl = 1800 log_opt_values /usr/lib/python3/dist-packages/oslo_config/cfg.py:2609
2026-06-04 00:34:21.826 39209 DEBUG oslo_service.service [-] oslo_messaging_rabbit.rpc_conn_pool_size = 30 log_opt_values /usr/lib/python3/dist-packages/oslo_config/cfg.py:2609
2026-06-04 00:34:21.828 39209 DEBUG oslo_service.service [-] oslo_messaging_rabbit.ssl = False log_opt_values /usr/lib/python3/dist-packages/oslo_config/cfg.py:2609
2026-06-04 00:34:21.833 39209 DEBUG oslo_service.service [-] oslo_messaging_rabbit.ssl_ca_file = log_opt_values /usr/lib/python3/dist-packages/oslo_config/cfg.py:2609
2026-06-04 00:34:21.833 39209 DEBUG oslo_service.service [-] oslo_messaging_rabbit.ssl_cert_file = log_opt_values /usr/lib/python3/dist-packages/oslo_config/cfg.py:2609
2026-06-04 00:34:21.833 39209 DEBUG oslo_service.service [-] oslo_messaging_rabbit.ssl_key_file = log_opt_values /usr/lib/python3/dist-packages/oslo_config/cfg.py:2609
2026-06-04 00:34:21.834 39209 DEBUG oslo_service.service [-] oslo_messaging_rabbit.ssl_version = log_opt_values /usr/lib/python3/dist-packages/oslo_config/cfg.py:2609
2026-06-04 00:34:21.837 39209 DEBUG oslo_service.service [-] oslo_messaging_notifications.driver = [] log_opt_values /usr/lib/python3/dist-packages/oslo_config/cfg.py:2609
2026-06-04 00:34:21.838 39209 DEBUG oslo_service.service [-] oslo_messaging_notifications.retry = -1 log_opt_values /usr/lib/python3/dist-packages/oslo_config/cfg.py:2609
2026-06-04 00:34:21.838 39209 DEBUG oslo_service.service [-] oslo_messaging_notifications.topics = ['notifications'] log_opt_values /usr/lib/python3/dist-packages/oslo_config/cfg.py:2609
2026-06-04 00:34:21.840 39209 DEBUG oslo_service.service [-] oslo_messaging_notifications.transport_url = **** log_opt_values /usr/lib/python3/dist-packages/oslo_config/cfg.py:2609
2026-06-04 00:34:21.840 39209 DEBUG oslo_service.service [-] cache.backend = dogpile.cache.null log_opt_values /usr/lib/python3/dist-packages/oslo_config/cfg.py:2609
2026-06-04 00:34:21.840 39209 DEBUG oslo_service.service [-] cache.backend_argument = **** log_opt_values /usr/lib/python3/dist-packages/oslo_config/cfg.py:2609
2026-06-04 00:34:21.841 39209 DEBUG oslo_service.service [-] cache.config_prefix = cache.oslo log_opt_values /usr/lib/python3/dist-packages/oslo_config/cfg.py:2609
2026-06-04 00:34:21.841 39209 DEBUG oslo_service.service [-] cache.debug_cache_backend = False log_opt_values /usr/lib/python3/dist-packages/oslo_config/cfg.py:2609
2026-06-04 00:34:21.841 39209 DEBUG oslo_service.service [-] cache.enabled = False log_opt_values /usr/lib/python3/dist-packages/oslo_config/cfg.py:2609
2026-06-04 00:34:21.841 39209 DEBUG oslo_service.service [-] cache.expiration_time = 600 log_opt_values /usr/lib/python3/dist-packages/oslo_config/cfg.py:2609
2026-06-04 00:34:21.842 39209 DEBUG oslo_service.service [-] cache.memcache_dead_retry = 300 log_opt_values /usr/lib/python3/dist-packages/oslo_config/cfg.py:2609
2026-06-04 00:34:21.842 39209 DEBUG oslo_service.service [-] cache.memcache_pool_connection_get_timeout = 10 log_opt_values /usr/lib/python3/dist-packages/oslo_config/cfg.py:2609
2026-06-04 00:34:21.842 39209 DEBUG oslo_service.service [-] cache.memcache_pool_flush_on_reconnect = False log_opt_values /usr/lib/python3/dist-packages/oslo_config/cfg.py:2609
2026-06-04 00:34:21.842 39209 DEBUG oslo_service.service [-] cache.memcache_pool_maxsize = 10 log_opt_values /usr/lib/python3/dist-packages/oslo_config/cfg.py:2609
2026-06-04 00:34:21.843 39209 DEBUG oslo_service.service [-] cache.memcache_pool_unused_timeout = 60 log_opt_values /usr/lib/python3/dist-packages/oslo_config/cfg.py:2609
2026-06-04 00:34:21.843 39209 DEBUG oslo_service.service [-] cache.memcache_servers = ['localhost:11211'] log_opt_values /usr/lib/python3/dist-packages/oslo_config/cfg.py:2609
2026-06-04 00:34:21.843 39209 DEBUG oslo_service.service [-] cache.memcache_socket_timeout = 1.0 log_opt_values /usr/lib/python3/dist-packages/oslo_config/cfg.py:2609
2026-06-04 00:34:21.843 39209 DEBUG oslo_service.service [-] cache.proxies = [] log_opt_values /usr/lib/python3/dist-packages/oslo_config/cfg.py:2609
2026-06-04 00:34:21.843 39209 DEBUG oslo_service.service [-] cache.tls_allowed_ciphers = None log_opt_values /usr/lib/python3/dist-packages/oslo_config/cfg.py:2609
2026-06-04 00:34:21.843 39209 DEBUG oslo_service.service [-] cache.tls_cafile = None log_opt_values /usr/lib/python3/dist-packages/oslo_config/cfg.py:2609
2026-06-04 00:34:21.843 39209 DEBUG oslo_service.service [-] cache.tls_certfile = None log_opt_values /usr/lib/python3/dist-packages/oslo_config/cfg.py:2609
2026-06-04 00:34:21.843 39209 DEBUG oslo_service.service [-] cache.tls_enabled = False log_opt_values /usr/lib/python3/dist-packages/oslo_config/cfg.py:2609
2026-06-04 00:34:21.843 39209 DEBUG oslo_service.service [-] cache.tls_keyfile = None log_opt_values /usr/lib/python3/dist-packages/oslo_config/cfg.py:2609
2026-06-04 00:34:21.844 39209 DEBUG oslo_service.service [-] constraint_validation_cache.caching = True log_opt_values /usr/lib/python3/dist-packages/oslo_config/cfg.py:2609
2026-06-04 00:34:21.844 39209 DEBUG oslo_service.service [-] constraint_validation_cache.expiration_time = 60 log_opt_values /usr/lib/python3/dist-packages/oslo_config/cfg.py:2609
2026-06-04 00:34:21.844 39209 DEBUG oslo_service.service [-] service_extension_cache.caching = True log_opt_values /usr/lib/python3/dist-packages/oslo_config/cfg.py:2609
2026-06-04 00:34:21.844 39209 DEBUG oslo_service.service [-] service_extension_cache.expiration_time = 3600 log_opt_values /usr/lib/python3/dist-packages/oslo_config/cfg.py:2609
2026-06-04 00:34:21.844 39209 DEBUG oslo_service.service [-] resource_finder_cache.caching = True log_opt_values /usr/lib/python3/dist-packages/oslo_config/cfg.py:2609
2026-06-04 00:34:21.844 39209 DEBUG oslo_service.service [-] resource_finder_cache.expiration_time = 3600 log_opt_values /usr/lib/python3/dist-packages/oslo_config/cfg.py:2609
2026-06-04 00:34:21.845 39209 DEBUG oslo_service.service [-] yaql.limit_iterators = 200 log_opt_values /usr/lib/python3/dist-packages/oslo_config/cfg.py:2609
2026-06-04 00:34:21.845 39209 DEBUG oslo_service.service [-] yaql.memory_quota = 10000 log_opt_values /usr/lib/python3/dist-packages/oslo_config/cfg.py:2609
2026-06-04 00:34:21.845 39209 DEBUG oslo_service.service [-] ******************************************************************************** log_opt_values /usr/lib/python3/dist-packages/oslo_config/cfg.py:2613
2026-06-04 00:34:21.897 39435 DEBUG oslo_db.sqlalchemy.engines [req-3178c9e0-aa10-4ee5-9d35-10c9afb7d9ef - - - - -] MySQL server mode set to STRICT_TRANS_TABLES,STRICT_ALL_TABLES,NO_ZERO_IN_DATE,NO_ZERO_DATE,ERROR_FOR_DIVISION_BY_ZERO,TRADITIONAL,NO_ENGINE_SUBSTITUTION _check_effective_sql_mode /usr/lib/python3/dist-packages/oslo_db/sqlalchemy/engines.py:314
2026-06-04 00:34:21.914 39433 DEBUG heat.engine.service [req-a7d02c67-de95-44c0-8316-8ee025454c75 - - - - -] Service eff1fd9b-8a33-49ee-b7b0-f8f98f2f097f is started service_manage_report /usr/lib/python3/dist-packages/heat/engine/service.py:2363
2026-06-04 00:34:21.921 39434 DEBUG oslo_db.sqlalchemy.engines [req-f75c963b-9e9f-46ca-ac66-33108101980b - - - - -] MySQL server mode set to STRICT_TRANS_TABLES,STRICT_ALL_TABLES,NO_ZERO_IN_DATE,NO_ZERO_DATE,ERROR_FOR_DIVISION_BY_ZERO,TRADITIONAL,NO_ENGINE_SUBSTITUTION _check_effective_sql_mode /usr/lib/python3/dist-packages/oslo_db/sqlalchemy/engines.py:314
2026-06-04 00:34:21.937 39433 DEBUG heat.engine.service [req-a7d02c67-de95-44c0-8316-8ee025454c75 - - - - -] Service eff1fd9b-8a33-49ee-b7b0-f8f98f2f097f is updated service_manage_report /usr/lib/python3/dist-packages/heat/engine/service.py:2370
2026-06-04 00:34:21.980 39432 DEBUG heat.engine.service [req-ccac3dc8-0da4-4eb3-8057-8dfc29cadc94 - - - - -] Service bcee5925-9f25-4392-96ee-43cf790e684a is started service_manage_report /usr/lib/python3/dist-packages/heat/engine/service.py:2363
2026-06-04 00:34:22.009 39432 DEBUG heat.engine.service [req-ccac3dc8-0da4-4eb3-8057-8dfc29cadc94 - - - - -] Service bcee5925-9f25-4392-96ee-43cf790e684a is updated service_manage_report /usr/lib/python3/dist-packages/heat/engine/service.py:2370
2026-06-04 00:34:22.015 39435 DEBUG heat.engine.service [req-8e0fe3e9-9026-4dc4-8ecd-5755ce8c1009 - - - - -] Service f153a580-7e00-4484-89c2-c3c8eda52c83 is started service_manage_report /usr/lib/python3/dist-packages/heat/engine/service.py:2363
2026-06-04 00:34:22.027 39434 DEBUG heat.engine.service [req-8aadaf61-d206-4858-8e37-c857cc8692b1 - - - - -] Service 00c38416-d24f-40a3-8a7c-b9da4147e181 is started service_manage_report /usr/lib/python3/dist-packages/heat/engine/service.py:2363
2026-06-04 00:34:22.077 39434 DEBUG heat.engine.service [req-8aadaf61-d206-4858-8e37-c857cc8692b1 - - - - -] Service 00c38416-d24f-40a3-8a7c-b9da4147e181 is updated service_manage_report /usr/lib/python3/dist-packages/heat/engine/service.py:2370
2026-06-04 00:34:22.091 39435 DEBUG heat.engine.service [req-8e0fe3e9-9026-4dc4-8ecd-5755ce8c1009 - - - - -] Service f153a580-7e00-4484-89c2-c3c8eda52c83 is updated service_manage_report /usr/lib/python3/dist-packages/heat/engine/service.py:2370
2026-06-04 00:35:21.903 39433 DEBUG heat.engine.service [req-b44fee49-9476-49df-8f73-e5060a882ca2 - - - - -] Service eff1fd9b-8a33-49ee-b7b0-f8f98f2f097f is updated service_manage_report /usr/lib/python3/dist-packages/heat/engine/service.py:2370
2026-06-04 00:35:21.965 39432 DEBUG heat.engine.service [req-ea2008c6-b912-4445-bfcb-1accf90ca299 - - - - -] Service bcee5925-9f25-4392-96ee-43cf790e684a is updated service_manage_report /usr/lib/python3/dist-packages/heat/engine/service.py:2370
2026-06-04 00:35:21.997 39435 DEBUG heat.engine.service [req-3dc8b5de-ce02-450a-a58f-33aa74da70f2 - - - - -] Service f153a580-7e00-4484-89c2-c3c8eda52c83 is updated service_manage_report /usr/lib/python3/dist-packages/heat/engine/service.py:2370
2026-06-04 00:35:22.005 39434 DEBUG heat.engine.service [req-98a0508c-e7b9-4eec-97de-ca968b2e8779 - - - - -] Service 00c38416-d24f-40a3-8a7c-b9da4147e181 is updated service_manage_report /usr/lib/python3/dist-packages/heat/engine/service.py:2370
2026-06-04 00:36:21.900 39433 DEBUG heat.engine.service [req-466000fe-7d87-4536-ace3-b23d457d5108 - - - - -] Service eff1fd9b-8a33-49ee-b7b0-f8f98f2f097f is updated service_manage_report /usr/lib/python3/dist-packages/heat/engine/service.py:2370
2026-06-04 00:36:21.962 39432 DEBUG heat.engine.service [req-4808cbed-a104-4a8f-a43b-87096bc97768 - - - - -] Service bcee5925-9f25-4392-96ee-43cf790e684a is updated service_manage_report /usr/lib/python3/dist-packages/heat/engine/service.py:2370
2026-06-04 00:36:21.996 39435 DEBUG heat.engine.service [req-649e0385-7577-419b-94e5-ea698e63a349 - - - - -] Service f153a580-7e00-4484-89c2-c3c8eda52c83 is updated service_manage_report /usr/lib/python3/dist-packages/heat/engine/service.py:2370
2026-06-04 00:36:22.005 39434 DEBUG heat.engine.service [req-b62c4e08-e9ff-4847-9bf6-97f55a080dd3 - - - - -] Service 00c38416-d24f-40a3-8a7c-b9da4147e181 is updated service_manage_report /usr/lib/python3/dist-packages/heat/engine/service.py:2370
2026-06-04 00:37:21.898 39433 DEBUG heat.engine.service [req-9d4bec68-41a3-4c38-bf26-13e07a3792b2 - - - - -] Service eff1fd9b-8a33-49ee-b7b0-f8f98f2f097f is updated service_manage_report /usr/lib/python3/dist-packages/heat/engine/service.py:2370
2026-06-04 00:37:21.961 39432 DEBUG heat.engine.service [req-3069ca8c-b5ba-46ea-b75f-8ad6e52478cd - - - - -] Service bcee5925-9f25-4392-96ee-43cf790e684a is updated service_manage_report /usr/lib/python3/dist-packages/heat/engine/service.py:2370
2026-06-04 00:37:21.990 39435 DEBUG heat.engine.service [req-135194b2-ed38-4162-a4d3-b90f63b629bc - - - - -] Service f153a580-7e00-4484-89c2-c3c8eda52c83 is updated service_manage_report /usr/lib/python3/dist-packages/heat/engine/service.py:2370
2026-06-04 00:37:22.001 39434 DEBUG heat.engine.service [req-23d14209-b284-4998-a38c-ab6b2b7d97fd - - - - -] Service 00c38416-d24f-40a3-8a7c-b9da4147e181 is updated service_manage_report /usr/lib/python3/dist-packages/heat/engine/service.py:2370
2026-06-04 00:38:21.892 39433 DEBUG heat.engine.service [req-1a9b8765-b1c7-4b04-9a23-b3d536e09728 - - - - -] Service eff1fd9b-8a33-49ee-b7b0-f8f98f2f097f is updated service_manage_report /usr/lib/python3/dist-packages/heat/engine/service.py:2370
2026-06-04 00:38:21.955 39432 DEBUG heat.engine.service [req-9d494f0a-b333-4782-b418-200e38cab2a7 - - - - -] Service bcee5925-9f25-4392-96ee-43cf790e684a is updated service_manage_report /usr/lib/python3/dist-packages/heat/engine/service.py:2370
2026-06-04 00:38:21.995 39435 DEBUG heat.engine.service [req-66bad702-ca85-4c7c-a7ae-dd0d3a2d736e - - - - -] Service f153a580-7e00-4484-89c2-c3c8eda52c83 is updated service_manage_report /usr/lib/python3/dist-packages/heat/engine/service.py:2370
2026-06-04 00:38:22.005 39434 DEBUG heat.engine.service [req-fc752e27-1728-4196-bd06-f9c531333c48 - - - - -] Service 00c38416-d24f-40a3-8a7c-b9da4147e181 is updated service_manage_report /usr/lib/python3/dist-packages/heat/engine/service.py:2370
2026-06-04 00:39:21.895 39433 DEBUG heat.engine.service [req-f32f5e51-1bae-40df-b470-6ed6f00994d1 - - - - -] Service eff1fd9b-8a33-49ee-b7b0-f8f98f2f097f is updated service_manage_report /usr/lib/python3/dist-packages/heat/engine/service.py:2370
2026-06-04 00:39:21.960 39432 DEBUG heat.engine.service [req-126360d5-b55f-4d02-8c63-1e3e1e09ef27 - - - - -] Service bcee5925-9f25-4392-96ee-43cf790e684a is updated service_manage_report /usr/lib/python3/dist-packages/heat/engine/service.py:2370
2026-06-04 00:39:21.999 39435 DEBUG heat.engine.service [req-f096f858-d60a-4362-a95f-934fb1edc579 - - - - -] Service f153a580-7e00-4484-89c2-c3c8eda52c83 is updated service_manage_report /usr/lib/python3/dist-packages/heat/engine/service.py:2370
2026-06-04 00:39:22.010 39434 DEBUG heat.engine.service [req-c8c8954f-155b-4081-885b-2b647ec3083d - - - - -] Service 00c38416-d24f-40a3-8a7c-b9da4147e181 is updated service_manage_report /usr/lib/python3/dist-packages/heat/engine/service.py:2370
2026-06-04 00:40:21.903 39433 DEBUG heat.engine.service [req-fd320514-88a0-464a-b4ca-8d77f6db7ffa - - - - -] Service eff1fd9b-8a33-49ee-b7b0-f8f98f2f097f is updated service_manage_report /usr/lib/python3/dist-packages/heat/engine/service.py:2370
2026-06-04 00:40:21.969 39432 DEBUG heat.engine.service [req-1c5b2e97-2d9d-480c-a68d-f0147e64fdce - - - - -] Service bcee5925-9f25-4392-96ee-43cf790e684a is updated service_manage_report /usr/lib/python3/dist-packages/heat/engine/service.py:2370
2026-06-04 00:40:22.006 39435 DEBUG heat.engine.service [req-8f1b6e21-a0a5-400d-af4c-c1cfad792cb3 - - - - -] Service f153a580-7e00-4484-89c2-c3c8eda52c83 is updated service_manage_report /usr/lib/python3/dist-packages/heat/engine/service.py:2370
2026-06-04 00:40:22.018 39434 DEBUG heat.engine.service [req-1bd1c66d-97b3-45de-9e35-a8033d472a00 - - - - -] Service 00c38416-d24f-40a3-8a7c-b9da4147e181 is updated service_manage_report /usr/lib/python3/dist-packages/heat/engine/service.py:2370
2026-06-04 00:41:21.900 39433 DEBUG heat.engine.service [req-85608773-4f98-4f4b-b57d-b4e5bc47ad37 - - - - -] Service eff1fd9b-8a33-49ee-b7b0-f8f98f2f097f is updated service_manage_report /usr/lib/python3/dist-packages/heat/engine/service.py:2370
2026-06-04 00:41:21.966 39432 DEBUG heat.engine.service [req-ce8dc422-0996-473a-bfa7-28676e75c687 - - - - -] Service bcee5925-9f25-4392-96ee-43cf790e684a is updated service_manage_report /usr/lib/python3/dist-packages/heat/engine/service.py:2370
2026-06-04 00:41:22.003 39435 DEBUG heat.engine.service [req-a63836a1-74fb-4fca-a5e6-48dd85abedd4 - - - - -] Service f153a580-7e00-4484-89c2-c3c8eda52c83 is updated service_manage_report /usr/lib/python3/dist-packages/heat/engine/service.py:2370
2026-06-04 00:41:22.015 39434 DEBUG heat.engine.service [req-91639f0b-5418-4727-a728-0a04a3427e5b - - - - -] Service 00c38416-d24f-40a3-8a7c-b9da4147e181 is updated service_manage_report /usr/lib/python3/dist-packages/heat/engine/service.py:2370
2026-06-04 00:42:21.905 39433 DEBUG heat.engine.service [req-16505334-7588-4589-9145-9b9472809c8c - - - - -] Service eff1fd9b-8a33-49ee-b7b0-f8f98f2f097f is updated service_manage_report /usr/lib/python3/dist-packages/heat/engine/service.py:2370
2026-06-04 00:42:21.962 39432 DEBUG heat.engine.service [req-62c9e97c-b01b-40e1-819d-12fdfb1a97e6 - - - - -] Service bcee5925-9f25-4392-96ee-43cf790e684a is updated service_manage_report /usr/lib/python3/dist-packages/heat/engine/service.py:2370
2026-06-04 00:42:21.998 39435 DEBUG heat.engine.service [req-1aff7fd0-730d-4d34-97ab-cbdfb40f9ec5 - - - - -] Service f153a580-7e00-4484-89c2-c3c8eda52c83 is updated service_manage_report /usr/lib/python3/dist-packages/heat/engine/service.py:2370
2026-06-04 00:42:22.014 39434 DEBUG heat.engine.service [req-5321ad4b-e902-47df-b796-aab91f01ccb3 - - - - -] Service 00c38416-d24f-40a3-8a7c-b9da4147e181 is updated service_manage_report /usr/lib/python3/dist-packages/heat/engine/service.py:2370
2026-06-04 00:43:21.911 39433 DEBUG heat.engine.service [req-f94ae60d-49c7-45cf-ac46-049ad5313207 - - - - -] Service eff1fd9b-8a33-49ee-b7b0-f8f98f2f097f is updated service_manage_report /usr/lib/python3/dist-packages/heat/engine/service.py:2370
2026-06-04 00:43:21.967 39432 DEBUG heat.engine.service [req-b4585c23-ed4a-4e40-871e-a440b9e53cab - - - - -] Service bcee5925-9f25-4392-96ee-43cf790e684a is updated service_manage_report /usr/lib/python3/dist-packages/heat/engine/service.py:2370
2026-06-04 00:43:22.008 39434 DEBUG heat.engine.service [req-34ba48bc-ded1-481c-9c9d-3b6f385acc90 - - - - -] Service 00c38416-d24f-40a3-8a7c-b9da4147e181 is updated service_manage_report /usr/lib/python3/dist-packages/heat/engine/service.py:2370
2026-06-04 00:43:22.015 39435 DEBUG heat.engine.service [req-83fe15b2-79dd-482f-b598-fe8285bfd4cb - - - - -] Service f153a580-7e00-4484-89c2-c3c8eda52c83 is updated service_manage_report /usr/lib/python3/dist-packages/heat/engine/service.py:2370
2026-06-04 00:44:21.907 39433 DEBUG heat.engine.service [req-fe832d4d-7cea-4ea8-b8fc-a7ec346cb9e7 - - - - -] Service eff1fd9b-8a33-49ee-b7b0-f8f98f2f097f is updated service_manage_report /usr/lib/python3/dist-packages/heat/engine/service.py:2370
2026-06-04 00:44:21.971 39432 DEBUG heat.engine.service [req-9b1066bc-a9bc-47f9-ad88-237e307d3c02 - - - - -] Service bcee5925-9f25-4392-96ee-43cf790e684a is updated service_manage_report /usr/lib/python3/dist-packages/heat/engine/service.py:2370
2026-06-04 00:44:21.999 39435 DEBUG heat.engine.service [req-06f7052a-783f-440f-9cc0-fe1ff328f69d - - - - -] Service f153a580-7e00-4484-89c2-c3c8eda52c83 is updated service_manage_report /usr/lib/python3/dist-packages/heat/engine/service.py:2370
2026-06-04 00:44:22.012 39434 DEBUG heat.engine.service [req-8d9b978f-460e-47a1-87b9-06341432e1e3 - - - - -] Service 00c38416-d24f-40a3-8a7c-b9da4147e181 is updated service_manage_report /usr/lib/python3/dist-packages/heat/engine/service.py:2370
2026-06-04 00:45:21.912 39433 DEBUG heat.engine.service [req-dbe29cee-94bc-4288-b3bf-b1c1651f88e3 - - - - -] Service eff1fd9b-8a33-49ee-b7b0-f8f98f2f097f is updated service_manage_report /usr/lib/python3/dist-packages/heat/engine/service.py:2370
2026-06-04 00:45:21.978 39432 DEBUG heat.engine.service [req-ecf8b09a-46b1-4e08-a478-2a92dec16a6f - - - - -] Service bcee5925-9f25-4392-96ee-43cf790e684a is updated service_manage_report /usr/lib/python3/dist-packages/heat/engine/service.py:2370
2026-06-04 00:45:22.005 39435 DEBUG heat.engine.service [req-444be7d5-ac4f-4792-8c84-365d58a19990 - - - - -] Service f153a580-7e00-4484-89c2-c3c8eda52c83 is updated service_manage_report /usr/lib/python3/dist-packages/heat/engine/service.py:2370
2026-06-04 00:45:22.018 39434 DEBUG heat.engine.service [req-5506028a-339f-4f12-82dd-1adbaadd9fee - - - - -] Service 00c38416-d24f-40a3-8a7c-b9da4147e181 is updated service_manage_report /usr/lib/python3/dist-packages/heat/engine/service.py:2370
2026-06-04 00:46:21.921 39433 DEBUG heat.engine.service [req-ceb70400-893c-4941-811c-0e2c9f910407 - - - - -] Service eff1fd9b-8a33-49ee-b7b0-f8f98f2f097f is updated service_manage_report /usr/lib/python3/dist-packages/heat/engine/service.py:2370
2026-06-04 00:46:21.975 39432 DEBUG heat.engine.service [req-cb44ad37-c6a2-4824-98f8-7f91d3d47576 - - - - -] Service bcee5925-9f25-4392-96ee-43cf790e684a is updated service_manage_report /usr/lib/python3/dist-packages/heat/engine/service.py:2370
2026-06-04 00:46:22.001 39435 DEBUG heat.engine.service [req-27bfe5af-768e-4185-9b61-477c054598a8 - - - - -] Service f153a580-7e00-4484-89c2-c3c8eda52c83 is updated service_manage_report /usr/lib/python3/dist-packages/heat/engine/service.py:2370
2026-06-04 00:46:22.015 39434 DEBUG heat.engine.service [req-c31236c1-69d9-49c0-8dad-eca1e261adae - - - - -] Service 00c38416-d24f-40a3-8a7c-b9da4147e181 is updated service_manage_report /usr/lib/python3/dist-packages/heat/engine/service.py:2370
2026-06-04 00:47:21.916 39433 DEBUG heat.engine.service [req-f3138754-dfd1-47ff-9b62-0875b35e1fdb - - - - -] Service eff1fd9b-8a33-49ee-b7b0-f8f98f2f097f is updated service_manage_report /usr/lib/python3/dist-packages/heat/engine/service.py:2370
2026-06-04 00:47:21.969 39432 DEBUG heat.engine.service [req-9a49cd06-6684-40dd-a30e-0cce5db68cf8 - - - - -] Service bcee5925-9f25-4392-96ee-43cf790e684a is updated service_manage_report /usr/lib/python3/dist-packages/heat/engine/service.py:2370
2026-06-04 00:47:22.005 39435 DEBUG heat.engine.service [req-2818ed4d-277a-4767-97bd-7791e41f29c0 - - - - -] Service f153a580-7e00-4484-89c2-c3c8eda52c83 is updated service_manage_report /usr/lib/python3/dist-packages/heat/engine/service.py:2370
2026-06-04 00:47:22.008 39434 DEBUG heat.engine.service [req-a37c088f-b75d-40d1-ad1e-d9b273d3fdbe - - - - -] Service 00c38416-d24f-40a3-8a7c-b9da4147e181 is updated service_manage_report /usr/lib/python3/dist-packages/heat/engine/service.py:2370
2026-06-04 00:48:21.921 39433 DEBUG heat.engine.service [req-5b108065-840b-494a-b6ba-7741eb291927 - - - - -] Service eff1fd9b-8a33-49ee-b7b0-f8f98f2f097f is updated service_manage_report /usr/lib/python3/dist-packages/heat/engine/service.py:2370
2026-06-04 00:48:21.980 39432 DEBUG heat.engine.service [req-6dc35ef0-4773-403f-8eb4-caffe3860074 - - - - -] Service bcee5925-9f25-4392-96ee-43cf790e684a is updated service_manage_report /usr/lib/python3/dist-packages/heat/engine/service.py:2370
2026-06-04 00:48:22.012 39435 DEBUG heat.engine.service [req-d54b95cb-6640-4ffb-95cd-7f15f66df861 - - - - -] Service f153a580-7e00-4484-89c2-c3c8eda52c83 is updated service_manage_report /usr/lib/python3/dist-packages/heat/engine/service.py:2370
2026-06-04 00:48:22.014 39434 DEBUG heat.engine.service [req-8ea46597-44ba-453f-8536-0d1a0750139d - - - - -] Service 00c38416-d24f-40a3-8a7c-b9da4147e181 is updated service_manage_report /usr/lib/python3/dist-packages/heat/engine/service.py:2370
2026-06-04 00:49:21.926 39433 DEBUG heat.engine.service [req-0c13c189-0ba8-4b9d-b76c-5890321aafa6 - - - - -] Service eff1fd9b-8a33-49ee-b7b0-f8f98f2f097f is updated service_manage_report /usr/lib/python3/dist-packages/heat/engine/service.py:2370
2026-06-04 00:49:21.973 39432 DEBUG heat.engine.service [req-2773a677-97bd-4626-8fe2-6fd30a9883de - - - - -] Service bcee5925-9f25-4392-96ee-43cf790e684a is updated service_manage_report /usr/lib/python3/dist-packages/heat/engine/service.py:2370
2026-06-04 00:49:22.007 39435 DEBUG heat.engine.service [req-47170194-6492-40ac-b6ca-9529f2042166 - - - - -] Service f153a580-7e00-4484-89c2-c3c8eda52c83 is updated service_manage_report /usr/lib/python3/dist-packages/heat/engine/service.py:2370
2026-06-04 00:49:22.010 39434 DEBUG heat.engine.service [req-9a4e3d9b-ab1c-4262-a7dc-40343b09902c - - - - -] Service 00c38416-d24f-40a3-8a7c-b9da4147e181 is updated service_manage_report /usr/lib/python3/dist-packages/heat/engine/service.py:2370
2026-06-04 00:50:21.931 39433 DEBUG heat.engine.service [req-018e95b0-54ba-4c55-b21c-b40a0d0937d5 - - - - -] Service eff1fd9b-8a33-49ee-b7b0-f8f98f2f097f is updated service_manage_report /usr/lib/python3/dist-packages/heat/engine/service.py:2370
2026-06-04 00:50:21.978 39432 DEBUG heat.engine.service [req-8fc87983-9707-49a5-acce-ada855d1df5a - - - - -] Service bcee5925-9f25-4392-96ee-43cf790e684a is updated service_manage_report /usr/lib/python3/dist-packages/heat/engine/service.py:2370
2026-06-04 00:50:22.008 39434 DEBUG heat.engine.service [req-8a9cbd8f-5bf0-4ed3-9524-b85a0256b603 - - - - -] Service 00c38416-d24f-40a3-8a7c-b9da4147e181 is updated service_manage_report /usr/lib/python3/dist-packages/heat/engine/service.py:2370
2026-06-04 00:50:22.016 39435 DEBUG heat.engine.service [req-a873800e-4af0-4f60-bfb6-09cea2de8576 - - - - -] Service f153a580-7e00-4484-89c2-c3c8eda52c83 is updated service_manage_report /usr/lib/python3/dist-packages/heat/engine/service.py:2370
2026-06-04 00:51:21.935 39433 DEBUG heat.engine.service [req-49e6346b-c23e-45e3-bb94-c670ec337482 - - - - -] Service eff1fd9b-8a33-49ee-b7b0-f8f98f2f097f is updated service_manage_report /usr/lib/python3/dist-packages/heat/engine/service.py:2370
2026-06-04 00:51:21.983 39432 DEBUG heat.engine.service [req-054002e7-665b-46d6-8edd-57f30f1e88ae - - - - -] Service bcee5925-9f25-4392-96ee-43cf790e684a is updated service_manage_report /usr/lib/python3/dist-packages/heat/engine/service.py:2370
2026-06-04 00:51:22.004 39434 DEBUG heat.engine.service [req-f6dc025b-07d7-466d-9776-a60a3bf1f0c0 - - - - -] Service 00c38416-d24f-40a3-8a7c-b9da4147e181 is updated service_manage_report /usr/lib/python3/dist-packages/heat/engine/service.py:2370
2026-06-04 00:51:22.013 39435 DEBUG heat.engine.service [req-ba9d1f94-3bd2-4133-8af5-da5a25077a55 - - - - -] Service f153a580-7e00-4484-89c2-c3c8eda52c83 is updated service_manage_report /usr/lib/python3/dist-packages/heat/engine/service.py:2370
2026-06-04 00:52:21.941 39433 DEBUG heat.engine.service [req-5439fcbd-423f-45eb-bc7d-748c5523efd9 - - - - -] Service eff1fd9b-8a33-49ee-b7b0-f8f98f2f097f is updated service_manage_report /usr/lib/python3/dist-packages/heat/engine/service.py:2370
2026-06-04 00:52:21.989 39432 DEBUG heat.engine.service [req-2da4e909-9659-4a85-8f68-86dcab28bb88 - - - - -] Service bcee5925-9f25-4392-96ee-43cf790e684a is updated service_manage_report /usr/lib/python3/dist-packages/heat/engine/service.py:2370
2026-06-04 00:52:22.008 39435 DEBUG heat.engine.service [req-fa48826a-17dd-4f9d-a39f-cf1b8e9cd166 - - - - -] Service f153a580-7e00-4484-89c2-c3c8eda52c83 is updated service_manage_report /usr/lib/python3/dist-packages/heat/engine/service.py:2370
2026-06-04 00:52:22.010 39434 DEBUG heat.engine.service [req-bad86f9d-cb88-4779-ae9b-7bc10e535d3b - - - - -] Service 00c38416-d24f-40a3-8a7c-b9da4147e181 is updated service_manage_report /usr/lib/python3/dist-packages/heat/engine/service.py:2370
2026-06-04 00:53:21.941 39433 DEBUG heat.engine.service [req-0fb3ca83-972a-4f37-a161-0af1a8768716 - - - - -] Service eff1fd9b-8a33-49ee-b7b0-f8f98f2f097f is updated service_manage_report /usr/lib/python3/dist-packages/heat/engine/service.py:2370
2026-06-04 00:53:21.994 39432 DEBUG heat.engine.service [req-ba86a51e-e928-4fad-bf55-522098bd8305 - - - - -] Service bcee5925-9f25-4392-96ee-43cf790e684a is updated service_manage_report /usr/lib/python3/dist-packages/heat/engine/service.py:2370
2026-06-04 00:53:22.006 39434 DEBUG heat.engine.service [req-73b42e82-288b-484f-8e06-f99b4256ebe4 - - - - -] Service 00c38416-d24f-40a3-8a7c-b9da4147e181 is updated service_manage_report /usr/lib/python3/dist-packages/heat/engine/service.py:2370
2026-06-04 00:53:22.018 39435 DEBUG heat.engine.service [req-9467f791-1b60-4188-bdf9-52cda96d6fb0 - - - - -] Service f153a580-7e00-4484-89c2-c3c8eda52c83 is updated service_manage_report /usr/lib/python3/dist-packages/heat/engine/service.py:2370
2026-06-04 00:54:21.936 39433 DEBUG heat.engine.service [req-e39f4312-f057-4670-8f42-a76739f6f318 - - - - -] Service eff1fd9b-8a33-49ee-b7b0-f8f98f2f097f is updated service_manage_report /usr/lib/python3/dist-packages/heat/engine/service.py:2370
2026-06-04 00:54:22.002 39432 DEBUG heat.engine.service [req-fdd0e760-c11a-4f8e-877c-6db3d80a79e1 - - - - -] Service bcee5925-9f25-4392-96ee-43cf790e684a is updated service_manage_report /usr/lib/python3/dist-packages/heat/engine/service.py:2370
2026-06-04 00:54:22.012 39434 DEBUG heat.engine.service [req-54146fed-3f6f-456b-90b5-eb05380e0831 - - - - -] Service 00c38416-d24f-40a3-8a7c-b9da4147e181 is updated service_manage_report /usr/lib/python3/dist-packages/heat/engine/service.py:2370
2026-06-04 00:54:22.017 39435 DEBUG heat.engine.service [req-b863c489-9807-4fda-982e-4a233b3d23b2 - - - - -] Service f153a580-7e00-4484-89c2-c3c8eda52c83 is updated service_manage_report /usr/lib/python3/dist-packages/heat/engine/service.py:2370
2026-06-04 00:55:21.941 39433 DEBUG heat.engine.service [req-cbaf391d-b088-4259-a08c-e7001062dff5 - - - - -] Service eff1fd9b-8a33-49ee-b7b0-f8f98f2f097f is updated service_manage_report /usr/lib/python3/dist-packages/heat/engine/service.py:2370
2026-06-04 00:55:21.996 39432 DEBUG heat.engine.service [req-1904f3c3-4b04-449a-b035-6963f580b5ba - - - - -] Service bcee5925-9f25-4392-96ee-43cf790e684a is updated service_manage_report /usr/lib/python3/dist-packages/heat/engine/service.py:2370
2026-06-04 00:55:22.009 39434 DEBUG heat.engine.service [req-ecd5a06c-4d1d-4e68-8af3-ab2c3a482063 - - - - -] Service 00c38416-d24f-40a3-8a7c-b9da4147e181 is updated service_manage_report /usr/lib/python3/dist-packages/heat/engine/service.py:2370
2026-06-04 00:55:22.013 39435 DEBUG heat.engine.service [req-2bac9b97-df12-4928-a875-d3ed6a6f229f - - - - -] Service f153a580-7e00-4484-89c2-c3c8eda52c83 is updated service_manage_report /usr/lib/python3/dist-packages/heat/engine/service.py:2370
2026-06-04 00:56:21.946 39433 DEBUG heat.engine.service [req-bdf1b1ca-fb81-4211-b615-f383d3d07168 - - - - -] Service eff1fd9b-8a33-49ee-b7b0-f8f98f2f097f is updated service_manage_report /usr/lib/python3/dist-packages/heat/engine/service.py:2370
2026-06-04 00:56:21.992 39432 DEBUG heat.engine.service [req-6a24e297-7b9c-47af-8eb1-a557349de52e - - - - -] Service bcee5925-9f25-4392-96ee-43cf790e684a is updated service_manage_report /usr/lib/python3/dist-packages/heat/engine/service.py:2370
