2026-06-01 00:35:07.958 136737 DEBUG oslo_service.service [req-09699122-7228-43b9-b566-5dd8b1a83feb - - - - -] shelved_poll_interval = 3600 log_opt_values /usr/lib/python3/dist-packages/oslo_config/cfg.py:2602
2026-06-01 00:35:07.958 136737 DEBUG oslo_service.service [req-09699122-7228-43b9-b566-5dd8b1a83feb - - - - -] shutdown_timeout = 60 log_opt_values /usr/lib/python3/dist-packages/oslo_config/cfg.py:2602
2026-06-01 00:35:07.958 136737 DEBUG oslo_service.service [req-09699122-7228-43b9-b566-5dd8b1a83feb - - - - -] source_is_ipv6 = False log_opt_values /usr/lib/python3/dist-packages/oslo_config/cfg.py:2602
2026-06-01 00:35:07.958 136737 DEBUG oslo_service.service [req-09699122-7228-43b9-b566-5dd8b1a83feb - - - - -] ssl_only = False log_opt_values /usr/lib/python3/dist-packages/oslo_config/cfg.py:2602
2026-06-01 00:35:07.958 136737 DEBUG oslo_service.service [req-09699122-7228-43b9-b566-5dd8b1a83feb - - - - -] state_path = /var/lib/nova log_opt_values /usr/lib/python3/dist-packages/oslo_config/cfg.py:2602
2026-06-01 00:35:07.959 136737 DEBUG oslo_service.service [req-09699122-7228-43b9-b566-5dd8b1a83feb - - - - -] sync_power_state_interval = 600 log_opt_values /usr/lib/python3/dist-packages/oslo_config/cfg.py:2602
2026-06-01 00:35:07.959 136737 DEBUG oslo_service.service [req-09699122-7228-43b9-b566-5dd8b1a83feb - - - - -] sync_power_state_pool_size = 1000 log_opt_values /usr/lib/python3/dist-packages/oslo_config/cfg.py:2602
2026-06-01 00:35:07.959 136737 DEBUG oslo_service.service [req-09699122-7228-43b9-b566-5dd8b1a83feb - - - - -] syslog_log_facility = LOG_USER log_opt_values /usr/lib/python3/dist-packages/oslo_config/cfg.py:2602
2026-06-01 00:35:07.959 136737 DEBUG oslo_service.service [req-09699122-7228-43b9-b566-5dd8b1a83feb - - - - -] tempdir = None log_opt_values /usr/lib/python3/dist-packages/oslo_config/cfg.py:2602
2026-06-01 00:35:07.959 136737 DEBUG oslo_service.service [req-09699122-7228-43b9-b566-5dd8b1a83feb - - - - -] timeout_nbd = 10 log_opt_values /usr/lib/python3/dist-packages/oslo_config/cfg.py:2602
2026-06-01 00:35:07.960 136737 DEBUG oslo_service.service [req-09699122-7228-43b9-b566-5dd8b1a83feb - - - - -] transport_url = **** log_opt_values /usr/lib/python3/dist-packages/oslo_config/cfg.py:2602
2026-06-01 00:35:07.960 136737 DEBUG oslo_service.service [req-09699122-7228-43b9-b566-5dd8b1a83feb - - - - -] update_resources_interval = 0 log_opt_values /usr/lib/python3/dist-packages/oslo_config/cfg.py:2602
2026-06-01 00:35:07.960 136737 DEBUG oslo_service.service [req-09699122-7228-43b9-b566-5dd8b1a83feb - - - - -] use_cow_images = True log_opt_values /usr/lib/python3/dist-packages/oslo_config/cfg.py:2602
2026-06-01 00:35:07.960 136737 DEBUG oslo_service.service [req-09699122-7228-43b9-b566-5dd8b1a83feb - - - - -] use_eventlog = False log_opt_values /usr/lib/python3/dist-packages/oslo_config/cfg.py:2602
2026-06-01 00:35:07.960 136737 DEBUG oslo_service.service [req-09699122-7228-43b9-b566-5dd8b1a83feb - - - - -] use_journal = False log_opt_values /usr/lib/python3/dist-packages/oslo_config/cfg.py:2602
2026-06-01 00:35:07.960 136737 DEBUG oslo_service.service [req-09699122-7228-43b9-b566-5dd8b1a83feb - - - - -] use_json = False log_opt_values /usr/lib/python3/dist-packages/oslo_config/cfg.py:2602
2026-06-01 00:35:07.961 136737 DEBUG oslo_service.service [req-09699122-7228-43b9-b566-5dd8b1a83feb - - - - -] use_rootwrap_daemon = False log_opt_values /usr/lib/python3/dist-packages/oslo_config/cfg.py:2602
2026-06-01 00:35:07.961 136737 DEBUG oslo_service.service [req-09699122-7228-43b9-b566-5dd8b1a83feb - - - - -] use_stderr = False log_opt_values /usr/lib/python3/dist-packages/oslo_config/cfg.py:2602
2026-06-01 00:35:07.961 136737 DEBUG oslo_service.service [req-09699122-7228-43b9-b566-5dd8b1a83feb - - - - -] use_syslog = False log_opt_values /usr/lib/python3/dist-packages/oslo_config/cfg.py:2602
2026-06-01 00:35:07.961 136737 DEBUG oslo_service.service [req-09699122-7228-43b9-b566-5dd8b1a83feb - - - - -] vcpu_pin_set = None log_opt_values /usr/lib/python3/dist-packages/oslo_config/cfg.py:2602
2026-06-01 00:35:07.961 136737 DEBUG oslo_service.service [req-09699122-7228-43b9-b566-5dd8b1a83feb - - - - -] vif_plugging_is_fatal = True log_opt_values /usr/lib/python3/dist-packages/oslo_config/cfg.py:2602
2026-06-01 00:35:07.961 136737 DEBUG oslo_service.service [req-09699122-7228-43b9-b566-5dd8b1a83feb - - - - -] vif_plugging_timeout = 300 log_opt_values /usr/lib/python3/dist-packages/oslo_config/cfg.py:2602
2026-06-01 00:35:07.962 136737 DEBUG oslo_service.service [req-09699122-7228-43b9-b566-5dd8b1a83feb - - - - -] virt_mkfs = [] log_opt_values /usr/lib/python3/dist-packages/oslo_config/cfg.py:2602
2026-06-01 00:35:07.962 136737 DEBUG oslo_service.service [req-09699122-7228-43b9-b566-5dd8b1a83feb - - - - -] volume_usage_poll_interval = 0 log_opt_values /usr/lib/python3/dist-packages/oslo_config/cfg.py:2602
2026-06-01 00:35:07.962 136737 DEBUG oslo_service.service [req-09699122-7228-43b9-b566-5dd8b1a83feb - - - - -] watch_log_file = False log_opt_values /usr/lib/python3/dist-packages/oslo_config/cfg.py:2602
2026-06-01 00:35:07.962 136737 DEBUG oslo_service.service [req-09699122-7228-43b9-b566-5dd8b1a83feb - - - - -] web = /usr/share/spice-html5 log_opt_values /usr/lib/python3/dist-packages/oslo_config/cfg.py:2602
2026-06-01 00:35:07.963 136737 DEBUG oslo_service.service [req-09699122-7228-43b9-b566-5dd8b1a83feb - - - - -] oslo_concurrency.disable_process_locking = False log_opt_values /usr/lib/python3/dist-packages/oslo_config/cfg.py:2609
2026-06-01 00:35:07.963 136737 DEBUG oslo_service.service [req-09699122-7228-43b9-b566-5dd8b1a83feb - - - - -] oslo_concurrency.lock_path = /var/lock/nova log_opt_values /usr/lib/python3/dist-packages/oslo_config/cfg.py:2609
2026-06-01 00:35:07.963 137472 DEBUG nova.service [req-ec23dd69-92f8-421c-bc0c-f12b22cb8ece - - - - -] Creating RPC server for service scheduler start /usr/lib/python3/dist-packages/nova/service.py:182
2026-06-01 00:35:07.964 136737 WARNING oslo_config.cfg [req-09699122-7228-43b9-b566-5dd8b1a83feb - - - - -] Deprecated: Option "auth_strategy" from group "api" is deprecated for removal ( The only non-default choice, ``noauth2``, is for internal development and testing purposes only and should not be used in deployments. This option and its middleware, NoAuthMiddleware[V2_18], will be removed in a future release. ). Its value may be silently ignored in the future.
2026-06-01 00:35:07.965 136737 DEBUG oslo_service.service [req-09699122-7228-43b9-b566-5dd8b1a83feb - - - - -] api.auth_strategy = keystone log_opt_values /usr/lib/python3/dist-packages/oslo_config/cfg.py:2609
2026-06-01 00:35:07.965 136737 DEBUG oslo_service.service [req-09699122-7228-43b9-b566-5dd8b1a83feb - - - - -] api.compute_link_prefix = None log_opt_values /usr/lib/python3/dist-packages/oslo_config/cfg.py:2609
2026-06-01 00:35:07.965 136737 DEBUG oslo_service.service [req-09699122-7228-43b9-b566-5dd8b1a83feb - - - - -] api.config_drive_skip_versions = 1.0 2007-01-19 2007-03-01 2007-08-29 2007-10-10 2007-12-15 2008-02-01 2008-09-01 log_opt_values /usr/lib/python3/dist-packages/oslo_config/cfg.py:2609
2026-06-01 00:35:07.966 136737 DEBUG oslo_service.service [req-09699122-7228-43b9-b566-5dd8b1a83feb - - - - -] api.dhcp_domain = novalocal log_opt_values /usr/lib/python3/dist-packages/oslo_config/cfg.py:2609
2026-06-01 00:35:07.966 136737 DEBUG oslo_service.service [req-09699122-7228-43b9-b566-5dd8b1a83feb - - - - -] api.enable_instance_password = True log_opt_values /usr/lib/python3/dist-packages/oslo_config/cfg.py:2609
2026-06-01 00:35:07.966 136737 DEBUG oslo_service.service [req-09699122-7228-43b9-b566-5dd8b1a83feb - - - - -] api.glance_link_prefix = None log_opt_values /usr/lib/python3/dist-packages/oslo_config/cfg.py:2609
2026-06-01 00:35:07.966 136737 DEBUG oslo_service.service [req-09699122-7228-43b9-b566-5dd8b1a83feb - - - - -] api.instance_list_cells_batch_fixed_size = 100 log_opt_values /usr/lib/python3/dist-packages/oslo_config/cfg.py:2609
2026-06-01 00:35:07.966 136737 DEBUG oslo_service.service [req-09699122-7228-43b9-b566-5dd8b1a83feb - - - - -] api.instance_list_cells_batch_strategy = distributed log_opt_values /usr/lib/python3/dist-packages/oslo_config/cfg.py:2609
2026-06-01 00:35:07.967 136737 DEBUG oslo_service.service [req-09699122-7228-43b9-b566-5dd8b1a83feb - - - - -] api.instance_list_per_project_cells = False log_opt_values /usr/lib/python3/dist-packages/oslo_config/cfg.py:2609
2026-06-01 00:35:07.967 136737 DEBUG oslo_service.service [req-09699122-7228-43b9-b566-5dd8b1a83feb - - - - -] api.list_records_by_skipping_down_cells = True log_opt_values /usr/lib/python3/dist-packages/oslo_config/cfg.py:2609
2026-06-01 00:35:07.967 137470 DEBUG oslo_db.sqlalchemy.engines [req-2cd8d1d8-91fc-42ac-a0b9-526afed5036e - - - - -] MySQL server mode set to STRICT_TRANS_TABLES,STRICT_ALL_TABLES,NO_ZERO_IN_DATE,NO_ZERO_DATE,ERROR_FOR_DIVISION_BY_ZERO,TRADITIONAL,NO_ENGINE_SUBSTITUTION _check_effective_sql_mode /usr/lib/python3/dist-packages/oslo_db/sqlalchemy/engines.py:314
2026-06-01 00:35:07.967 136737 DEBUG oslo_service.service [req-09699122-7228-43b9-b566-5dd8b1a83feb - - - - -] api.local_metadata_per_cell = False log_opt_values /usr/lib/python3/dist-packages/oslo_config/cfg.py:2609
2026-06-01 00:35:07.968 136737 DEBUG oslo_service.service [req-09699122-7228-43b9-b566-5dd8b1a83feb - - - - -] api.max_limit = 1000 log_opt_values /usr/lib/python3/dist-packages/oslo_config/cfg.py:2609
2026-06-01 00:35:07.969 136737 DEBUG oslo_service.service [req-09699122-7228-43b9-b566-5dd8b1a83feb - - - - -] api.metadata_cache_expiration = 15 log_opt_values /usr/lib/python3/dist-packages/oslo_config/cfg.py:2609
2026-06-01 00:35:07.969 136737 DEBUG oslo_service.service [req-09699122-7228-43b9-b566-5dd8b1a83feb - - - - -] api.neutron_default_tenant_id = default log_opt_values /usr/lib/python3/dist-packages/oslo_config/cfg.py:2609
2026-06-01 00:35:07.969 136737 DEBUG oslo_service.service [req-09699122-7228-43b9-b566-5dd8b1a83feb - - - - -] api.use_forwarded_for = False log_opt_values /usr/lib/python3/dist-packages/oslo_config/cfg.py:2609
2026-06-01 00:35:07.969 136737 DEBUG oslo_service.service [req-09699122-7228-43b9-b566-5dd8b1a83feb - - - - -] api.use_neutron_default_nets = False log_opt_values /usr/lib/python3/dist-packages/oslo_config/cfg.py:2609
2026-06-01 00:35:07.970 136737 DEBUG oslo_service.service [req-09699122-7228-43b9-b566-5dd8b1a83feb - - - - -] api.vendordata_dynamic_connect_timeout = 5 log_opt_values /usr/lib/python3/dist-packages/oslo_config/cfg.py:2609
2026-06-01 00:35:07.970 136737 DEBUG oslo_service.service [req-09699122-7228-43b9-b566-5dd8b1a83feb - - - - -] api.vendordata_dynamic_failure_fatal = False log_opt_values /usr/lib/python3/dist-packages/oslo_config/cfg.py:2609
2026-06-01 00:35:07.970 136737 DEBUG oslo_service.service [req-09699122-7228-43b9-b566-5dd8b1a83feb - - - - -] api.vendordata_dynamic_read_timeout = 5 log_opt_values /usr/lib/python3/dist-packages/oslo_config/cfg.py:2609
2026-06-01 00:35:07.970 136737 DEBUG oslo_service.service [req-09699122-7228-43b9-b566-5dd8b1a83feb - - - - -] api.vendordata_dynamic_ssl_certfile = log_opt_values /usr/lib/python3/dist-packages/oslo_config/cfg.py:2609
2026-06-01 00:35:07.970 136737 DEBUG oslo_service.service [req-09699122-7228-43b9-b566-5dd8b1a83feb - - - - -] api.vendordata_dynamic_targets = [] log_opt_values /usr/lib/python3/dist-packages/oslo_config/cfg.py:2609
2026-06-01 00:35:07.971 136737 DEBUG oslo_service.service [req-09699122-7228-43b9-b566-5dd8b1a83feb - - - - -] api.vendordata_jsonfile_path = None log_opt_values /usr/lib/python3/dist-packages/oslo_config/cfg.py:2609
2026-06-01 00:35:07.971 136737 DEBUG oslo_service.service [req-09699122-7228-43b9-b566-5dd8b1a83feb - - - - -] api.vendordata_providers = ['StaticJSON'] log_opt_values /usr/lib/python3/dist-packages/oslo_config/cfg.py:2609
2026-06-01 00:35:07.971 136737 DEBUG oslo_service.service [req-09699122-7228-43b9-b566-5dd8b1a83feb - - - - -] cache.backend = dogpile.cache.null log_opt_values /usr/lib/python3/dist-packages/oslo_config/cfg.py:2609
2026-06-01 00:35:07.971 136737 DEBUG oslo_service.service [req-09699122-7228-43b9-b566-5dd8b1a83feb - - - - -] cache.backend_argument = **** log_opt_values /usr/lib/python3/dist-packages/oslo_config/cfg.py:2609
2026-06-01 00:35:07.971 136737 DEBUG oslo_service.service [req-09699122-7228-43b9-b566-5dd8b1a83feb - - - - -] cache.config_prefix = cache.oslo log_opt_values /usr/lib/python3/dist-packages/oslo_config/cfg.py:2609
2026-06-01 00:35:07.972 136737 DEBUG oslo_service.service [req-09699122-7228-43b9-b566-5dd8b1a83feb - - - - -] cache.debug_cache_backend = False log_opt_values /usr/lib/python3/dist-packages/oslo_config/cfg.py:2609
2026-06-01 00:35:07.972 136737 DEBUG oslo_service.service [req-09699122-7228-43b9-b566-5dd8b1a83feb - - - - -] cache.enabled = False log_opt_values /usr/lib/python3/dist-packages/oslo_config/cfg.py:2609
2026-06-01 00:35:07.972 136737 DEBUG oslo_service.service [req-09699122-7228-43b9-b566-5dd8b1a83feb - - - - -] cache.expiration_time = 600 log_opt_values /usr/lib/python3/dist-packages/oslo_config/cfg.py:2609
2026-06-01 00:35:07.972 136737 DEBUG oslo_service.service [req-09699122-7228-43b9-b566-5dd8b1a83feb - - - - -] cache.memcache_dead_retry = 300 log_opt_values /usr/lib/python3/dist-packages/oslo_config/cfg.py:2609
2026-06-01 00:35:07.972 136737 DEBUG oslo_service.service [req-09699122-7228-43b9-b566-5dd8b1a83feb - - - - -] cache.memcache_pool_connection_get_timeout = 10 log_opt_values /usr/lib/python3/dist-packages/oslo_config/cfg.py:2609
2026-06-01 00:35:07.973 137464 DEBUG oslo_messaging._drivers.amqpdriver [-] Listener is running poll /usr/lib/python3/dist-packages/oslo_messaging/_drivers/amqpdriver.py:343
2026-06-01 00:35:07.973 137464 DEBUG oslo_messaging._drivers.amqpdriver [-] AMQPListener connection consume poll /usr/lib/python3/dist-packages/oslo_messaging/_drivers/amqpdriver.py:357
2026-06-01 00:35:07.973 136737 DEBUG oslo_service.service [req-09699122-7228-43b9-b566-5dd8b1a83feb - - - - -] cache.memcache_pool_flush_on_reconnect = False log_opt_values /usr/lib/python3/dist-packages/oslo_config/cfg.py:2609
2026-06-01 00:35:07.973 137464 DEBUG nova.service [req-9e894549-7206-4f96-8ca8-14193468dce0 - - - - -] Join ServiceGroup membership for this service scheduler start /usr/lib/python3/dist-packages/nova/service.py:199
2026-06-01 00:35:07.974 137464 DEBUG nova.servicegroup.drivers.db [req-9e894549-7206-4f96-8ca8-14193468dce0 - - - - -] DB_Driver: join new ServiceGroup member juju-4691b1-0-lxd-7 to the scheduler group, service = join /usr/lib/python3/dist-packages/nova/servicegroup/drivers/db.py:44
2026-06-01 00:35:07.973 136737 DEBUG oslo_service.service [req-09699122-7228-43b9-b566-5dd8b1a83feb - - - - -] cache.memcache_pool_maxsize = 10 log_opt_values /usr/lib/python3/dist-packages/oslo_config/cfg.py:2609
2026-06-01 00:35:07.975 136737 DEBUG oslo_service.service [req-09699122-7228-43b9-b566-5dd8b1a83feb - - - - -] cache.memcache_pool_unused_timeout = 60 log_opt_values /usr/lib/python3/dist-packages/oslo_config/cfg.py:2609
2026-06-01 00:35:07.976 136737 DEBUG oslo_service.service [req-09699122-7228-43b9-b566-5dd8b1a83feb - - - - -] cache.memcache_servers = ['localhost:11211'] log_opt_values /usr/lib/python3/dist-packages/oslo_config/cfg.py:2609
2026-06-01 00:35:07.977 136737 DEBUG oslo_service.service [req-09699122-7228-43b9-b566-5dd8b1a83feb - - - - -] cache.memcache_socket_timeout = 1.0 log_opt_values /usr/lib/python3/dist-packages/oslo_config/cfg.py:2609
2026-06-01 00:35:07.978 137464 DEBUG oslo_messaging._drivers.amqpdriver [-] AMQPListener connection timeout poll /usr/lib/python3/dist-packages/oslo_messaging/_drivers/amqpdriver.py:360
2026-06-01 00:35:07.978 137464 DEBUG oslo_messaging._drivers.amqpdriver [-] Listener is running poll /usr/lib/python3/dist-packages/oslo_messaging/_drivers/amqpdriver.py:343
2026-06-01 00:35:07.978 137464 DEBUG oslo_messaging._drivers.amqpdriver [-] AMQPListener connection consume poll /usr/lib/python3/dist-packages/oslo_messaging/_drivers/amqpdriver.py:357
2026-06-01 00:35:07.978 136737 DEBUG oslo_service.service [req-09699122-7228-43b9-b566-5dd8b1a83feb - - - - -] cache.proxies = [] log_opt_values /usr/lib/python3/dist-packages/oslo_config/cfg.py:2609
2026-06-01 00:35:07.979 136737 DEBUG oslo_service.service [req-09699122-7228-43b9-b566-5dd8b1a83feb - - - - -] cache.tls_allowed_ciphers = None log_opt_values /usr/lib/python3/dist-packages/oslo_config/cfg.py:2609
2026-06-01 00:35:07.980 136737 DEBUG oslo_service.service [req-09699122-7228-43b9-b566-5dd8b1a83feb - - - - -] cache.tls_cafile = None log_opt_values /usr/lib/python3/dist-packages/oslo_config/cfg.py:2609
2026-06-01 00:35:07.981 137471 DEBUG nova.service [req-00a42ddd-c7dc-405c-8f63-e2e7c99c806d - - - - -] Creating RPC server for service scheduler start /usr/lib/python3/dist-packages/nova/service.py:182
2026-06-01 00:35:07.981 136737 DEBUG oslo_service.service [req-09699122-7228-43b9-b566-5dd8b1a83feb - - - - -] cache.tls_certfile = None log_opt_values /usr/lib/python3/dist-packages/oslo_config/cfg.py:2609
2026-06-01 00:35:07.982 136737 DEBUG oslo_service.service [req-09699122-7228-43b9-b566-5dd8b1a83feb - - - - -] cache.tls_enabled = False log_opt_values /usr/lib/python3/dist-packages/oslo_config/cfg.py:2609
2026-06-01 00:35:07.982 136737 DEBUG oslo_service.service [req-09699122-7228-43b9-b566-5dd8b1a83feb - - - - -] cache.tls_keyfile = None log_opt_values /usr/lib/python3/dist-packages/oslo_config/cfg.py:2609
2026-06-01 00:35:07.983 136737 DEBUG oslo_service.service [req-09699122-7228-43b9-b566-5dd8b1a83feb - - - - -] cinder.auth_section = None log_opt_values /usr/lib/python3/dist-packages/oslo_config/cfg.py:2609
2026-06-01 00:35:07.983 136737 DEBUG oslo_service.service [req-09699122-7228-43b9-b566-5dd8b1a83feb - - - - -] cinder.auth_type = None log_opt_values /usr/lib/python3/dist-packages/oslo_config/cfg.py:2609
2026-06-01 00:35:07.984 136737 DEBUG oslo_service.service [req-09699122-7228-43b9-b566-5dd8b1a83feb - - - - -] cinder.cafile = None log_opt_values /usr/lib/python3/dist-packages/oslo_config/cfg.py:2609
2026-06-01 00:35:07.984 136737 DEBUG oslo_service.service [req-09699122-7228-43b9-b566-5dd8b1a83feb - - - - -] cinder.catalog_info = volumev3::publicURL log_opt_values /usr/lib/python3/dist-packages/oslo_config/cfg.py:2609
2026-06-01 00:35:07.984 136737 DEBUG oslo_service.service [req-09699122-7228-43b9-b566-5dd8b1a83feb - - - - -] cinder.certfile = None log_opt_values /usr/lib/python3/dist-packages/oslo_config/cfg.py:2609
2026-06-01 00:35:07.984 136737 DEBUG oslo_service.service [req-09699122-7228-43b9-b566-5dd8b1a83feb - - - - -] cinder.collect_timing = False log_opt_values /usr/lib/python3/dist-packages/oslo_config/cfg.py:2609
2026-06-01 00:35:07.984 136737 DEBUG oslo_service.service [req-09699122-7228-43b9-b566-5dd8b1a83feb - - - - -] cinder.cross_az_attach = True log_opt_values /usr/lib/python3/dist-packages/oslo_config/cfg.py:2609
2026-06-01 00:35:07.985 136737 DEBUG oslo_service.service [req-09699122-7228-43b9-b566-5dd8b1a83feb - - - - -] cinder.debug = False log_opt_values /usr/lib/python3/dist-packages/oslo_config/cfg.py:2609
2026-06-01 00:35:07.985 136737 DEBUG oslo_service.service [req-09699122-7228-43b9-b566-5dd8b1a83feb - - - - -] cinder.endpoint_template = None log_opt_values /usr/lib/python3/dist-packages/oslo_config/cfg.py:2609
2026-06-01 00:35:07.985 136737 DEBUG oslo_service.service [req-09699122-7228-43b9-b566-5dd8b1a83feb - - - - -] cinder.http_retries = 3 log_opt_values /usr/lib/python3/dist-packages/oslo_config/cfg.py:2609
2026-06-01 00:35:07.985 136737 DEBUG oslo_service.service [req-09699122-7228-43b9-b566-5dd8b1a83feb - - - - -] cinder.insecure = False log_opt_values /usr/lib/python3/dist-packages/oslo_config/cfg.py:2609
2026-06-01 00:35:07.985 136737 DEBUG oslo_service.service [req-09699122-7228-43b9-b566-5dd8b1a83feb - - - - -] cinder.keyfile = None log_opt_values /usr/lib/python3/dist-packages/oslo_config/cfg.py:2609
2026-06-01 00:35:07.986 136737 DEBUG oslo_service.service [req-09699122-7228-43b9-b566-5dd8b1a83feb - - - - -] cinder.os_region_name = None log_opt_values /usr/lib/python3/dist-packages/oslo_config/cfg.py:2609
2026-06-01 00:35:07.986 136737 DEBUG oslo_service.service [req-09699122-7228-43b9-b566-5dd8b1a83feb - - - - -] cinder.split_loggers = False log_opt_values /usr/lib/python3/dist-packages/oslo_config/cfg.py:2609
2026-06-01 00:35:07.986 136737 DEBUG oslo_service.service [req-09699122-7228-43b9-b566-5dd8b1a83feb - - - - -] cinder.timeout = None log_opt_values /usr/lib/python3/dist-packages/oslo_config/cfg.py:2609
2026-06-01 00:35:07.986 136737 DEBUG oslo_service.service [req-09699122-7228-43b9-b566-5dd8b1a83feb - - - - -] compute.consecutive_build_service_disable_threshold = 10 log_opt_values /usr/lib/python3/dist-packages/oslo_config/cfg.py:2609
2026-06-01 00:35:07.986 136737 DEBUG oslo_service.service [req-09699122-7228-43b9-b566-5dd8b1a83feb - - - - -] compute.cpu_dedicated_set = None log_opt_values /usr/lib/python3/dist-packages/oslo_config/cfg.py:2609
2026-06-01 00:35:07.986 136737 DEBUG oslo_service.service [req-09699122-7228-43b9-b566-5dd8b1a83feb - - - - -] compute.cpu_shared_set = None log_opt_values /usr/lib/python3/dist-packages/oslo_config/cfg.py:2609
2026-06-01 00:35:07.987 136737 DEBUG oslo_service.service [req-09699122-7228-43b9-b566-5dd8b1a83feb - - - - -] compute.image_type_exclude_list = [] log_opt_values /usr/lib/python3/dist-packages/oslo_config/cfg.py:2609
2026-06-01 00:35:07.987 136737 DEBUG oslo_service.service [req-09699122-7228-43b9-b566-5dd8b1a83feb - - - - -] compute.live_migration_wait_for_vif_plug = True log_opt_values /usr/lib/python3/dist-packages/oslo_config/cfg.py:2609
2026-06-01 00:35:07.987 136737 DEBUG oslo_service.service [req-09699122-7228-43b9-b566-5dd8b1a83feb - - - - -] compute.max_concurrent_disk_ops = 0 log_opt_values /usr/lib/python3/dist-packages/oslo_config/cfg.py:2609
2026-06-01 00:35:07.987 136737 DEBUG oslo_service.service [req-09699122-7228-43b9-b566-5dd8b1a83feb - - - - -] compute.max_disk_devices_to_attach = -1 log_opt_values /usr/lib/python3/dist-packages/oslo_config/cfg.py:2609
2026-06-01 00:35:07.987 136737 DEBUG oslo_service.service [req-09699122-7228-43b9-b566-5dd8b1a83feb - - - - -] compute.packing_host_numa_cells_allocation_strategy = True log_opt_values /usr/lib/python3/dist-packages/oslo_config/cfg.py:2609
2026-06-01 00:35:07.987 136737 DEBUG oslo_service.service [req-09699122-7228-43b9-b566-5dd8b1a83feb - - - - -] compute.provider_config_location = /etc/nova/provider_config/ log_opt_values /usr/lib/python3/dist-packages/oslo_config/cfg.py:2609
2026-06-01 00:35:07.988 136737 DEBUG oslo_service.service [req-09699122-7228-43b9-b566-5dd8b1a83feb - - - - -] compute.resource_provider_association_refresh = 300 log_opt_values /usr/lib/python3/dist-packages/oslo_config/cfg.py:2609
2026-06-01 00:35:07.988 136737 DEBUG oslo_service.service [req-09699122-7228-43b9-b566-5dd8b1a83feb - - - - -] compute.shutdown_retry_interval = 10 log_opt_values /usr/lib/python3/dist-packages/oslo_config/cfg.py:2609
2026-06-01 00:35:07.988 136737 DEBUG oslo_service.service [req-09699122-7228-43b9-b566-5dd8b1a83feb - - - - -] compute.vmdk_allowed_types = ['streamOptimized', 'monolithicSparse'] log_opt_values /usr/lib/python3/dist-packages/oslo_config/cfg.py:2609
2026-06-01 00:35:07.988 136737 DEBUG oslo_service.service [req-09699122-7228-43b9-b566-5dd8b1a83feb - - - - -] conductor.workers = 4 log_opt_values /usr/lib/python3/dist-packages/oslo_config/cfg.py:2609
2026-06-01 00:35:07.988 136737 DEBUG oslo_service.service [req-09699122-7228-43b9-b566-5dd8b1a83feb - - - - -] console.allowed_origins = [] log_opt_values /usr/lib/python3/dist-packages/oslo_config/cfg.py:2609
2026-06-01 00:35:07.989 136737 DEBUG oslo_service.service [req-09699122-7228-43b9-b566-5dd8b1a83feb - - - - -] console.ssl_ciphers = None log_opt_values /usr/lib/python3/dist-packages/oslo_config/cfg.py:2609
2026-06-01 00:35:07.989 136737 DEBUG oslo_service.service [req-09699122-7228-43b9-b566-5dd8b1a83feb - - - - -] console.ssl_minimum_version = default log_opt_values /usr/lib/python3/dist-packages/oslo_config/cfg.py:2609
2026-06-01 00:35:07.989 136737 DEBUG oslo_service.service [req-09699122-7228-43b9-b566-5dd8b1a83feb - - - - -] consoleauth.token_ttl = 600 log_opt_values /usr/lib/python3/dist-packages/oslo_config/cfg.py:2609
2026-06-01 00:35:07.990 136737 DEBUG oslo_service.service [req-09699122-7228-43b9-b566-5dd8b1a83feb - - - - -] cyborg.cafile = None log_opt_values /usr/lib/python3/dist-packages/oslo_config/cfg.py:2609
2026-06-01 00:35:07.990 136737 DEBUG oslo_service.service [req-09699122-7228-43b9-b566-5dd8b1a83feb - - - - -] cyborg.certfile = None log_opt_values /usr/lib/python3/dist-packages/oslo_config/cfg.py:2609
2026-06-01 00:35:07.990 136737 DEBUG oslo_service.service [req-09699122-7228-43b9-b566-5dd8b1a83feb - - - - -] cyborg.collect_timing = False log_opt_values /usr/lib/python3/dist-packages/oslo_config/cfg.py:2609
2026-06-01 00:35:07.990 136737 DEBUG oslo_service.service [req-09699122-7228-43b9-b566-5dd8b1a83feb - - - - -] cyborg.connect_retries = None log_opt_values /usr/lib/python3/dist-packages/oslo_config/cfg.py:2609
2026-06-01 00:35:07.990 136737 DEBUG oslo_service.service [req-09699122-7228-43b9-b566-5dd8b1a83feb - - - - -] cyborg.connect_retry_delay = None log_opt_values /usr/lib/python3/dist-packages/oslo_config/cfg.py:2609
2026-06-01 00:35:07.991 136737 DEBUG oslo_service.service [req-09699122-7228-43b9-b566-5dd8b1a83feb - - - - -] cyborg.endpoint_override = None log_opt_values /usr/lib/python3/dist-packages/oslo_config/cfg.py:2609
2026-06-01 00:35:07.991 136737 DEBUG oslo_service.service [req-09699122-7228-43b9-b566-5dd8b1a83feb - - - - -] cyborg.insecure = False log_opt_values /usr/lib/python3/dist-packages/oslo_config/cfg.py:2609
2026-06-01 00:35:07.991 136737 DEBUG oslo_service.service [req-09699122-7228-43b9-b566-5dd8b1a83feb - - - - -] cyborg.keyfile = None log_opt_values /usr/lib/python3/dist-packages/oslo_config/cfg.py:2609
2026-06-01 00:35:07.991 136737 DEBUG oslo_service.service [req-09699122-7228-43b9-b566-5dd8b1a83feb - - - - -] cyborg.max_version = None log_opt_values /usr/lib/python3/dist-packages/oslo_config/cfg.py:2609
2026-06-01 00:35:07.991 136737 DEBUG oslo_service.service [req-09699122-7228-43b9-b566-5dd8b1a83feb - - - - -] cyborg.min_version = None log_opt_values /usr/lib/python3/dist-packages/oslo_config/cfg.py:2609
2026-06-01 00:35:07.992 136737 DEBUG oslo_service.service [req-09699122-7228-43b9-b566-5dd8b1a83feb - - - - -] cyborg.region_name = None log_opt_values /usr/lib/python3/dist-packages/oslo_config/cfg.py:2609
2026-06-01 00:35:07.992 136737 DEBUG oslo_service.service [req-09699122-7228-43b9-b566-5dd8b1a83feb - - - - -] cyborg.service_name = None log_opt_values /usr/lib/python3/dist-packages/oslo_config/cfg.py:2609
2026-06-01 00:35:07.992 136737 DEBUG oslo_service.service [req-09699122-7228-43b9-b566-5dd8b1a83feb - - - - -] cyborg.service_type = accelerator log_opt_values /usr/lib/python3/dist-packages/oslo_config/cfg.py:2609
2026-06-01 00:35:07.992 136737 DEBUG oslo_service.service [req-09699122-7228-43b9-b566-5dd8b1a83feb - - - - -] cyborg.split_loggers = False log_opt_values /usr/lib/python3/dist-packages/oslo_config/cfg.py:2609
2026-06-01 00:35:07.992 136737 DEBUG oslo_service.service [req-09699122-7228-43b9-b566-5dd8b1a83feb - - - - -] cyborg.status_code_retries = None log_opt_values /usr/lib/python3/dist-packages/oslo_config/cfg.py:2609
2026-06-01 00:35:07.993 136737 DEBUG oslo_service.service [req-09699122-7228-43b9-b566-5dd8b1a83feb - - - - -] cyborg.status_code_retry_delay = None log_opt_values /usr/lib/python3/dist-packages/oslo_config/cfg.py:2609
2026-06-01 00:35:07.993 136737 DEBUG oslo_service.service [req-09699122-7228-43b9-b566-5dd8b1a83feb - - - - -] cyborg.timeout = None log_opt_values /usr/lib/python3/dist-packages/oslo_config/cfg.py:2609
2026-06-01 00:35:07.993 136737 DEBUG oslo_service.service [req-09699122-7228-43b9-b566-5dd8b1a83feb - - - - -] cyborg.valid_interfaces = ['internal', 'public'] log_opt_values /usr/lib/python3/dist-packages/oslo_config/cfg.py:2609
2026-06-01 00:35:07.993 136737 DEBUG oslo_service.service [req-09699122-7228-43b9-b566-5dd8b1a83feb - - - - -] cyborg.version = None log_opt_values /usr/lib/python3/dist-packages/oslo_config/cfg.py:2609
2026-06-01 00:35:07.994 136737 DEBUG oslo_service.service [req-09699122-7228-43b9-b566-5dd8b1a83feb - - - - -] database.backend = sqlalchemy log_opt_values /usr/lib/python3/dist-packages/oslo_config/cfg.py:2609
2026-06-01 00:35:07.994 136737 DEBUG oslo_service.service [req-09699122-7228-43b9-b566-5dd8b1a83feb - - - - -] database.connection = **** log_opt_values /usr/lib/python3/dist-packages/oslo_config/cfg.py:2609
2026-06-01 00:35:07.994 136737 DEBUG oslo_service.service [req-09699122-7228-43b9-b566-5dd8b1a83feb - - - - -] database.connection_debug = 0 log_opt_values /usr/lib/python3/dist-packages/oslo_config/cfg.py:2609
2026-06-01 00:35:07.994 136737 DEBUG oslo_service.service [req-09699122-7228-43b9-b566-5dd8b1a83feb - - - - -] database.connection_parameters = log_opt_values /usr/lib/python3/dist-packages/oslo_config/cfg.py:2609
2026-06-01 00:35:07.995 136737 DEBUG oslo_service.service [req-09699122-7228-43b9-b566-5dd8b1a83feb - - - - -] database.connection_recycle_time = 3600 log_opt_values /usr/lib/python3/dist-packages/oslo_config/cfg.py:2609
2026-06-01 00:35:07.995 137470 DEBUG nova.service [req-2cd8d1d8-91fc-42ac-a0b9-526afed5036e - - - - -] Creating RPC server for service scheduler start /usr/lib/python3/dist-packages/nova/service.py:182
2026-06-01 00:35:07.995 136737 DEBUG oslo_service.service [req-09699122-7228-43b9-b566-5dd8b1a83feb - - - - -] database.connection_trace = False log_opt_values /usr/lib/python3/dist-packages/oslo_config/cfg.py:2609
2026-06-01 00:35:07.994 137472 DEBUG oslo_messaging._drivers.amqpdriver [-] Listener is running poll /usr/lib/python3/dist-packages/oslo_messaging/_drivers/amqpdriver.py:343
2026-06-01 00:35:07.995 136737 DEBUG oslo_service.service [req-09699122-7228-43b9-b566-5dd8b1a83feb - - - - -] database.db_inc_retry_interval = True log_opt_values /usr/lib/python3/dist-packages/oslo_config/cfg.py:2609
2026-06-01 00:35:07.995 136737 DEBUG oslo_service.service [req-09699122-7228-43b9-b566-5dd8b1a83feb - - - - -] database.db_max_retries = 20 log_opt_values /usr/lib/python3/dist-packages/oslo_config/cfg.py:2609
2026-06-01 00:35:07.995 137472 DEBUG oslo_messaging._drivers.amqpdriver [-] AMQPListener connection consume poll /usr/lib/python3/dist-packages/oslo_messaging/_drivers/amqpdriver.py:357
2026-06-01 00:35:07.995 136737 DEBUG oslo_service.service [req-09699122-7228-43b9-b566-5dd8b1a83feb - - - - -] database.db_max_retry_interval = 10 log_opt_values /usr/lib/python3/dist-packages/oslo_config/cfg.py:2609
2026-06-01 00:35:07.996 136737 DEBUG oslo_service.service [req-09699122-7228-43b9-b566-5dd8b1a83feb - - - - -] database.db_retry_interval = 1 log_opt_values /usr/lib/python3/dist-packages/oslo_config/cfg.py:2609
2026-06-01 00:35:07.996 136737 DEBUG oslo_service.service [req-09699122-7228-43b9-b566-5dd8b1a83feb - - - - -] database.max_overflow = 50 log_opt_values /usr/lib/python3/dist-packages/oslo_config/cfg.py:2609
2026-06-01 00:35:07.996 136737 DEBUG oslo_service.service [req-09699122-7228-43b9-b566-5dd8b1a83feb - - - - -] database.max_pool_size = 4 log_opt_values /usr/lib/python3/dist-packages/oslo_config/cfg.py:2609
2026-06-01 00:35:07.996 136737 DEBUG oslo_service.service [req-09699122-7228-43b9-b566-5dd8b1a83feb - - - - -] database.max_retries = 10 log_opt_values /usr/lib/python3/dist-packages/oslo_config/cfg.py:2609
2026-06-01 00:35:07.996 136737 DEBUG oslo_service.service [req-09699122-7228-43b9-b566-5dd8b1a83feb - - - - -] database.mysql_enable_ndb = False log_opt_values /usr/lib/python3/dist-packages/oslo_config/cfg.py:2609
2026-06-01 00:35:07.997 136737 DEBUG oslo_service.service [req-09699122-7228-43b9-b566-5dd8b1a83feb - - - - -] database.mysql_sql_mode = TRADITIONAL log_opt_values /usr/lib/python3/dist-packages/oslo_config/cfg.py:2609
2026-06-01 00:35:07.997 136737 DEBUG oslo_service.service [req-09699122-7228-43b9-b566-5dd8b1a83feb - - - - -] database.pool_timeout = None log_opt_values /usr/lib/python3/dist-packages/oslo_config/cfg.py:2609
2026-06-01 00:35:07.997 136737 DEBUG oslo_service.service [req-09699122-7228-43b9-b566-5dd8b1a83feb - - - - -] database.retry_interval = 10 log_opt_values /usr/lib/python3/dist-packages/oslo_config/cfg.py:2609
2026-06-01 00:35:07.997 136737 DEBUG oslo_service.service [req-09699122-7228-43b9-b566-5dd8b1a83feb - - - - -] database.slave_connection = **** log_opt_values /usr/lib/python3/dist-packages/oslo_config/cfg.py:2609
2026-06-01 00:35:07.997 137472 DEBUG nova.service [req-ec23dd69-92f8-421c-bc0c-f12b22cb8ece - - - - -] Join ServiceGroup membership for this service scheduler start /usr/lib/python3/dist-packages/nova/service.py:199
2026-06-01 00:35:07.997 136737 DEBUG oslo_service.service [req-09699122-7228-43b9-b566-5dd8b1a83feb - - - - -] database.sqlite_synchronous = True log_opt_values /usr/lib/python3/dist-packages/oslo_config/cfg.py:2609
2026-06-01 00:35:07.998 136737 DEBUG oslo_service.service [req-09699122-7228-43b9-b566-5dd8b1a83feb - - - - -] database.use_db_reconnect = False log_opt_values /usr/lib/python3/dist-packages/oslo_config/cfg.py:2609
2026-06-01 00:35:07.998 137472 DEBUG nova.servicegroup.drivers.db [req-ec23dd69-92f8-421c-bc0c-f12b22cb8ece - - - - -] DB_Driver: join new ServiceGroup member juju-4691b1-0-lxd-7 to the scheduler group, service = join /usr/lib/python3/dist-packages/nova/servicegroup/drivers/db.py:44
2026-06-01 00:35:07.998 136737 DEBUG oslo_service.service [req-09699122-7228-43b9-b566-5dd8b1a83feb - - - - -] api_database.backend = sqlalchemy log_opt_values /usr/lib/python3/dist-packages/oslo_config/cfg.py:2609
2026-06-01 00:35:07.998 136737 DEBUG oslo_service.service [req-09699122-7228-43b9-b566-5dd8b1a83feb - - - - -] api_database.connection = **** log_opt_values /usr/lib/python3/dist-packages/oslo_config/cfg.py:2609
2026-06-01 00:35:07.998 136737 DEBUG oslo_service.service [req-09699122-7228-43b9-b566-5dd8b1a83feb - - - - -] api_database.connection_debug = 0 log_opt_values /usr/lib/python3/dist-packages/oslo_config/cfg.py:2609
2026-06-01 00:35:07.998 136737 DEBUG oslo_service.service [req-09699122-7228-43b9-b566-5dd8b1a83feb - - - - -] api_database.connection_parameters = log_opt_values /usr/lib/python3/dist-packages/oslo_config/cfg.py:2609
2026-06-01 00:35:07.999 136737 DEBUG oslo_service.service [req-09699122-7228-43b9-b566-5dd8b1a83feb - - - - -] api_database.connection_recycle_time = 3600 log_opt_values /usr/lib/python3/dist-packages/oslo_config/cfg.py:2609
2026-06-01 00:35:07.999 136737 DEBUG oslo_service.service [req-09699122-7228-43b9-b566-5dd8b1a83feb - - - - -] api_database.connection_trace = False log_opt_values /usr/lib/python3/dist-packages/oslo_config/cfg.py:2609
2026-06-01 00:35:07.999 136737 DEBUG oslo_service.service [req-09699122-7228-43b9-b566-5dd8b1a83feb - - - - -] api_database.db_inc_retry_interval = True log_opt_values /usr/lib/python3/dist-packages/oslo_config/cfg.py:2609
2026-06-01 00:35:07.999 136737 DEBUG oslo_service.service [req-09699122-7228-43b9-b566-5dd8b1a83feb - - - - -] api_database.db_max_retries = 20 log_opt_values /usr/lib/python3/dist-packages/oslo_config/cfg.py:2609
2026-06-01 00:35:07.999 136737 DEBUG oslo_service.service [req-09699122-7228-43b9-b566-5dd8b1a83feb - - - - -] api_database.db_max_retry_interval = 10 log_opt_values /usr/lib/python3/dist-packages/oslo_config/cfg.py:2609
2026-06-01 00:35:08.000 136737 DEBUG oslo_service.service [req-09699122-7228-43b9-b566-5dd8b1a83feb - - - - -] api_database.db_retry_interval = 1 log_opt_values /usr/lib/python3/dist-packages/oslo_config/cfg.py:2609
2026-06-01 00:35:08.000 136737 DEBUG oslo_service.service [req-09699122-7228-43b9-b566-5dd8b1a83feb - - - - -] api_database.max_overflow = 50 log_opt_values /usr/lib/python3/dist-packages/oslo_config/cfg.py:2609
2026-06-01 00:35:08.000 136737 DEBUG oslo_service.service [req-09699122-7228-43b9-b566-5dd8b1a83feb - - - - -] api_database.max_pool_size = 4 log_opt_values /usr/lib/python3/dist-packages/oslo_config/cfg.py:2609
2026-06-01 00:35:08.000 136737 DEBUG oslo_service.service [req-09699122-7228-43b9-b566-5dd8b1a83feb - - - - -] api_database.max_retries = 10 log_opt_values /usr/lib/python3/dist-packages/oslo_config/cfg.py:2609
2026-06-01 00:35:08.000 136737 DEBUG oslo_service.service [req-09699122-7228-43b9-b566-5dd8b1a83feb - - - - -] api_database.mysql_enable_ndb = False log_opt_values /usr/lib/python3/dist-packages/oslo_config/cfg.py:2609
2026-06-01 00:35:08.001 136737 DEBUG oslo_service.service [req-09699122-7228-43b9-b566-5dd8b1a83feb - - - - -] api_database.mysql_sql_mode = TRADITIONAL log_opt_values /usr/lib/python3/dist-packages/oslo_config/cfg.py:2609
2026-06-01 00:35:08.001 136737 DEBUG oslo_service.service [req-09699122-7228-43b9-b566-5dd8b1a83feb - - - - -] api_database.pool_timeout = None log_opt_values /usr/lib/python3/dist-packages/oslo_config/cfg.py:2609
2026-06-01 00:35:08.001 136737 DEBUG oslo_service.service [req-09699122-7228-43b9-b566-5dd8b1a83feb - - - - -] api_database.retry_interval = 10 log_opt_values /usr/lib/python3/dist-packages/oslo_config/cfg.py:2609
2026-06-01 00:35:08.001 136737 DEBUG oslo_service.service [req-09699122-7228-43b9-b566-5dd8b1a83feb - - - - -] api_database.slave_connection = **** log_opt_values /usr/lib/python3/dist-packages/oslo_config/cfg.py:2609
2026-06-01 00:35:08.001 137472 DEBUG oslo_messaging._drivers.amqpdriver [-] AMQPListener connection timeout poll /usr/lib/python3/dist-packages/oslo_messaging/_drivers/amqpdriver.py:360
2026-06-01 00:35:08.001 136737 DEBUG oslo_service.service [req-09699122-7228-43b9-b566-5dd8b1a83feb - - - - -] api_database.sqlite_synchronous = True log_opt_values /usr/lib/python3/dist-packages/oslo_config/cfg.py:2609
2026-06-01 00:35:08.001 137472 DEBUG oslo_messaging._drivers.amqpdriver [-] Listener is running poll /usr/lib/python3/dist-packages/oslo_messaging/_drivers/amqpdriver.py:343
2026-06-01 00:35:08.002 136737 DEBUG oslo_service.service [req-09699122-7228-43b9-b566-5dd8b1a83feb - - - - -] devices.enabled_mdev_types = [] log_opt_values /usr/lib/python3/dist-packages/oslo_config/cfg.py:2609
2026-06-01 00:35:08.002 137472 DEBUG oslo_messaging._drivers.amqpdriver [-] AMQPListener connection consume poll /usr/lib/python3/dist-packages/oslo_messaging/_drivers/amqpdriver.py:357
2026-06-01 00:35:08.002 136737 DEBUG oslo_service.service [req-09699122-7228-43b9-b566-5dd8b1a83feb - - - - -] ephemeral_storage_encryption.cipher = aes-xts-plain64 log_opt_values /usr/lib/python3/dist-packages/oslo_config/cfg.py:2609
2026-06-01 00:35:08.002 136737 DEBUG oslo_service.service [req-09699122-7228-43b9-b566-5dd8b1a83feb - - - - -] ephemeral_storage_encryption.enabled = False log_opt_values /usr/lib/python3/dist-packages/oslo_config/cfg.py:2609
2026-06-01 00:35:08.002 136737 DEBUG oslo_service.service [req-09699122-7228-43b9-b566-5dd8b1a83feb - - - - -] ephemeral_storage_encryption.key_size = 512 log_opt_values /usr/lib/python3/dist-packages/oslo_config/cfg.py:2609
2026-06-01 00:35:08.002 136737 WARNING oslo_config.cfg [req-09699122-7228-43b9-b566-5dd8b1a83feb - - - - -] Deprecated: Option "api_servers" from group "glance" is deprecated for removal ( Support for image service configuration via standard keystoneauth1 Adapter options was added in the 17.0.0 Queens release. The api_servers option was retained temporarily to allow consumers time to cut over to a real load balancing solution. ). Its value may be silently ignored in the future.
2026-06-01 00:35:08.003 136737 DEBUG oslo_service.service [req-09699122-7228-43b9-b566-5dd8b1a83feb - - - - -] glance.api_servers = ['http://252.129.56.60:9292'] log_opt_values /usr/lib/python3/dist-packages/oslo_config/cfg.py:2609
2026-06-01 00:35:08.003 136737 DEBUG oslo_service.service [req-09699122-7228-43b9-b566-5dd8b1a83feb - - - - -] glance.cafile = None log_opt_values /usr/lib/python3/dist-packages/oslo_config/cfg.py:2609
2026-06-01 00:35:08.003 136737 DEBUG oslo_service.service [req-09699122-7228-43b9-b566-5dd8b1a83feb - - - - -] glance.certfile = None log_opt_values /usr/lib/python3/dist-packages/oslo_config/cfg.py:2609
2026-06-01 00:35:08.003 136737 DEBUG oslo_service.service [req-09699122-7228-43b9-b566-5dd8b1a83feb - - - - -] glance.collect_timing = False log_opt_values /usr/lib/python3/dist-packages/oslo_config/cfg.py:2609
2026-06-01 00:35:08.004 136737 DEBUG oslo_service.service [req-09699122-7228-43b9-b566-5dd8b1a83feb - - - - -] glance.connect_retries = None log_opt_values /usr/lib/python3/dist-packages/oslo_config/cfg.py:2609
2026-06-01 00:35:08.004 136737 DEBUG oslo_service.service [req-09699122-7228-43b9-b566-5dd8b1a83feb - - - - -] glance.connect_retry_delay = None log_opt_values /usr/lib/python3/dist-packages/oslo_config/cfg.py:2609
2026-06-01 00:35:08.004 136737 DEBUG oslo_service.service [req-09699122-7228-43b9-b566-5dd8b1a83feb - - - - -] glance.debug = False log_opt_values /usr/lib/python3/dist-packages/oslo_config/cfg.py:2609
2026-06-01 00:35:08.004 136737 DEBUG oslo_service.service [req-09699122-7228-43b9-b566-5dd8b1a83feb - - - - -] glance.default_trusted_certificate_ids = [] log_opt_values /usr/lib/python3/dist-packages/oslo_config/cfg.py:2609
2026-06-01 00:35:08.005 136737 DEBUG oslo_service.service [req-09699122-7228-43b9-b566-5dd8b1a83feb - - - - -] glance.enable_certificate_validation = False log_opt_values /usr/lib/python3/dist-packages/oslo_config/cfg.py:2609
2026-06-01 00:35:08.005 136737 DEBUG oslo_service.service [req-09699122-7228-43b9-b566-5dd8b1a83feb - - - - -] glance.enable_rbd_download = False log_opt_values /usr/lib/python3/dist-packages/oslo_config/cfg.py:2609
2026-06-01 00:35:08.005 136737 DEBUG oslo_service.service [req-09699122-7228-43b9-b566-5dd8b1a83feb - - - - -] glance.endpoint_override = None log_opt_values /usr/lib/python3/dist-packages/oslo_config/cfg.py:2609
2026-06-01 00:35:08.005 136737 DEBUG oslo_service.service [req-09699122-7228-43b9-b566-5dd8b1a83feb - - - - -] glance.insecure = False log_opt_values /usr/lib/python3/dist-packages/oslo_config/cfg.py:2609
2026-06-01 00:35:08.006 136737 DEBUG oslo_service.service [req-09699122-7228-43b9-b566-5dd8b1a83feb - - - - -] glance.keyfile = None log_opt_values /usr/lib/python3/dist-packages/oslo_config/cfg.py:2609
2026-06-01 00:35:08.006 136737 DEBUG oslo_service.service [req-09699122-7228-43b9-b566-5dd8b1a83feb - - - - -] glance.max_version = None log_opt_values /usr/lib/python3/dist-packages/oslo_config/cfg.py:2609
2026-06-01 00:35:08.006 136737 DEBUG oslo_service.service [req-09699122-7228-43b9-b566-5dd8b1a83feb - - - - -] glance.min_version = None log_opt_values /usr/lib/python3/dist-packages/oslo_config/cfg.py:2609
2026-06-01 00:35:08.006 136737 DEBUG oslo_service.service [req-09699122-7228-43b9-b566-5dd8b1a83feb - - - - -] glance.num_retries = 3 log_opt_values /usr/lib/python3/dist-packages/oslo_config/cfg.py:2609
2026-06-01 00:35:08.006 136737 DEBUG oslo_service.service [req-09699122-7228-43b9-b566-5dd8b1a83feb - - - - -] glance.rbd_ceph_conf = log_opt_values /usr/lib/python3/dist-packages/oslo_config/cfg.py:2609
2026-06-01 00:35:08.007 136737 DEBUG oslo_service.service [req-09699122-7228-43b9-b566-5dd8b1a83feb - - - - -] glance.rbd_connect_timeout = 5 log_opt_values /usr/lib/python3/dist-packages/oslo_config/cfg.py:2609
2026-06-01 00:35:08.007 136737 DEBUG oslo_service.service [req-09699122-7228-43b9-b566-5dd8b1a83feb - - - - -] glance.rbd_pool = log_opt_values /usr/lib/python3/dist-packages/oslo_config/cfg.py:2609
2026-06-01 00:35:08.007 137471 DEBUG oslo_messaging._drivers.amqpdriver [-] Listener is running poll /usr/lib/python3/dist-packages/oslo_messaging/_drivers/amqpdriver.py:343
2026-06-01 00:35:08.007 136737 DEBUG oslo_service.service [req-09699122-7228-43b9-b566-5dd8b1a83feb - - - - -] glance.rbd_user = log_opt_values /usr/lib/python3/dist-packages/oslo_config/cfg.py:2609
2026-06-01 00:35:08.007 137471 DEBUG oslo_messaging._drivers.amqpdriver [-] AMQPListener connection consume poll /usr/lib/python3/dist-packages/oslo_messaging/_drivers/amqpdriver.py:357
2026-06-01 00:35:08.007 136737 DEBUG oslo_service.service [req-09699122-7228-43b9-b566-5dd8b1a83feb - - - - -] glance.region_name = None log_opt_values /usr/lib/python3/dist-packages/oslo_config/cfg.py:2609
2026-06-01 00:35:08.007 136737 DEBUG oslo_service.service [req-09699122-7228-43b9-b566-5dd8b1a83feb - - - - -] glance.service_name = None log_opt_values /usr/lib/python3/dist-packages/oslo_config/cfg.py:2609
2026-06-01 00:35:08.008 136737 DEBUG oslo_service.service [req-09699122-7228-43b9-b566-5dd8b1a83feb - - - - -] glance.service_type = image log_opt_values /usr/lib/python3/dist-packages/oslo_config/cfg.py:2609
2026-06-01 00:35:08.008 136737 DEBUG oslo_service.service [req-09699122-7228-43b9-b566-5dd8b1a83feb - - - - -] glance.split_loggers = False log_opt_values /usr/lib/python3/dist-packages/oslo_config/cfg.py:2609
2026-06-01 00:35:08.008 137471 DEBUG nova.service [req-00a42ddd-c7dc-405c-8f63-e2e7c99c806d - - - - -] Join ServiceGroup membership for this service scheduler start /usr/lib/python3/dist-packages/nova/service.py:199
2026-06-01 00:35:08.008 136737 DEBUG oslo_service.service [req-09699122-7228-43b9-b566-5dd8b1a83feb - - - - -] glance.status_code_retries = None log_opt_values /usr/lib/python3/dist-packages/oslo_config/cfg.py:2609
2026-06-01 00:35:08.008 137471 DEBUG nova.servicegroup.drivers.db [req-00a42ddd-c7dc-405c-8f63-e2e7c99c806d - - - - -] DB_Driver: join new ServiceGroup member juju-4691b1-0-lxd-7 to the scheduler group, service = join /usr/lib/python3/dist-packages/nova/servicegroup/drivers/db.py:44
2026-06-01 00:35:08.008 136737 DEBUG oslo_service.service [req-09699122-7228-43b9-b566-5dd8b1a83feb - - - - -] glance.status_code_retry_delay = None log_opt_values /usr/lib/python3/dist-packages/oslo_config/cfg.py:2609
2026-06-01 00:35:08.008 136737 DEBUG oslo_service.service [req-09699122-7228-43b9-b566-5dd8b1a83feb - - - - -] glance.timeout = None log_opt_values /usr/lib/python3/dist-packages/oslo_config/cfg.py:2609
2026-06-01 00:35:08.009 136737 DEBUG oslo_service.service [req-09699122-7228-43b9-b566-5dd8b1a83feb - - - - -] glance.valid_interfaces = ['internal', 'public'] log_opt_values /usr/lib/python3/dist-packages/oslo_config/cfg.py:2609
2026-06-01 00:35:08.009 136737 DEBUG oslo_service.service [req-09699122-7228-43b9-b566-5dd8b1a83feb - - - - -] glance.verify_glance_signatures = False log_opt_values /usr/lib/python3/dist-packages/oslo_config/cfg.py:2609
2026-06-01 00:35:08.009 136737 DEBUG oslo_service.service [req-09699122-7228-43b9-b566-5dd8b1a83feb - - - - -] glance.version = None log_opt_values /usr/lib/python3/dist-packages/oslo_config/cfg.py:2609
2026-06-01 00:35:08.009 136737 DEBUG oslo_service.service [req-09699122-7228-43b9-b566-5dd8b1a83feb - - - - -] guestfs.debug = False log_opt_values /usr/lib/python3/dist-packages/oslo_config/cfg.py:2609
2026-06-01 00:35:08.009 136737 DEBUG oslo_service.service [req-09699122-7228-43b9-b566-5dd8b1a83feb - - - - -] hyperv.config_drive_cdrom = False log_opt_values /usr/lib/python3/dist-packages/oslo_config/cfg.py:2609
2026-06-01 00:35:08.010 136737 DEBUG oslo_service.service [req-09699122-7228-43b9-b566-5dd8b1a83feb - - - - -] hyperv.config_drive_inject_password = False log_opt_values /usr/lib/python3/dist-packages/oslo_config/cfg.py:2609
2026-06-01 00:35:08.010 136737 DEBUG oslo_service.service [req-09699122-7228-43b9-b566-5dd8b1a83feb - - - - -] hyperv.dynamic_memory_ratio = 1.0 log_opt_values /usr/lib/python3/dist-packages/oslo_config/cfg.py:2609
2026-06-01 00:35:08.010 136737 DEBUG oslo_service.service [req-09699122-7228-43b9-b566-5dd8b1a83feb - - - - -] hyperv.enable_instance_metrics_collection = False log_opt_values /usr/lib/python3/dist-packages/oslo_config/cfg.py:2609
2026-06-01 00:35:08.010 136737 DEBUG oslo_service.service [req-09699122-7228-43b9-b566-5dd8b1a83feb - - - - -] hyperv.enable_remotefx = False log_opt_values /usr/lib/python3/dist-packages/oslo_config/cfg.py:2609
2026-06-01 00:35:08.010 136737 DEBUG oslo_service.service [req-09699122-7228-43b9-b566-5dd8b1a83feb - - - - -] hyperv.instances_path_share = log_opt_values /usr/lib/python3/dist-packages/oslo_config/cfg.py:2609
2026-06-01 00:35:08.010 137471 DEBUG oslo_messaging._drivers.amqpdriver [-] AMQPListener connection timeout poll /usr/lib/python3/dist-packages/oslo_messaging/_drivers/amqpdriver.py:360
2026-06-01 00:35:08.011 136737 DEBUG oslo_service.service [req-09699122-7228-43b9-b566-5dd8b1a83feb - - - - -] hyperv.iscsi_initiator_list = [] log_opt_values /usr/lib/python3/dist-packages/oslo_config/cfg.py:2609
2026-06-01 00:35:08.011 137471 DEBUG oslo_messaging._drivers.amqpdriver [-] Listener is running poll /usr/lib/python3/dist-packages/oslo_messaging/_drivers/amqpdriver.py:343
2026-06-01 00:35:08.011 137471 DEBUG oslo_messaging._drivers.amqpdriver [-] AMQPListener connection consume poll /usr/lib/python3/dist-packages/oslo_messaging/_drivers/amqpdriver.py:357
2026-06-01 00:35:08.011 136737 DEBUG oslo_service.service [req-09699122-7228-43b9-b566-5dd8b1a83feb - - - - -] hyperv.limit_cpu_features = False log_opt_values /usr/lib/python3/dist-packages/oslo_config/cfg.py:2609
2026-06-01 00:35:08.011 136737 DEBUG oslo_service.service [req-09699122-7228-43b9-b566-5dd8b1a83feb - - - - -] hyperv.mounted_disk_query_retry_count = 10 log_opt_values /usr/lib/python3/dist-packages/oslo_config/cfg.py:2609
2026-06-01 00:35:08.011 136737 DEBUG oslo_service.service [req-09699122-7228-43b9-b566-5dd8b1a83feb - - - - -] hyperv.mounted_disk_query_retry_interval = 5 log_opt_values /usr/lib/python3/dist-packages/oslo_config/cfg.py:2609
