2026-06-01 00:33:51.762 131381 DEBUG oslo_service.service [req-bdd7fc7d-a30c-45a5-baff-63aba52c58fa - - - - -] Started child 132631 _start_child /usr/lib/python3/dist-packages/oslo_service/service.py:575
2026-06-01 00:33:51.768 132631 INFO nova.service [-] Starting scheduler node (version 25.2.1)
2026-06-01 00:33:51.769 132630 DEBUG oslo_db.sqlalchemy.engines [req-97d61e02-f32e-4238-b456-e30af19125e2 - - - - -] MySQL server mode set to STRICT_TRANS_TABLES,STRICT_ALL_TABLES,NO_ZERO_IN_DATE,NO_ZERO_DATE,ERROR_FOR_DIVISION_BY_ZERO,TRADITIONAL,NO_ENGINE_SUBSTITUTION _check_effective_sql_mode /usr/lib/python3/dist-packages/oslo_db/sqlalchemy/engines.py:314
2026-06-01 00:33:51.770 131381 DEBUG oslo_service.service [req-bdd7fc7d-a30c-45a5-baff-63aba52c58fa - - - - -] Started child 132632 _start_child /usr/lib/python3/dist-packages/oslo_service/service.py:575
2026-06-01 00:33:51.775 132632 INFO nova.service [-] Starting scheduler node (version 25.2.1)
2026-06-01 00:33:51.778 131381 DEBUG oslo_service.service [req-bdd7fc7d-a30c-45a5-baff-63aba52c58fa - - - - -] Started child 132633 _start_child /usr/lib/python3/dist-packages/oslo_service/service.py:575
2026-06-01 00:33:51.781 131381 DEBUG oslo_service.service [req-bdd7fc7d-a30c-45a5-baff-63aba52c58fa - - - - -] Full set of CONF: wait /usr/lib/python3/dist-packages/oslo_service/service.py:649
2026-06-01 00:33:51.781 131381 DEBUG oslo_service.service [req-bdd7fc7d-a30c-45a5-baff-63aba52c58fa - - - - -] ******************************************************************************** log_opt_values /usr/lib/python3/dist-packages/oslo_config/cfg.py:2589
2026-06-01 00:33:51.782 131381 DEBUG oslo_service.service [req-bdd7fc7d-a30c-45a5-baff-63aba52c58fa - - - - -] Configuration options gathered from: log_opt_values /usr/lib/python3/dist-packages/oslo_config/cfg.py:2590
2026-06-01 00:33:51.782 131381 DEBUG oslo_service.service [req-bdd7fc7d-a30c-45a5-baff-63aba52c58fa - - - - -] command line args: ['--config-file=/etc/nova/nova.conf', '--log-file=/var/log/nova/nova-scheduler.log'] log_opt_values /usr/lib/python3/dist-packages/oslo_config/cfg.py:2591
2026-06-01 00:33:51.782 131381 DEBUG oslo_service.service [req-bdd7fc7d-a30c-45a5-baff-63aba52c58fa - - - - -] config files: ['/etc/nova/nova.conf'] log_opt_values /usr/lib/python3/dist-packages/oslo_config/cfg.py:2592
2026-06-01 00:33:51.783 131381 DEBUG oslo_service.service [req-bdd7fc7d-a30c-45a5-baff-63aba52c58fa - - - - -] ================================================================================ log_opt_values /usr/lib/python3/dist-packages/oslo_config/cfg.py:2594
2026-06-01 00:33:51.783 131381 DEBUG oslo_service.service [req-bdd7fc7d-a30c-45a5-baff-63aba52c58fa - - - - -] allow_resize_to_same_host = False log_opt_values /usr/lib/python3/dist-packages/oslo_config/cfg.py:2602
2026-06-01 00:33:51.784 131381 DEBUG oslo_service.service [req-bdd7fc7d-a30c-45a5-baff-63aba52c58fa - - - - -] arq_binding_timeout = 300 log_opt_values /usr/lib/python3/dist-packages/oslo_config/cfg.py:2602
2026-06-01 00:33:51.784 131381 DEBUG oslo_service.service [req-bdd7fc7d-a30c-45a5-baff-63aba52c58fa - - - - -] block_device_allocate_retries = 60 log_opt_values /usr/lib/python3/dist-packages/oslo_config/cfg.py:2602
2026-06-01 00:33:51.784 131381 DEBUG oslo_service.service [req-bdd7fc7d-a30c-45a5-baff-63aba52c58fa - - - - -] block_device_allocate_retries_interval = 3 log_opt_values /usr/lib/python3/dist-packages/oslo_config/cfg.py:2602
2026-06-01 00:33:51.784 132633 INFO nova.service [-] Starting scheduler node (version 25.2.1)
2026-06-01 00:33:51.785 131381 DEBUG oslo_service.service [req-bdd7fc7d-a30c-45a5-baff-63aba52c58fa - - - - -] cert = self.pem log_opt_values /usr/lib/python3/dist-packages/oslo_config/cfg.py:2602
2026-06-01 00:33:51.785 131381 DEBUG oslo_service.service [req-bdd7fc7d-a30c-45a5-baff-63aba52c58fa - - - - -] compute_driver = libvirt.LibvirtDriver log_opt_values /usr/lib/python3/dist-packages/oslo_config/cfg.py:2602
2026-06-01 00:33:51.786 131381 DEBUG oslo_service.service [req-bdd7fc7d-a30c-45a5-baff-63aba52c58fa - - - - -] compute_monitors = [] log_opt_values /usr/lib/python3/dist-packages/oslo_config/cfg.py:2602
2026-06-01 00:33:51.786 131381 DEBUG oslo_service.service [req-bdd7fc7d-a30c-45a5-baff-63aba52c58fa - - - - -] config_dir = [] log_opt_values /usr/lib/python3/dist-packages/oslo_config/cfg.py:2602
2026-06-01 00:33:51.786 131381 DEBUG oslo_service.service [req-bdd7fc7d-a30c-45a5-baff-63aba52c58fa - - - - -] config_drive_format = iso9660 log_opt_values /usr/lib/python3/dist-packages/oslo_config/cfg.py:2602
2026-06-01 00:33:51.787 131381 DEBUG oslo_service.service [req-bdd7fc7d-a30c-45a5-baff-63aba52c58fa - - - - -] config_file = ['/etc/nova/nova.conf'] log_opt_values /usr/lib/python3/dist-packages/oslo_config/cfg.py:2602
2026-06-01 00:33:51.786 132631 DEBUG oslo_db.sqlalchemy.engines [req-6f20d597-5d3f-440a-9e56-84f60281476b - - - - -] MySQL server mode set to STRICT_TRANS_TABLES,STRICT_ALL_TABLES,NO_ZERO_IN_DATE,NO_ZERO_DATE,ERROR_FOR_DIVISION_BY_ZERO,TRADITIONAL,NO_ENGINE_SUBSTITUTION _check_effective_sql_mode /usr/lib/python3/dist-packages/oslo_db/sqlalchemy/engines.py:314
2026-06-01 00:33:51.787 131381 DEBUG oslo_service.service [req-bdd7fc7d-a30c-45a5-baff-63aba52c58fa - - - - -] config_source = [] log_opt_values /usr/lib/python3/dist-packages/oslo_config/cfg.py:2602
2026-06-01 00:33:51.787 131381 DEBUG oslo_service.service [req-bdd7fc7d-a30c-45a5-baff-63aba52c58fa - - - - -] console_host = juju-4691b1-0-lxd-7 log_opt_values /usr/lib/python3/dist-packages/oslo_config/cfg.py:2602
2026-06-01 00:33:51.787 131381 DEBUG oslo_service.service [req-bdd7fc7d-a30c-45a5-baff-63aba52c58fa - - - - -] control_exchange = nova log_opt_values /usr/lib/python3/dist-packages/oslo_config/cfg.py:2602
2026-06-01 00:33:51.788 131381 DEBUG oslo_service.service [req-bdd7fc7d-a30c-45a5-baff-63aba52c58fa - - - - -] cpu_allocation_ratio = 2.0 log_opt_values /usr/lib/python3/dist-packages/oslo_config/cfg.py:2602
2026-06-01 00:33:51.788 131381 DEBUG oslo_service.service [req-bdd7fc7d-a30c-45a5-baff-63aba52c58fa - - - - -] daemon = False log_opt_values /usr/lib/python3/dist-packages/oslo_config/cfg.py:2602
2026-06-01 00:33:51.788 131381 DEBUG oslo_service.service [req-bdd7fc7d-a30c-45a5-baff-63aba52c58fa - - - - -] debug = True log_opt_values /usr/lib/python3/dist-packages/oslo_config/cfg.py:2602
2026-06-01 00:33:51.789 131381 DEBUG oslo_service.service [req-bdd7fc7d-a30c-45a5-baff-63aba52c58fa - - - - -] default_access_ip_network_name = None log_opt_values /usr/lib/python3/dist-packages/oslo_config/cfg.py:2602
2026-06-01 00:33:51.789 131381 DEBUG oslo_service.service [req-bdd7fc7d-a30c-45a5-baff-63aba52c58fa - - - - -] default_availability_zone = nova log_opt_values /usr/lib/python3/dist-packages/oslo_config/cfg.py:2602
2026-06-01 00:33:51.789 131381 DEBUG oslo_service.service [req-bdd7fc7d-a30c-45a5-baff-63aba52c58fa - - - - -] default_ephemeral_format = None log_opt_values /usr/lib/python3/dist-packages/oslo_config/cfg.py:2602
2026-06-01 00:33:51.789 131381 DEBUG oslo_service.service [req-bdd7fc7d-a30c-45a5-baff-63aba52c58fa - - - - -] default_log_levels = ['amqp=WARN', 'amqplib=WARN', 'boto=WARN', 'qpid=WARN', 'sqlalchemy=WARN', 'suds=INFO', 'oslo.messaging=INFO', 'oslo_messaging=DEBUG', 'iso8601=WARN', 'requests.packages.urllib3.connectionpool=WARN', 'urllib3.connectionpool=WARN', 'websocket=WARN', 'requests.packages.urllib3.util.retry=WARN', 'urllib3.util.retry=WARN', 'keystonemiddleware=WARN', 'routes.middleware=WARN', 'stevedore=WARN', 'taskflow=WARN', 'keystoneauth=WARN', 'oslo.cache=INFO', 'dogpile.core.dogpile=INFO', 'glanceclient=WARN', 'oslo.privsep.daemon=INFO'] log_opt_values /usr/lib/python3/dist-packages/oslo_config/cfg.py:2602
2026-06-01 00:33:51.790 131381 DEBUG oslo_service.service [req-bdd7fc7d-a30c-45a5-baff-63aba52c58fa - - - - -] default_schedule_zone = None log_opt_values /usr/lib/python3/dist-packages/oslo_config/cfg.py:2602
2026-06-01 00:33:51.790 131381 DEBUG oslo_service.service [req-bdd7fc7d-a30c-45a5-baff-63aba52c58fa - - - - -] disk_allocation_ratio = 1.0 log_opt_values /usr/lib/python3/dist-packages/oslo_config/cfg.py:2602
2026-06-01 00:33:51.790 131381 DEBUG oslo_service.service [req-bdd7fc7d-a30c-45a5-baff-63aba52c58fa - - - - -] enable_new_services = True log_opt_values /usr/lib/python3/dist-packages/oslo_config/cfg.py:2602
2026-06-01 00:33:51.791 131381 DEBUG oslo_service.service [req-bdd7fc7d-a30c-45a5-baff-63aba52c58fa - - - - -] enabled_apis = ['osapi_compute', 'metadata'] log_opt_values /usr/lib/python3/dist-packages/oslo_config/cfg.py:2602
2026-06-01 00:33:51.790 132632 DEBUG oslo_db.sqlalchemy.engines [req-040baed1-3302-44db-a4a6-57fda3efeab7 - - - - -] MySQL server mode set to STRICT_TRANS_TABLES,STRICT_ALL_TABLES,NO_ZERO_IN_DATE,NO_ZERO_DATE,ERROR_FOR_DIVISION_BY_ZERO,TRADITIONAL,NO_ENGINE_SUBSTITUTION _check_effective_sql_mode /usr/lib/python3/dist-packages/oslo_db/sqlalchemy/engines.py:314
2026-06-01 00:33:51.791 131381 DEBUG oslo_service.service [req-bdd7fc7d-a30c-45a5-baff-63aba52c58fa - - - - -] enabled_ssl_apis = [] log_opt_values /usr/lib/python3/dist-packages/oslo_config/cfg.py:2602
2026-06-01 00:33:51.791 131381 DEBUG oslo_service.service [req-bdd7fc7d-a30c-45a5-baff-63aba52c58fa - - - - -] fatal_deprecations = False log_opt_values /usr/lib/python3/dist-packages/oslo_config/cfg.py:2602
2026-06-01 00:33:51.791 131381 DEBUG oslo_service.service [req-bdd7fc7d-a30c-45a5-baff-63aba52c58fa - - - - -] flat_injected = False log_opt_values /usr/lib/python3/dist-packages/oslo_config/cfg.py:2602
2026-06-01 00:33:51.792 131381 DEBUG oslo_service.service [req-bdd7fc7d-a30c-45a5-baff-63aba52c58fa - - - - -] force_config_drive = False log_opt_values /usr/lib/python3/dist-packages/oslo_config/cfg.py:2602
2026-06-01 00:33:51.792 131381 DEBUG oslo_service.service [req-bdd7fc7d-a30c-45a5-baff-63aba52c58fa - - - - -] force_raw_images = True log_opt_values /usr/lib/python3/dist-packages/oslo_config/cfg.py:2602
2026-06-01 00:33:51.792 131381 DEBUG oslo_service.service [req-bdd7fc7d-a30c-45a5-baff-63aba52c58fa - - - - -] graceful_shutdown_timeout = 60 log_opt_values /usr/lib/python3/dist-packages/oslo_config/cfg.py:2602
2026-06-01 00:33:51.792 131381 DEBUG oslo_service.service [req-bdd7fc7d-a30c-45a5-baff-63aba52c58fa - - - - -] heal_instance_info_cache_interval = 60 log_opt_values /usr/lib/python3/dist-packages/oslo_config/cfg.py:2602
2026-06-01 00:33:51.793 131381 DEBUG oslo_service.service [req-bdd7fc7d-a30c-45a5-baff-63aba52c58fa - - - - -] host = juju-4691b1-0-lxd-7 log_opt_values /usr/lib/python3/dist-packages/oslo_config/cfg.py:2602
2026-06-01 00:33:51.794 131381 DEBUG oslo_service.service [req-bdd7fc7d-a30c-45a5-baff-63aba52c58fa - - - - -] initial_cpu_allocation_ratio = 16.0 log_opt_values /usr/lib/python3/dist-packages/oslo_config/cfg.py:2602
2026-06-01 00:33:51.794 131381 DEBUG oslo_service.service [req-bdd7fc7d-a30c-45a5-baff-63aba52c58fa - - - - -] initial_disk_allocation_ratio = 1.0 log_opt_values /usr/lib/python3/dist-packages/oslo_config/cfg.py:2602
2026-06-01 00:33:51.794 131381 DEBUG oslo_service.service [req-bdd7fc7d-a30c-45a5-baff-63aba52c58fa - - - - -] initial_ram_allocation_ratio = 1.5 log_opt_values /usr/lib/python3/dist-packages/oslo_config/cfg.py:2602
2026-06-01 00:33:51.794 131381 DEBUG oslo_service.service [req-bdd7fc7d-a30c-45a5-baff-63aba52c58fa - - - - -] injected_network_template = /usr/lib/python3/dist-packages/nova/virt/interfaces.template log_opt_values /usr/lib/python3/dist-packages/oslo_config/cfg.py:2602
2026-06-01 00:33:51.795 131381 DEBUG oslo_service.service [req-bdd7fc7d-a30c-45a5-baff-63aba52c58fa - - - - -] instance_build_timeout = 0 log_opt_values /usr/lib/python3/dist-packages/oslo_config/cfg.py:2602
2026-06-01 00:33:51.795 131381 DEBUG oslo_service.service [req-bdd7fc7d-a30c-45a5-baff-63aba52c58fa - - - - -] instance_delete_interval = 300 log_opt_values /usr/lib/python3/dist-packages/oslo_config/cfg.py:2602
2026-06-01 00:33:51.795 131381 DEBUG oslo_service.service [req-bdd7fc7d-a30c-45a5-baff-63aba52c58fa - - - - -] instance_format = [instance: %(uuid)s] log_opt_values /usr/lib/python3/dist-packages/oslo_config/cfg.py:2602
2026-06-01 00:33:51.796 131381 DEBUG oslo_service.service [req-bdd7fc7d-a30c-45a5-baff-63aba52c58fa - - - - -] instance_name_template = instance-%08x log_opt_values /usr/lib/python3/dist-packages/oslo_config/cfg.py:2602
2026-06-01 00:33:51.796 131381 DEBUG oslo_service.service [req-bdd7fc7d-a30c-45a5-baff-63aba52c58fa - - - - -] instance_usage_audit = False log_opt_values /usr/lib/python3/dist-packages/oslo_config/cfg.py:2602
2026-06-01 00:33:51.796 131381 DEBUG oslo_service.service [req-bdd7fc7d-a30c-45a5-baff-63aba52c58fa - - - - -] instance_usage_audit_period = month log_opt_values /usr/lib/python3/dist-packages/oslo_config/cfg.py:2602
2026-06-01 00:33:51.796 131381 DEBUG oslo_service.service [req-bdd7fc7d-a30c-45a5-baff-63aba52c58fa - - - - -] instance_uuid_format = [instance: %(uuid)s] log_opt_values /usr/lib/python3/dist-packages/oslo_config/cfg.py:2602
2026-06-01 00:33:51.797 131381 DEBUG oslo_service.service [req-bdd7fc7d-a30c-45a5-baff-63aba52c58fa - - - - -] instances_path = /var/lib/nova/instances log_opt_values /usr/lib/python3/dist-packages/oslo_config/cfg.py:2602
2026-06-01 00:33:51.797 131381 DEBUG oslo_service.service [req-bdd7fc7d-a30c-45a5-baff-63aba52c58fa - - - - -] internal_service_availability_zone = internal log_opt_values /usr/lib/python3/dist-packages/oslo_config/cfg.py:2602
2026-06-01 00:33:51.797 131381 DEBUG oslo_service.service [req-bdd7fc7d-a30c-45a5-baff-63aba52c58fa - - - - -] key = None log_opt_values /usr/lib/python3/dist-packages/oslo_config/cfg.py:2602
2026-06-01 00:33:51.797 131381 DEBUG oslo_service.service [req-bdd7fc7d-a30c-45a5-baff-63aba52c58fa - - - - -] live_migration_retry_count = 30 log_opt_values /usr/lib/python3/dist-packages/oslo_config/cfg.py:2602
2026-06-01 00:33:51.798 131381 DEBUG oslo_service.service [req-bdd7fc7d-a30c-45a5-baff-63aba52c58fa - - - - -] log_config_append = None log_opt_values /usr/lib/python3/dist-packages/oslo_config/cfg.py:2602
2026-06-01 00:33:51.798 131381 DEBUG oslo_service.service [req-bdd7fc7d-a30c-45a5-baff-63aba52c58fa - - - - -] log_date_format = %Y-%m-%d %H:%M:%S log_opt_values /usr/lib/python3/dist-packages/oslo_config/cfg.py:2602
2026-06-01 00:33:51.798 131381 DEBUG oslo_service.service [req-bdd7fc7d-a30c-45a5-baff-63aba52c58fa - - - - -] log_dir = /var/log/nova log_opt_values /usr/lib/python3/dist-packages/oslo_config/cfg.py:2602
2026-06-01 00:33:51.798 131381 DEBUG oslo_service.service [req-bdd7fc7d-a30c-45a5-baff-63aba52c58fa - - - - -] log_file = /var/log/nova/nova-scheduler.log log_opt_values /usr/lib/python3/dist-packages/oslo_config/cfg.py:2602
2026-06-01 00:33:51.798 131381 DEBUG oslo_service.service [req-bdd7fc7d-a30c-45a5-baff-63aba52c58fa - - - - -] log_options = True log_opt_values /usr/lib/python3/dist-packages/oslo_config/cfg.py:2602
2026-06-01 00:33:51.799 131381 DEBUG oslo_service.service [req-bdd7fc7d-a30c-45a5-baff-63aba52c58fa - - - - -] log_rotate_interval = 1 log_opt_values /usr/lib/python3/dist-packages/oslo_config/cfg.py:2602
2026-06-01 00:33:51.799 131381 DEBUG oslo_service.service [req-bdd7fc7d-a30c-45a5-baff-63aba52c58fa - - - - -] log_rotate_interval_type = days log_opt_values /usr/lib/python3/dist-packages/oslo_config/cfg.py:2602
2026-06-01 00:33:51.799 131381 DEBUG oslo_service.service [req-bdd7fc7d-a30c-45a5-baff-63aba52c58fa - - - - -] log_rotation_type = none log_opt_values /usr/lib/python3/dist-packages/oslo_config/cfg.py:2602
2026-06-01 00:33:51.799 131381 DEBUG oslo_service.service [req-bdd7fc7d-a30c-45a5-baff-63aba52c58fa - - - - -] logging_context_format_string = %(asctime)s.%(msecs)03d %(process)d %(levelname)s %(name)s [%(request_id)s %(user_identity)s] %(instance)s%(message)s log_opt_values /usr/lib/python3/dist-packages/oslo_config/cfg.py:2602
2026-06-01 00:33:51.800 131381 DEBUG oslo_service.service [req-bdd7fc7d-a30c-45a5-baff-63aba52c58fa - - - - -] logging_debug_format_suffix = %(funcName)s %(pathname)s:%(lineno)d log_opt_values /usr/lib/python3/dist-packages/oslo_config/cfg.py:2602
2026-06-01 00:33:51.803 131381 DEBUG oslo_service.service [req-bdd7fc7d-a30c-45a5-baff-63aba52c58fa - - - - -] logging_default_format_string = %(asctime)s.%(msecs)03d %(process)d %(levelname)s %(name)s [-] %(instance)s%(message)s log_opt_values /usr/lib/python3/dist-packages/oslo_config/cfg.py:2602
2026-06-01 00:33:51.803 131381 DEBUG oslo_service.service [req-bdd7fc7d-a30c-45a5-baff-63aba52c58fa - - - - -] logging_exception_prefix = %(asctime)s.%(msecs)03d %(process)d ERROR %(name)s %(instance)s log_opt_values /usr/lib/python3/dist-packages/oslo_config/cfg.py:2602
2026-06-01 00:33:51.803 131381 DEBUG oslo_service.service [req-bdd7fc7d-a30c-45a5-baff-63aba52c58fa - - - - -] logging_user_identity_format = %(user)s %(project)s %(domain)s %(user_domain)s %(project_domain)s log_opt_values /usr/lib/python3/dist-packages/oslo_config/cfg.py:2602
2026-06-01 00:33:51.803 132633 DEBUG oslo_db.sqlalchemy.engines [req-8de0fd62-982e-4f39-8e27-bbc4c3a4512d - - - - -] MySQL server mode set to STRICT_TRANS_TABLES,STRICT_ALL_TABLES,NO_ZERO_IN_DATE,NO_ZERO_DATE,ERROR_FOR_DIVISION_BY_ZERO,TRADITIONAL,NO_ENGINE_SUBSTITUTION _check_effective_sql_mode /usr/lib/python3/dist-packages/oslo_db/sqlalchemy/engines.py:314
2026-06-01 00:33:51.804 131381 DEBUG oslo_service.service [req-bdd7fc7d-a30c-45a5-baff-63aba52c58fa - - - - -] long_rpc_timeout = 1800 log_opt_values /usr/lib/python3/dist-packages/oslo_config/cfg.py:2602
2026-06-01 00:33:51.804 131381 DEBUG oslo_service.service [req-bdd7fc7d-a30c-45a5-baff-63aba52c58fa - - - - -] max_concurrent_builds = 10 log_opt_values /usr/lib/python3/dist-packages/oslo_config/cfg.py:2602
2026-06-01 00:33:51.806 131381 DEBUG oslo_service.service [req-bdd7fc7d-a30c-45a5-baff-63aba52c58fa - - - - -] max_concurrent_live_migrations = 1 log_opt_values /usr/lib/python3/dist-packages/oslo_config/cfg.py:2602
2026-06-01 00:33:51.806 131381 DEBUG oslo_service.service [req-bdd7fc7d-a30c-45a5-baff-63aba52c58fa - - - - -] max_concurrent_snapshots = 5 log_opt_values /usr/lib/python3/dist-packages/oslo_config/cfg.py:2602
2026-06-01 00:33:51.806 131381 DEBUG oslo_service.service [req-bdd7fc7d-a30c-45a5-baff-63aba52c58fa - - - - -] max_local_block_devices = 3 log_opt_values /usr/lib/python3/dist-packages/oslo_config/cfg.py:2602
2026-06-01 00:33:51.806 131381 DEBUG oslo_service.service [req-bdd7fc7d-a30c-45a5-baff-63aba52c58fa - - - - -] max_logfile_count = 30 log_opt_values /usr/lib/python3/dist-packages/oslo_config/cfg.py:2602
2026-06-01 00:33:51.807 131381 DEBUG oslo_service.service [req-bdd7fc7d-a30c-45a5-baff-63aba52c58fa - - - - -] max_logfile_size_mb = 200 log_opt_values /usr/lib/python3/dist-packages/oslo_config/cfg.py:2602
2026-06-01 00:33:51.807 131381 DEBUG oslo_service.service [req-bdd7fc7d-a30c-45a5-baff-63aba52c58fa - - - - -] maximum_instance_delete_attempts = 5 log_opt_values /usr/lib/python3/dist-packages/oslo_config/cfg.py:2602
2026-06-01 00:33:51.807 131381 DEBUG oslo_service.service [req-bdd7fc7d-a30c-45a5-baff-63aba52c58fa - - - - -] metadata_listen = 0.0.0.0 log_opt_values /usr/lib/python3/dist-packages/oslo_config/cfg.py:2602
2026-06-01 00:33:51.807 131381 DEBUG oslo_service.service [req-bdd7fc7d-a30c-45a5-baff-63aba52c58fa - - - - -] metadata_listen_port = 8765 log_opt_values /usr/lib/python3/dist-packages/oslo_config/cfg.py:2602
2026-06-01 00:33:51.807 131381 DEBUG oslo_service.service [req-bdd7fc7d-a30c-45a5-baff-63aba52c58fa - - - - -] metadata_workers = None log_opt_values /usr/lib/python3/dist-packages/oslo_config/cfg.py:2602
2026-06-01 00:33:51.808 131381 DEBUG oslo_service.service [req-bdd7fc7d-a30c-45a5-baff-63aba52c58fa - - - - -] migrate_max_retries = -1 log_opt_values /usr/lib/python3/dist-packages/oslo_config/cfg.py:2602
2026-06-01 00:33:51.808 131381 DEBUG oslo_service.service [req-bdd7fc7d-a30c-45a5-baff-63aba52c58fa - - - - -] mkisofs_cmd = genisoimage log_opt_values /usr/lib/python3/dist-packages/oslo_config/cfg.py:2602
2026-06-01 00:33:51.808 131381 DEBUG oslo_service.service [req-bdd7fc7d-a30c-45a5-baff-63aba52c58fa - - - - -] my_block_storage_ip = 252.129.105.239 log_opt_values /usr/lib/python3/dist-packages/oslo_config/cfg.py:2602
2026-06-01 00:33:51.808 131381 DEBUG oslo_service.service [req-bdd7fc7d-a30c-45a5-baff-63aba52c58fa - - - - -] my_ip = 252.129.105.239 log_opt_values /usr/lib/python3/dist-packages/oslo_config/cfg.py:2602
2026-06-01 00:33:51.809 131381 DEBUG oslo_service.service [req-bdd7fc7d-a30c-45a5-baff-63aba52c58fa - - - - -] network_allocate_retries = 0 log_opt_values /usr/lib/python3/dist-packages/oslo_config/cfg.py:2602
2026-06-01 00:33:51.809 131381 DEBUG oslo_service.service [req-bdd7fc7d-a30c-45a5-baff-63aba52c58fa - - - - -] non_inheritable_image_properties = ['cache_in_nova', 'bittorrent'] log_opt_values /usr/lib/python3/dist-packages/oslo_config/cfg.py:2602
2026-06-01 00:33:51.809 131381 DEBUG oslo_service.service [req-bdd7fc7d-a30c-45a5-baff-63aba52c58fa - - - - -] osapi_compute_listen = 0.0.0.0 log_opt_values /usr/lib/python3/dist-packages/oslo_config/cfg.py:2602
2026-06-01 00:33:51.810 131381 DEBUG oslo_service.service [req-bdd7fc7d-a30c-45a5-baff-63aba52c58fa - - - - -] osapi_compute_listen_port = 8764 log_opt_values /usr/lib/python3/dist-packages/oslo_config/cfg.py:2602
2026-06-01 00:33:51.810 131381 DEBUG oslo_service.service [req-bdd7fc7d-a30c-45a5-baff-63aba52c58fa - - - - -] osapi_compute_unique_server_name_scope = log_opt_values /usr/lib/python3/dist-packages/oslo_config/cfg.py:2602
2026-06-01 00:33:51.811 131381 DEBUG oslo_service.service [req-bdd7fc7d-a30c-45a5-baff-63aba52c58fa - - - - -] osapi_compute_workers = 4 log_opt_values /usr/lib/python3/dist-packages/oslo_config/cfg.py:2602
2026-06-01 00:33:51.811 131381 DEBUG oslo_service.service [req-bdd7fc7d-a30c-45a5-baff-63aba52c58fa - - - - -] password_length = 12 log_opt_values /usr/lib/python3/dist-packages/oslo_config/cfg.py:2602
2026-06-01 00:33:51.811 131381 DEBUG oslo_service.service [req-bdd7fc7d-a30c-45a5-baff-63aba52c58fa - - - - -] periodic_enable = True log_opt_values /usr/lib/python3/dist-packages/oslo_config/cfg.py:2602
2026-06-01 00:33:51.812 131381 DEBUG oslo_service.service [req-bdd7fc7d-a30c-45a5-baff-63aba52c58fa - - - - -] periodic_fuzzy_delay = 60 log_opt_values /usr/lib/python3/dist-packages/oslo_config/cfg.py:2602
2026-06-01 00:33:51.813 131381 DEBUG oslo_service.service [req-bdd7fc7d-a30c-45a5-baff-63aba52c58fa - - - - -] pointer_model = usbtablet log_opt_values /usr/lib/python3/dist-packages/oslo_config/cfg.py:2602
2026-06-01 00:33:51.814 131381 DEBUG oslo_service.service [req-bdd7fc7d-a30c-45a5-baff-63aba52c58fa - - - - -] preallocate_images = none log_opt_values /usr/lib/python3/dist-packages/oslo_config/cfg.py:2602
2026-06-01 00:33:51.814 131381 DEBUG oslo_service.service [req-bdd7fc7d-a30c-45a5-baff-63aba52c58fa - - - - -] publish_errors = False log_opt_values /usr/lib/python3/dist-packages/oslo_config/cfg.py:2602
2026-06-01 00:33:51.814 131381 DEBUG oslo_service.service [req-bdd7fc7d-a30c-45a5-baff-63aba52c58fa - - - - -] pybasedir = /usr/lib/python3/dist-packages log_opt_values /usr/lib/python3/dist-packages/oslo_config/cfg.py:2602
2026-06-01 00:33:51.815 131381 DEBUG oslo_service.service [req-bdd7fc7d-a30c-45a5-baff-63aba52c58fa - - - - -] ram_allocation_ratio = 0.98 log_opt_values /usr/lib/python3/dist-packages/oslo_config/cfg.py:2602
2026-06-01 00:33:51.815 131381 DEBUG oslo_service.service [req-bdd7fc7d-a30c-45a5-baff-63aba52c58fa - - - - -] rate_limit_burst = 0 log_opt_values /usr/lib/python3/dist-packages/oslo_config/cfg.py:2602
2026-06-01 00:33:51.815 132630 DEBUG nova.service [req-97d61e02-f32e-4238-b456-e30af19125e2 - - - - -] Creating RPC server for service scheduler start /usr/lib/python3/dist-packages/nova/service.py:182
2026-06-01 00:33:51.817 131381 DEBUG oslo_service.service [req-bdd7fc7d-a30c-45a5-baff-63aba52c58fa - - - - -] rate_limit_except_level = CRITICAL log_opt_values /usr/lib/python3/dist-packages/oslo_config/cfg.py:2602
2026-06-01 00:33:51.817 131381 DEBUG oslo_service.service [req-bdd7fc7d-a30c-45a5-baff-63aba52c58fa - - - - -] rate_limit_interval = 0 log_opt_values /usr/lib/python3/dist-packages/oslo_config/cfg.py:2602
2026-06-01 00:33:51.817 131381 DEBUG oslo_service.service [req-bdd7fc7d-a30c-45a5-baff-63aba52c58fa - - - - -] reboot_timeout = 0 log_opt_values /usr/lib/python3/dist-packages/oslo_config/cfg.py:2602
2026-06-01 00:33:51.818 131381 DEBUG oslo_service.service [req-bdd7fc7d-a30c-45a5-baff-63aba52c58fa - - - - -] reclaim_instance_interval = 0 log_opt_values /usr/lib/python3/dist-packages/oslo_config/cfg.py:2602
2026-06-01 00:33:51.818 131381 DEBUG oslo_service.service [req-bdd7fc7d-a30c-45a5-baff-63aba52c58fa - - - - -] record = None log_opt_values /usr/lib/python3/dist-packages/oslo_config/cfg.py:2602
2026-06-01 00:33:51.818 131381 DEBUG oslo_service.service [req-bdd7fc7d-a30c-45a5-baff-63aba52c58fa - - - - -] report_interval = 10 log_opt_values /usr/lib/python3/dist-packages/oslo_config/cfg.py:2602
2026-06-01 00:33:51.820 131381 DEBUG oslo_service.service [req-bdd7fc7d-a30c-45a5-baff-63aba52c58fa - - - - -] rescue_timeout = 0 log_opt_values /usr/lib/python3/dist-packages/oslo_config/cfg.py:2602
2026-06-01 00:33:51.821 131381 DEBUG oslo_service.service [req-bdd7fc7d-a30c-45a5-baff-63aba52c58fa - - - - -] reserved_host_cpus = 0 log_opt_values /usr/lib/python3/dist-packages/oslo_config/cfg.py:2602
2026-06-01 00:33:51.821 131381 DEBUG oslo_service.service [req-bdd7fc7d-a30c-45a5-baff-63aba52c58fa - - - - -] reserved_host_disk_mb = 0 log_opt_values /usr/lib/python3/dist-packages/oslo_config/cfg.py:2602
2026-06-01 00:33:51.821 131381 DEBUG oslo_service.service [req-bdd7fc7d-a30c-45a5-baff-63aba52c58fa - - - - -] reserved_host_memory_mb = 512 log_opt_values /usr/lib/python3/dist-packages/oslo_config/cfg.py:2602
2026-06-01 00:33:51.822 131381 DEBUG oslo_service.service [req-bdd7fc7d-a30c-45a5-baff-63aba52c58fa - - - - -] reserved_huge_pages = None log_opt_values /usr/lib/python3/dist-packages/oslo_config/cfg.py:2602
2026-06-01 00:33:51.825 131381 DEBUG oslo_service.service [req-bdd7fc7d-a30c-45a5-baff-63aba52c58fa - - - - -] resize_confirm_window = 0 log_opt_values /usr/lib/python3/dist-packages/oslo_config/cfg.py:2602
2026-06-01 00:33:51.825 131381 DEBUG oslo_service.service [req-bdd7fc7d-a30c-45a5-baff-63aba52c58fa - - - - -] resize_fs_using_block_device = False log_opt_values /usr/lib/python3/dist-packages/oslo_config/cfg.py:2602
2026-06-01 00:33:51.825 132633 DEBUG nova.service [req-8de0fd62-982e-4f39-8e27-bbc4c3a4512d - - - - -] Creating RPC server for service scheduler start /usr/lib/python3/dist-packages/nova/service.py:182
2026-06-01 00:33:51.825 131381 DEBUG oslo_service.service [req-bdd7fc7d-a30c-45a5-baff-63aba52c58fa - - - - -] resume_guests_state_on_host_boot = False log_opt_values /usr/lib/python3/dist-packages/oslo_config/cfg.py:2602
2026-06-01 00:33:51.825 131381 DEBUG oslo_service.service [req-bdd7fc7d-a30c-45a5-baff-63aba52c58fa - - - - -] rootwrap_config = /etc/nova/rootwrap.conf log_opt_values /usr/lib/python3/dist-packages/oslo_config/cfg.py:2602
2026-06-01 00:33:51.826 131381 DEBUG oslo_service.service [req-bdd7fc7d-a30c-45a5-baff-63aba52c58fa - - - - -] run_external_periodic_tasks = True log_opt_values /usr/lib/python3/dist-packages/oslo_config/cfg.py:2602
2026-06-01 00:33:51.827 131381 DEBUG oslo_service.service [req-bdd7fc7d-a30c-45a5-baff-63aba52c58fa - - - - -] running_deleted_instance_action = reap log_opt_values /usr/lib/python3/dist-packages/oslo_config/cfg.py:2602
2026-06-01 00:33:51.827 131381 DEBUG oslo_service.service [req-bdd7fc7d-a30c-45a5-baff-63aba52c58fa - - - - -] running_deleted_instance_poll_interval = 1800 log_opt_values /usr/lib/python3/dist-packages/oslo_config/cfg.py:2602
2026-06-01 00:33:51.828 131381 DEBUG oslo_service.service [req-bdd7fc7d-a30c-45a5-baff-63aba52c58fa - - - - -] running_deleted_instance_timeout = 0 log_opt_values /usr/lib/python3/dist-packages/oslo_config/cfg.py:2602
2026-06-01 00:33:51.828 132632 DEBUG nova.service [req-040baed1-3302-44db-a4a6-57fda3efeab7 - - - - -] Creating RPC server for service scheduler start /usr/lib/python3/dist-packages/nova/service.py:182
2026-06-01 00:33:51.829 131381 DEBUG oslo_service.service [req-bdd7fc7d-a30c-45a5-baff-63aba52c58fa - - - - -] scheduler_instance_sync_interval = 120 log_opt_values /usr/lib/python3/dist-packages/oslo_config/cfg.py:2602
2026-06-01 00:33:51.829 131381 DEBUG oslo_service.service [req-bdd7fc7d-a30c-45a5-baff-63aba52c58fa - - - - -] service_down_time = 60 log_opt_values /usr/lib/python3/dist-packages/oslo_config/cfg.py:2602
2026-06-01 00:33:51.829 131381 DEBUG oslo_service.service [req-bdd7fc7d-a30c-45a5-baff-63aba52c58fa - - - - -] servicegroup_driver = db log_opt_values /usr/lib/python3/dist-packages/oslo_config/cfg.py:2602
2026-06-01 00:33:51.829 131381 DEBUG oslo_service.service [req-bdd7fc7d-a30c-45a5-baff-63aba52c58fa - - - - -] shelved_offload_time = 0 log_opt_values /usr/lib/python3/dist-packages/oslo_config/cfg.py:2602
2026-06-01 00:33:51.830 131381 DEBUG oslo_service.service [req-bdd7fc7d-a30c-45a5-baff-63aba52c58fa - - - - -] shelved_poll_interval = 3600 log_opt_values /usr/lib/python3/dist-packages/oslo_config/cfg.py:2602
2026-06-01 00:33:51.830 131381 DEBUG oslo_service.service [req-bdd7fc7d-a30c-45a5-baff-63aba52c58fa - - - - -] shutdown_timeout = 60 log_opt_values /usr/lib/python3/dist-packages/oslo_config/cfg.py:2602
2026-06-01 00:33:51.830 131381 DEBUG oslo_service.service [req-bdd7fc7d-a30c-45a5-baff-63aba52c58fa - - - - -] source_is_ipv6 = False log_opt_values /usr/lib/python3/dist-packages/oslo_config/cfg.py:2602
2026-06-01 00:33:51.831 131381 DEBUG oslo_service.service [req-bdd7fc7d-a30c-45a5-baff-63aba52c58fa - - - - -] ssl_only = False log_opt_values /usr/lib/python3/dist-packages/oslo_config/cfg.py:2602
2026-06-01 00:33:51.831 131381 DEBUG oslo_service.service [req-bdd7fc7d-a30c-45a5-baff-63aba52c58fa - - - - -] state_path = /var/lib/nova log_opt_values /usr/lib/python3/dist-packages/oslo_config/cfg.py:2602
2026-06-01 00:33:51.832 131381 DEBUG oslo_service.service [req-bdd7fc7d-a30c-45a5-baff-63aba52c58fa - - - - -] sync_power_state_interval = 600 log_opt_values /usr/lib/python3/dist-packages/oslo_config/cfg.py:2602
2026-06-01 00:33:51.833 131381 DEBUG oslo_service.service [req-bdd7fc7d-a30c-45a5-baff-63aba52c58fa - - - - -] sync_power_state_pool_size = 1000 log_opt_values /usr/lib/python3/dist-packages/oslo_config/cfg.py:2602
2026-06-01 00:33:51.834 131381 DEBUG oslo_service.service [req-bdd7fc7d-a30c-45a5-baff-63aba52c58fa - - - - -] syslog_log_facility = LOG_USER log_opt_values /usr/lib/python3/dist-packages/oslo_config/cfg.py:2602
2026-06-01 00:33:51.834 131381 DEBUG oslo_service.service [req-bdd7fc7d-a30c-45a5-baff-63aba52c58fa - - - - -] tempdir = None log_opt_values /usr/lib/python3/dist-packages/oslo_config/cfg.py:2602
2026-06-01 00:33:51.834 131381 DEBUG oslo_service.service [req-bdd7fc7d-a30c-45a5-baff-63aba52c58fa - - - - -] timeout_nbd = 10 log_opt_values /usr/lib/python3/dist-packages/oslo_config/cfg.py:2602
2026-06-01 00:33:51.835 131381 DEBUG oslo_service.service [req-bdd7fc7d-a30c-45a5-baff-63aba52c58fa - - - - -] transport_url = **** log_opt_values /usr/lib/python3/dist-packages/oslo_config/cfg.py:2602
2026-06-01 00:33:51.835 131381 DEBUG oslo_service.service [req-bdd7fc7d-a30c-45a5-baff-63aba52c58fa - - - - -] update_resources_interval = 0 log_opt_values /usr/lib/python3/dist-packages/oslo_config/cfg.py:2602
2026-06-01 00:33:51.835 131381 DEBUG oslo_service.service [req-bdd7fc7d-a30c-45a5-baff-63aba52c58fa - - - - -] use_cow_images = True log_opt_values /usr/lib/python3/dist-packages/oslo_config/cfg.py:2602
2026-06-01 00:33:51.835 131381 DEBUG oslo_service.service [req-bdd7fc7d-a30c-45a5-baff-63aba52c58fa - - - - -] use_eventlog = False log_opt_values /usr/lib/python3/dist-packages/oslo_config/cfg.py:2602
2026-06-01 00:33:51.836 131381 DEBUG oslo_service.service [req-bdd7fc7d-a30c-45a5-baff-63aba52c58fa - - - - -] use_journal = False log_opt_values /usr/lib/python3/dist-packages/oslo_config/cfg.py:2602
2026-06-01 00:33:51.836 131381 DEBUG oslo_service.service [req-bdd7fc7d-a30c-45a5-baff-63aba52c58fa - - - - -] use_json = False log_opt_values /usr/lib/python3/dist-packages/oslo_config/cfg.py:2602
2026-06-01 00:33:51.837 131381 DEBUG oslo_service.service [req-bdd7fc7d-a30c-45a5-baff-63aba52c58fa - - - - -] use_rootwrap_daemon = False log_opt_values /usr/lib/python3/dist-packages/oslo_config/cfg.py:2602
2026-06-01 00:33:51.837 131381 DEBUG oslo_service.service [req-bdd7fc7d-a30c-45a5-baff-63aba52c58fa - - - - -] use_stderr = False log_opt_values /usr/lib/python3/dist-packages/oslo_config/cfg.py:2602
2026-06-01 00:33:51.837 131381 DEBUG oslo_service.service [req-bdd7fc7d-a30c-45a5-baff-63aba52c58fa - - - - -] use_syslog = False log_opt_values /usr/lib/python3/dist-packages/oslo_config/cfg.py:2602
2026-06-01 00:33:51.837 131381 DEBUG oslo_service.service [req-bdd7fc7d-a30c-45a5-baff-63aba52c58fa - - - - -] vcpu_pin_set = None log_opt_values /usr/lib/python3/dist-packages/oslo_config/cfg.py:2602
2026-06-01 00:33:51.837 131381 DEBUG oslo_service.service [req-bdd7fc7d-a30c-45a5-baff-63aba52c58fa - - - - -] vif_plugging_is_fatal = True log_opt_values /usr/lib/python3/dist-packages/oslo_config/cfg.py:2602
2026-06-01 00:33:51.838 131381 DEBUG oslo_service.service [req-bdd7fc7d-a30c-45a5-baff-63aba52c58fa - - - - -] vif_plugging_timeout = 300 log_opt_values /usr/lib/python3/dist-packages/oslo_config/cfg.py:2602
2026-06-01 00:33:51.838 131381 DEBUG oslo_service.service [req-bdd7fc7d-a30c-45a5-baff-63aba52c58fa - - - - -] virt_mkfs = [] log_opt_values /usr/lib/python3/dist-packages/oslo_config/cfg.py:2602
2026-06-01 00:33:51.838 131381 DEBUG oslo_service.service [req-bdd7fc7d-a30c-45a5-baff-63aba52c58fa - - - - -] volume_usage_poll_interval = 0 log_opt_values /usr/lib/python3/dist-packages/oslo_config/cfg.py:2602
2026-06-01 00:33:51.838 131381 DEBUG oslo_service.service [req-bdd7fc7d-a30c-45a5-baff-63aba52c58fa - - - - -] watch_log_file = False log_opt_values /usr/lib/python3/dist-packages/oslo_config/cfg.py:2602
2026-06-01 00:33:51.839 131381 DEBUG oslo_service.service [req-bdd7fc7d-a30c-45a5-baff-63aba52c58fa - - - - -] web = /usr/share/spice-html5 log_opt_values /usr/lib/python3/dist-packages/oslo_config/cfg.py:2602
2026-06-01 00:33:51.840 131381 DEBUG oslo_service.service [req-bdd7fc7d-a30c-45a5-baff-63aba52c58fa - - - - -] oslo_concurrency.disable_process_locking = False log_opt_values /usr/lib/python3/dist-packages/oslo_config/cfg.py:2609
2026-06-01 00:33:51.840 131381 DEBUG oslo_service.service [req-bdd7fc7d-a30c-45a5-baff-63aba52c58fa - - - - -] oslo_concurrency.lock_path = /var/lock/nova log_opt_values /usr/lib/python3/dist-packages/oslo_config/cfg.py:2609
2026-06-01 00:33:51.841 131381 WARNING oslo_config.cfg [req-bdd7fc7d-a30c-45a5-baff-63aba52c58fa - - - - -] Deprecated: Option "auth_strategy" from group "api" is deprecated for removal ( The only non-default choice, ``noauth2``, is for internal development and testing purposes only and should not be used in deployments. This option and its middleware, NoAuthMiddleware[V2_18], will be removed in a future release. ). Its value may be silently ignored in the future.
2026-06-01 00:33:51.841 131381 DEBUG oslo_service.service [req-bdd7fc7d-a30c-45a5-baff-63aba52c58fa - - - - -] api.auth_strategy = keystone log_opt_values /usr/lib/python3/dist-packages/oslo_config/cfg.py:2609
2026-06-01 00:33:51.841 131381 DEBUG oslo_service.service [req-bdd7fc7d-a30c-45a5-baff-63aba52c58fa - - - - -] api.compute_link_prefix = None log_opt_values /usr/lib/python3/dist-packages/oslo_config/cfg.py:2609
2026-06-01 00:33:51.842 131381 DEBUG oslo_service.service [req-bdd7fc7d-a30c-45a5-baff-63aba52c58fa - - - - -] api.config_drive_skip_versions = 1.0 2007-01-19 2007-03-01 2007-08-29 2007-10-10 2007-12-15 2008-02-01 2008-09-01 log_opt_values /usr/lib/python3/dist-packages/oslo_config/cfg.py:2609
2026-06-01 00:33:51.843 131381 DEBUG oslo_service.service [req-bdd7fc7d-a30c-45a5-baff-63aba52c58fa - - - - -] api.dhcp_domain = novalocal log_opt_values /usr/lib/python3/dist-packages/oslo_config/cfg.py:2609
2026-06-01 00:33:51.844 131381 DEBUG oslo_service.service [req-bdd7fc7d-a30c-45a5-baff-63aba52c58fa - - - - -] api.enable_instance_password = True log_opt_values /usr/lib/python3/dist-packages/oslo_config/cfg.py:2609
2026-06-01 00:33:51.845 131381 DEBUG oslo_service.service [req-bdd7fc7d-a30c-45a5-baff-63aba52c58fa - - - - -] api.glance_link_prefix = None log_opt_values /usr/lib/python3/dist-packages/oslo_config/cfg.py:2609
2026-06-01 00:33:51.846 131381 DEBUG oslo_service.service [req-bdd7fc7d-a30c-45a5-baff-63aba52c58fa - - - - -] api.instance_list_cells_batch_fixed_size = 100 log_opt_values /usr/lib/python3/dist-packages/oslo_config/cfg.py:2609
2026-06-01 00:33:51.846 131381 DEBUG oslo_service.service [req-bdd7fc7d-a30c-45a5-baff-63aba52c58fa - - - - -] api.instance_list_cells_batch_strategy = distributed log_opt_values /usr/lib/python3/dist-packages/oslo_config/cfg.py:2609
2026-06-01 00:33:51.847 131381 DEBUG oslo_service.service [req-bdd7fc7d-a30c-45a5-baff-63aba52c58fa - - - - -] api.instance_list_per_project_cells = False log_opt_values /usr/lib/python3/dist-packages/oslo_config/cfg.py:2609
2026-06-01 00:33:51.847 131381 DEBUG oslo_service.service [req-bdd7fc7d-a30c-45a5-baff-63aba52c58fa - - - - -] api.list_records_by_skipping_down_cells = True log_opt_values /usr/lib/python3/dist-packages/oslo_config/cfg.py:2609
2026-06-01 00:33:51.848 131381 DEBUG oslo_service.service [req-bdd7fc7d-a30c-45a5-baff-63aba52c58fa - - - - -] api.local_metadata_per_cell = False log_opt_values /usr/lib/python3/dist-packages/oslo_config/cfg.py:2609
2026-06-01 00:33:51.849 131381 DEBUG oslo_service.service [req-bdd7fc7d-a30c-45a5-baff-63aba52c58fa - - - - -] api.max_limit = 1000 log_opt_values /usr/lib/python3/dist-packages/oslo_config/cfg.py:2609
2026-06-01 00:33:51.849 131381 DEBUG oslo_service.service [req-bdd7fc7d-a30c-45a5-baff-63aba52c58fa - - - - -] api.metadata_cache_expiration = 15 log_opt_values /usr/lib/python3/dist-packages/oslo_config/cfg.py:2609
2026-06-01 00:33:51.849 131381 DEBUG oslo_service.service [req-bdd7fc7d-a30c-45a5-baff-63aba52c58fa - - - - -] api.neutron_default_tenant_id = default log_opt_values /usr/lib/python3/dist-packages/oslo_config/cfg.py:2609
2026-06-01 00:33:51.850 131381 DEBUG oslo_service.service [req-bdd7fc7d-a30c-45a5-baff-63aba52c58fa - - - - -] api.use_forwarded_for = False log_opt_values /usr/lib/python3/dist-packages/oslo_config/cfg.py:2609
2026-06-01 00:33:51.850 131381 DEBUG oslo_service.service [req-bdd7fc7d-a30c-45a5-baff-63aba52c58fa - - - - -] api.use_neutron_default_nets = False log_opt_values /usr/lib/python3/dist-packages/oslo_config/cfg.py:2609
2026-06-01 00:33:51.850 131381 DEBUG oslo_service.service [req-bdd7fc7d-a30c-45a5-baff-63aba52c58fa - - - - -] api.vendordata_dynamic_connect_timeout = 5 log_opt_values /usr/lib/python3/dist-packages/oslo_config/cfg.py:2609
2026-06-01 00:33:51.851 131381 DEBUG oslo_service.service [req-bdd7fc7d-a30c-45a5-baff-63aba52c58fa - - - - -] api.vendordata_dynamic_failure_fatal = False log_opt_values /usr/lib/python3/dist-packages/oslo_config/cfg.py:2609
2026-06-01 00:33:51.851 131381 DEBUG oslo_service.service [req-bdd7fc7d-a30c-45a5-baff-63aba52c58fa - - - - -] api.vendordata_dynamic_read_timeout = 5 log_opt_values /usr/lib/python3/dist-packages/oslo_config/cfg.py:2609
2026-06-01 00:33:51.851 131381 DEBUG oslo_service.service [req-bdd7fc7d-a30c-45a5-baff-63aba52c58fa - - - - -] api.vendordata_dynamic_ssl_certfile = log_opt_values /usr/lib/python3/dist-packages/oslo_config/cfg.py:2609
2026-06-01 00:33:51.851 131381 DEBUG oslo_service.service [req-bdd7fc7d-a30c-45a5-baff-63aba52c58fa - - - - -] api.vendordata_dynamic_targets = [] log_opt_values /usr/lib/python3/dist-packages/oslo_config/cfg.py:2609
2026-06-01 00:33:51.852 131381 DEBUG oslo_service.service [req-bdd7fc7d-a30c-45a5-baff-63aba52c58fa - - - - -] api.vendordata_jsonfile_path = None log_opt_values /usr/lib/python3/dist-packages/oslo_config/cfg.py:2609
2026-06-01 00:33:51.852 131381 DEBUG oslo_service.service [req-bdd7fc7d-a30c-45a5-baff-63aba52c58fa - - - - -] api.vendordata_providers = ['StaticJSON'] log_opt_values /usr/lib/python3/dist-packages/oslo_config/cfg.py:2609
2026-06-01 00:33:51.852 131381 DEBUG oslo_service.service [req-bdd7fc7d-a30c-45a5-baff-63aba52c58fa - - - - -] cache.backend = dogpile.cache.null log_opt_values /usr/lib/python3/dist-packages/oslo_config/cfg.py:2609
2026-06-01 00:33:51.853 131381 DEBUG oslo_service.service [req-bdd7fc7d-a30c-45a5-baff-63aba52c58fa - - - - -] cache.backend_argument = **** log_opt_values /usr/lib/python3/dist-packages/oslo_config/cfg.py:2609
2026-06-01 00:33:51.853 131381 DEBUG oslo_service.service [req-bdd7fc7d-a30c-45a5-baff-63aba52c58fa - - - - -] cache.config_prefix = cache.oslo log_opt_values /usr/lib/python3/dist-packages/oslo_config/cfg.py:2609
2026-06-01 00:33:51.853 131381 DEBUG oslo_service.service [req-bdd7fc7d-a30c-45a5-baff-63aba52c58fa - - - - -] cache.debug_cache_backend = False log_opt_values /usr/lib/python3/dist-packages/oslo_config/cfg.py:2609
2026-06-01 00:33:51.854 131381 DEBUG oslo_service.service [req-bdd7fc7d-a30c-45a5-baff-63aba52c58fa - - - - -] cache.enabled = False log_opt_values /usr/lib/python3/dist-packages/oslo_config/cfg.py:2609
2026-06-01 00:33:51.854 131381 DEBUG oslo_service.service [req-bdd7fc7d-a30c-45a5-baff-63aba52c58fa - - - - -] cache.expiration_time = 600 log_opt_values /usr/lib/python3/dist-packages/oslo_config/cfg.py:2609
2026-06-01 00:33:51.854 131381 DEBUG oslo_service.service [req-bdd7fc7d-a30c-45a5-baff-63aba52c58fa - - - - -] cache.memcache_dead_retry = 300 log_opt_values /usr/lib/python3/dist-packages/oslo_config/cfg.py:2609
2026-06-01 00:33:51.854 131381 DEBUG oslo_service.service [req-bdd7fc7d-a30c-45a5-baff-63aba52c58fa - - - - -] cache.memcache_pool_connection_get_timeout = 10 log_opt_values /usr/lib/python3/dist-packages/oslo_config/cfg.py:2609
2026-06-01 00:33:51.855 131381 DEBUG oslo_service.service [req-bdd7fc7d-a30c-45a5-baff-63aba52c58fa - - - - -] cache.memcache_pool_flush_on_reconnect = False log_opt_values /usr/lib/python3/dist-packages/oslo_config/cfg.py:2609
2026-06-01 00:33:51.855 132630 DEBUG oslo_messaging._drivers.amqpdriver [-] Listener is running poll /usr/lib/python3/dist-packages/oslo_messaging/_drivers/amqpdriver.py:343
2026-06-01 00:33:51.855 131381 DEBUG oslo_service.service [req-bdd7fc7d-a30c-45a5-baff-63aba52c58fa - - - - -] cache.memcache_pool_maxsize = 10 log_opt_values /usr/lib/python3/dist-packages/oslo_config/cfg.py:2609
2026-06-01 00:33:51.855 132630 DEBUG oslo_messaging._drivers.amqpdriver [-] AMQPListener connection consume poll /usr/lib/python3/dist-packages/oslo_messaging/_drivers/amqpdriver.py:357
2026-06-01 00:33:51.855 131381 DEBUG oslo_service.service [req-bdd7fc7d-a30c-45a5-baff-63aba52c58fa - - - - -] cache.memcache_pool_unused_timeout = 60 log_opt_values /usr/lib/python3/dist-packages/oslo_config/cfg.py:2609
2026-06-01 00:33:51.855 131381 DEBUG oslo_service.service [req-bdd7fc7d-a30c-45a5-baff-63aba52c58fa - - - - -] cache.memcache_servers = ['localhost:11211'] log_opt_values /usr/lib/python3/dist-packages/oslo_config/cfg.py:2609
2026-06-01 00:33:51.856 131381 DEBUG oslo_service.service [req-bdd7fc7d-a30c-45a5-baff-63aba52c58fa - - - - -] cache.memcache_socket_timeout = 1.0 log_opt_values /usr/lib/python3/dist-packages/oslo_config/cfg.py:2609
2026-06-01 00:33:51.856 132630 DEBUG nova.service [req-97d61e02-f32e-4238-b456-e30af19125e2 - - - - -] Join ServiceGroup membership for this service scheduler start /usr/lib/python3/dist-packages/nova/service.py:199
2026-06-01 00:33:51.856 131381 DEBUG oslo_service.service [req-bdd7fc7d-a30c-45a5-baff-63aba52c58fa - - - - -] cache.proxies = [] log_opt_values /usr/lib/python3/dist-packages/oslo_config/cfg.py:2609
2026-06-01 00:33:51.856 131381 DEBUG oslo_service.service [req-bdd7fc7d-a30c-45a5-baff-63aba52c58fa - - - - -] cache.tls_allowed_ciphers = None log_opt_values /usr/lib/python3/dist-packages/oslo_config/cfg.py:2609
2026-06-01 00:33:51.856 132630 DEBUG nova.servicegroup.drivers.db [req-97d61e02-f32e-4238-b456-e30af19125e2 - - - - -] DB_Driver: join new ServiceGroup member juju-4691b1-0-lxd-7 to the scheduler group, service = join /usr/lib/python3/dist-packages/nova/servicegroup/drivers/db.py:44
2026-06-01 00:33:51.856 131381 DEBUG oslo_service.service [req-bdd7fc7d-a30c-45a5-baff-63aba52c58fa - - - - -] cache.tls_cafile = None log_opt_values /usr/lib/python3/dist-packages/oslo_config/cfg.py:2609
2026-06-01 00:33:51.856 131381 DEBUG oslo_service.service [req-bdd7fc7d-a30c-45a5-baff-63aba52c58fa - - - - -] cache.tls_certfile = None log_opt_values /usr/lib/python3/dist-packages/oslo_config/cfg.py:2609
2026-06-01 00:33:51.857 131381 DEBUG oslo_service.service [req-bdd7fc7d-a30c-45a5-baff-63aba52c58fa - - - - -] cache.tls_enabled = False log_opt_values /usr/lib/python3/dist-packages/oslo_config/cfg.py:2609
2026-06-01 00:33:51.857 131381 DEBUG oslo_service.service [req-bdd7fc7d-a30c-45a5-baff-63aba52c58fa - - - - -] cache.tls_keyfile = None log_opt_values /usr/lib/python3/dist-packages/oslo_config/cfg.py:2609
2026-06-01 00:33:51.857 131381 DEBUG oslo_service.service [req-bdd7fc7d-a30c-45a5-baff-63aba52c58fa - - - - -] cinder.auth_section = None log_opt_values /usr/lib/python3/dist-packages/oslo_config/cfg.py:2609
2026-06-01 00:33:51.858 131381 DEBUG oslo_service.service [req-bdd7fc7d-a30c-45a5-baff-63aba52c58fa - - - - -] cinder.auth_type = None log_opt_values /usr/lib/python3/dist-packages/oslo_config/cfg.py:2609
2026-06-01 00:33:51.858 131381 DEBUG oslo_service.service [req-bdd7fc7d-a30c-45a5-baff-63aba52c58fa - - - - -] cinder.cafile = None log_opt_values /usr/lib/python3/dist-packages/oslo_config/cfg.py:2609
2026-06-01 00:33:51.857 132633 DEBUG oslo_messaging._drivers.amqpdriver [-] Listener is running poll /usr/lib/python3/dist-packages/oslo_messaging/_drivers/amqpdriver.py:343
2026-06-01 00:33:51.858 131381 DEBUG oslo_service.service [req-bdd7fc7d-a30c-45a5-baff-63aba52c58fa - - - - -] cinder.catalog_info = volumev3::publicURL log_opt_values /usr/lib/python3/dist-packages/oslo_config/cfg.py:2609
2026-06-01 00:33:51.858 132633 DEBUG oslo_messaging._drivers.amqpdriver [-] AMQPListener connection consume poll /usr/lib/python3/dist-packages/oslo_messaging/_drivers/amqpdriver.py:357
2026-06-01 00:33:51.858 131381 DEBUG oslo_service.service [req-bdd7fc7d-a30c-45a5-baff-63aba52c58fa - - - - -] cinder.certfile = None log_opt_values /usr/lib/python3/dist-packages/oslo_config/cfg.py:2609
2026-06-01 00:33:51.859 131381 DEBUG oslo_service.service [req-bdd7fc7d-a30c-45a5-baff-63aba52c58fa - - - - -] cinder.collect_timing = False log_opt_values /usr/lib/python3/dist-packages/oslo_config/cfg.py:2609
2026-06-01 00:33:51.859 132630 DEBUG oslo_messaging._drivers.amqpdriver [-] AMQPListener connection timeout poll /usr/lib/python3/dist-packages/oslo_messaging/_drivers/amqpdriver.py:360
2026-06-01 00:33:51.859 131381 DEBUG oslo_service.service [req-bdd7fc7d-a30c-45a5-baff-63aba52c58fa - - - - -] cinder.cross_az_attach = True log_opt_values /usr/lib/python3/dist-packages/oslo_config/cfg.py:2609
2026-06-01 00:33:51.859 132630 DEBUG oslo_messaging._drivers.amqpdriver [-] Listener is running poll /usr/lib/python3/dist-packages/oslo_messaging/_drivers/amqpdriver.py:343
2026-06-01 00:33:51.859 132630 DEBUG oslo_messaging._drivers.amqpdriver [-] AMQPListener connection consume poll /usr/lib/python3/dist-packages/oslo_messaging/_drivers/amqpdriver.py:357
2026-06-01 00:33:51.859 131381 DEBUG oslo_service.service [req-bdd7fc7d-a30c-45a5-baff-63aba52c58fa - - - - -] cinder.debug = False log_opt_values /usr/lib/python3/dist-packages/oslo_config/cfg.py:2609
2026-06-01 00:33:51.859 132631 DEBUG nova.service [req-6f20d597-5d3f-440a-9e56-84f60281476b - - - - -] Creating RPC server for service scheduler start /usr/lib/python3/dist-packages/nova/service.py:182
2026-06-01 00:33:51.859 132633 DEBUG nova.service [req-8de0fd62-982e-4f39-8e27-bbc4c3a4512d - - - - -] Join ServiceGroup membership for this service scheduler start /usr/lib/python3/dist-packages/nova/service.py:199
2026-06-01 00:33:51.859 131381 DEBUG oslo_service.service [req-bdd7fc7d-a30c-45a5-baff-63aba52c58fa - - - - -] cinder.endpoint_template = None log_opt_values /usr/lib/python3/dist-packages/oslo_config/cfg.py:2609
2026-06-01 00:33:51.860 131381 DEBUG oslo_service.service [req-bdd7fc7d-a30c-45a5-baff-63aba52c58fa - - - - -] cinder.http_retries = 3 log_opt_values /usr/lib/python3/dist-packages/oslo_config/cfg.py:2609
2026-06-01 00:33:51.860 132633 DEBUG nova.servicegroup.drivers.db [req-8de0fd62-982e-4f39-8e27-bbc4c3a4512d - - - - -] DB_Driver: join new ServiceGroup member juju-4691b1-0-lxd-7 to the scheduler group, service = join /usr/lib/python3/dist-packages/nova/servicegroup/drivers/db.py:44
2026-06-01 00:33:51.860 131381 DEBUG oslo_service.service [req-bdd7fc7d-a30c-45a5-baff-63aba52c58fa - - - - -] cinder.insecure = False log_opt_values /usr/lib/python3/dist-packages/oslo_config/cfg.py:2609
2026-06-01 00:33:51.860 131381 DEBUG oslo_service.service [req-bdd7fc7d-a30c-45a5-baff-63aba52c58fa - - - - -] cinder.keyfile = None log_opt_values /usr/lib/python3/dist-packages/oslo_config/cfg.py:2609
2026-06-01 00:33:51.860 131381 DEBUG oslo_service.service [req-bdd7fc7d-a30c-45a5-baff-63aba52c58fa - - - - -] cinder.os_region_name = None log_opt_values /usr/lib/python3/dist-packages/oslo_config/cfg.py:2609
2026-06-01 00:33:51.861 131381 DEBUG oslo_service.service [req-bdd7fc7d-a30c-45a5-baff-63aba52c58fa - - - - -] cinder.split_loggers = False log_opt_values /usr/lib/python3/dist-packages/oslo_config/cfg.py:2609
