2026-06-01 01:38:22.152 66150 DEBUG oslo_service.service [-] clients_barbican.key_file = None log_opt_values /usr/lib/python3/dist-packages/oslo_config/cfg.py:2609
2026-06-01 01:38:22.152 66150 DEBUG oslo_service.service [-] clients_cinder.ca_file = None log_opt_values /usr/lib/python3/dist-packages/oslo_config/cfg.py:2609
2026-06-01 01:38:22.152 66150 DEBUG oslo_service.service [-] clients_cinder.cert_file = None log_opt_values /usr/lib/python3/dist-packages/oslo_config/cfg.py:2609
2026-06-01 01:38:22.152 66150 DEBUG oslo_service.service [-] clients_cinder.endpoint_type = None log_opt_values /usr/lib/python3/dist-packages/oslo_config/cfg.py:2609
2026-06-01 01:38:22.152 66150 DEBUG oslo_service.service [-] clients_cinder.http_log_debug = False log_opt_values /usr/lib/python3/dist-packages/oslo_config/cfg.py:2609
2026-06-01 01:38:22.152 66150 DEBUG oslo_service.service [-] clients_cinder.insecure = None log_opt_values /usr/lib/python3/dist-packages/oslo_config/cfg.py:2609
2026-06-01 01:38:22.152 66150 DEBUG oslo_service.service [-] clients_cinder.key_file = None log_opt_values /usr/lib/python3/dist-packages/oslo_config/cfg.py:2609
2026-06-01 01:38:22.153 66150 DEBUG oslo_service.service [-] clients_designate.ca_file = None log_opt_values /usr/lib/python3/dist-packages/oslo_config/cfg.py:2609
2026-06-01 01:38:22.153 66150 DEBUG oslo_service.service [-] clients_designate.cert_file = None log_opt_values /usr/lib/python3/dist-packages/oslo_config/cfg.py:2609
2026-06-01 01:38:22.153 66150 DEBUG oslo_service.service [-] clients_designate.endpoint_type = None log_opt_values /usr/lib/python3/dist-packages/oslo_config/cfg.py:2609
2026-06-01 01:38:22.153 66150 DEBUG oslo_service.service [-] clients_designate.insecure = None log_opt_values /usr/lib/python3/dist-packages/oslo_config/cfg.py:2609
2026-06-01 01:38:22.153 66150 DEBUG oslo_service.service [-] clients_designate.key_file = None log_opt_values /usr/lib/python3/dist-packages/oslo_config/cfg.py:2609
2026-06-01 01:38:22.153 66150 DEBUG oslo_service.service [-] clients_glance.ca_file = None log_opt_values /usr/lib/python3/dist-packages/oslo_config/cfg.py:2609
2026-06-01 01:38:22.153 66150 DEBUG oslo_service.service [-] clients_glance.cert_file = None log_opt_values /usr/lib/python3/dist-packages/oslo_config/cfg.py:2609
2026-06-01 01:38:22.153 66150 DEBUG oslo_service.service [-] clients_glance.endpoint_type = None log_opt_values /usr/lib/python3/dist-packages/oslo_config/cfg.py:2609
2026-06-01 01:38:22.153 66150 DEBUG oslo_service.service [-] clients_glance.insecure = None log_opt_values /usr/lib/python3/dist-packages/oslo_config/cfg.py:2609
2026-06-01 01:38:22.154 66150 DEBUG oslo_service.service [-] clients_glance.key_file = None log_opt_values /usr/lib/python3/dist-packages/oslo_config/cfg.py:2609
2026-06-01 01:38:22.154 66150 DEBUG oslo_service.service [-] clients_heat.ca_file = None log_opt_values /usr/lib/python3/dist-packages/oslo_config/cfg.py:2609
2026-06-01 01:38:22.154 66150 DEBUG oslo_service.service [-] clients_heat.cert_file = None log_opt_values /usr/lib/python3/dist-packages/oslo_config/cfg.py:2609
2026-06-01 01:38:22.154 66150 DEBUG oslo_service.service [-] clients_heat.endpoint_type = None log_opt_values /usr/lib/python3/dist-packages/oslo_config/cfg.py:2609
2026-06-01 01:38:22.154 66150 DEBUG oslo_service.service [-] clients_heat.insecure = None log_opt_values /usr/lib/python3/dist-packages/oslo_config/cfg.py:2609
2026-06-01 01:38:22.154 66150 DEBUG oslo_service.service [-] clients_heat.key_file = None log_opt_values /usr/lib/python3/dist-packages/oslo_config/cfg.py:2609
2026-06-01 01:38:22.154 66150 DEBUG oslo_service.service [-] clients_heat.url = log_opt_values /usr/lib/python3/dist-packages/oslo_config/cfg.py:2609
2026-06-01 01:38:22.154 66150 DEBUG oslo_service.service [-] clients_keystone.auth_uri = http://252.129.120.76:5050 log_opt_values /usr/lib/python3/dist-packages/oslo_config/cfg.py:2609
2026-06-01 01:38:22.154 66150 DEBUG oslo_service.service [-] clients_keystone.ca_file = None log_opt_values /usr/lib/python3/dist-packages/oslo_config/cfg.py:2609
2026-06-01 01:38:22.155 66150 DEBUG oslo_service.service [-] clients_keystone.cert_file = None log_opt_values /usr/lib/python3/dist-packages/oslo_config/cfg.py:2609
2026-06-01 01:38:22.155 66150 DEBUG oslo_service.service [-] clients_keystone.endpoint_type = None log_opt_values /usr/lib/python3/dist-packages/oslo_config/cfg.py:2609
2026-06-01 01:38:22.155 66150 DEBUG oslo_service.service [-] clients_keystone.insecure = None log_opt_values /usr/lib/python3/dist-packages/oslo_config/cfg.py:2609
2026-06-01 01:38:22.155 66150 DEBUG oslo_service.service [-] clients_keystone.key_file = None log_opt_values /usr/lib/python3/dist-packages/oslo_config/cfg.py:2609
2026-06-01 01:38:22.155 66150 DEBUG oslo_service.service [-] clients_magnum.ca_file = None log_opt_values /usr/lib/python3/dist-packages/oslo_config/cfg.py:2609
2026-06-01 01:38:22.155 66150 DEBUG oslo_service.service [-] clients_magnum.cert_file = None log_opt_values /usr/lib/python3/dist-packages/oslo_config/cfg.py:2609
2026-06-01 01:38:22.155 66150 DEBUG oslo_service.service [-] clients_magnum.endpoint_type = None log_opt_values /usr/lib/python3/dist-packages/oslo_config/cfg.py:2609
2026-06-01 01:38:22.155 66150 DEBUG oslo_service.service [-] clients_magnum.insecure = None log_opt_values /usr/lib/python3/dist-packages/oslo_config/cfg.py:2609
2026-06-01 01:38:22.155 66150 DEBUG oslo_service.service [-] clients_magnum.key_file = None log_opt_values /usr/lib/python3/dist-packages/oslo_config/cfg.py:2609
2026-06-01 01:38:22.156 66150 DEBUG oslo_service.service [-] clients_manila.ca_file = None log_opt_values /usr/lib/python3/dist-packages/oslo_config/cfg.py:2609
2026-06-01 01:38:22.156 66150 DEBUG oslo_service.service [-] clients_manila.cert_file = None log_opt_values /usr/lib/python3/dist-packages/oslo_config/cfg.py:2609
2026-06-01 01:38:22.156 66150 DEBUG oslo_service.service [-] clients_manila.endpoint_type = None log_opt_values /usr/lib/python3/dist-packages/oslo_config/cfg.py:2609
2026-06-01 01:38:22.156 66150 DEBUG oslo_service.service [-] clients_manila.insecure = None log_opt_values /usr/lib/python3/dist-packages/oslo_config/cfg.py:2609
2026-06-01 01:38:22.156 66150 DEBUG oslo_service.service [-] clients_manila.key_file = None log_opt_values /usr/lib/python3/dist-packages/oslo_config/cfg.py:2609
2026-06-01 01:38:22.156 66150 DEBUG oslo_service.service [-] clients_mistral.ca_file = None log_opt_values /usr/lib/python3/dist-packages/oslo_config/cfg.py:2609
2026-06-01 01:38:22.156 66150 DEBUG oslo_service.service [-] clients_mistral.cert_file = None log_opt_values /usr/lib/python3/dist-packages/oslo_config/cfg.py:2609
2026-06-01 01:38:22.156 66150 DEBUG oslo_service.service [-] clients_mistral.endpoint_type = None log_opt_values /usr/lib/python3/dist-packages/oslo_config/cfg.py:2609
2026-06-01 01:38:22.158 66150 DEBUG oslo_service.service [-] clients_mistral.insecure = None log_opt_values /usr/lib/python3/dist-packages/oslo_config/cfg.py:2609
2026-06-01 01:38:22.158 66150 DEBUG oslo_service.service [-] clients_mistral.key_file = None log_opt_values /usr/lib/python3/dist-packages/oslo_config/cfg.py:2609
2026-06-01 01:38:22.158 66150 DEBUG oslo_service.service [-] clients_monasca.ca_file = None log_opt_values /usr/lib/python3/dist-packages/oslo_config/cfg.py:2609
2026-06-01 01:38:22.158 66150 DEBUG oslo_service.service [-] clients_monasca.cert_file = None log_opt_values /usr/lib/python3/dist-packages/oslo_config/cfg.py:2609
2026-06-01 01:38:22.158 66150 DEBUG oslo_service.service [-] clients_monasca.endpoint_type = None log_opt_values /usr/lib/python3/dist-packages/oslo_config/cfg.py:2609
2026-06-01 01:38:22.158 66150 DEBUG oslo_service.service [-] clients_monasca.insecure = None log_opt_values /usr/lib/python3/dist-packages/oslo_config/cfg.py:2609
2026-06-01 01:38:22.158 66150 DEBUG oslo_service.service [-] clients_monasca.key_file = None log_opt_values /usr/lib/python3/dist-packages/oslo_config/cfg.py:2609
2026-06-01 01:38:22.159 66150 DEBUG oslo_service.service [-] clients_neutron.ca_file = None log_opt_values /usr/lib/python3/dist-packages/oslo_config/cfg.py:2609
2026-06-01 01:38:22.159 66150 DEBUG oslo_service.service [-] clients_neutron.cert_file = None log_opt_values /usr/lib/python3/dist-packages/oslo_config/cfg.py:2609
2026-06-01 01:38:22.159 66150 DEBUG oslo_service.service [-] clients_neutron.endpoint_type = None log_opt_values /usr/lib/python3/dist-packages/oslo_config/cfg.py:2609
2026-06-01 01:38:22.159 66150 DEBUG oslo_service.service [-] clients_neutron.insecure = None log_opt_values /usr/lib/python3/dist-packages/oslo_config/cfg.py:2609
2026-06-01 01:38:22.159 66150 DEBUG oslo_service.service [-] clients_neutron.key_file = None log_opt_values /usr/lib/python3/dist-packages/oslo_config/cfg.py:2609
2026-06-01 01:38:22.159 66150 DEBUG oslo_service.service [-] clients_nova.ca_file = None log_opt_values /usr/lib/python3/dist-packages/oslo_config/cfg.py:2609
2026-06-01 01:38:22.159 66150 DEBUG oslo_service.service [-] clients_nova.cert_file = None log_opt_values /usr/lib/python3/dist-packages/oslo_config/cfg.py:2609
2026-06-01 01:38:22.159 66150 DEBUG oslo_service.service [-] clients_nova.endpoint_type = None log_opt_values /usr/lib/python3/dist-packages/oslo_config/cfg.py:2609
2026-06-01 01:38:22.160 66150 DEBUG oslo_service.service [-] clients_nova.http_log_debug = False log_opt_values /usr/lib/python3/dist-packages/oslo_config/cfg.py:2609
2026-06-01 01:38:22.160 66150 DEBUG oslo_service.service [-] clients_nova.insecure = None log_opt_values /usr/lib/python3/dist-packages/oslo_config/cfg.py:2609
2026-06-01 01:38:22.160 66150 DEBUG oslo_service.service [-] clients_nova.key_file = None log_opt_values /usr/lib/python3/dist-packages/oslo_config/cfg.py:2609
2026-06-01 01:38:22.160 66150 DEBUG oslo_service.service [-] clients_octavia.ca_file = None log_opt_values /usr/lib/python3/dist-packages/oslo_config/cfg.py:2609
2026-06-01 01:38:22.161 66150 DEBUG oslo_service.service [-] clients_octavia.cert_file = None log_opt_values /usr/lib/python3/dist-packages/oslo_config/cfg.py:2609
2026-06-01 01:38:22.161 66150 DEBUG oslo_service.service [-] clients_octavia.endpoint_type = None log_opt_values /usr/lib/python3/dist-packages/oslo_config/cfg.py:2609
2026-06-01 01:38:22.161 66150 DEBUG oslo_service.service [-] clients_octavia.insecure = None log_opt_values /usr/lib/python3/dist-packages/oslo_config/cfg.py:2609
2026-06-01 01:38:22.162 66150 DEBUG oslo_service.service [-] clients_octavia.key_file = None log_opt_values /usr/lib/python3/dist-packages/oslo_config/cfg.py:2609
2026-06-01 01:38:22.162 66150 DEBUG oslo_service.service [-] clients_sahara.ca_file = None log_opt_values /usr/lib/python3/dist-packages/oslo_config/cfg.py:2609
2026-06-01 01:38:22.162 66150 DEBUG oslo_service.service [-] clients_sahara.cert_file = None log_opt_values /usr/lib/python3/dist-packages/oslo_config/cfg.py:2609
2026-06-01 01:38:22.162 66150 DEBUG oslo_service.service [-] clients_sahara.endpoint_type = None log_opt_values /usr/lib/python3/dist-packages/oslo_config/cfg.py:2609
2026-06-01 01:38:22.162 66150 DEBUG oslo_service.service [-] clients_sahara.insecure = None log_opt_values /usr/lib/python3/dist-packages/oslo_config/cfg.py:2609
2026-06-01 01:38:22.162 66150 DEBUG oslo_service.service [-] clients_sahara.key_file = None log_opt_values /usr/lib/python3/dist-packages/oslo_config/cfg.py:2609
2026-06-01 01:38:22.163 66150 DEBUG oslo_service.service [-] clients_senlin.ca_file = None log_opt_values /usr/lib/python3/dist-packages/oslo_config/cfg.py:2609
2026-06-01 01:38:22.163 66150 DEBUG oslo_service.service [-] clients_senlin.cert_file = None log_opt_values /usr/lib/python3/dist-packages/oslo_config/cfg.py:2609
2026-06-01 01:38:22.163 66150 DEBUG oslo_service.service [-] clients_senlin.endpoint_type = None log_opt_values /usr/lib/python3/dist-packages/oslo_config/cfg.py:2609
2026-06-01 01:38:22.163 66150 DEBUG oslo_service.service [-] clients_senlin.insecure = None log_opt_values /usr/lib/python3/dist-packages/oslo_config/cfg.py:2609
2026-06-01 01:38:22.163 66150 DEBUG oslo_service.service [-] clients_senlin.key_file = None log_opt_values /usr/lib/python3/dist-packages/oslo_config/cfg.py:2609
2026-06-01 01:38:22.163 66150 DEBUG oslo_service.service [-] clients_swift.ca_file = None log_opt_values /usr/lib/python3/dist-packages/oslo_config/cfg.py:2609
2026-06-01 01:38:22.164 66150 DEBUG oslo_service.service [-] clients_swift.cert_file = None log_opt_values /usr/lib/python3/dist-packages/oslo_config/cfg.py:2609
2026-06-01 01:38:22.164 66150 DEBUG oslo_service.service [-] clients_swift.endpoint_type = None log_opt_values /usr/lib/python3/dist-packages/oslo_config/cfg.py:2609
2026-06-01 01:38:22.164 66150 DEBUG oslo_service.service [-] clients_swift.insecure = None log_opt_values /usr/lib/python3/dist-packages/oslo_config/cfg.py:2609
2026-06-01 01:38:22.165 66150 DEBUG oslo_service.service [-] clients_swift.key_file = None log_opt_values /usr/lib/python3/dist-packages/oslo_config/cfg.py:2609
2026-06-01 01:38:22.165 66150 DEBUG oslo_service.service [-] clients_trove.ca_file = None log_opt_values /usr/lib/python3/dist-packages/oslo_config/cfg.py:2609
2026-06-01 01:38:22.165 66150 DEBUG oslo_service.service [-] clients_trove.cert_file = None log_opt_values /usr/lib/python3/dist-packages/oslo_config/cfg.py:2609
2026-06-01 01:38:22.165 66150 DEBUG oslo_service.service [-] clients_trove.endpoint_type = None log_opt_values /usr/lib/python3/dist-packages/oslo_config/cfg.py:2609
2026-06-01 01:38:22.165 66150 DEBUG oslo_service.service [-] clients_trove.insecure = None log_opt_values /usr/lib/python3/dist-packages/oslo_config/cfg.py:2609
2026-06-01 01:38:22.165 66150 DEBUG oslo_service.service [-] clients_trove.key_file = None log_opt_values /usr/lib/python3/dist-packages/oslo_config/cfg.py:2609
2026-06-01 01:38:22.165 66150 DEBUG oslo_service.service [-] clients_vitrage.ca_file = None log_opt_values /usr/lib/python3/dist-packages/oslo_config/cfg.py:2609
2026-06-01 01:38:22.166 66150 DEBUG oslo_service.service [-] clients_vitrage.cert_file = None log_opt_values /usr/lib/python3/dist-packages/oslo_config/cfg.py:2609
2026-06-01 01:38:22.166 66150 DEBUG oslo_service.service [-] clients_vitrage.endpoint_type = None log_opt_values /usr/lib/python3/dist-packages/oslo_config/cfg.py:2609
2026-06-01 01:38:22.166 66150 DEBUG oslo_service.service [-] clients_vitrage.insecure = None log_opt_values /usr/lib/python3/dist-packages/oslo_config/cfg.py:2609
2026-06-01 01:38:22.166 66150 DEBUG oslo_service.service [-] clients_vitrage.key_file = None log_opt_values /usr/lib/python3/dist-packages/oslo_config/cfg.py:2609
2026-06-01 01:38:22.166 66150 DEBUG oslo_service.service [-] clients_zaqar.ca_file = None log_opt_values /usr/lib/python3/dist-packages/oslo_config/cfg.py:2609
2026-06-01 01:38:22.166 66150 DEBUG oslo_service.service [-] clients_zaqar.cert_file = None log_opt_values /usr/lib/python3/dist-packages/oslo_config/cfg.py:2609
2026-06-01 01:38:22.166 66150 DEBUG oslo_service.service [-] clients_zaqar.endpoint_type = None log_opt_values /usr/lib/python3/dist-packages/oslo_config/cfg.py:2609
2026-06-01 01:38:22.166 66150 DEBUG oslo_service.service [-] clients_zaqar.insecure = None log_opt_values /usr/lib/python3/dist-packages/oslo_config/cfg.py:2609
2026-06-01 01:38:22.167 66150 DEBUG oslo_service.service [-] clients_zaqar.key_file = None log_opt_values /usr/lib/python3/dist-packages/oslo_config/cfg.py:2609
2026-06-01 01:38:22.167 66150 DEBUG oslo_service.service [-] database.backend = sqlalchemy log_opt_values /usr/lib/python3/dist-packages/oslo_config/cfg.py:2609
2026-06-01 01:38:22.167 66150 DEBUG oslo_service.service [-] database.connection = **** log_opt_values /usr/lib/python3/dist-packages/oslo_config/cfg.py:2609
2026-06-01 01:38:22.167 66383 INFO heat.engine.worker [-] Starting engine_worker (1.4) in engine a4378b5f-b669-4392-975c-f07db41224c7.
2026-06-01 01:38:22.167 66150 DEBUG oslo_service.service [-] database.connection_debug = 0 log_opt_values /usr/lib/python3/dist-packages/oslo_config/cfg.py:2609
2026-06-01 01:38:22.167 66150 DEBUG oslo_service.service [-] database.connection_parameters = log_opt_values /usr/lib/python3/dist-packages/oslo_config/cfg.py:2609
2026-06-01 01:38:22.167 66150 DEBUG oslo_service.service [-] database.connection_recycle_time = 3600 log_opt_values /usr/lib/python3/dist-packages/oslo_config/cfg.py:2609
2026-06-01 01:38:22.168 66150 DEBUG oslo_service.service [-] database.connection_trace = False log_opt_values /usr/lib/python3/dist-packages/oslo_config/cfg.py:2609
2026-06-01 01:38:22.168 66150 DEBUG oslo_service.service [-] database.db_inc_retry_interval = True log_opt_values /usr/lib/python3/dist-packages/oslo_config/cfg.py:2609
2026-06-01 01:38:22.168 66150 DEBUG oslo_service.service [-] database.db_max_retries = 20 log_opt_values /usr/lib/python3/dist-packages/oslo_config/cfg.py:2609
2026-06-01 01:38:22.168 66150 DEBUG oslo_service.service [-] database.db_max_retry_interval = 10 log_opt_values /usr/lib/python3/dist-packages/oslo_config/cfg.py:2609
2026-06-01 01:38:22.168 66150 DEBUG oslo_service.service [-] database.db_retry_interval = 1 log_opt_values /usr/lib/python3/dist-packages/oslo_config/cfg.py:2609
2026-06-01 01:38:22.168 66150 DEBUG oslo_service.service [-] database.max_overflow = 50 log_opt_values /usr/lib/python3/dist-packages/oslo_config/cfg.py:2609
2026-06-01 01:38:22.168 66150 DEBUG oslo_service.service [-] database.max_pool_size = 5 log_opt_values /usr/lib/python3/dist-packages/oslo_config/cfg.py:2609
2026-06-01 01:38:22.168 66150 DEBUG oslo_service.service [-] database.max_retries = 10 log_opt_values /usr/lib/python3/dist-packages/oslo_config/cfg.py:2609
2026-06-01 01:38:22.169 66150 DEBUG oslo_service.service [-] database.mysql_enable_ndb = False log_opt_values /usr/lib/python3/dist-packages/oslo_config/cfg.py:2609
2026-06-01 01:38:22.169 66150 DEBUG oslo_service.service [-] database.mysql_sql_mode = TRADITIONAL log_opt_values /usr/lib/python3/dist-packages/oslo_config/cfg.py:2609
2026-06-01 01:38:22.169 66150 DEBUG oslo_service.service [-] database.pool_timeout = None log_opt_values /usr/lib/python3/dist-packages/oslo_config/cfg.py:2609
2026-06-01 01:38:22.169 66150 DEBUG oslo_service.service [-] database.retry_interval = 10 log_opt_values /usr/lib/python3/dist-packages/oslo_config/cfg.py:2609
2026-06-01 01:38:22.169 66150 DEBUG oslo_service.service [-] database.slave_connection = **** log_opt_values /usr/lib/python3/dist-packages/oslo_config/cfg.py:2609
2026-06-01 01:38:22.169 66150 DEBUG oslo_service.service [-] database.sqlite_synchronous = True log_opt_values /usr/lib/python3/dist-packages/oslo_config/cfg.py:2609
2026-06-01 01:38:22.169 66150 DEBUG oslo_service.service [-] database.use_db_reconnect = False log_opt_values /usr/lib/python3/dist-packages/oslo_config/cfg.py:2609
2026-06-01 01:38:22.169 66150 DEBUG oslo_service.service [-] oslo_messaging_metrics.metrics_buffer_size = 1000 log_opt_values /usr/lib/python3/dist-packages/oslo_config/cfg.py:2609
2026-06-01 01:38:22.169 66150 DEBUG oslo_service.service [-] oslo_messaging_metrics.metrics_enabled = False log_opt_values /usr/lib/python3/dist-packages/oslo_config/cfg.py:2609
2026-06-01 01:38:22.170 66150 DEBUG oslo_service.service [-] oslo_messaging_metrics.metrics_process_name = log_opt_values /usr/lib/python3/dist-packages/oslo_config/cfg.py:2609
2026-06-01 01:38:22.170 66150 DEBUG oslo_service.service [-] oslo_messaging_metrics.metrics_socket_file = /var/tmp/metrics_collector.sock log_opt_values /usr/lib/python3/dist-packages/oslo_config/cfg.py:2609
2026-06-01 01:38:22.170 66150 DEBUG oslo_service.service [-] oslo_messaging_metrics.metrics_thread_stop_timeout = 10 log_opt_values /usr/lib/python3/dist-packages/oslo_config/cfg.py:2609
2026-06-01 01:38:22.170 66150 DEBUG oslo_service.service [-] oslo_policy.enforce_new_defaults = False log_opt_values /usr/lib/python3/dist-packages/oslo_config/cfg.py:2609
2026-06-01 01:38:22.170 66150 DEBUG oslo_service.service [-] oslo_policy.enforce_scope = False log_opt_values /usr/lib/python3/dist-packages/oslo_config/cfg.py:2609
2026-06-01 01:38:22.170 66150 DEBUG oslo_service.service [-] oslo_policy.policy_default_rule = default log_opt_values /usr/lib/python3/dist-packages/oslo_config/cfg.py:2609
2026-06-01 01:38:22.170 66150 DEBUG oslo_service.service [-] oslo_policy.policy_dirs = ['policy.d'] log_opt_values /usr/lib/python3/dist-packages/oslo_config/cfg.py:2609
2026-06-01 01:38:22.171 66150 DEBUG oslo_service.service [-] oslo_policy.policy_file = policy.yaml log_opt_values /usr/lib/python3/dist-packages/oslo_config/cfg.py:2609
2026-06-01 01:38:22.171 66150 DEBUG oslo_service.service [-] oslo_policy.remote_content_type = application/x-www-form-urlencoded log_opt_values /usr/lib/python3/dist-packages/oslo_config/cfg.py:2609
2026-06-01 01:38:22.171 66150 DEBUG oslo_service.service [-] oslo_policy.remote_ssl_ca_crt_file = None log_opt_values /usr/lib/python3/dist-packages/oslo_config/cfg.py:2609
2026-06-01 01:38:22.171 66150 DEBUG oslo_service.service [-] oslo_policy.remote_ssl_client_crt_file = None log_opt_values /usr/lib/python3/dist-packages/oslo_config/cfg.py:2609
2026-06-01 01:38:22.171 66150 DEBUG oslo_service.service [-] oslo_policy.remote_ssl_client_key_file = None log_opt_values /usr/lib/python3/dist-packages/oslo_config/cfg.py:2609
2026-06-01 01:38:22.171 66150 DEBUG oslo_service.service [-] oslo_policy.remote_ssl_verify_server_crt = False log_opt_values /usr/lib/python3/dist-packages/oslo_config/cfg.py:2609
2026-06-01 01:38:22.171 66150 DEBUG oslo_service.service [-] trustee.auth_section = None log_opt_values /usr/lib/python3/dist-packages/oslo_config/cfg.py:2609
2026-06-01 01:38:22.172 66150 WARNING oslo_config.cfg [-] Deprecated: Option "auth_plugin" from group "trustee" is deprecated. Use option "auth_type" from group "trustee".
2026-06-01 01:38:22.172 66150 DEBUG oslo_service.service [-] trustee.auth_type = password log_opt_values /usr/lib/python3/dist-packages/oslo_config/cfg.py:2609
2026-06-01 01:38:22.172 66150 DEBUG oslo_service.service [-] oslo_versionedobjects.fatal_exception_format_errors = False log_opt_values /usr/lib/python3/dist-packages/oslo_config/cfg.py:2609
2026-06-01 01:38:22.172 66150 DEBUG oslo_service.service [-] oslo_messaging_rabbit.amqp_auto_delete = False log_opt_values /usr/lib/python3/dist-packages/oslo_config/cfg.py:2609
2026-06-01 01:38:22.172 66150 DEBUG oslo_service.service [-] oslo_messaging_rabbit.amqp_durable_queues = False log_opt_values /usr/lib/python3/dist-packages/oslo_config/cfg.py:2609
2026-06-01 01:38:22.172 66150 DEBUG oslo_service.service [-] oslo_messaging_rabbit.conn_pool_min_size = 2 log_opt_values /usr/lib/python3/dist-packages/oslo_config/cfg.py:2609
2026-06-01 01:38:22.172 66150 DEBUG oslo_service.service [-] oslo_messaging_rabbit.conn_pool_ttl = 1200 log_opt_values /usr/lib/python3/dist-packages/oslo_config/cfg.py:2609
2026-06-01 01:38:22.173 66150 DEBUG oslo_service.service [-] oslo_messaging_rabbit.direct_mandatory_flag = True log_opt_values /usr/lib/python3/dist-packages/oslo_config/cfg.py:2609
2026-06-01 01:38:22.173 66150 DEBUG oslo_service.service [-] oslo_messaging_rabbit.enable_cancel_on_failover = False log_opt_values /usr/lib/python3/dist-packages/oslo_config/cfg.py:2609
2026-06-01 01:38:22.173 66150 DEBUG oslo_service.service [-] oslo_messaging_rabbit.heartbeat_in_pthread = False log_opt_values /usr/lib/python3/dist-packages/oslo_config/cfg.py:2609
2026-06-01 01:38:22.173 66150 DEBUG oslo_service.service [-] oslo_messaging_rabbit.heartbeat_rate = 2 log_opt_values /usr/lib/python3/dist-packages/oslo_config/cfg.py:2609
2026-06-01 01:38:22.173 66150 DEBUG oslo_service.service [-] oslo_messaging_rabbit.heartbeat_timeout_threshold = 60 log_opt_values /usr/lib/python3/dist-packages/oslo_config/cfg.py:2609
2026-06-01 01:38:22.173 66150 DEBUG oslo_service.service [-] oslo_messaging_rabbit.kombu_compression = None log_opt_values /usr/lib/python3/dist-packages/oslo_config/cfg.py:2609
2026-06-01 01:38:22.173 66150 DEBUG oslo_service.service [-] oslo_messaging_rabbit.kombu_failover_strategy = round-robin log_opt_values /usr/lib/python3/dist-packages/oslo_config/cfg.py:2609
2026-06-01 01:38:22.173 66150 DEBUG oslo_service.service [-] oslo_messaging_rabbit.kombu_missing_consumer_retry_timeout = 60 log_opt_values /usr/lib/python3/dist-packages/oslo_config/cfg.py:2609
2026-06-01 01:38:22.173 66150 DEBUG oslo_service.service [-] oslo_messaging_rabbit.kombu_reconnect_delay = 1.0 log_opt_values /usr/lib/python3/dist-packages/oslo_config/cfg.py:2609
2026-06-01 01:38:22.174 66150 DEBUG oslo_service.service [-] oslo_messaging_rabbit.rabbit_ha_queues = False log_opt_values /usr/lib/python3/dist-packages/oslo_config/cfg.py:2609
2026-06-01 01:38:22.174 66150 DEBUG oslo_service.service [-] oslo_messaging_rabbit.rabbit_interval_max = 30 log_opt_values /usr/lib/python3/dist-packages/oslo_config/cfg.py:2609
2026-06-01 01:38:22.174 66150 DEBUG oslo_service.service [-] oslo_messaging_rabbit.rabbit_login_method = AMQPLAIN log_opt_values /usr/lib/python3/dist-packages/oslo_config/cfg.py:2609
2026-06-01 01:38:22.174 66150 DEBUG oslo_service.service [-] oslo_messaging_rabbit.rabbit_qos_prefetch_count = 0 log_opt_values /usr/lib/python3/dist-packages/oslo_config/cfg.py:2609
2026-06-01 01:38:22.174 66150 DEBUG oslo_service.service [-] oslo_messaging_rabbit.rabbit_quorum_queue = False log_opt_values /usr/lib/python3/dist-packages/oslo_config/cfg.py:2609
2026-06-01 01:38:22.174 66150 DEBUG oslo_service.service [-] oslo_messaging_rabbit.rabbit_retry_backoff = 2 log_opt_values /usr/lib/python3/dist-packages/oslo_config/cfg.py:2609
2026-06-01 01:38:22.174 66150 DEBUG oslo_service.service [-] oslo_messaging_rabbit.rabbit_retry_interval = 1 log_opt_values /usr/lib/python3/dist-packages/oslo_config/cfg.py:2609
2026-06-01 01:38:22.174 66150 DEBUG oslo_service.service [-] oslo_messaging_rabbit.rabbit_transient_queues_ttl = 1800 log_opt_values /usr/lib/python3/dist-packages/oslo_config/cfg.py:2609
2026-06-01 01:38:22.175 66150 DEBUG oslo_service.service [-] oslo_messaging_rabbit.rpc_conn_pool_size = 30 log_opt_values /usr/lib/python3/dist-packages/oslo_config/cfg.py:2609
2026-06-01 01:38:22.175 66150 DEBUG oslo_service.service [-] oslo_messaging_rabbit.ssl = False log_opt_values /usr/lib/python3/dist-packages/oslo_config/cfg.py:2609
2026-06-01 01:38:22.175 66150 DEBUG oslo_service.service [-] oslo_messaging_rabbit.ssl_ca_file = log_opt_values /usr/lib/python3/dist-packages/oslo_config/cfg.py:2609
2026-06-01 01:38:22.175 66150 DEBUG oslo_service.service [-] oslo_messaging_rabbit.ssl_cert_file = log_opt_values /usr/lib/python3/dist-packages/oslo_config/cfg.py:2609
2026-06-01 01:38:22.175 66150 DEBUG oslo_service.service [-] oslo_messaging_rabbit.ssl_key_file = log_opt_values /usr/lib/python3/dist-packages/oslo_config/cfg.py:2609
2026-06-01 01:38:22.175 66150 DEBUG oslo_service.service [-] oslo_messaging_rabbit.ssl_version = log_opt_values /usr/lib/python3/dist-packages/oslo_config/cfg.py:2609
2026-06-01 01:38:22.175 66150 DEBUG oslo_service.service [-] oslo_messaging_notifications.driver = [] log_opt_values /usr/lib/python3/dist-packages/oslo_config/cfg.py:2609
2026-06-01 01:38:22.176 66150 DEBUG oslo_service.service [-] oslo_messaging_notifications.retry = -1 log_opt_values /usr/lib/python3/dist-packages/oslo_config/cfg.py:2609
2026-06-01 01:38:22.176 66150 DEBUG oslo_service.service [-] oslo_messaging_notifications.topics = ['notifications'] log_opt_values /usr/lib/python3/dist-packages/oslo_config/cfg.py:2609
2026-06-01 01:38:22.176 66150 DEBUG oslo_service.service [-] oslo_messaging_notifications.transport_url = **** log_opt_values /usr/lib/python3/dist-packages/oslo_config/cfg.py:2609
2026-06-01 01:38:22.176 66150 DEBUG oslo_service.service [-] cache.backend = dogpile.cache.null log_opt_values /usr/lib/python3/dist-packages/oslo_config/cfg.py:2609
2026-06-01 01:38:22.176 66150 DEBUG oslo_service.service [-] cache.backend_argument = **** log_opt_values /usr/lib/python3/dist-packages/oslo_config/cfg.py:2609
2026-06-01 01:38:22.176 66150 DEBUG oslo_service.service [-] cache.config_prefix = cache.oslo log_opt_values /usr/lib/python3/dist-packages/oslo_config/cfg.py:2609
2026-06-01 01:38:22.176 66150 DEBUG oslo_service.service [-] cache.debug_cache_backend = False log_opt_values /usr/lib/python3/dist-packages/oslo_config/cfg.py:2609
2026-06-01 01:38:22.177 66150 DEBUG oslo_service.service [-] cache.enabled = False log_opt_values /usr/lib/python3/dist-packages/oslo_config/cfg.py:2609
2026-06-01 01:38:22.177 66150 DEBUG oslo_service.service [-] cache.expiration_time = 600 log_opt_values /usr/lib/python3/dist-packages/oslo_config/cfg.py:2609
2026-06-01 01:38:22.177 66150 DEBUG oslo_service.service [-] cache.memcache_dead_retry = 300 log_opt_values /usr/lib/python3/dist-packages/oslo_config/cfg.py:2609
2026-06-01 01:38:22.177 66150 DEBUG oslo_service.service [-] cache.memcache_pool_connection_get_timeout = 10 log_opt_values /usr/lib/python3/dist-packages/oslo_config/cfg.py:2609
2026-06-01 01:38:22.177 66150 DEBUG oslo_service.service [-] cache.memcache_pool_flush_on_reconnect = False log_opt_values /usr/lib/python3/dist-packages/oslo_config/cfg.py:2609
2026-06-01 01:38:22.178 66150 DEBUG oslo_service.service [-] cache.memcache_pool_maxsize = 10 log_opt_values /usr/lib/python3/dist-packages/oslo_config/cfg.py:2609
2026-06-01 01:38:22.178 66150 DEBUG oslo_service.service [-] cache.memcache_pool_unused_timeout = 60 log_opt_values /usr/lib/python3/dist-packages/oslo_config/cfg.py:2609
2026-06-01 01:38:22.178 66150 DEBUG oslo_service.service [-] cache.memcache_servers = ['localhost:11211'] log_opt_values /usr/lib/python3/dist-packages/oslo_config/cfg.py:2609
2026-06-01 01:38:22.178 66150 DEBUG oslo_service.service [-] cache.memcache_socket_timeout = 1.0 log_opt_values /usr/lib/python3/dist-packages/oslo_config/cfg.py:2609
2026-06-01 01:38:22.179 66150 DEBUG oslo_service.service [-] cache.proxies = [] log_opt_values /usr/lib/python3/dist-packages/oslo_config/cfg.py:2609
2026-06-01 01:38:22.179 66150 DEBUG oslo_service.service [-] cache.tls_allowed_ciphers = None log_opt_values /usr/lib/python3/dist-packages/oslo_config/cfg.py:2609
2026-06-01 01:38:22.179 66150 DEBUG oslo_service.service [-] cache.tls_cafile = None log_opt_values /usr/lib/python3/dist-packages/oslo_config/cfg.py:2609
2026-06-01 01:38:22.179 66150 DEBUG oslo_service.service [-] cache.tls_certfile = None log_opt_values /usr/lib/python3/dist-packages/oslo_config/cfg.py:2609
2026-06-01 01:38:22.179 66150 DEBUG oslo_service.service [-] cache.tls_enabled = False log_opt_values /usr/lib/python3/dist-packages/oslo_config/cfg.py:2609
2026-06-01 01:38:22.179 66150 DEBUG oslo_service.service [-] cache.tls_keyfile = None log_opt_values /usr/lib/python3/dist-packages/oslo_config/cfg.py:2609
2026-06-01 01:38:22.179 66150 DEBUG oslo_service.service [-] constraint_validation_cache.caching = True log_opt_values /usr/lib/python3/dist-packages/oslo_config/cfg.py:2609
2026-06-01 01:38:22.179 66150 DEBUG oslo_service.service [-] constraint_validation_cache.expiration_time = 60 log_opt_values /usr/lib/python3/dist-packages/oslo_config/cfg.py:2609
2026-06-01 01:38:22.180 66150 DEBUG oslo_service.service [-] service_extension_cache.caching = True log_opt_values /usr/lib/python3/dist-packages/oslo_config/cfg.py:2609
2026-06-01 01:38:22.180 66150 DEBUG oslo_service.service [-] service_extension_cache.expiration_time = 3600 log_opt_values /usr/lib/python3/dist-packages/oslo_config/cfg.py:2609
2026-06-01 01:38:22.180 66150 DEBUG oslo_service.service [-] resource_finder_cache.caching = True log_opt_values /usr/lib/python3/dist-packages/oslo_config/cfg.py:2609
2026-06-01 01:38:22.180 66150 DEBUG oslo_service.service [-] resource_finder_cache.expiration_time = 3600 log_opt_values /usr/lib/python3/dist-packages/oslo_config/cfg.py:2609
2026-06-01 01:38:22.180 66150 DEBUG oslo_service.service [-] yaql.limit_iterators = 200 log_opt_values /usr/lib/python3/dist-packages/oslo_config/cfg.py:2609
2026-06-01 01:38:22.180 66150 DEBUG oslo_service.service [-] yaql.memory_quota = 10000 log_opt_values /usr/lib/python3/dist-packages/oslo_config/cfg.py:2609
2026-06-01 01:38:22.180 66150 DEBUG oslo_service.service [-] ******************************************************************************** log_opt_values /usr/lib/python3/dist-packages/oslo_config/cfg.py:2613
2026-06-01 01:38:22.194 66380 DEBUG oslo_db.sqlalchemy.engines [req-e563aa96-4e3c-48b6-a155-f779d13daf0d - - - - -] MySQL server mode set to STRICT_TRANS_TABLES,STRICT_ALL_TABLES,NO_ZERO_IN_DATE,NO_ZERO_DATE,ERROR_FOR_DIVISION_BY_ZERO,TRADITIONAL,NO_ENGINE_SUBSTITUTION _check_effective_sql_mode /usr/lib/python3/dist-packages/oslo_db/sqlalchemy/engines.py:314
2026-06-01 01:38:22.214 66381 DEBUG oslo_db.sqlalchemy.engines [req-77499ec3-4ba4-4973-b5b1-c57cd7f3ef30 - - - - -] MySQL server mode set to STRICT_TRANS_TABLES,STRICT_ALL_TABLES,NO_ZERO_IN_DATE,NO_ZERO_DATE,ERROR_FOR_DIVISION_BY_ZERO,TRADITIONAL,NO_ENGINE_SUBSTITUTION _check_effective_sql_mode /usr/lib/python3/dist-packages/oslo_db/sqlalchemy/engines.py:314
2026-06-01 01:38:22.220 66382 DEBUG oslo_db.sqlalchemy.engines [req-b4e607aa-8652-4cdb-9c21-93695998e571 - - - - -] MySQL server mode set to STRICT_TRANS_TABLES,STRICT_ALL_TABLES,NO_ZERO_IN_DATE,NO_ZERO_DATE,ERROR_FOR_DIVISION_BY_ZERO,TRADITIONAL,NO_ENGINE_SUBSTITUTION _check_effective_sql_mode /usr/lib/python3/dist-packages/oslo_db/sqlalchemy/engines.py:314
2026-06-01 01:38:22.241 66383 DEBUG oslo_db.sqlalchemy.engines [req-e9dd7b94-9d83-42fd-8359-387fe5978226 - - - - -] MySQL server mode set to STRICT_TRANS_TABLES,STRICT_ALL_TABLES,NO_ZERO_IN_DATE,NO_ZERO_DATE,ERROR_FOR_DIVISION_BY_ZERO,TRADITIONAL,NO_ENGINE_SUBSTITUTION _check_effective_sql_mode /usr/lib/python3/dist-packages/oslo_db/sqlalchemy/engines.py:314
2026-06-01 01:38:22.249 66380 DEBUG heat.engine.service [req-e563aa96-4e3c-48b6-a155-f779d13daf0d - - - - -] Service 0a20c928-c470-4120-82ce-462cbeb97a58 was aborted service_manage_cleanup /usr/lib/python3/dist-packages/heat/engine/service.py:2391
2026-06-01 01:38:22.268 66381 DEBUG heat.engine.service [req-77499ec3-4ba4-4973-b5b1-c57cd7f3ef30 - - - - -] Service 0a20c928-c470-4120-82ce-462cbeb97a58 was aborted service_manage_cleanup /usr/lib/python3/dist-packages/heat/engine/service.py:2391
2026-06-01 01:38:22.270 66380 DEBUG heat.engine.service [req-e563aa96-4e3c-48b6-a155-f779d13daf0d - - - - -] Service 142157d6-4fe1-4815-8ef2-8b07b23f94e9 was aborted service_manage_cleanup /usr/lib/python3/dist-packages/heat/engine/service.py:2391
2026-06-01 01:38:22.272 66382 DEBUG heat.engine.service [req-b4e607aa-8652-4cdb-9c21-93695998e571 - - - - -] Service 0a20c928-c470-4120-82ce-462cbeb97a58 was aborted service_manage_cleanup /usr/lib/python3/dist-packages/heat/engine/service.py:2391
2026-06-01 01:38:22.286 66382 DEBUG heat.engine.service [req-b4e607aa-8652-4cdb-9c21-93695998e571 - - - - -] Service 142157d6-4fe1-4815-8ef2-8b07b23f94e9 was aborted service_manage_cleanup /usr/lib/python3/dist-packages/heat/engine/service.py:2391
2026-06-01 01:38:22.286 66381 DEBUG heat.engine.service [req-77499ec3-4ba4-4973-b5b1-c57cd7f3ef30 - - - - -] Service 142157d6-4fe1-4815-8ef2-8b07b23f94e9 was aborted service_manage_cleanup /usr/lib/python3/dist-packages/heat/engine/service.py:2391
2026-06-01 01:38:22.288 66380 DEBUG heat.engine.service [req-e563aa96-4e3c-48b6-a155-f779d13daf0d - - - - -] Service 14badc21-16d5-48d0-afc3-e45daf2bfa6e was aborted service_manage_cleanup /usr/lib/python3/dist-packages/heat/engine/service.py:2391
2026-06-01 01:38:22.294 66382 DEBUG heat.engine.service [req-b4e607aa-8652-4cdb-9c21-93695998e571 - - - - -] Service 14badc21-16d5-48d0-afc3-e45daf2bfa6e was aborted service_manage_cleanup /usr/lib/python3/dist-packages/heat/engine/service.py:2391
2026-06-01 01:38:22.297 66383 DEBUG heat.engine.service [req-e9dd7b94-9d83-42fd-8359-387fe5978226 - - - - -] Service 14badc21-16d5-48d0-afc3-e45daf2bfa6e was aborted service_manage_cleanup /usr/lib/python3/dist-packages/heat/engine/service.py:2391
2026-06-01 01:38:22.297 66381 DEBUG heat.engine.service [req-77499ec3-4ba4-4973-b5b1-c57cd7f3ef30 - - - - -] Service 14badc21-16d5-48d0-afc3-e45daf2bfa6e was aborted service_manage_cleanup /usr/lib/python3/dist-packages/heat/engine/service.py:2391
2026-06-01 01:38:22.302 66382 DEBUG heat.engine.service [req-b4e607aa-8652-4cdb-9c21-93695998e571 - - - - -] Service 5a065cc9-dac4-407b-8e7e-6ae46f1622d4 was aborted service_manage_cleanup /usr/lib/python3/dist-packages/heat/engine/service.py:2391
2026-06-01 01:38:22.302 66380 DEBUG heat.engine.service [req-e563aa96-4e3c-48b6-a155-f779d13daf0d - - - - -] Service 5a065cc9-dac4-407b-8e7e-6ae46f1622d4 was aborted service_manage_cleanup /usr/lib/python3/dist-packages/heat/engine/service.py:2391
2026-06-01 01:38:22.306 66381 DEBUG heat.engine.service [req-77499ec3-4ba4-4973-b5b1-c57cd7f3ef30 - - - - -] Service 5a065cc9-dac4-407b-8e7e-6ae46f1622d4 was aborted service_manage_cleanup /usr/lib/python3/dist-packages/heat/engine/service.py:2391
2026-06-01 01:38:22.315 66382 DEBUG heat.engine.service [req-b4e607aa-8652-4cdb-9c21-93695998e571 - - - - -] Service 6405b23f-b516-4f4a-8090-2372c3bfe1d5 was aborted service_manage_cleanup /usr/lib/python3/dist-packages/heat/engine/service.py:2391
2026-06-01 01:38:22.316 66383 DEBUG heat.engine.service [req-e9dd7b94-9d83-42fd-8359-387fe5978226 - - - - -] Service 5a065cc9-dac4-407b-8e7e-6ae46f1622d4 was aborted service_manage_cleanup /usr/lib/python3/dist-packages/heat/engine/service.py:2391
2026-06-01 01:38:22.316 66380 DEBUG heat.engine.service [req-e563aa96-4e3c-48b6-a155-f779d13daf0d - - - - -] Service 6405b23f-b516-4f4a-8090-2372c3bfe1d5 was aborted service_manage_cleanup /usr/lib/python3/dist-packages/heat/engine/service.py:2391
2026-06-01 01:38:22.318 66381 DEBUG heat.engine.service [req-77499ec3-4ba4-4973-b5b1-c57cd7f3ef30 - - - - -] Service 6405b23f-b516-4f4a-8090-2372c3bfe1d5 was aborted service_manage_cleanup /usr/lib/python3/dist-packages/heat/engine/service.py:2391
2026-06-01 01:38:22.323 66383 DEBUG heat.engine.service [req-e9dd7b94-9d83-42fd-8359-387fe5978226 - - - - -] Service 6405b23f-b516-4f4a-8090-2372c3bfe1d5 was aborted service_manage_cleanup /usr/lib/python3/dist-packages/heat/engine/service.py:2391
2026-06-01 01:38:22.330 66382 DEBUG heat.engine.service [req-b4e607aa-8652-4cdb-9c21-93695998e571 - - - - -] Service 6643f469-68f7-4809-8d31-0dc9fc733291 was aborted service_manage_cleanup /usr/lib/python3/dist-packages/heat/engine/service.py:2391
2026-06-01 01:38:22.331 66380 DEBUG heat.engine.service [req-e563aa96-4e3c-48b6-a155-f779d13daf0d - - - - -] Service 6643f469-68f7-4809-8d31-0dc9fc733291 was aborted service_manage_cleanup /usr/lib/python3/dist-packages/heat/engine/service.py:2391
2026-06-01 01:38:22.333 66381 DEBUG heat.engine.service [req-77499ec3-4ba4-4973-b5b1-c57cd7f3ef30 - - - - -] Service 6643f469-68f7-4809-8d31-0dc9fc733291 was aborted service_manage_cleanup /usr/lib/python3/dist-packages/heat/engine/service.py:2391
2026-06-01 01:38:22.334 66383 DEBUG heat.engine.service [req-e9dd7b94-9d83-42fd-8359-387fe5978226 - - - - -] Service 6643f469-68f7-4809-8d31-0dc9fc733291 was aborted service_manage_cleanup /usr/lib/python3/dist-packages/heat/engine/service.py:2391
2026-06-01 01:38:22.345 66382 DEBUG heat.engine.service [req-b4e607aa-8652-4cdb-9c21-93695998e571 - - - - -] Service 6a0aa657-4d36-41ba-b5bc-dbec902f54d8 was aborted service_manage_cleanup /usr/lib/python3/dist-packages/heat/engine/service.py:2391
2026-06-01 01:38:22.345 66380 DEBUG heat.engine.service [req-e563aa96-4e3c-48b6-a155-f779d13daf0d - - - - -] Service 6a0aa657-4d36-41ba-b5bc-dbec902f54d8 was aborted service_manage_cleanup /usr/lib/python3/dist-packages/heat/engine/service.py:2391
2026-06-01 01:38:22.346 66381 DEBUG heat.engine.service [req-77499ec3-4ba4-4973-b5b1-c57cd7f3ef30 - - - - -] Service 6a0aa657-4d36-41ba-b5bc-dbec902f54d8 was aborted service_manage_cleanup /usr/lib/python3/dist-packages/heat/engine/service.py:2391
2026-06-01 01:38:22.347 66383 DEBUG heat.engine.service [req-e9dd7b94-9d83-42fd-8359-387fe5978226 - - - - -] Service 6a0aa657-4d36-41ba-b5bc-dbec902f54d8 was aborted service_manage_cleanup /usr/lib/python3/dist-packages/heat/engine/service.py:2391
2026-06-01 01:38:22.357 66382 DEBUG heat.engine.service [req-b4e607aa-8652-4cdb-9c21-93695998e571 - - - - -] Service b7be2f2e-6ac9-444b-8121-08e9f6900033 was aborted service_manage_cleanup /usr/lib/python3/dist-packages/heat/engine/service.py:2391
2026-06-01 01:38:22.358 66380 DEBUG heat.engine.service [req-e563aa96-4e3c-48b6-a155-f779d13daf0d - - - - -] Service b7be2f2e-6ac9-444b-8121-08e9f6900033 was aborted service_manage_cleanup /usr/lib/python3/dist-packages/heat/engine/service.py:2391
2026-06-01 01:38:22.359 66383 DEBUG heat.engine.service [req-e9dd7b94-9d83-42fd-8359-387fe5978226 - - - - -] Service b7be2f2e-6ac9-444b-8121-08e9f6900033 was aborted service_manage_cleanup /usr/lib/python3/dist-packages/heat/engine/service.py:2391
2026-06-01 01:38:22.360 66381 DEBUG heat.engine.service [req-77499ec3-4ba4-4973-b5b1-c57cd7f3ef30 - - - - -] Service b7be2f2e-6ac9-444b-8121-08e9f6900033 was aborted service_manage_cleanup /usr/lib/python3/dist-packages/heat/engine/service.py:2391
2026-06-01 01:38:22.371 66382 DEBUG heat.engine.service [req-b4e607aa-8652-4cdb-9c21-93695998e571 - - - - -] Service c5a0d274-ba46-4f87-8d64-a5288fe93e39 was aborted service_manage_cleanup /usr/lib/python3/dist-packages/heat/engine/service.py:2391
2026-06-01 01:38:22.372 66380 DEBUG heat.engine.service [req-e563aa96-4e3c-48b6-a155-f779d13daf0d - - - - -] Service c5a0d274-ba46-4f87-8d64-a5288fe93e39 was aborted service_manage_cleanup /usr/lib/python3/dist-packages/heat/engine/service.py:2391
2026-06-01 01:38:22.383 66383 DEBUG heat.engine.service [req-e9dd7b94-9d83-42fd-8359-387fe5978226 - - - - -] Service c5a0d274-ba46-4f87-8d64-a5288fe93e39 was aborted service_manage_cleanup /usr/lib/python3/dist-packages/heat/engine/service.py:2391
2026-06-01 01:38:22.383 66381 DEBUG heat.engine.service [req-77499ec3-4ba4-4973-b5b1-c57cd7f3ef30 - - - - -] Service c5a0d274-ba46-4f87-8d64-a5288fe93e39 was aborted service_manage_cleanup /usr/lib/python3/dist-packages/heat/engine/service.py:2391
2026-06-01 01:38:22.389 66382 DEBUG heat.engine.service [req-b4e607aa-8652-4cdb-9c21-93695998e571 - - - - -] Service cb6d5071-aac4-476e-af43-58e8d27cce51 was aborted service_manage_cleanup /usr/lib/python3/dist-packages/heat/engine/service.py:2391
2026-06-01 01:38:22.391 66380 DEBUG heat.engine.service [req-e563aa96-4e3c-48b6-a155-f779d13daf0d - - - - -] Service cb6d5071-aac4-476e-af43-58e8d27cce51 was aborted service_manage_cleanup /usr/lib/python3/dist-packages/heat/engine/service.py:2391
2026-06-01 01:38:22.391 66383 DEBUG heat.engine.service [req-e9dd7b94-9d83-42fd-8359-387fe5978226 - - - - -] Service cb6d5071-aac4-476e-af43-58e8d27cce51 was aborted service_manage_cleanup /usr/lib/python3/dist-packages/heat/engine/service.py:2391
2026-06-01 01:38:22.393 66381 DEBUG heat.engine.service [req-77499ec3-4ba4-4973-b5b1-c57cd7f3ef30 - - - - -] Service cb6d5071-aac4-476e-af43-58e8d27cce51 was aborted service_manage_cleanup /usr/lib/python3/dist-packages/heat/engine/service.py:2391
2026-06-01 01:38:22.406 66382 DEBUG heat.engine.service [req-b4e607aa-8652-4cdb-9c21-93695998e571 - - - - -] Service e0ebe398-53a4-4e7e-b0f1-1a7f0543ce41 was aborted service_manage_cleanup /usr/lib/python3/dist-packages/heat/engine/service.py:2391
2026-06-01 01:38:22.407 66380 DEBUG heat.engine.service [req-e563aa96-4e3c-48b6-a155-f779d13daf0d - - - - -] Service e0ebe398-53a4-4e7e-b0f1-1a7f0543ce41 was aborted service_manage_cleanup /usr/lib/python3/dist-packages/heat/engine/service.py:2391
2026-06-01 01:38:22.408 66383 DEBUG heat.engine.service [req-e9dd7b94-9d83-42fd-8359-387fe5978226 - - - - -] Service e0ebe398-53a4-4e7e-b0f1-1a7f0543ce41 was aborted service_manage_cleanup /usr/lib/python3/dist-packages/heat/engine/service.py:2391
2026-06-01 01:38:22.409 66381 DEBUG heat.engine.service [req-77499ec3-4ba4-4973-b5b1-c57cd7f3ef30 - - - - -] Service e0ebe398-53a4-4e7e-b0f1-1a7f0543ce41 was aborted service_manage_cleanup /usr/lib/python3/dist-packages/heat/engine/service.py:2391
2026-06-01 01:38:22.419 66382 DEBUG heat.engine.service [req-b4e607aa-8652-4cdb-9c21-93695998e571 - - - - -] Service edcc0589-8350-4fac-8114-dc23afc16459 was aborted service_manage_cleanup /usr/lib/python3/dist-packages/heat/engine/service.py:2391
2026-06-01 01:38:22.420 66380 DEBUG heat.engine.service [req-e563aa96-4e3c-48b6-a155-f779d13daf0d - - - - -] Service edcc0589-8350-4fac-8114-dc23afc16459 was aborted service_manage_cleanup /usr/lib/python3/dist-packages/heat/engine/service.py:2391
2026-06-01 01:38:22.421 66383 DEBUG heat.engine.service [req-e9dd7b94-9d83-42fd-8359-387fe5978226 - - - - -] Service edcc0589-8350-4fac-8114-dc23afc16459 was aborted service_manage_cleanup /usr/lib/python3/dist-packages/heat/engine/service.py:2391
2026-06-01 01:38:22.421 66381 DEBUG heat.engine.service [req-77499ec3-4ba4-4973-b5b1-c57cd7f3ef30 - - - - -] Service edcc0589-8350-4fac-8114-dc23afc16459 was aborted service_manage_cleanup /usr/lib/python3/dist-packages/heat/engine/service.py:2391
2026-06-01 01:38:22.453 66382 DEBUG heat.engine.service [req-121d0451-0491-4f5e-b4e3-13afc7dd3049 - - - - -] Service 05fd54af-a223-4d9b-9a8c-c06aa2d404c2 is started service_manage_report /usr/lib/python3/dist-packages/heat/engine/service.py:2363
2026-06-01 01:38:22.455 66381 DEBUG heat.engine.service [req-09d9a2a6-c0cf-405c-ac01-e0ccb2397f4c - - - - -] Service 0fd14b59-5969-4336-bf00-c413d42be254 is started service_manage_report /usr/lib/python3/dist-packages/heat/engine/service.py:2363
2026-06-01 01:38:22.456 66383 DEBUG heat.engine.service [req-ca3aa21e-e7f7-4542-850e-0950199704d0 - - - - -] Service f5084534-797a-43e3-9715-6669a407ba02 is started service_manage_report /usr/lib/python3/dist-packages/heat/engine/service.py:2363
2026-06-01 01:38:22.458 66380 DEBUG heat.engine.service [req-f0c87afa-4def-4217-a0f6-8885b929d0b5 - - - - -] Service 64ace3a0-0f4f-4d99-a34e-cc876f611c44 is started service_manage_report /usr/lib/python3/dist-packages/heat/engine/service.py:2363
2026-06-01 01:38:22.468 66382 DEBUG heat.engine.service [req-121d0451-0491-4f5e-b4e3-13afc7dd3049 - - - - -] Service 05fd54af-a223-4d9b-9a8c-c06aa2d404c2 is updated service_manage_report /usr/lib/python3/dist-packages/heat/engine/service.py:2370
2026-06-01 01:38:22.472 66380 DEBUG heat.engine.service [req-f0c87afa-4def-4217-a0f6-8885b929d0b5 - - - - -] Service 64ace3a0-0f4f-4d99-a34e-cc876f611c44 is updated service_manage_report /usr/lib/python3/dist-packages/heat/engine/service.py:2370
2026-06-01 01:38:22.473 66381 DEBUG heat.engine.service [req-09d9a2a6-c0cf-405c-ac01-e0ccb2397f4c - - - - -] Service 0fd14b59-5969-4336-bf00-c413d42be254 is updated service_manage_report /usr/lib/python3/dist-packages/heat/engine/service.py:2370
2026-06-01 01:38:22.475 66383 DEBUG heat.engine.service [req-ca3aa21e-e7f7-4542-850e-0950199704d0 - - - - -] Service f5084534-797a-43e3-9715-6669a407ba02 is updated service_manage_report /usr/lib/python3/dist-packages/heat/engine/service.py:2370
2026-06-01 01:39:22.447 66382 DEBUG heat.engine.service [req-a5c0ee47-6b1e-4c59-a772-ff558e81ab3d - - - - -] Service 05fd54af-a223-4d9b-9a8c-c06aa2d404c2 is updated service_manage_report /usr/lib/python3/dist-packages/heat/engine/service.py:2370
2026-06-01 01:39:22.449 66381 DEBUG heat.engine.service [req-f1ba53e4-41f5-430e-af84-bc3511d47e19 - - - - -] Service 0fd14b59-5969-4336-bf00-c413d42be254 is updated service_manage_report /usr/lib/python3/dist-packages/heat/engine/service.py:2370
2026-06-01 01:39:22.449 66380 DEBUG heat.engine.service [req-46ed0ecf-8c1e-4e93-b8a4-8c69702b2adc - - - - -] Service 64ace3a0-0f4f-4d99-a34e-cc876f611c44 is updated service_manage_report /usr/lib/python3/dist-packages/heat/engine/service.py:2370
2026-06-01 01:39:22.449 66383 DEBUG heat.engine.service [req-8d6de92b-f803-4535-90f7-bec897c319d3 - - - - -] Service f5084534-797a-43e3-9715-6669a407ba02 is updated service_manage_report /usr/lib/python3/dist-packages/heat/engine/service.py:2370
2026-06-01 01:39:58.632 66380 DEBUG heat.engine.service [-] Attempting to stop engine service... _stop_rpc_server /usr/lib/python3/dist-packages/heat/engine/service.py:437
2026-06-01 01:39:58.633 66381 DEBUG heat.engine.service [-] Attempting to stop engine service... _stop_rpc_server /usr/lib/python3/dist-packages/heat/engine/service.py:437
2026-06-01 01:39:58.634 66382 DEBUG heat.engine.service [-] Attempting to stop engine service... _stop_rpc_server /usr/lib/python3/dist-packages/heat/engine/service.py:437
2026-06-01 01:39:58.634 66383 DEBUG heat.engine.service [-] Attempting to stop engine service... _stop_rpc_server /usr/lib/python3/dist-packages/heat/engine/service.py:437
2026-06-01 01:39:58.639 66150 INFO oslo_service.service [-] Caught SIGTERM, stopping children
2026-06-01 01:39:58.640 66150 DEBUG oslo_concurrency.lockutils [-] Acquired lock "singleton_lock" lock /usr/lib/python3/dist-packages/oslo_concurrency/lockutils.py:294
2026-06-01 01:39:58.640 66150 DEBUG oslo_concurrency.lockutils [-] Releasing lock "singleton_lock" lock /usr/lib/python3/dist-packages/oslo_concurrency/lockutils.py:312
2026-06-01 01:39:58.641 66150 DEBUG oslo_service.service [-] Stop services. stop /usr/lib/python3/dist-packages/oslo_service/service.py:695
2026-06-01 01:39:58.641 66150 INFO heat.engine.service [-] All threads were gone, terminating engine
2026-06-01 01:39:58.641 66150 DEBUG oslo_service.service [-] Killing children. stop /usr/lib/python3/dist-packages/oslo_service/service.py:700
2026-06-01 01:39:58.658 66150 INFO oslo_service.service [-] Waiting on 4 children to exit
2026-06-01 01:39:58.658 66150 INFO oslo_service.service [-] Child 66381 killed by signal 15
