2026-06-01 01:40:23.803 70646 DEBUG oslo_service.service [-] clients_nova.http_log_debug = False log_opt_values /usr/lib/python3/dist-packages/oslo_config/cfg.py:2609
2026-06-01 01:40:23.803 70646 DEBUG oslo_service.service [-] clients_nova.insecure = None log_opt_values /usr/lib/python3/dist-packages/oslo_config/cfg.py:2609
2026-06-01 01:40:23.803 70646 DEBUG oslo_service.service [-] clients_nova.key_file = None log_opt_values /usr/lib/python3/dist-packages/oslo_config/cfg.py:2609
2026-06-01 01:40:23.803 70646 DEBUG oslo_service.service [-] clients_octavia.ca_file = None log_opt_values /usr/lib/python3/dist-packages/oslo_config/cfg.py:2609
2026-06-01 01:40:23.803 70646 DEBUG oslo_service.service [-] clients_octavia.cert_file = None log_opt_values /usr/lib/python3/dist-packages/oslo_config/cfg.py:2609
2026-06-01 01:40:23.803 70646 DEBUG oslo_service.service [-] clients_octavia.endpoint_type = None log_opt_values /usr/lib/python3/dist-packages/oslo_config/cfg.py:2609
2026-06-01 01:40:23.803 70646 DEBUG oslo_service.service [-] clients_octavia.insecure = None log_opt_values /usr/lib/python3/dist-packages/oslo_config/cfg.py:2609
2026-06-01 01:40:23.804 70646 DEBUG oslo_service.service [-] clients_octavia.key_file = None log_opt_values /usr/lib/python3/dist-packages/oslo_config/cfg.py:2609
2026-06-01 01:40:23.804 70646 DEBUG oslo_service.service [-] clients_sahara.ca_file = None log_opt_values /usr/lib/python3/dist-packages/oslo_config/cfg.py:2609
2026-06-01 01:40:23.804 70646 DEBUG oslo_service.service [-] clients_sahara.cert_file = None log_opt_values /usr/lib/python3/dist-packages/oslo_config/cfg.py:2609
2026-06-01 01:40:23.804 70646 DEBUG oslo_service.service [-] clients_sahara.endpoint_type = None log_opt_values /usr/lib/python3/dist-packages/oslo_config/cfg.py:2609
2026-06-01 01:40:23.804 70646 DEBUG oslo_service.service [-] clients_sahara.insecure = None log_opt_values /usr/lib/python3/dist-packages/oslo_config/cfg.py:2609
2026-06-01 01:40:23.804 70646 DEBUG oslo_service.service [-] clients_sahara.key_file = None log_opt_values /usr/lib/python3/dist-packages/oslo_config/cfg.py:2609
2026-06-01 01:40:23.804 70646 DEBUG oslo_service.service [-] clients_senlin.ca_file = None log_opt_values /usr/lib/python3/dist-packages/oslo_config/cfg.py:2609
2026-06-01 01:40:23.804 70646 DEBUG oslo_service.service [-] clients_senlin.cert_file = None log_opt_values /usr/lib/python3/dist-packages/oslo_config/cfg.py:2609
2026-06-01 01:40:23.804 70646 DEBUG oslo_service.service [-] clients_senlin.endpoint_type = None log_opt_values /usr/lib/python3/dist-packages/oslo_config/cfg.py:2609
2026-06-01 01:40:23.804 70646 DEBUG oslo_service.service [-] clients_senlin.insecure = None log_opt_values /usr/lib/python3/dist-packages/oslo_config/cfg.py:2609
2026-06-01 01:40:23.805 70646 DEBUG oslo_service.service [-] clients_senlin.key_file = None log_opt_values /usr/lib/python3/dist-packages/oslo_config/cfg.py:2609
2026-06-01 01:40:23.805 70646 DEBUG oslo_service.service [-] clients_swift.ca_file = None log_opt_values /usr/lib/python3/dist-packages/oslo_config/cfg.py:2609
2026-06-01 01:40:23.805 70646 DEBUG oslo_service.service [-] clients_swift.cert_file = None log_opt_values /usr/lib/python3/dist-packages/oslo_config/cfg.py:2609
2026-06-01 01:40:23.807 70646 DEBUG oslo_service.service [-] clients_swift.endpoint_type = None log_opt_values /usr/lib/python3/dist-packages/oslo_config/cfg.py:2609
2026-06-01 01:40:23.807 70646 DEBUG oslo_service.service [-] clients_swift.insecure = None log_opt_values /usr/lib/python3/dist-packages/oslo_config/cfg.py:2609
2026-06-01 01:40:23.807 70646 DEBUG oslo_service.service [-] clients_swift.key_file = None log_opt_values /usr/lib/python3/dist-packages/oslo_config/cfg.py:2609
2026-06-01 01:40:23.807 70646 DEBUG oslo_service.service [-] clients_trove.ca_file = None log_opt_values /usr/lib/python3/dist-packages/oslo_config/cfg.py:2609
2026-06-01 01:40:23.807 70646 DEBUG oslo_service.service [-] clients_trove.cert_file = None log_opt_values /usr/lib/python3/dist-packages/oslo_config/cfg.py:2609
2026-06-01 01:40:23.807 70646 DEBUG oslo_service.service [-] clients_trove.endpoint_type = None log_opt_values /usr/lib/python3/dist-packages/oslo_config/cfg.py:2609
2026-06-01 01:40:23.807 70646 DEBUG oslo_service.service [-] clients_trove.insecure = None log_opt_values /usr/lib/python3/dist-packages/oslo_config/cfg.py:2609
2026-06-01 01:40:23.808 70646 DEBUG oslo_service.service [-] clients_trove.key_file = None log_opt_values /usr/lib/python3/dist-packages/oslo_config/cfg.py:2609
2026-06-01 01:40:23.808 70646 DEBUG oslo_service.service [-] clients_vitrage.ca_file = None log_opt_values /usr/lib/python3/dist-packages/oslo_config/cfg.py:2609
2026-06-01 01:40:23.808 70646 DEBUG oslo_service.service [-] clients_vitrage.cert_file = None log_opt_values /usr/lib/python3/dist-packages/oslo_config/cfg.py:2609
2026-06-01 01:40:23.808 70646 DEBUG oslo_service.service [-] clients_vitrage.endpoint_type = None log_opt_values /usr/lib/python3/dist-packages/oslo_config/cfg.py:2609
2026-06-01 01:40:23.808 70646 DEBUG oslo_service.service [-] clients_vitrage.insecure = None log_opt_values /usr/lib/python3/dist-packages/oslo_config/cfg.py:2609
2026-06-01 01:40:23.808 70646 DEBUG oslo_service.service [-] clients_vitrage.key_file = None log_opt_values /usr/lib/python3/dist-packages/oslo_config/cfg.py:2609
2026-06-01 01:40:23.808 70646 DEBUG oslo_service.service [-] clients_zaqar.ca_file = None log_opt_values /usr/lib/python3/dist-packages/oslo_config/cfg.py:2609
2026-06-01 01:40:23.808 70646 DEBUG oslo_service.service [-] clients_zaqar.cert_file = None log_opt_values /usr/lib/python3/dist-packages/oslo_config/cfg.py:2609
2026-06-01 01:40:23.810 70646 DEBUG oslo_service.service [-] clients_zaqar.endpoint_type = None log_opt_values /usr/lib/python3/dist-packages/oslo_config/cfg.py:2609
2026-06-01 01:40:23.810 70646 DEBUG oslo_service.service [-] clients_zaqar.insecure = None log_opt_values /usr/lib/python3/dist-packages/oslo_config/cfg.py:2609
2026-06-01 01:40:23.810 70646 DEBUG oslo_service.service [-] clients_zaqar.key_file = None log_opt_values /usr/lib/python3/dist-packages/oslo_config/cfg.py:2609
2026-06-01 01:40:23.810 70646 DEBUG oslo_service.service [-] database.backend = sqlalchemy log_opt_values /usr/lib/python3/dist-packages/oslo_config/cfg.py:2609
2026-06-01 01:40:23.810 70646 DEBUG oslo_service.service [-] database.connection = **** log_opt_values /usr/lib/python3/dist-packages/oslo_config/cfg.py:2609
2026-06-01 01:40:23.810 70646 DEBUG oslo_service.service [-] database.connection_debug = 0 log_opt_values /usr/lib/python3/dist-packages/oslo_config/cfg.py:2609
2026-06-01 01:40:23.811 70646 DEBUG oslo_service.service [-] database.connection_parameters = log_opt_values /usr/lib/python3/dist-packages/oslo_config/cfg.py:2609
2026-06-01 01:40:23.811 70646 DEBUG oslo_service.service [-] database.connection_recycle_time = 3600 log_opt_values /usr/lib/python3/dist-packages/oslo_config/cfg.py:2609
2026-06-01 01:40:23.811 70646 DEBUG oslo_service.service [-] database.connection_trace = False log_opt_values /usr/lib/python3/dist-packages/oslo_config/cfg.py:2609
2026-06-01 01:40:23.811 70646 DEBUG oslo_service.service [-] database.db_inc_retry_interval = True log_opt_values /usr/lib/python3/dist-packages/oslo_config/cfg.py:2609
2026-06-01 01:40:23.811 70646 DEBUG oslo_service.service [-] database.db_max_retries = 20 log_opt_values /usr/lib/python3/dist-packages/oslo_config/cfg.py:2609
2026-06-01 01:40:23.811 70646 DEBUG oslo_service.service [-] database.db_max_retry_interval = 10 log_opt_values /usr/lib/python3/dist-packages/oslo_config/cfg.py:2609
2026-06-01 01:40:23.811 70646 DEBUG oslo_service.service [-] database.db_retry_interval = 1 log_opt_values /usr/lib/python3/dist-packages/oslo_config/cfg.py:2609
2026-06-01 01:40:23.813 70646 DEBUG oslo_service.service [-] database.max_overflow = 50 log_opt_values /usr/lib/python3/dist-packages/oslo_config/cfg.py:2609
2026-06-01 01:40:23.813 70646 DEBUG oslo_service.service [-] database.max_pool_size = 5 log_opt_values /usr/lib/python3/dist-packages/oslo_config/cfg.py:2609
2026-06-01 01:40:23.813 70646 DEBUG oslo_service.service [-] database.max_retries = 10 log_opt_values /usr/lib/python3/dist-packages/oslo_config/cfg.py:2609
2026-06-01 01:40:23.813 70646 DEBUG oslo_service.service [-] database.mysql_enable_ndb = False log_opt_values /usr/lib/python3/dist-packages/oslo_config/cfg.py:2609
2026-06-01 01:40:23.813 70646 DEBUG oslo_service.service [-] database.mysql_sql_mode = TRADITIONAL log_opt_values /usr/lib/python3/dist-packages/oslo_config/cfg.py:2609
2026-06-01 01:40:23.815 70646 DEBUG oslo_service.service [-] database.pool_timeout = None log_opt_values /usr/lib/python3/dist-packages/oslo_config/cfg.py:2609
2026-06-01 01:40:23.815 70646 DEBUG oslo_service.service [-] database.retry_interval = 10 log_opt_values /usr/lib/python3/dist-packages/oslo_config/cfg.py:2609
2026-06-01 01:40:23.815 70646 DEBUG oslo_service.service [-] database.slave_connection = **** log_opt_values /usr/lib/python3/dist-packages/oslo_config/cfg.py:2609
2026-06-01 01:40:23.816 70646 DEBUG oslo_service.service [-] database.sqlite_synchronous = True log_opt_values /usr/lib/python3/dist-packages/oslo_config/cfg.py:2609
2026-06-01 01:40:23.816 70646 DEBUG oslo_service.service [-] database.use_db_reconnect = False log_opt_values /usr/lib/python3/dist-packages/oslo_config/cfg.py:2609
2026-06-01 01:40:23.816 70646 DEBUG oslo_service.service [-] oslo_messaging_metrics.metrics_buffer_size = 1000 log_opt_values /usr/lib/python3/dist-packages/oslo_config/cfg.py:2609
2026-06-01 01:40:23.816 70646 DEBUG oslo_service.service [-] oslo_messaging_metrics.metrics_enabled = False log_opt_values /usr/lib/python3/dist-packages/oslo_config/cfg.py:2609
2026-06-01 01:40:23.818 70646 DEBUG oslo_service.service [-] oslo_messaging_metrics.metrics_process_name = log_opt_values /usr/lib/python3/dist-packages/oslo_config/cfg.py:2609
2026-06-01 01:40:23.818 70646 DEBUG oslo_service.service [-] oslo_messaging_metrics.metrics_socket_file = /var/tmp/metrics_collector.sock log_opt_values /usr/lib/python3/dist-packages/oslo_config/cfg.py:2609
2026-06-01 01:40:23.818 70646 DEBUG oslo_service.service [-] oslo_messaging_metrics.metrics_thread_stop_timeout = 10 log_opt_values /usr/lib/python3/dist-packages/oslo_config/cfg.py:2609
2026-06-01 01:40:23.818 70646 DEBUG oslo_service.service [-] oslo_policy.enforce_new_defaults = False log_opt_values /usr/lib/python3/dist-packages/oslo_config/cfg.py:2609
2026-06-01 01:40:23.819 70646 DEBUG oslo_service.service [-] oslo_policy.enforce_scope = False log_opt_values /usr/lib/python3/dist-packages/oslo_config/cfg.py:2609
2026-06-01 01:40:23.819 70646 DEBUG oslo_service.service [-] oslo_policy.policy_default_rule = default log_opt_values /usr/lib/python3/dist-packages/oslo_config/cfg.py:2609
2026-06-01 01:40:23.819 70646 DEBUG oslo_service.service [-] oslo_policy.policy_dirs = ['policy.d'] log_opt_values /usr/lib/python3/dist-packages/oslo_config/cfg.py:2609
2026-06-01 01:40:23.819 70646 DEBUG oslo_service.service [-] oslo_policy.policy_file = policy.yaml log_opt_values /usr/lib/python3/dist-packages/oslo_config/cfg.py:2609
2026-06-01 01:40:23.820 70646 DEBUG oslo_service.service [-] oslo_policy.remote_content_type = application/x-www-form-urlencoded log_opt_values /usr/lib/python3/dist-packages/oslo_config/cfg.py:2609
2026-06-01 01:40:23.821 70646 DEBUG oslo_service.service [-] oslo_policy.remote_ssl_ca_crt_file = None log_opt_values /usr/lib/python3/dist-packages/oslo_config/cfg.py:2609
2026-06-01 01:40:23.821 70646 DEBUG oslo_service.service [-] oslo_policy.remote_ssl_client_crt_file = None log_opt_values /usr/lib/python3/dist-packages/oslo_config/cfg.py:2609
2026-06-01 01:40:23.821 70646 DEBUG oslo_service.service [-] oslo_policy.remote_ssl_client_key_file = None log_opt_values /usr/lib/python3/dist-packages/oslo_config/cfg.py:2609
2026-06-01 01:40:23.821 70646 DEBUG oslo_service.service [-] oslo_policy.remote_ssl_verify_server_crt = False log_opt_values /usr/lib/python3/dist-packages/oslo_config/cfg.py:2609
2026-06-01 01:40:23.822 70646 DEBUG oslo_service.service [-] trustee.auth_section = None log_opt_values /usr/lib/python3/dist-packages/oslo_config/cfg.py:2609
2026-06-01 01:40:23.823 70646 WARNING oslo_config.cfg [-] Deprecated: Option "auth_plugin" from group "trustee" is deprecated. Use option "auth_type" from group "trustee".
2026-06-01 01:40:23.824 70646 DEBUG oslo_service.service [-] trustee.auth_type = password log_opt_values /usr/lib/python3/dist-packages/oslo_config/cfg.py:2609
2026-06-01 01:40:23.826 70646 DEBUG oslo_service.service [-] oslo_versionedobjects.fatal_exception_format_errors = False log_opt_values /usr/lib/python3/dist-packages/oslo_config/cfg.py:2609
2026-06-01 01:40:23.826 70646 DEBUG oslo_service.service [-] oslo_messaging_rabbit.amqp_auto_delete = False log_opt_values /usr/lib/python3/dist-packages/oslo_config/cfg.py:2609
2026-06-01 01:40:23.826 70646 DEBUG oslo_service.service [-] oslo_messaging_rabbit.amqp_durable_queues = False log_opt_values /usr/lib/python3/dist-packages/oslo_config/cfg.py:2609
2026-06-01 01:40:23.826 70646 DEBUG oslo_service.service [-] oslo_messaging_rabbit.conn_pool_min_size = 2 log_opt_values /usr/lib/python3/dist-packages/oslo_config/cfg.py:2609
2026-06-01 01:40:23.826 70646 DEBUG oslo_service.service [-] oslo_messaging_rabbit.conn_pool_ttl = 1200 log_opt_values /usr/lib/python3/dist-packages/oslo_config/cfg.py:2609
2026-06-01 01:40:23.826 70646 DEBUG oslo_service.service [-] oslo_messaging_rabbit.direct_mandatory_flag = True log_opt_values /usr/lib/python3/dist-packages/oslo_config/cfg.py:2609
2026-06-01 01:40:23.826 70646 DEBUG oslo_service.service [-] oslo_messaging_rabbit.enable_cancel_on_failover = False log_opt_values /usr/lib/python3/dist-packages/oslo_config/cfg.py:2609
2026-06-01 01:40:23.827 70646 DEBUG oslo_service.service [-] oslo_messaging_rabbit.heartbeat_in_pthread = False log_opt_values /usr/lib/python3/dist-packages/oslo_config/cfg.py:2609
2026-06-01 01:40:23.828 70646 DEBUG oslo_service.service [-] oslo_messaging_rabbit.heartbeat_rate = 2 log_opt_values /usr/lib/python3/dist-packages/oslo_config/cfg.py:2609
2026-06-01 01:40:23.828 70646 DEBUG oslo_service.service [-] oslo_messaging_rabbit.heartbeat_timeout_threshold = 60 log_opt_values /usr/lib/python3/dist-packages/oslo_config/cfg.py:2609
2026-06-01 01:40:23.828 70646 DEBUG oslo_service.service [-] oslo_messaging_rabbit.kombu_compression = None log_opt_values /usr/lib/python3/dist-packages/oslo_config/cfg.py:2609
2026-06-01 01:40:23.829 70646 DEBUG oslo_service.service [-] oslo_messaging_rabbit.kombu_failover_strategy = round-robin log_opt_values /usr/lib/python3/dist-packages/oslo_config/cfg.py:2609
2026-06-01 01:40:23.829 70646 DEBUG oslo_service.service [-] oslo_messaging_rabbit.kombu_missing_consumer_retry_timeout = 60 log_opt_values /usr/lib/python3/dist-packages/oslo_config/cfg.py:2609
2026-06-01 01:40:23.829 70646 DEBUG oslo_service.service [-] oslo_messaging_rabbit.kombu_reconnect_delay = 1.0 log_opt_values /usr/lib/python3/dist-packages/oslo_config/cfg.py:2609
2026-06-01 01:40:23.829 70646 DEBUG oslo_service.service [-] oslo_messaging_rabbit.rabbit_ha_queues = False log_opt_values /usr/lib/python3/dist-packages/oslo_config/cfg.py:2609
2026-06-01 01:40:23.830 70646 DEBUG oslo_service.service [-] oslo_messaging_rabbit.rabbit_interval_max = 30 log_opt_values /usr/lib/python3/dist-packages/oslo_config/cfg.py:2609
2026-06-01 01:40:23.830 70646 DEBUG oslo_service.service [-] oslo_messaging_rabbit.rabbit_login_method = AMQPLAIN log_opt_values /usr/lib/python3/dist-packages/oslo_config/cfg.py:2609
2026-06-01 01:40:23.830 70646 DEBUG oslo_service.service [-] oslo_messaging_rabbit.rabbit_qos_prefetch_count = 0 log_opt_values /usr/lib/python3/dist-packages/oslo_config/cfg.py:2609
2026-06-01 01:40:23.830 70646 DEBUG oslo_service.service [-] oslo_messaging_rabbit.rabbit_quorum_queue = False log_opt_values /usr/lib/python3/dist-packages/oslo_config/cfg.py:2609
2026-06-01 01:40:23.830 70646 DEBUG oslo_service.service [-] oslo_messaging_rabbit.rabbit_retry_backoff = 2 log_opt_values /usr/lib/python3/dist-packages/oslo_config/cfg.py:2609
2026-06-01 01:40:23.830 70646 DEBUG oslo_service.service [-] oslo_messaging_rabbit.rabbit_retry_interval = 1 log_opt_values /usr/lib/python3/dist-packages/oslo_config/cfg.py:2609
2026-06-01 01:40:23.830 70646 DEBUG oslo_service.service [-] oslo_messaging_rabbit.rabbit_transient_queues_ttl = 1800 log_opt_values /usr/lib/python3/dist-packages/oslo_config/cfg.py:2609
2026-06-01 01:40:23.830 70646 DEBUG oslo_service.service [-] oslo_messaging_rabbit.rpc_conn_pool_size = 30 log_opt_values /usr/lib/python3/dist-packages/oslo_config/cfg.py:2609
2026-06-01 01:40:23.830 70646 DEBUG oslo_service.service [-] oslo_messaging_rabbit.ssl = False log_opt_values /usr/lib/python3/dist-packages/oslo_config/cfg.py:2609
2026-06-01 01:40:23.831 70646 DEBUG oslo_service.service [-] oslo_messaging_rabbit.ssl_ca_file = log_opt_values /usr/lib/python3/dist-packages/oslo_config/cfg.py:2609
2026-06-01 01:40:23.831 70646 DEBUG oslo_service.service [-] oslo_messaging_rabbit.ssl_cert_file = log_opt_values /usr/lib/python3/dist-packages/oslo_config/cfg.py:2609
2026-06-01 01:40:23.831 70646 DEBUG oslo_service.service [-] oslo_messaging_rabbit.ssl_key_file = log_opt_values /usr/lib/python3/dist-packages/oslo_config/cfg.py:2609
2026-06-01 01:40:23.831 70646 DEBUG oslo_service.service [-] oslo_messaging_rabbit.ssl_version = log_opt_values /usr/lib/python3/dist-packages/oslo_config/cfg.py:2609
2026-06-01 01:40:23.831 70646 DEBUG oslo_service.service [-] oslo_messaging_notifications.driver = [] log_opt_values /usr/lib/python3/dist-packages/oslo_config/cfg.py:2609
2026-06-01 01:40:23.831 70646 DEBUG oslo_service.service [-] oslo_messaging_notifications.retry = -1 log_opt_values /usr/lib/python3/dist-packages/oslo_config/cfg.py:2609
2026-06-01 01:40:23.831 70646 DEBUG oslo_service.service [-] oslo_messaging_notifications.topics = ['notifications'] log_opt_values /usr/lib/python3/dist-packages/oslo_config/cfg.py:2609
2026-06-01 01:40:23.832 70646 DEBUG oslo_service.service [-] oslo_messaging_notifications.transport_url = **** log_opt_values /usr/lib/python3/dist-packages/oslo_config/cfg.py:2609
2026-06-01 01:40:23.832 70646 DEBUG oslo_service.service [-] cache.backend = dogpile.cache.null log_opt_values /usr/lib/python3/dist-packages/oslo_config/cfg.py:2609
2026-06-01 01:40:23.832 70646 DEBUG oslo_service.service [-] cache.backend_argument = **** log_opt_values /usr/lib/python3/dist-packages/oslo_config/cfg.py:2609
2026-06-01 01:40:23.832 70646 DEBUG oslo_service.service [-] cache.config_prefix = cache.oslo log_opt_values /usr/lib/python3/dist-packages/oslo_config/cfg.py:2609
2026-06-01 01:40:23.832 70646 DEBUG oslo_service.service [-] cache.debug_cache_backend = False log_opt_values /usr/lib/python3/dist-packages/oslo_config/cfg.py:2609
2026-06-01 01:40:23.832 70646 DEBUG oslo_service.service [-] cache.enabled = False log_opt_values /usr/lib/python3/dist-packages/oslo_config/cfg.py:2609
2026-06-01 01:40:23.832 70646 DEBUG oslo_service.service [-] cache.expiration_time = 600 log_opt_values /usr/lib/python3/dist-packages/oslo_config/cfg.py:2609
2026-06-01 01:40:23.833 70646 DEBUG oslo_service.service [-] cache.memcache_dead_retry = 300 log_opt_values /usr/lib/python3/dist-packages/oslo_config/cfg.py:2609
2026-06-01 01:40:23.833 70646 DEBUG oslo_service.service [-] cache.memcache_pool_connection_get_timeout = 10 log_opt_values /usr/lib/python3/dist-packages/oslo_config/cfg.py:2609
2026-06-01 01:40:23.833 70646 DEBUG oslo_service.service [-] cache.memcache_pool_flush_on_reconnect = False log_opt_values /usr/lib/python3/dist-packages/oslo_config/cfg.py:2609
2026-06-01 01:40:23.833 70646 DEBUG oslo_service.service [-] cache.memcache_pool_maxsize = 10 log_opt_values /usr/lib/python3/dist-packages/oslo_config/cfg.py:2609
2026-06-01 01:40:23.833 70646 DEBUG oslo_service.service [-] cache.memcache_pool_unused_timeout = 60 log_opt_values /usr/lib/python3/dist-packages/oslo_config/cfg.py:2609
2026-06-01 01:40:23.833 70646 DEBUG oslo_service.service [-] cache.memcache_servers = ['localhost:11211'] log_opt_values /usr/lib/python3/dist-packages/oslo_config/cfg.py:2609
2026-06-01 01:40:23.833 70646 DEBUG oslo_service.service [-] cache.memcache_socket_timeout = 1.0 log_opt_values /usr/lib/python3/dist-packages/oslo_config/cfg.py:2609
2026-06-01 01:40:23.833 70646 DEBUG oslo_service.service [-] cache.proxies = [] log_opt_values /usr/lib/python3/dist-packages/oslo_config/cfg.py:2609
2026-06-01 01:40:23.834 70646 DEBUG oslo_service.service [-] cache.tls_allowed_ciphers = None log_opt_values /usr/lib/python3/dist-packages/oslo_config/cfg.py:2609
2026-06-01 01:40:23.834 70646 DEBUG oslo_service.service [-] cache.tls_cafile = None log_opt_values /usr/lib/python3/dist-packages/oslo_config/cfg.py:2609
2026-06-01 01:40:23.834 70646 DEBUG oslo_service.service [-] cache.tls_certfile = None log_opt_values /usr/lib/python3/dist-packages/oslo_config/cfg.py:2609
2026-06-01 01:40:23.834 70646 DEBUG oslo_service.service [-] cache.tls_enabled = False log_opt_values /usr/lib/python3/dist-packages/oslo_config/cfg.py:2609
2026-06-01 01:40:23.834 70646 DEBUG oslo_service.service [-] cache.tls_keyfile = None log_opt_values /usr/lib/python3/dist-packages/oslo_config/cfg.py:2609
2026-06-01 01:40:23.836 70646 DEBUG oslo_service.service [-] constraint_validation_cache.caching = True log_opt_values /usr/lib/python3/dist-packages/oslo_config/cfg.py:2609
2026-06-01 01:40:23.836 70646 DEBUG oslo_service.service [-] constraint_validation_cache.expiration_time = 60 log_opt_values /usr/lib/python3/dist-packages/oslo_config/cfg.py:2609
2026-06-01 01:40:23.836 70646 DEBUG oslo_service.service [-] service_extension_cache.caching = True log_opt_values /usr/lib/python3/dist-packages/oslo_config/cfg.py:2609
2026-06-01 01:40:23.836 70646 DEBUG oslo_service.service [-] service_extension_cache.expiration_time = 3600 log_opt_values /usr/lib/python3/dist-packages/oslo_config/cfg.py:2609
2026-06-01 01:40:23.836 70646 DEBUG oslo_service.service [-] resource_finder_cache.caching = True log_opt_values /usr/lib/python3/dist-packages/oslo_config/cfg.py:2609
2026-06-01 01:40:23.836 70646 DEBUG oslo_service.service [-] resource_finder_cache.expiration_time = 3600 log_opt_values /usr/lib/python3/dist-packages/oslo_config/cfg.py:2609
2026-06-01 01:40:23.836 70646 DEBUG oslo_service.service [-] yaql.limit_iterators = 200 log_opt_values /usr/lib/python3/dist-packages/oslo_config/cfg.py:2609
2026-06-01 01:40:23.837 70646 DEBUG oslo_service.service [-] yaql.memory_quota = 10000 log_opt_values /usr/lib/python3/dist-packages/oslo_config/cfg.py:2609
2026-06-01 01:40:23.837 70646 DEBUG oslo_service.service [-] ******************************************************************************** log_opt_values /usr/lib/python3/dist-packages/oslo_config/cfg.py:2613
2026-06-01 01:40:23.855 70993 DEBUG oslo_db.sqlalchemy.engines [req-5368e2d2-494e-4503-8afe-291ca98ae111 - - - - -] MySQL server mode set to STRICT_TRANS_TABLES,STRICT_ALL_TABLES,NO_ZERO_IN_DATE,NO_ZERO_DATE,ERROR_FOR_DIVISION_BY_ZERO,TRADITIONAL,NO_ENGINE_SUBSTITUTION _check_effective_sql_mode /usr/lib/python3/dist-packages/oslo_db/sqlalchemy/engines.py:314
2026-06-01 01:40:23.856 70995 DEBUG oslo_db.sqlalchemy.engines [req-5deec2c0-166f-4148-9bb9-d49fd3998979 - - - - -] MySQL server mode set to STRICT_TRANS_TABLES,STRICT_ALL_TABLES,NO_ZERO_IN_DATE,NO_ZERO_DATE,ERROR_FOR_DIVISION_BY_ZERO,TRADITIONAL,NO_ENGINE_SUBSTITUTION _check_effective_sql_mode /usr/lib/python3/dist-packages/oslo_db/sqlalchemy/engines.py:314
2026-06-01 01:40:23.870 70992 DEBUG oslo_db.sqlalchemy.engines [req-fe10a57a-49cd-4a63-933b-db489199ee52 - - - - -] MySQL server mode set to STRICT_TRANS_TABLES,STRICT_ALL_TABLES,NO_ZERO_IN_DATE,NO_ZERO_DATE,ERROR_FOR_DIVISION_BY_ZERO,TRADITIONAL,NO_ENGINE_SUBSTITUTION _check_effective_sql_mode /usr/lib/python3/dist-packages/oslo_db/sqlalchemy/engines.py:314
2026-06-01 01:40:23.876 70994 DEBUG oslo_db.sqlalchemy.engines [req-81e5cd73-6ce2-4051-a574-82bb416cb08f - - - - -] MySQL server mode set to STRICT_TRANS_TABLES,STRICT_ALL_TABLES,NO_ZERO_IN_DATE,NO_ZERO_DATE,ERROR_FOR_DIVISION_BY_ZERO,TRADITIONAL,NO_ENGINE_SUBSTITUTION _check_effective_sql_mode /usr/lib/python3/dist-packages/oslo_db/sqlalchemy/engines.py:314
2026-06-01 01:40:23.941 70993 DEBUG heat.engine.service [req-927f2605-c88a-4421-888a-dce645154425 - - - - -] Service b89fc76c-dd46-4338-abb9-b44c7ac12f84 is started service_manage_report /usr/lib/python3/dist-packages/heat/engine/service.py:2363
2026-06-01 01:40:23.949 70992 DEBUG heat.engine.service [req-b26cb1f5-9c18-423c-beda-b45c16076827 - - - - -] Service 5e484e23-97d7-466d-960f-d8d7a3a3fe04 is started service_manage_report /usr/lib/python3/dist-packages/heat/engine/service.py:2363
2026-06-01 01:40:23.949 70994 DEBUG heat.engine.service [req-52cb937d-156e-4c26-abf2-95b3a3c86021 - - - - -] Service fe948f14-07c3-402b-89d8-58bcccb8df31 is started service_manage_report /usr/lib/python3/dist-packages/heat/engine/service.py:2363
2026-06-01 01:40:23.953 70995 DEBUG heat.engine.service [req-33593ef5-8a12-440a-bdb2-f8bb9aec80ad - - - - -] Service ee700f46-3778-46f2-b290-3d349e930a7d is started service_manage_report /usr/lib/python3/dist-packages/heat/engine/service.py:2363
2026-06-01 01:40:23.970 70993 DEBUG heat.engine.service [req-927f2605-c88a-4421-888a-dce645154425 - - - - -] Service b89fc76c-dd46-4338-abb9-b44c7ac12f84 is updated service_manage_report /usr/lib/python3/dist-packages/heat/engine/service.py:2370
2026-06-01 01:40:23.973 70995 DEBUG heat.engine.service [req-33593ef5-8a12-440a-bdb2-f8bb9aec80ad - - - - -] Service ee700f46-3778-46f2-b290-3d349e930a7d is updated service_manage_report /usr/lib/python3/dist-packages/heat/engine/service.py:2370
2026-06-01 01:40:23.973 70992 DEBUG heat.engine.service [req-b26cb1f5-9c18-423c-beda-b45c16076827 - - - - -] Service 5e484e23-97d7-466d-960f-d8d7a3a3fe04 is updated service_manage_report /usr/lib/python3/dist-packages/heat/engine/service.py:2370
2026-06-01 01:40:23.976 70994 DEBUG heat.engine.service [req-52cb937d-156e-4c26-abf2-95b3a3c86021 - - - - -] Service fe948f14-07c3-402b-89d8-58bcccb8df31 is updated service_manage_report /usr/lib/python3/dist-packages/heat/engine/service.py:2370
2026-06-01 01:41:23.939 70993 DEBUG heat.engine.service [req-b1c869f3-086d-4120-ab44-2466732f994a - - - - -] Service b89fc76c-dd46-4338-abb9-b44c7ac12f84 is updated service_manage_report /usr/lib/python3/dist-packages/heat/engine/service.py:2370
2026-06-01 01:41:23.941 70995 DEBUG heat.engine.service [req-95361d31-6d45-49d4-9120-580a945b6e37 - - - - -] Service ee700f46-3778-46f2-b290-3d349e930a7d is updated service_manage_report /usr/lib/python3/dist-packages/heat/engine/service.py:2370
2026-06-01 01:41:23.947 70992 DEBUG heat.engine.service [req-b6a97562-3e87-43b7-aede-f7ec619ca02e - - - - -] Service 5e484e23-97d7-466d-960f-d8d7a3a3fe04 is updated service_manage_report /usr/lib/python3/dist-packages/heat/engine/service.py:2370
2026-06-01 01:41:23.952 70994 DEBUG heat.engine.service [req-1a8073e6-e44a-436f-b5a7-638de025d247 - - - - -] Service fe948f14-07c3-402b-89d8-58bcccb8df31 is updated service_manage_report /usr/lib/python3/dist-packages/heat/engine/service.py:2370
2026-06-01 01:42:23.939 70993 DEBUG heat.engine.service [req-3efaad9e-0463-4755-9114-5a83cc8d0df1 - - - - -] Service b89fc76c-dd46-4338-abb9-b44c7ac12f84 is updated service_manage_report /usr/lib/python3/dist-packages/heat/engine/service.py:2370
2026-06-01 01:42:23.942 70992 DEBUG heat.engine.service [req-34330665-2726-45b9-a829-e0264d8b9ea0 - - - - -] Service 5e484e23-97d7-466d-960f-d8d7a3a3fe04 is updated service_manage_report /usr/lib/python3/dist-packages/heat/engine/service.py:2370
2026-06-01 01:42:23.942 70994 DEBUG heat.engine.service [req-d21d4562-8165-4dbc-87fb-88f4f3d92f6e - - - - -] Service fe948f14-07c3-402b-89d8-58bcccb8df31 is updated service_manage_report /usr/lib/python3/dist-packages/heat/engine/service.py:2370
2026-06-01 01:42:23.942 70995 DEBUG heat.engine.service [req-a68f343a-0c82-4e9f-a4c0-68aaa4fb26ac - - - - -] Service ee700f46-3778-46f2-b290-3d349e930a7d is updated service_manage_report /usr/lib/python3/dist-packages/heat/engine/service.py:2370
2026-06-01 01:43:23.937 70993 DEBUG heat.engine.service [req-60f101ee-4141-42cc-979e-e8e1bbe25ee0 - - - - -] Service b89fc76c-dd46-4338-abb9-b44c7ac12f84 is updated service_manage_report /usr/lib/python3/dist-packages/heat/engine/service.py:2370
2026-06-01 01:43:23.940 70994 DEBUG heat.engine.service [req-3bf6dc12-2f37-43a7-abb9-65800dfbf4f6 - - - - -] Service fe948f14-07c3-402b-89d8-58bcccb8df31 is updated service_manage_report /usr/lib/python3/dist-packages/heat/engine/service.py:2370
2026-06-01 01:43:23.940 70995 DEBUG heat.engine.service [req-a4bf55dc-916c-49fd-a89d-b38c111f9403 - - - - -] Service ee700f46-3778-46f2-b290-3d349e930a7d is updated service_manage_report /usr/lib/python3/dist-packages/heat/engine/service.py:2370
2026-06-01 01:43:23.946 70992 DEBUG heat.engine.service [req-faf0456b-eae0-43bd-ac55-2b7b3414cc5e - - - - -] Service 5e484e23-97d7-466d-960f-d8d7a3a3fe04 is updated service_manage_report /usr/lib/python3/dist-packages/heat/engine/service.py:2370
2026-06-01 01:44:23.935 70993 DEBUG heat.engine.service [req-61282209-24e5-464c-b50d-0f864584c8b9 - - - - -] Service b89fc76c-dd46-4338-abb9-b44c7ac12f84 is updated service_manage_report /usr/lib/python3/dist-packages/heat/engine/service.py:2370
2026-06-01 01:44:23.939 70994 DEBUG heat.engine.service [req-2960491b-b3a2-4ace-8f6e-f9d79cfa1a6d - - - - -] Service fe948f14-07c3-402b-89d8-58bcccb8df31 is updated service_manage_report /usr/lib/python3/dist-packages/heat/engine/service.py:2370
2026-06-01 01:44:23.939 70995 DEBUG heat.engine.service [req-a0403713-d12d-4d60-b1ff-b2d5c28e7e87 - - - - -] Service ee700f46-3778-46f2-b290-3d349e930a7d is updated service_manage_report /usr/lib/python3/dist-packages/heat/engine/service.py:2370
2026-06-01 01:44:23.949 70992 DEBUG heat.engine.service [req-45245339-c778-460b-b946-99365bf092e4 - - - - -] Service 5e484e23-97d7-466d-960f-d8d7a3a3fe04 is updated service_manage_report /usr/lib/python3/dist-packages/heat/engine/service.py:2370
2026-06-01 01:45:23.931 70993 DEBUG heat.engine.service [req-6cbf2073-cf96-4632-aa2b-c04006ccf069 - - - - -] Service b89fc76c-dd46-4338-abb9-b44c7ac12f84 is updated service_manage_report /usr/lib/python3/dist-packages/heat/engine/service.py:2370
2026-06-01 01:45:23.936 70995 DEBUG heat.engine.service [req-fa50adcf-2275-4d71-853d-681c741ffbc0 - - - - -] Service ee700f46-3778-46f2-b290-3d349e930a7d is updated service_manage_report /usr/lib/python3/dist-packages/heat/engine/service.py:2370
2026-06-01 01:45:23.936 70994 DEBUG heat.engine.service [req-51fa4281-3a82-4166-908a-55ea76fbfec5 - - - - -] Service fe948f14-07c3-402b-89d8-58bcccb8df31 is updated service_manage_report /usr/lib/python3/dist-packages/heat/engine/service.py:2370
2026-06-01 01:45:23.960 70992 DEBUG heat.engine.service [req-f19a7dd4-a7fe-41f4-ad80-dca5b02102fd - - - - -] Service 5e484e23-97d7-466d-960f-d8d7a3a3fe04 is updated service_manage_report /usr/lib/python3/dist-packages/heat/engine/service.py:2370
2026-06-01 01:46:23.929 70993 DEBUG heat.engine.service [req-a6e1f6f2-1ffa-439e-8657-d261b333ed7b - - - - -] Service b89fc76c-dd46-4338-abb9-b44c7ac12f84 is updated service_manage_report /usr/lib/python3/dist-packages/heat/engine/service.py:2370
2026-06-01 01:46:23.936 70994 DEBUG heat.engine.service [req-7baa2342-5d7d-4458-9df4-f66bcbf8c3c9 - - - - -] Service fe948f14-07c3-402b-89d8-58bcccb8df31 is updated service_manage_report /usr/lib/python3/dist-packages/heat/engine/service.py:2370
2026-06-01 01:46:23.938 70995 DEBUG heat.engine.service [req-52413e20-2d20-4c37-a48e-ee130dfddfe4 - - - - -] Service ee700f46-3778-46f2-b290-3d349e930a7d is updated service_manage_report /usr/lib/python3/dist-packages/heat/engine/service.py:2370
2026-06-01 01:46:23.954 70992 DEBUG heat.engine.service [req-a359632c-567a-4989-bf9c-9481cfc1d835 - - - - -] Service 5e484e23-97d7-466d-960f-d8d7a3a3fe04 is updated service_manage_report /usr/lib/python3/dist-packages/heat/engine/service.py:2370
2026-06-01 01:47:23.925 70993 DEBUG heat.engine.service [req-01df44b8-3326-402c-8d95-608bce058d7d - - - - -] Service b89fc76c-dd46-4338-abb9-b44c7ac12f84 is updated service_manage_report /usr/lib/python3/dist-packages/heat/engine/service.py:2370
2026-06-01 01:47:23.932 70994 DEBUG heat.engine.service [req-14f33d81-03fe-4ca7-87b1-38bc8f67e36d - - - - -] Service fe948f14-07c3-402b-89d8-58bcccb8df31 is updated service_manage_report /usr/lib/python3/dist-packages/heat/engine/service.py:2370
2026-06-01 01:47:23.934 70995 DEBUG heat.engine.service [req-9fa0cf62-61e8-4ae3-96db-10630770b20f - - - - -] Service ee700f46-3778-46f2-b290-3d349e930a7d is updated service_manage_report /usr/lib/python3/dist-packages/heat/engine/service.py:2370
2026-06-01 01:47:23.962 70992 DEBUG heat.engine.service [req-cce4c884-1611-48a0-9894-bf516ba59e59 - - - - -] Service 5e484e23-97d7-466d-960f-d8d7a3a3fe04 is updated service_manage_report /usr/lib/python3/dist-packages/heat/engine/service.py:2370
2026-06-01 01:48:23.920 70993 DEBUG heat.engine.service [req-9c4a0f5d-fae6-493d-b47a-c8a59e229a65 - - - - -] Service b89fc76c-dd46-4338-abb9-b44c7ac12f84 is updated service_manage_report /usr/lib/python3/dist-packages/heat/engine/service.py:2370
2026-06-01 01:48:23.927 70994 DEBUG heat.engine.service [req-f766e5c4-d97f-44da-b17d-576b8732bea5 - - - - -] Service fe948f14-07c3-402b-89d8-58bcccb8df31 is updated service_manage_report /usr/lib/python3/dist-packages/heat/engine/service.py:2370
2026-06-01 01:48:23.942 70995 DEBUG heat.engine.service [req-b815acc5-fa32-4082-8be5-e83f9bc4cd08 - - - - -] Service ee700f46-3778-46f2-b290-3d349e930a7d is updated service_manage_report /usr/lib/python3/dist-packages/heat/engine/service.py:2370
2026-06-01 01:48:23.960 70992 DEBUG heat.engine.service [req-5a7e645c-367f-4249-9afa-987274c2cd88 - - - - -] Service 5e484e23-97d7-466d-960f-d8d7a3a3fe04 is updated service_manage_report /usr/lib/python3/dist-packages/heat/engine/service.py:2370
2026-06-01 01:49:23.926 70993 DEBUG heat.engine.service [req-1484101b-9cc0-4de0-ae37-36fd3368900b - - - - -] Service b89fc76c-dd46-4338-abb9-b44c7ac12f84 is updated service_manage_report /usr/lib/python3/dist-packages/heat/engine/service.py:2370
2026-06-01 01:49:23.933 70994 DEBUG heat.engine.service [req-00fbdfd6-5288-4fa7-8e1c-338a2263b005 - - - - -] Service fe948f14-07c3-402b-89d8-58bcccb8df31 is updated service_manage_report /usr/lib/python3/dist-packages/heat/engine/service.py:2370
2026-06-01 01:49:23.936 70995 DEBUG heat.engine.service [req-a215196b-4dc6-4637-9df6-cea98886ec3a - - - - -] Service ee700f46-3778-46f2-b290-3d349e930a7d is updated service_manage_report /usr/lib/python3/dist-packages/heat/engine/service.py:2370
2026-06-01 01:49:23.955 70992 DEBUG heat.engine.service [req-2cd06662-4cb2-4f6c-a0c3-5c7a84edeb3e - - - - -] Service 5e484e23-97d7-466d-960f-d8d7a3a3fe04 is updated service_manage_report /usr/lib/python3/dist-packages/heat/engine/service.py:2370
2026-06-01 01:50:23.923 70993 DEBUG heat.engine.service [req-f9751503-d5e9-49bd-a4a4-4f5783a55487 - - - - -] Service b89fc76c-dd46-4338-abb9-b44c7ac12f84 is updated service_manage_report /usr/lib/python3/dist-packages/heat/engine/service.py:2370
2026-06-01 01:50:23.932 70994 DEBUG heat.engine.service [req-4ce3d567-7f22-42a4-81fa-11a8c7d79869 - - - - -] Service fe948f14-07c3-402b-89d8-58bcccb8df31 is updated service_manage_report /usr/lib/python3/dist-packages/heat/engine/service.py:2370
2026-06-01 01:50:23.943 70995 DEBUG heat.engine.service [req-4f61637a-663e-42d6-9ddb-33a0d9dca5f1 - - - - -] Service ee700f46-3778-46f2-b290-3d349e930a7d is updated service_manage_report /usr/lib/python3/dist-packages/heat/engine/service.py:2370
2026-06-01 01:50:23.959 70992 DEBUG heat.engine.service [req-9f17a46f-b3da-4203-ae96-c0e4b5a7e5df - - - - -] Service 5e484e23-97d7-466d-960f-d8d7a3a3fe04 is updated service_manage_report /usr/lib/python3/dist-packages/heat/engine/service.py:2370
2026-06-01 01:51:23.923 70993 DEBUG heat.engine.service [req-75c8b498-a01c-4229-bb22-b33f2c81e06d - - - - -] Service b89fc76c-dd46-4338-abb9-b44c7ac12f84 is updated service_manage_report /usr/lib/python3/dist-packages/heat/engine/service.py:2370
2026-06-01 01:51:23.931 70994 DEBUG heat.engine.service [req-543dcb05-6cd0-4d6d-acbb-5816fd4d202f - - - - -] Service fe948f14-07c3-402b-89d8-58bcccb8df31 is updated service_manage_report /usr/lib/python3/dist-packages/heat/engine/service.py:2370
2026-06-01 01:51:23.944 70995 DEBUG heat.engine.service [req-7602549e-26f2-404f-8d1a-ccba09a43cd9 - - - - -] Service ee700f46-3778-46f2-b290-3d349e930a7d is updated service_manage_report /usr/lib/python3/dist-packages/heat/engine/service.py:2370
2026-06-01 01:51:23.968 70992 DEBUG heat.engine.service [req-881fa3a6-81d2-4292-b24b-b6dc13edbba7 - - - - -] Service 5e484e23-97d7-466d-960f-d8d7a3a3fe04 is updated service_manage_report /usr/lib/python3/dist-packages/heat/engine/service.py:2370
2026-06-01 01:52:23.925 70993 DEBUG heat.engine.service [req-1d4ff435-b778-484c-83ee-bc469660ba70 - - - - -] Service b89fc76c-dd46-4338-abb9-b44c7ac12f84 is updated service_manage_report /usr/lib/python3/dist-packages/heat/engine/service.py:2370
2026-06-01 01:52:23.929 70994 DEBUG heat.engine.service [req-c2a9f111-513f-461d-8bda-8b46467d8354 - - - - -] Service fe948f14-07c3-402b-89d8-58bcccb8df31 is updated service_manage_report /usr/lib/python3/dist-packages/heat/engine/service.py:2370
2026-06-01 01:52:23.942 70995 DEBUG heat.engine.service [req-163a17d7-6bbd-4fed-b52a-01c0c7cfe592 - - - - -] Service ee700f46-3778-46f2-b290-3d349e930a7d is updated service_manage_report /usr/lib/python3/dist-packages/heat/engine/service.py:2370
2026-06-01 01:52:23.965 70992 DEBUG heat.engine.service [req-16a41e69-5b87-4e21-8297-9feeef8fd070 - - - - -] Service 5e484e23-97d7-466d-960f-d8d7a3a3fe04 is updated service_manage_report /usr/lib/python3/dist-packages/heat/engine/service.py:2370
2026-06-01 01:53:23.923 70993 DEBUG heat.engine.service [req-c5198936-261c-46ce-9b9e-aad4ea2ccfb8 - - - - -] Service b89fc76c-dd46-4338-abb9-b44c7ac12f84 is updated service_manage_report /usr/lib/python3/dist-packages/heat/engine/service.py:2370
2026-06-01 01:53:23.925 70994 DEBUG heat.engine.service [req-be8a79b0-9c6a-46c6-8c2d-82a39a6008a7 - - - - -] Service fe948f14-07c3-402b-89d8-58bcccb8df31 is updated service_manage_report /usr/lib/python3/dist-packages/heat/engine/service.py:2370
2026-06-01 01:53:23.939 70995 DEBUG heat.engine.service [req-d524c1a2-0ba7-4d63-9333-6f612e8dac87 - - - - -] Service ee700f46-3778-46f2-b290-3d349e930a7d is updated service_manage_report /usr/lib/python3/dist-packages/heat/engine/service.py:2370
2026-06-01 01:53:23.961 70992 DEBUG heat.engine.service [req-dedcf3b9-6574-4201-b0b9-0082934aceae - - - - -] Service 5e484e23-97d7-466d-960f-d8d7a3a3fe04 is updated service_manage_report /usr/lib/python3/dist-packages/heat/engine/service.py:2370
2026-06-01 01:54:23.922 70994 DEBUG heat.engine.service [req-f0e8a988-0361-42af-835c-318dbb864d3b - - - - -] Service fe948f14-07c3-402b-89d8-58bcccb8df31 is updated service_manage_report /usr/lib/python3/dist-packages/heat/engine/service.py:2370
2026-06-01 01:54:23.921 70993 DEBUG heat.engine.service [req-4888f648-07e1-49ac-a8fa-6e92f9155a29 - - - - -] Service b89fc76c-dd46-4338-abb9-b44c7ac12f84 is updated service_manage_report /usr/lib/python3/dist-packages/heat/engine/service.py:2370
2026-06-01 01:54:23.934 70995 DEBUG heat.engine.service [req-45db0bd4-3b2c-43cd-a6b6-3a4f41424560 - - - - -] Service ee700f46-3778-46f2-b290-3d349e930a7d is updated service_manage_report /usr/lib/python3/dist-packages/heat/engine/service.py:2370
2026-06-01 01:54:23.965 70992 DEBUG heat.engine.service [req-68fed25b-0bc1-456d-94a9-ef0ddff6a550 - - - - -] Service 5e484e23-97d7-466d-960f-d8d7a3a3fe04 is updated service_manage_report /usr/lib/python3/dist-packages/heat/engine/service.py:2370
2026-06-01 01:55:23.920 70994 DEBUG heat.engine.service [req-9c04c6bd-6c6c-499d-a2a0-6ae3f90b2d96 - - - - -] Service fe948f14-07c3-402b-89d8-58bcccb8df31 is updated service_manage_report /usr/lib/python3/dist-packages/heat/engine/service.py:2370
2026-06-01 01:55:23.920 70993 DEBUG heat.engine.service [req-eaf22f37-b008-453d-98d2-d98530946a8b - - - - -] Service b89fc76c-dd46-4338-abb9-b44c7ac12f84 is updated service_manage_report /usr/lib/python3/dist-packages/heat/engine/service.py:2370
2026-06-01 01:55:23.942 70995 DEBUG heat.engine.service [req-d8055ccb-8a1d-4a3e-a9bb-aa577db1919e - - - - -] Service ee700f46-3778-46f2-b290-3d349e930a7d is updated service_manage_report /usr/lib/python3/dist-packages/heat/engine/service.py:2370
2026-06-01 01:55:23.973 70992 DEBUG heat.engine.service [req-9fc14daf-a4a9-4efe-877c-c0c776ac5bca - - - - -] Service 5e484e23-97d7-466d-960f-d8d7a3a3fe04 is updated service_manage_report /usr/lib/python3/dist-packages/heat/engine/service.py:2370
2026-06-01 01:56:23.918 70993 DEBUG heat.engine.service [req-64ea1de0-95a5-475e-b06d-d7ad868a8b18 - - - - -] Service b89fc76c-dd46-4338-abb9-b44c7ac12f84 is updated service_manage_report /usr/lib/python3/dist-packages/heat/engine/service.py:2370
2026-06-01 01:56:23.920 70994 DEBUG heat.engine.service [req-c95df524-2d98-4645-8aca-b4e5af0213cb - - - - -] Service fe948f14-07c3-402b-89d8-58bcccb8df31 is updated service_manage_report /usr/lib/python3/dist-packages/heat/engine/service.py:2370
2026-06-01 01:56:23.938 70995 DEBUG heat.engine.service [req-da39ded8-f2c2-42cc-8b57-c6c0cf572118 - - - - -] Service ee700f46-3778-46f2-b290-3d349e930a7d is updated service_manage_report /usr/lib/python3/dist-packages/heat/engine/service.py:2370
2026-06-01 01:56:23.971 70992 DEBUG heat.engine.service [req-2f16dc27-0b01-4971-ba34-17f64e4fc8ad - - - - -] Service 5e484e23-97d7-466d-960f-d8d7a3a3fe04 is updated service_manage_report /usr/lib/python3/dist-packages/heat/engine/service.py:2370
2026-06-01 01:57:23.914 70994 DEBUG heat.engine.service [req-151017f6-fe7d-4f53-b31c-70a2a14094b9 - - - - -] Service fe948f14-07c3-402b-89d8-58bcccb8df31 is updated service_manage_report /usr/lib/python3/dist-packages/heat/engine/service.py:2370
2026-06-01 01:57:23.917 70993 DEBUG heat.engine.service [req-c8b0f44f-6ea0-43e1-b27b-cb4366b6813c - - - - -] Service b89fc76c-dd46-4338-abb9-b44c7ac12f84 is updated service_manage_report /usr/lib/python3/dist-packages/heat/engine/service.py:2370
2026-06-01 01:57:23.935 70995 DEBUG heat.engine.service [req-5d67ee2a-c195-4a66-a5ca-d0edf4aebd4d - - - - -] Service ee700f46-3778-46f2-b290-3d349e930a7d is updated service_manage_report /usr/lib/python3/dist-packages/heat/engine/service.py:2370
2026-06-01 01:57:23.966 70992 DEBUG heat.engine.service [req-876a170b-0e47-4a0b-a648-59aca2f03417 - - - - -] Service 5e484e23-97d7-466d-960f-d8d7a3a3fe04 is updated service_manage_report /usr/lib/python3/dist-packages/heat/engine/service.py:2370
2026-06-01 01:58:23.915 70993 DEBUG heat.engine.service [req-5a816ae4-c30c-4912-83e0-6adb260894fa - - - - -] Service b89fc76c-dd46-4338-abb9-b44c7ac12f84 is updated service_manage_report /usr/lib/python3/dist-packages/heat/engine/service.py:2370
2026-06-01 01:58:23.923 70994 DEBUG heat.engine.service [req-0bb58044-4f4c-45e5-87f4-0639d2c87c85 - - - - -] Service fe948f14-07c3-402b-89d8-58bcccb8df31 is updated service_manage_report /usr/lib/python3/dist-packages/heat/engine/service.py:2370
2026-06-01 01:58:23.933 70995 DEBUG heat.engine.service [req-6456cb37-7ca6-47fc-a573-a006e13b12fd - - - - -] Service ee700f46-3778-46f2-b290-3d349e930a7d is updated service_manage_report /usr/lib/python3/dist-packages/heat/engine/service.py:2370
2026-06-01 01:58:23.965 70992 DEBUG heat.engine.service [req-8e147dba-d8ff-42b3-92f6-779c907910a8 - - - - -] Service 5e484e23-97d7-466d-960f-d8d7a3a3fe04 is updated service_manage_report /usr/lib/python3/dist-packages/heat/engine/service.py:2370
2026-06-01 01:59:23.914 70993 DEBUG heat.engine.service [req-bb671a10-27b7-44a5-b913-0d0e4fafad79 - - - - -] Service b89fc76c-dd46-4338-abb9-b44c7ac12f84 is updated service_manage_report /usr/lib/python3/dist-packages/heat/engine/service.py:2370
2026-06-01 01:59:23.919 70994 DEBUG heat.engine.service [req-5c02c7c4-db60-44fd-a509-3d15be047aff - - - - -] Service fe948f14-07c3-402b-89d8-58bcccb8df31 is updated service_manage_report /usr/lib/python3/dist-packages/heat/engine/service.py:2370
2026-06-01 01:59:23.931 70995 DEBUG heat.engine.service [req-270f4852-9d0d-416f-9a1c-3b354f876209 - - - - -] Service ee700f46-3778-46f2-b290-3d349e930a7d is updated service_manage_report /usr/lib/python3/dist-packages/heat/engine/service.py:2370
2026-06-01 01:59:23.961 70992 DEBUG heat.engine.service [req-576bbd57-5501-45c8-aac3-aed8c50a371f - - - - -] Service 5e484e23-97d7-466d-960f-d8d7a3a3fe04 is updated service_manage_report /usr/lib/python3/dist-packages/heat/engine/service.py:2370
2026-06-01 02:00:23.912 70993 DEBUG heat.engine.service [req-f390445a-f8c6-4bbc-8f62-90edd662e365 - - - - -] Service b89fc76c-dd46-4338-abb9-b44c7ac12f84 is updated service_manage_report /usr/lib/python3/dist-packages/heat/engine/service.py:2370
2026-06-01 02:00:23.915 70994 DEBUG heat.engine.service [req-b3a05966-fbbb-4ceb-b285-a167f59385d8 - - - - -] Service fe948f14-07c3-402b-89d8-58bcccb8df31 is updated service_manage_report /usr/lib/python3/dist-packages/heat/engine/service.py:2370
2026-06-01 02:00:23.927 70995 DEBUG heat.engine.service [req-a68cd90c-f47d-4d20-a608-d203099149de - - - - -] Service ee700f46-3778-46f2-b290-3d349e930a7d is updated service_manage_report /usr/lib/python3/dist-packages/heat/engine/service.py:2370
2026-06-01 02:00:23.963 70992 DEBUG heat.engine.service [req-3a2f4ccd-c348-445b-8811-0ac8e3ccdcba - - - - -] Service 5e484e23-97d7-466d-960f-d8d7a3a3fe04 is updated service_manage_report /usr/lib/python3/dist-packages/heat/engine/service.py:2370
2026-06-01 02:01:23.919 70994 DEBUG heat.engine.service [req-fc6d6646-7de2-4724-99d0-b5aaad01e3f1 - - - - -] Service fe948f14-07c3-402b-89d8-58bcccb8df31 is updated service_manage_report /usr/lib/python3/dist-packages/heat/engine/service.py:2370
2026-06-01 02:01:23.925 70993 DEBUG heat.engine.service [req-a294e289-7702-40e4-820a-c63caca8754a - - - - -] Service b89fc76c-dd46-4338-abb9-b44c7ac12f84 is updated service_manage_report /usr/lib/python3/dist-packages/heat/engine/service.py:2370
2026-06-01 02:01:23.930 70995 DEBUG heat.engine.service [req-f8eb0db0-4faa-4f2d-9c9c-17fdcd1b8307 - - - - -] Service ee700f46-3778-46f2-b290-3d349e930a7d is updated service_manage_report /usr/lib/python3/dist-packages/heat/engine/service.py:2370
2026-06-01 02:01:23.974 70992 DEBUG heat.engine.service [req-862632ae-91e1-46b7-b27e-a1ef27f79c8e - - - - -] Service 5e484e23-97d7-466d-960f-d8d7a3a3fe04 is updated service_manage_report /usr/lib/python3/dist-packages/heat/engine/service.py:2370
2026-06-01 02:02:23.911 70993 DEBUG heat.engine.service [req-48e76519-fd51-4a2e-a018-63b746c0dc8a - - - - -] Service b89fc76c-dd46-4338-abb9-b44c7ac12f84 is updated service_manage_report /usr/lib/python3/dist-packages/heat/engine/service.py:2370
2026-06-01 02:02:23.918 70994 DEBUG heat.engine.service [req-bd29f0ce-1958-4a27-a247-e054a7bb17e1 - - - - -] Service fe948f14-07c3-402b-89d8-58bcccb8df31 is updated service_manage_report /usr/lib/python3/dist-packages/heat/engine/service.py:2370
2026-06-01 02:02:23.926 70995 DEBUG heat.engine.service [req-ec334d15-a48d-4b2d-9760-43109db2bbd3 - - - - -] Service ee700f46-3778-46f2-b290-3d349e930a7d is updated service_manage_report /usr/lib/python3/dist-packages/heat/engine/service.py:2370
2026-06-01 02:02:23.960 70992 DEBUG heat.engine.service [req-fc3936dd-feec-4b39-b28e-b05a4ebd444d - - - - -] Service 5e484e23-97d7-466d-960f-d8d7a3a3fe04 is updated service_manage_report /usr/lib/python3/dist-packages/heat/engine/service.py:2370
2026-06-01 02:03:23.907 70993 DEBUG heat.engine.service [req-a6b9f2e3-edc3-4d80-a039-d808ffecf932 - - - - -] Service b89fc76c-dd46-4338-abb9-b44c7ac12f84 is updated service_manage_report /usr/lib/python3/dist-packages/heat/engine/service.py:2370
2026-06-01 02:03:23.913 70994 DEBUG heat.engine.service [req-fa97c55c-bf83-4be2-a6c9-34ae50a3249b - - - - -] Service fe948f14-07c3-402b-89d8-58bcccb8df31 is updated service_manage_report /usr/lib/python3/dist-packages/heat/engine/service.py:2370
2026-06-01 02:03:23.931 70995 DEBUG heat.engine.service [req-2717b6d6-d805-484a-98be-10fa2bfd7f94 - - - - -] Service ee700f46-3778-46f2-b290-3d349e930a7d is updated service_manage_report /usr/lib/python3/dist-packages/heat/engine/service.py:2370
2026-06-01 02:03:23.955 70992 DEBUG heat.engine.service [req-7d4a5b7c-bdb8-4fb2-a159-61bb9f91eb51 - - - - -] Service 5e484e23-97d7-466d-960f-d8d7a3a3fe04 is updated service_manage_report /usr/lib/python3/dist-packages/heat/engine/service.py:2370
2026-06-01 02:04:23.902 70993 DEBUG heat.engine.service [req-86f8b927-507e-46f2-a0b7-79b87bfb4801 - - - - -] Service b89fc76c-dd46-4338-abb9-b44c7ac12f84 is updated service_manage_report /usr/lib/python3/dist-packages/heat/engine/service.py:2370
2026-06-01 02:04:23.918 70994 DEBUG heat.engine.service [req-3b2b00d4-8be3-4dcf-95de-d025fc162e3c - - - - -] Service fe948f14-07c3-402b-89d8-58bcccb8df31 is updated service_manage_report /usr/lib/python3/dist-packages/heat/engine/service.py:2370
2026-06-01 02:04:23.925 70995 DEBUG heat.engine.service [req-5de031c6-4b33-4916-ad1a-baa2ad3b110e - - - - -] Service ee700f46-3778-46f2-b290-3d349e930a7d is updated service_manage_report /usr/lib/python3/dist-packages/heat/engine/service.py:2370
