2026-06-01 01:50:55.784 7 DEBUG oslo_service.service [-] ml2_type_vxlan.vxlan_group = None log_opt_values /var/lib/kolla/venv/lib/python3.6/site-packages/oslo_config/cfg.py:2611
2026-06-01 01:50:55.784 7 DEBUG oslo_service.service [-] database.backend = sqlalchemy log_opt_values /var/lib/kolla/venv/lib/python3.6/site-packages/oslo_config/cfg.py:2611
2026-06-01 01:50:55.784 7 DEBUG oslo_service.service [-] database.connection = **** log_opt_values /var/lib/kolla/venv/lib/python3.6/site-packages/oslo_config/cfg.py:2611
2026-06-01 01:50:55.784 7 DEBUG oslo_service.service [-] database.connection_debug = 0 log_opt_values /var/lib/kolla/venv/lib/python3.6/site-packages/oslo_config/cfg.py:2611
2026-06-01 01:50:55.784 7 DEBUG oslo_service.service [-] database.connection_parameters = log_opt_values /var/lib/kolla/venv/lib/python3.6/site-packages/oslo_config/cfg.py:2611
2026-06-01 01:50:55.784 7 DEBUG oslo_service.service [-] database.connection_recycle_time = 10 log_opt_values /var/lib/kolla/venv/lib/python3.6/site-packages/oslo_config/cfg.py:2611
2026-06-01 01:50:55.784 7 DEBUG oslo_service.service [-] database.connection_trace = False log_opt_values /var/lib/kolla/venv/lib/python3.6/site-packages/oslo_config/cfg.py:2611
2026-06-01 01:50:55.784 7 DEBUG oslo_service.service [-] database.db_inc_retry_interval = True log_opt_values /var/lib/kolla/venv/lib/python3.6/site-packages/oslo_config/cfg.py:2611
2026-06-01 01:50:55.784 7 DEBUG oslo_service.service [-] database.db_max_retries = 20 log_opt_values /var/lib/kolla/venv/lib/python3.6/site-packages/oslo_config/cfg.py:2611
2026-06-01 01:50:55.784 7 DEBUG oslo_service.service [-] database.db_max_retry_interval = 10 log_opt_values /var/lib/kolla/venv/lib/python3.6/site-packages/oslo_config/cfg.py:2611
2026-06-01 01:50:55.785 7 DEBUG oslo_service.service [-] database.db_retry_interval = 1 log_opt_values /var/lib/kolla/venv/lib/python3.6/site-packages/oslo_config/cfg.py:2611
2026-06-01 01:50:55.785 7 DEBUG oslo_service.service [-] database.max_overflow = 50 log_opt_values /var/lib/kolla/venv/lib/python3.6/site-packages/oslo_config/cfg.py:2611
2026-06-01 01:50:55.785 7 DEBUG oslo_service.service [-] database.max_pool_size = 1 log_opt_values /var/lib/kolla/venv/lib/python3.6/site-packages/oslo_config/cfg.py:2611
2026-06-01 01:50:55.785 7 DEBUG oslo_service.service [-] database.max_retries = -1 log_opt_values /var/lib/kolla/venv/lib/python3.6/site-packages/oslo_config/cfg.py:2611
2026-06-01 01:50:55.785 7 DEBUG oslo_service.service [-] database.mysql_enable_ndb = False log_opt_values /var/lib/kolla/venv/lib/python3.6/site-packages/oslo_config/cfg.py:2611
2026-06-01 01:50:55.785 7 DEBUG oslo_service.service [-] database.mysql_sql_mode = TRADITIONAL log_opt_values /var/lib/kolla/venv/lib/python3.6/site-packages/oslo_config/cfg.py:2611
2026-06-01 01:50:55.785 7 DEBUG oslo_service.service [-] database.pool_timeout = None log_opt_values /var/lib/kolla/venv/lib/python3.6/site-packages/oslo_config/cfg.py:2611
2026-06-01 01:50:55.785 7 DEBUG oslo_service.service [-] database.retry_interval = 10 log_opt_values /var/lib/kolla/venv/lib/python3.6/site-packages/oslo_config/cfg.py:2611
2026-06-01 01:50:55.785 7 DEBUG oslo_service.service [-] database.slave_connection = **** log_opt_values /var/lib/kolla/venv/lib/python3.6/site-packages/oslo_config/cfg.py:2611
2026-06-01 01:50:55.785 7 DEBUG oslo_service.service [-] database.sqlite_synchronous = True log_opt_values /var/lib/kolla/venv/lib/python3.6/site-packages/oslo_config/cfg.py:2611
2026-06-01 01:50:55.785 7 DEBUG oslo_service.service [-] database.use_db_reconnect = False log_opt_values /var/lib/kolla/venv/lib/python3.6/site-packages/oslo_config/cfg.py:2611
2026-06-01 01:50:55.785 7 DEBUG oslo_service.service [-] ******************************************************************************** log_opt_values /var/lib/kolla/venv/lib/python3.6/site-packages/oslo_config/cfg.py:2613
2026-06-01 01:50:55.785 23 DEBUG neutron.services.l3_router.l3_router_plugin [-] neutron.services.l3_router.l3_router_plugin.L3RouterPlugin method start_rpc_listeners called with arguments () {} wrapper /var/lib/kolla/venv/lib/python3.6/site-packages/oslo_log/helpers.py:66
2026-06-01 01:50:55.788 25 DEBUG neutron.services.l3_router.l3_router_plugin [-] neutron.services.l3_router.l3_router_plugin.L3RouterPlugin method start_rpc_listeners called with arguments () {} wrapper /var/lib/kolla/venv/lib/python3.6/site-packages/oslo_log/helpers.py:66
2026-06-01 01:50:57.152 22 DEBUG neutron.wsgi [-] (22) accepted ('10.0.0.27', 50478) server /var/lib/kolla/venv/lib/python3.6/site-packages/eventlet/wsgi.py:1004
2026-06-01 01:50:57.159 22 INFO neutron.wsgi [-] 10.0.0.27 "GET / HTTP/1.1" status: 200 len: 227 time: 0.0050271
2026-06-01 01:50:59.251 24 DEBUG neutron.api.rpc.handlers.dhcp_rpc [req-79a0d9f7-4346-4c60-b7ad-21ccd979a04e - - - - -] get_active_networks_info from cn-jenkins-deploy-platform-ansible-os-5859-1 get_active_networks_info /var/lib/kolla/venv/lib/python3.6/site-packages/neutron/api/rpc/handlers/dhcp_rpc.py:159
2026-06-01 01:50:59.272 26 DEBUG neutron_lib.callbacks.manager [req-8382f1d6-7520-49e4-bded-a3a9ebc61f15 - - - - -] Publish callbacks ['neutron.services.segments.db._update_segment_host_mapping_for_agent-8786589234803', 'neutron.services.l3_router.l3_router_plugin.DVRResourceOperationHandler.create_fip_agent_gw_ports-481283'] for agent (fa33c9e5-cc32-4589-95f3-04a972ca15dd), after_create _notify_loop /var/lib/kolla/venv/lib/python3.6/site-packages/neutron_lib/callbacks/manager.py:177
2026-06-01 01:50:59.292 24 DEBUG neutron.scheduler.dhcp_agent_scheduler [req-79a0d9f7-4346-4c60-b7ad-21ccd979a04e - - - - -] No non-hosted networks auto_schedule_networks /var/lib/kolla/venv/lib/python3.6/site-packages/neutron/scheduler/dhcp_agent_scheduler.py:60
2026-06-01 01:51:16.732 28 DEBUG neutron_lib.callbacks.manager [req-b95089b0-d6a2-491c-887a-8b83d24c319f - - - - -] Publish callbacks ['neutron.services.segments.db._update_segment_host_mapping_for_agent-8786589234803', 'neutron.services.l3_router.l3_router_plugin.DVRResourceOperationHandler.create_fip_agent_gw_ports-481283'] for agent (5714e8fd-b928-43ba-b475-ea818e609465), after_create _notify_loop /var/lib/kolla/venv/lib/python3.6/site-packages/neutron_lib/callbacks/manager.py:177
2026-06-01 01:51:27.208 22 DEBUG neutron.wsgi [-] (22) accepted ('10.0.0.27', 45142) server /var/lib/kolla/venv/lib/python3.6/site-packages/eventlet/wsgi.py:1004
2026-06-01 01:51:27.212 22 INFO neutron.wsgi [-] 10.0.0.27 "GET / HTTP/1.1" status: 200 len: 227 time: 0.0032701
2026-06-01 01:51:29.257 27 DEBUG neutron_lib.callbacks.manager [req-c08fe740-b7eb-4f92-97b8-e271bb90d3be - - - - -] Publish callbacks ['neutron.services.segments.db._update_segment_host_mapping_for_agent-8786589234803', 'neutron.plugins.ml2.plugin.Ml2Plugin._retry_binding_revived_agents--9223372036853455984'] for agent (fa33c9e5-cc32-4589-95f3-04a972ca15dd), after_update _notify_loop /var/lib/kolla/venv/lib/python3.6/site-packages/neutron_lib/callbacks/manager.py:177
2026-06-01 01:51:46.703 24 DEBUG neutron_lib.callbacks.manager [req-b95089b0-d6a2-491c-887a-8b83d24c319f - - - - -] Publish callbacks ['neutron.services.segments.db._update_segment_host_mapping_for_agent-8786589234803', 'neutron.plugins.ml2.plugin.Ml2Plugin._retry_binding_revived_agents--9223372036853455984'] for agent (5714e8fd-b928-43ba-b475-ea818e609465), after_update _notify_loop /var/lib/kolla/venv/lib/python3.6/site-packages/neutron_lib/callbacks/manager.py:177
2026-06-01 01:51:53.754 29 DEBUG neutron.db.agents_db [req-dd49551f-525a-476f-baf0-5d23fbe25071 - - - - -] Agent healthcheck: found 2 active agents agent_health_check /var/lib/kolla/venv/lib/python3.6/site-packages/neutron/db/agents_db.py:318
2026-06-01 01:51:57.259 22 DEBUG neutron.wsgi [-] (22) accepted ('10.0.0.27', 46020) server /var/lib/kolla/venv/lib/python3.6/site-packages/eventlet/wsgi.py:1004
2026-06-01 01:51:57.263 22 INFO neutron.wsgi [-] 10.0.0.27 "GET / HTTP/1.1" status: 200 len: 227 time: 0.0030754
2026-06-01 01:51:59.260 23 DEBUG neutron_lib.callbacks.manager [req-f1162c87-109e-4df8-ba67-5e606beaf59e - - - - -] Publish callbacks ['neutron.services.segments.db._update_segment_host_mapping_for_agent-8786589234803', 'neutron.plugins.ml2.plugin.Ml2Plugin._retry_binding_revived_agents--9223372036853455984'] for agent (fa33c9e5-cc32-4589-95f3-04a972ca15dd), after_update _notify_loop /var/lib/kolla/venv/lib/python3.6/site-packages/neutron_lib/callbacks/manager.py:177
2026-06-01 01:52:16.721 25 DEBUG neutron_lib.callbacks.manager [req-b95089b0-d6a2-491c-887a-8b83d24c319f - - - - -] Publish callbacks ['neutron.services.segments.db._update_segment_host_mapping_for_agent-8786589234803', 'neutron.plugins.ml2.plugin.Ml2Plugin._retry_binding_revived_agents--9223372036853455984'] for agent (5714e8fd-b928-43ba-b475-ea818e609465), after_update _notify_loop /var/lib/kolla/venv/lib/python3.6/site-packages/neutron_lib/callbacks/manager.py:177
2026-06-01 01:52:27.336 22 DEBUG neutron.wsgi [-] (22) accepted ('10.0.0.27', 35570) server /var/lib/kolla/venv/lib/python3.6/site-packages/eventlet/wsgi.py:1004
2026-06-01 01:52:27.339 22 INFO neutron.wsgi [-] 10.0.0.27 "GET / HTTP/1.1" status: 200 len: 227 time: 0.0027332
2026-06-01 01:52:29.250 26 DEBUG neutron_lib.callbacks.manager [req-aea51627-e00a-4303-8172-987d11c7fcee - - - - -] Publish callbacks ['neutron.services.segments.db._update_segment_host_mapping_for_agent-8786589234803', 'neutron.plugins.ml2.plugin.Ml2Plugin._retry_binding_revived_agents--9223372036853455984'] for agent (fa33c9e5-cc32-4589-95f3-04a972ca15dd), after_update _notify_loop /var/lib/kolla/venv/lib/python3.6/site-packages/neutron_lib/callbacks/manager.py:177
2026-06-01 01:52:30.749 29 DEBUG neutron.db.agents_db [req-dd49551f-525a-476f-baf0-5d23fbe25071 - - - - -] Agent healthcheck: found 2 active agents agent_health_check /var/lib/kolla/venv/lib/python3.6/site-packages/neutron/db/agents_db.py:318
2026-06-01 01:52:46.706 28 DEBUG neutron_lib.callbacks.manager [req-b95089b0-d6a2-491c-887a-8b83d24c319f - - - - -] Publish callbacks ['neutron.services.segments.db._update_segment_host_mapping_for_agent-8786589234803', 'neutron.plugins.ml2.plugin.Ml2Plugin._retry_binding_revived_agents--9223372036853455984'] for agent (5714e8fd-b928-43ba-b475-ea818e609465), after_update _notify_loop /var/lib/kolla/venv/lib/python3.6/site-packages/neutron_lib/callbacks/manager.py:177
2026-06-01 01:52:57.405 22 DEBUG neutron.wsgi [-] (22) accepted ('10.0.0.27', 47842) server /var/lib/kolla/venv/lib/python3.6/site-packages/eventlet/wsgi.py:1004
2026-06-01 01:52:57.411 22 INFO neutron.wsgi [-] 10.0.0.27 "GET / HTTP/1.1" status: 200 len: 227 time: 0.0051527
2026-06-01 01:52:59.250 27 DEBUG neutron_lib.callbacks.manager [req-734886c5-23f4-4b3c-8bd1-dca723312aa9 - - - - -] Publish callbacks ['neutron.services.segments.db._update_segment_host_mapping_for_agent-8786589234803', 'neutron.plugins.ml2.plugin.Ml2Plugin._retry_binding_revived_agents--9223372036853455984'] for agent (fa33c9e5-cc32-4589-95f3-04a972ca15dd), after_update _notify_loop /var/lib/kolla/venv/lib/python3.6/site-packages/neutron_lib/callbacks/manager.py:177
2026-06-01 01:53:07.746 29 DEBUG neutron.db.agents_db [req-dd49551f-525a-476f-baf0-5d23fbe25071 - - - - -] Agent healthcheck: found 2 active agents agent_health_check /var/lib/kolla/venv/lib/python3.6/site-packages/neutron/db/agents_db.py:318
2026-06-01 01:53:16.710 24 DEBUG neutron_lib.callbacks.manager [req-b95089b0-d6a2-491c-887a-8b83d24c319f - - - - -] Publish callbacks ['neutron.services.segments.db._update_segment_host_mapping_for_agent-8786589234803', 'neutron.plugins.ml2.plugin.Ml2Plugin._retry_binding_revived_agents--9223372036853455984'] for agent (5714e8fd-b928-43ba-b475-ea818e609465), after_update _notify_loop /var/lib/kolla/venv/lib/python3.6/site-packages/neutron_lib/callbacks/manager.py:177
2026-06-01 01:53:27.467 22 DEBUG neutron.wsgi [-] (22) accepted ('10.0.0.27', 48386) server /var/lib/kolla/venv/lib/python3.6/site-packages/eventlet/wsgi.py:1004
2026-06-01 01:53:27.471 22 INFO neutron.wsgi [-] 10.0.0.27 "GET / HTTP/1.1" status: 200 len: 227 time: 0.0028975
2026-06-01 01:53:29.251 23 DEBUG neutron_lib.callbacks.manager [req-f5d1411b-5cf2-4a77-9226-67b1430d6a85 - - - - -] Publish callbacks ['neutron.services.segments.db._update_segment_host_mapping_for_agent-8786589234803', 'neutron.plugins.ml2.plugin.Ml2Plugin._retry_binding_revived_agents--9223372036853455984'] for agent (fa33c9e5-cc32-4589-95f3-04a972ca15dd), after_update _notify_loop /var/lib/kolla/venv/lib/python3.6/site-packages/neutron_lib/callbacks/manager.py:177
2026-06-01 01:53:44.746 29 DEBUG neutron.db.agents_db [req-dd49551f-525a-476f-baf0-5d23fbe25071 - - - - -] Agent healthcheck: found 2 active agents agent_health_check /var/lib/kolla/venv/lib/python3.6/site-packages/neutron/db/agents_db.py:318
2026-06-01 01:53:46.712 25 DEBUG neutron_lib.callbacks.manager [req-b95089b0-d6a2-491c-887a-8b83d24c319f - - - - -] Publish callbacks ['neutron.services.segments.db._update_segment_host_mapping_for_agent-8786589234803', 'neutron.plugins.ml2.plugin.Ml2Plugin._retry_binding_revived_agents--9223372036853455984'] for agent (5714e8fd-b928-43ba-b475-ea818e609465), after_update _notify_loop /var/lib/kolla/venv/lib/python3.6/site-packages/neutron_lib/callbacks/manager.py:177
2026-06-01 01:53:57.518 22 DEBUG neutron.wsgi [-] (22) accepted ('10.0.0.27', 57552) server /var/lib/kolla/venv/lib/python3.6/site-packages/eventlet/wsgi.py:1004
2026-06-01 01:53:57.522 22 INFO neutron.wsgi [-] 10.0.0.27 "GET / HTTP/1.1" status: 200 len: 227 time: 0.0028110
2026-06-01 01:53:59.251 26 DEBUG neutron_lib.callbacks.manager [req-03bc5327-cf0a-4e44-8682-4ccbe72f158f - - - - -] Publish callbacks ['neutron.services.segments.db._update_segment_host_mapping_for_agent-8786589234803', 'neutron.plugins.ml2.plugin.Ml2Plugin._retry_binding_revived_agents--9223372036853455984'] for agent (fa33c9e5-cc32-4589-95f3-04a972ca15dd), after_update _notify_loop /var/lib/kolla/venv/lib/python3.6/site-packages/neutron_lib/callbacks/manager.py:177
2026-06-01 01:54:16.714 28 DEBUG neutron_lib.callbacks.manager [req-b95089b0-d6a2-491c-887a-8b83d24c319f - - - - -] Publish callbacks ['neutron.services.segments.db._update_segment_host_mapping_for_agent-8786589234803', 'neutron.plugins.ml2.plugin.Ml2Plugin._retry_binding_revived_agents--9223372036853455984'] for agent (5714e8fd-b928-43ba-b475-ea818e609465), after_update _notify_loop /var/lib/kolla/venv/lib/python3.6/site-packages/neutron_lib/callbacks/manager.py:177
2026-06-01 01:54:21.745 29 DEBUG neutron.db.agents_db [req-dd49551f-525a-476f-baf0-5d23fbe25071 - - - - -] Agent healthcheck: found 2 active agents agent_health_check /var/lib/kolla/venv/lib/python3.6/site-packages/neutron/db/agents_db.py:318
2026-06-01 01:54:27.596 22 DEBUG neutron.wsgi [-] (22) accepted ('10.0.0.27', 59898) server /var/lib/kolla/venv/lib/python3.6/site-packages/eventlet/wsgi.py:1004
2026-06-01 01:54:27.600 22 INFO neutron.wsgi [-] 10.0.0.27 "GET / HTTP/1.1" status: 200 len: 227 time: 0.0028982
2026-06-01 01:54:29.251 27 DEBUG neutron_lib.callbacks.manager [req-3f23725b-3542-48b9-b90d-9a5e0b42e268 - - - - -] Publish callbacks ['neutron.services.segments.db._update_segment_host_mapping_for_agent-8786589234803', 'neutron.plugins.ml2.plugin.Ml2Plugin._retry_binding_revived_agents--9223372036853455984'] for agent (fa33c9e5-cc32-4589-95f3-04a972ca15dd), after_update _notify_loop /var/lib/kolla/venv/lib/python3.6/site-packages/neutron_lib/callbacks/manager.py:177
2026-06-01 01:54:46.715 24 DEBUG neutron_lib.callbacks.manager [req-b95089b0-d6a2-491c-887a-8b83d24c319f - - - - -] Publish callbacks ['neutron.services.segments.db._update_segment_host_mapping_for_agent-8786589234803', 'neutron.plugins.ml2.plugin.Ml2Plugin._retry_binding_revived_agents--9223372036853455984'] for agent (5714e8fd-b928-43ba-b475-ea818e609465), after_update _notify_loop /var/lib/kolla/venv/lib/python3.6/site-packages/neutron_lib/callbacks/manager.py:177
2026-06-01 01:54:57.648 22 DEBUG neutron.wsgi [-] (22) accepted ('10.0.0.27', 42944) server /var/lib/kolla/venv/lib/python3.6/site-packages/eventlet/wsgi.py:1004
2026-06-01 01:54:57.653 22 INFO neutron.wsgi [-] 10.0.0.27 "GET / HTTP/1.1" status: 200 len: 227 time: 0.0030105
2026-06-01 01:54:58.743 29 DEBUG neutron.db.agents_db [req-dd49551f-525a-476f-baf0-5d23fbe25071 - - - - -] Agent healthcheck: found 2 active agents agent_health_check /var/lib/kolla/venv/lib/python3.6/site-packages/neutron/db/agents_db.py:318
2026-06-01 01:54:59.250 23 DEBUG neutron_lib.callbacks.manager [req-5b2579b6-18d4-45fe-898e-37237829afd8 - - - - -] Publish callbacks ['neutron.services.segments.db._update_segment_host_mapping_for_agent-8786589234803', 'neutron.plugins.ml2.plugin.Ml2Plugin._retry_binding_revived_agents--9223372036853455984'] for agent (fa33c9e5-cc32-4589-95f3-04a972ca15dd), after_update _notify_loop /var/lib/kolla/venv/lib/python3.6/site-packages/neutron_lib/callbacks/manager.py:177
2026-06-01 01:55:16.719 25 DEBUG neutron_lib.callbacks.manager [req-b95089b0-d6a2-491c-887a-8b83d24c319f - - - - -] Publish callbacks ['neutron.services.segments.db._update_segment_host_mapping_for_agent-8786589234803', 'neutron.plugins.ml2.plugin.Ml2Plugin._retry_binding_revived_agents--9223372036853455984'] for agent (5714e8fd-b928-43ba-b475-ea818e609465), after_update _notify_loop /var/lib/kolla/venv/lib/python3.6/site-packages/neutron_lib/callbacks/manager.py:177
2026-06-01 01:55:27.701 22 DEBUG neutron.wsgi [-] (22) accepted ('10.0.0.27', 46906) server /var/lib/kolla/venv/lib/python3.6/site-packages/eventlet/wsgi.py:1004
2026-06-01 01:55:27.707 22 INFO neutron.wsgi [-] 10.0.0.27 "GET / HTTP/1.1" status: 200 len: 227 time: 0.0051606
2026-06-01 01:55:29.250 26 DEBUG neutron_lib.callbacks.manager [req-18e76cfb-f737-4b01-bc39-2d387b09b8aa - - - - -] Publish callbacks ['neutron.services.segments.db._update_segment_host_mapping_for_agent-8786589234803', 'neutron.plugins.ml2.plugin.Ml2Plugin._retry_binding_revived_agents--9223372036853455984'] for agent (fa33c9e5-cc32-4589-95f3-04a972ca15dd), after_update _notify_loop /var/lib/kolla/venv/lib/python3.6/site-packages/neutron_lib/callbacks/manager.py:177
2026-06-01 01:55:35.755 29 DEBUG neutron.db.agents_db [req-dd49551f-525a-476f-baf0-5d23fbe25071 - - - - -] Agent healthcheck: found 2 active agents agent_health_check /var/lib/kolla/venv/lib/python3.6/site-packages/neutron/db/agents_db.py:318
2026-06-01 01:55:46.721 28 DEBUG neutron_lib.callbacks.manager [req-b95089b0-d6a2-491c-887a-8b83d24c319f - - - - -] Publish callbacks ['neutron.services.segments.db._update_segment_host_mapping_for_agent-8786589234803', 'neutron.plugins.ml2.plugin.Ml2Plugin._retry_binding_revived_agents--9223372036853455984'] for agent (5714e8fd-b928-43ba-b475-ea818e609465), after_update _notify_loop /var/lib/kolla/venv/lib/python3.6/site-packages/neutron_lib/callbacks/manager.py:177
2026-06-01 01:55:57.757 22 DEBUG neutron.wsgi [-] (22) accepted ('10.0.0.27', 43572) server /var/lib/kolla/venv/lib/python3.6/site-packages/eventlet/wsgi.py:1004
2026-06-01 01:55:57.761 22 INFO neutron.wsgi [-] 10.0.0.27 "GET / HTTP/1.1" status: 200 len: 227 time: 0.0025463
2026-06-01 01:55:59.253 27 DEBUG neutron_lib.callbacks.manager [req-54cacdd7-f802-40bc-a59a-d6d24b630245 - - - - -] Publish callbacks ['neutron.services.segments.db._update_segment_host_mapping_for_agent-8786589234803', 'neutron.plugins.ml2.plugin.Ml2Plugin._retry_binding_revived_agents--9223372036853455984'] for agent (fa33c9e5-cc32-4589-95f3-04a972ca15dd), after_update _notify_loop /var/lib/kolla/venv/lib/python3.6/site-packages/neutron_lib/callbacks/manager.py:177
2026-06-01 01:56:12.756 29 DEBUG neutron.db.agents_db [req-dd49551f-525a-476f-baf0-5d23fbe25071 - - - - -] Agent healthcheck: found 2 active agents agent_health_check /var/lib/kolla/venv/lib/python3.6/site-packages/neutron/db/agents_db.py:318
2026-06-01 01:56:16.723 24 DEBUG neutron_lib.callbacks.manager [req-b95089b0-d6a2-491c-887a-8b83d24c319f - - - - -] Publish callbacks ['neutron.services.segments.db._update_segment_host_mapping_for_agent-8786589234803', 'neutron.plugins.ml2.plugin.Ml2Plugin._retry_binding_revived_agents--9223372036853455984'] for agent (5714e8fd-b928-43ba-b475-ea818e609465), after_update _notify_loop /var/lib/kolla/venv/lib/python3.6/site-packages/neutron_lib/callbacks/manager.py:177
2026-06-01 01:56:27.819 22 DEBUG neutron.wsgi [-] (22) accepted ('10.0.0.27', 58944) server /var/lib/kolla/venv/lib/python3.6/site-packages/eventlet/wsgi.py:1004
2026-06-01 01:56:27.824 22 INFO neutron.wsgi [-] 10.0.0.27 "GET / HTTP/1.1" status: 200 len: 227 time: 0.0028758
2026-06-01 01:56:29.259 23 DEBUG neutron_lib.callbacks.manager [req-6598ef82-ac4d-4194-9e0c-9f6a004d2470 - - - - -] Publish callbacks ['neutron.services.segments.db._update_segment_host_mapping_for_agent-8786589234803', 'neutron.plugins.ml2.plugin.Ml2Plugin._retry_binding_revived_agents--9223372036853455984'] for agent (fa33c9e5-cc32-4589-95f3-04a972ca15dd), after_update _notify_loop /var/lib/kolla/venv/lib/python3.6/site-packages/neutron_lib/callbacks/manager.py:177
2026-06-01 01:56:46.727 25 DEBUG neutron_lib.callbacks.manager [req-b95089b0-d6a2-491c-887a-8b83d24c319f - - - - -] Publish callbacks ['neutron.services.segments.db._update_segment_host_mapping_for_agent-8786589234803', 'neutron.plugins.ml2.plugin.Ml2Plugin._retry_binding_revived_agents--9223372036853455984'] for agent (5714e8fd-b928-43ba-b475-ea818e609465), after_update _notify_loop /var/lib/kolla/venv/lib/python3.6/site-packages/neutron_lib/callbacks/manager.py:177
2026-06-01 01:56:49.756 29 DEBUG neutron.db.agents_db [req-dd49551f-525a-476f-baf0-5d23fbe25071 - - - - -] Agent healthcheck: found 2 active agents agent_health_check /var/lib/kolla/venv/lib/python3.6/site-packages/neutron/db/agents_db.py:318
2026-06-01 01:56:57.875 22 DEBUG neutron.wsgi [-] (22) accepted ('10.0.0.27', 55338) server /var/lib/kolla/venv/lib/python3.6/site-packages/eventlet/wsgi.py:1004
2026-06-01 01:56:57.882 22 INFO neutron.wsgi [-] 10.0.0.27 "GET / HTTP/1.1" status: 200 len: 227 time: 0.0054529
2026-06-01 01:56:59.248 26 DEBUG neutron_lib.callbacks.manager [req-17c7317c-58bb-415a-b33a-7b28019e22e8 - - - - -] Publish callbacks ['neutron.services.segments.db._update_segment_host_mapping_for_agent-8786589234803', 'neutron.plugins.ml2.plugin.Ml2Plugin._retry_binding_revived_agents--9223372036853455984'] for agent (fa33c9e5-cc32-4589-95f3-04a972ca15dd), after_update _notify_loop /var/lib/kolla/venv/lib/python3.6/site-packages/neutron_lib/callbacks/manager.py:177
2026-06-01 01:57:16.731 28 DEBUG neutron_lib.callbacks.manager [req-b95089b0-d6a2-491c-887a-8b83d24c319f - - - - -] Publish callbacks ['neutron.services.segments.db._update_segment_host_mapping_for_agent-8786589234803', 'neutron.plugins.ml2.plugin.Ml2Plugin._retry_binding_revived_agents--9223372036853455984'] for agent (5714e8fd-b928-43ba-b475-ea818e609465), after_update _notify_loop /var/lib/kolla/venv/lib/python3.6/site-packages/neutron_lib/callbacks/manager.py:177
2026-06-01 01:57:26.754 29 DEBUG neutron.db.agents_db [req-dd49551f-525a-476f-baf0-5d23fbe25071 - - - - -] Agent healthcheck: found 2 active agents agent_health_check /var/lib/kolla/venv/lib/python3.6/site-packages/neutron/db/agents_db.py:318
2026-06-01 01:57:27.931 22 DEBUG neutron.wsgi [-] (22) accepted ('10.0.0.27', 51220) server /var/lib/kolla/venv/lib/python3.6/site-packages/eventlet/wsgi.py:1004
2026-06-01 01:57:27.935 22 INFO neutron.wsgi [-] 10.0.0.27 "GET / HTTP/1.1" status: 200 len: 227 time: 0.0028870
2026-06-01 01:57:29.245 27 DEBUG neutron_lib.callbacks.manager [req-bb6f1387-e0ff-41d0-af82-5b85b3ddab80 - - - - -] Publish callbacks ['neutron.services.segments.db._update_segment_host_mapping_for_agent-8786589234803', 'neutron.plugins.ml2.plugin.Ml2Plugin._retry_binding_revived_agents--9223372036853455984'] for agent (fa33c9e5-cc32-4589-95f3-04a972ca15dd), after_update _notify_loop /var/lib/kolla/venv/lib/python3.6/site-packages/neutron_lib/callbacks/manager.py:177
2026-06-01 01:57:46.730 24 DEBUG neutron_lib.callbacks.manager [req-b95089b0-d6a2-491c-887a-8b83d24c319f - - - - -] Publish callbacks ['neutron.services.segments.db._update_segment_host_mapping_for_agent-8786589234803', 'neutron.plugins.ml2.plugin.Ml2Plugin._retry_binding_revived_agents--9223372036853455984'] for agent (5714e8fd-b928-43ba-b475-ea818e609465), after_update _notify_loop /var/lib/kolla/venv/lib/python3.6/site-packages/neutron_lib/callbacks/manager.py:177
2026-06-01 01:57:57.987 22 DEBUG neutron.wsgi [-] (22) accepted ('10.0.0.27', 44032) server /var/lib/kolla/venv/lib/python3.6/site-packages/eventlet/wsgi.py:1004
2026-06-01 01:57:57.993 22 INFO neutron.wsgi [-] 10.0.0.27 "GET / HTTP/1.1" status: 200 len: 227 time: 0.0049224
2026-06-01 01:57:59.242 23 DEBUG neutron_lib.callbacks.manager [req-d3a40eca-d056-4bd5-b1f9-d9b6caf0c084 - - - - -] Publish callbacks ['neutron.services.segments.db._update_segment_host_mapping_for_agent-8786589234803', 'neutron.plugins.ml2.plugin.Ml2Plugin._retry_binding_revived_agents--9223372036853455984'] for agent (fa33c9e5-cc32-4589-95f3-04a972ca15dd), after_update _notify_loop /var/lib/kolla/venv/lib/python3.6/site-packages/neutron_lib/callbacks/manager.py:177
2026-06-01 01:58:03.751 29 DEBUG neutron.db.agents_db [req-dd49551f-525a-476f-baf0-5d23fbe25071 - - - - -] Agent healthcheck: found 2 active agents agent_health_check /var/lib/kolla/venv/lib/python3.6/site-packages/neutron/db/agents_db.py:318
2026-06-01 01:58:16.733 25 DEBUG neutron_lib.callbacks.manager [req-b95089b0-d6a2-491c-887a-8b83d24c319f - - - - -] Publish callbacks ['neutron.services.segments.db._update_segment_host_mapping_for_agent-8786589234803', 'neutron.plugins.ml2.plugin.Ml2Plugin._retry_binding_revived_agents--9223372036853455984'] for agent (5714e8fd-b928-43ba-b475-ea818e609465), after_update _notify_loop /var/lib/kolla/venv/lib/python3.6/site-packages/neutron_lib/callbacks/manager.py:177
2026-06-01 01:58:28.039 22 DEBUG neutron.wsgi [-] (22) accepted ('10.0.0.27', 55884) server /var/lib/kolla/venv/lib/python3.6/site-packages/eventlet/wsgi.py:1004
2026-06-01 01:58:28.042 22 INFO neutron.wsgi [-] 10.0.0.27 "GET / HTTP/1.1" status: 200 len: 227 time: 0.0025978
2026-06-01 01:58:29.242 26 DEBUG neutron_lib.callbacks.manager [req-07b03a4d-6b91-4853-b974-06268282a39d - - - - -] Publish callbacks ['neutron.services.segments.db._update_segment_host_mapping_for_agent-8786589234803', 'neutron.plugins.ml2.plugin.Ml2Plugin._retry_binding_revived_agents--9223372036853455984'] for agent (fa33c9e5-cc32-4589-95f3-04a972ca15dd), after_update _notify_loop /var/lib/kolla/venv/lib/python3.6/site-packages/neutron_lib/callbacks/manager.py:177
2026-06-01 01:58:40.751 29 DEBUG neutron.db.agents_db [req-dd49551f-525a-476f-baf0-5d23fbe25071 - - - - -] Agent healthcheck: found 2 active agents agent_health_check /var/lib/kolla/venv/lib/python3.6/site-packages/neutron/db/agents_db.py:318
2026-06-01 01:58:46.738 28 DEBUG neutron_lib.callbacks.manager [req-b95089b0-d6a2-491c-887a-8b83d24c319f - - - - -] Publish callbacks ['neutron.services.segments.db._update_segment_host_mapping_for_agent-8786589234803', 'neutron.plugins.ml2.plugin.Ml2Plugin._retry_binding_revived_agents--9223372036853455984'] for agent (5714e8fd-b928-43ba-b475-ea818e609465), after_update _notify_loop /var/lib/kolla/venv/lib/python3.6/site-packages/neutron_lib/callbacks/manager.py:177
2026-06-01 01:58:58.089 22 DEBUG neutron.wsgi [-] (22) accepted ('10.0.0.27', 45040) server /var/lib/kolla/venv/lib/python3.6/site-packages/eventlet/wsgi.py:1004
2026-06-01 01:58:58.093 22 INFO neutron.wsgi [-] 10.0.0.27 "GET / HTTP/1.1" status: 200 len: 227 time: 0.0025337
2026-06-01 01:58:59.242 27 DEBUG neutron_lib.callbacks.manager [req-e2dbae4d-40f3-4738-ab2a-ef3a6faba520 - - - - -] Publish callbacks ['neutron.services.segments.db._update_segment_host_mapping_for_agent-8786589234803', 'neutron.plugins.ml2.plugin.Ml2Plugin._retry_binding_revived_agents--9223372036853455984'] for agent (fa33c9e5-cc32-4589-95f3-04a972ca15dd), after_update _notify_loop /var/lib/kolla/venv/lib/python3.6/site-packages/neutron_lib/callbacks/manager.py:177
2026-06-01 01:59:16.741 24 DEBUG neutron_lib.callbacks.manager [req-b95089b0-d6a2-491c-887a-8b83d24c319f - - - - -] Publish callbacks ['neutron.services.segments.db._update_segment_host_mapping_for_agent-8786589234803', 'neutron.plugins.ml2.plugin.Ml2Plugin._retry_binding_revived_agents--9223372036853455984'] for agent (5714e8fd-b928-43ba-b475-ea818e609465), after_update _notify_loop /var/lib/kolla/venv/lib/python3.6/site-packages/neutron_lib/callbacks/manager.py:177
2026-06-01 01:59:17.750 29 DEBUG neutron.db.agents_db [req-dd49551f-525a-476f-baf0-5d23fbe25071 - - - - -] Agent healthcheck: found 2 active agents agent_health_check /var/lib/kolla/venv/lib/python3.6/site-packages/neutron/db/agents_db.py:318
2026-06-01 01:59:28.148 22 DEBUG neutron.wsgi [-] (22) accepted ('10.0.0.27', 58150) server /var/lib/kolla/venv/lib/python3.6/site-packages/eventlet/wsgi.py:1004
2026-06-01 01:59:28.152 22 INFO neutron.wsgi [-] 10.0.0.27 "GET / HTTP/1.1" status: 200 len: 227 time: 0.0034466
2026-06-01 01:59:29.242 23 DEBUG neutron_lib.callbacks.manager [req-e1d4dde5-0403-488f-9b0a-f3d33d3ba9f8 - - - - -] Publish callbacks ['neutron.services.segments.db._update_segment_host_mapping_for_agent-8786589234803', 'neutron.plugins.ml2.plugin.Ml2Plugin._retry_binding_revived_agents--9223372036853455984'] for agent (fa33c9e5-cc32-4589-95f3-04a972ca15dd), after_update _notify_loop /var/lib/kolla/venv/lib/python3.6/site-packages/neutron_lib/callbacks/manager.py:177
2026-06-01 01:59:46.741 25 DEBUG neutron_lib.callbacks.manager [req-b95089b0-d6a2-491c-887a-8b83d24c319f - - - - -] Publish callbacks ['neutron.services.segments.db._update_segment_host_mapping_for_agent-8786589234803', 'neutron.plugins.ml2.plugin.Ml2Plugin._retry_binding_revived_agents--9223372036853455984'] for agent (5714e8fd-b928-43ba-b475-ea818e609465), after_update _notify_loop /var/lib/kolla/venv/lib/python3.6/site-packages/neutron_lib/callbacks/manager.py:177
2026-06-01 01:59:54.751 29 DEBUG neutron.db.agents_db [req-dd49551f-525a-476f-baf0-5d23fbe25071 - - - - -] Agent healthcheck: found 2 active agents agent_health_check /var/lib/kolla/venv/lib/python3.6/site-packages/neutron/db/agents_db.py:318
2026-06-01 01:59:58.243 22 DEBUG neutron.wsgi [-] (22) accepted ('10.0.0.27', 52534) server /var/lib/kolla/venv/lib/python3.6/site-packages/eventlet/wsgi.py:1004
2026-06-01 01:59:58.247 22 INFO neutron.wsgi [-] 10.0.0.27 "GET / HTTP/1.1" status: 200 len: 227 time: 0.0028653
2026-06-01 01:59:59.242 26 DEBUG neutron_lib.callbacks.manager [req-506d60d2-0a00-4a2c-9e4e-0fe5cc36beda - - - - -] Publish callbacks ['neutron.services.segments.db._update_segment_host_mapping_for_agent-8786589234803', 'neutron.plugins.ml2.plugin.Ml2Plugin._retry_binding_revived_agents--9223372036853455984'] for agent (fa33c9e5-cc32-4589-95f3-04a972ca15dd), after_update _notify_loop /var/lib/kolla/venv/lib/python3.6/site-packages/neutron_lib/callbacks/manager.py:177
2026-06-01 02:00:02.988 7 INFO oslo_service.service [-] Caught SIGTERM, stopping children
2026-06-01 02:00:02.989 7 DEBUG oslo_concurrency.lockutils [-] Acquired lock "singleton_lock" lock /var/lib/kolla/venv/lib/python3.6/site-packages/oslo_concurrency/lockutils.py:294
2026-06-01 02:00:02.989 7 DEBUG oslo_concurrency.lockutils [-] Releasing lock "singleton_lock" lock /var/lib/kolla/venv/lib/python3.6/site-packages/oslo_concurrency/lockutils.py:312
2026-06-01 02:00:02.989 7 DEBUG oslo_service.service [-] Stop services. stop /var/lib/kolla/venv/lib/python3.6/site-packages/oslo_service/service.py:695
2026-06-01 02:00:02.990 7 DEBUG neutron.service [-] calling RpcWorker stop() stop /var/lib/kolla/venv/lib/python3.6/site-packages/neutron/service.py:138
2026-06-01 02:00:02.990 7 DEBUG neutron.service [-] calling RpcWorker stop() stop /var/lib/kolla/venv/lib/python3.6/site-packages/neutron/service.py:138
2026-06-01 02:00:02.990 7 DEBUG oslo_service.service [-] Killing children. stop /var/lib/kolla/venv/lib/python3.6/site-packages/oslo_service/service.py:700
2026-06-01 02:00:02.990 7 INFO oslo_service.service [-] Waiting on 8 children to exit
2026-06-01 02:00:02.990 22 INFO neutron.wsgi [-] (22) wsgi exited, is_accepting=True
2026-06-01 02:00:02.990 23 DEBUG neutron.service [-] calling RpcWorker stop() stop /var/lib/kolla/venv/lib/python3.6/site-packages/neutron/service.py:138
2026-06-01 02:00:02.990 24 DEBUG neutron.service [-] calling RpcWorker stop() stop /var/lib/kolla/venv/lib/python3.6/site-packages/neutron/service.py:138
2026-06-01 02:00:02.990 26 DEBUG neutron.service [-] calling RpcWorker stop() stop /var/lib/kolla/venv/lib/python3.6/site-packages/neutron/service.py:138
2026-06-01 02:00:02.991 27 DEBUG neutron.service [-] calling RpcWorker stop() stop /var/lib/kolla/venv/lib/python3.6/site-packages/neutron/service.py:138
2026-06-01 02:00:02.991 22 DEBUG oslo_concurrency.lockutils [req-5a32d6b2-0651-49ef-9a28-0ea1640cec89 - - - - -] Acquired lock "singleton_lock" lock /var/lib/kolla/venv/lib/python3.6/site-packages/oslo_concurrency/lockutils.py:294
2026-06-01 02:00:02.992 22 DEBUG oslo_concurrency.lockutils [req-5a32d6b2-0651-49ef-9a28-0ea1640cec89 - - - - -] Releasing lock "singleton_lock" lock /var/lib/kolla/venv/lib/python3.6/site-packages/oslo_concurrency/lockutils.py:312
2026-06-01 02:00:02.991 24 DEBUG neutron.service [-] calling stop on stop /var/lib/kolla/venv/lib/python3.6/site-packages/neutron/service.py:141
2026-06-01 02:00:02.991 23 DEBUG neutron.service [-] calling stop on stop /var/lib/kolla/venv/lib/python3.6/site-packages/neutron/service.py:141
2026-06-01 02:00:02.991 26 DEBUG neutron.service [-] calling stop on stop /var/lib/kolla/venv/lib/python3.6/site-packages/neutron/service.py:141
2026-06-01 02:00:02.991 27 DEBUG neutron.service [-] calling stop on stop /var/lib/kolla/venv/lib/python3.6/site-packages/neutron/service.py:141
2026-06-01 02:00:02.995 28 DEBUG neutron.service [-] calling RpcWorker stop() stop /var/lib/kolla/venv/lib/python3.6/site-packages/neutron/service.py:138
2026-06-01 02:00:02.997 29 DEBUG neutron.service [-] calling RpcWorker stop() stop /var/lib/kolla/venv/lib/python3.6/site-packages/neutron/service.py:138
2026-06-01 02:00:02.996 25 DEBUG neutron.service [-] calling RpcWorker stop() stop /var/lib/kolla/venv/lib/python3.6/site-packages/neutron/service.py:138
2026-06-01 02:00:02.998 7 INFO oslo_service.service [-] Child 22 exited with status 0
2026-06-01 02:00:02.996 28 DEBUG neutron.service [-] calling stop on stop /var/lib/kolla/venv/lib/python3.6/site-packages/neutron/service.py:141
2026-06-01 02:00:02.998 25 DEBUG neutron.service [-] calling stop on stop /var/lib/kolla/venv/lib/python3.6/site-packages/neutron/service.py:141
2026-06-01 02:00:02.997 29 DEBUG neutron.service [-] calling stop on stop /var/lib/kolla/venv/lib/python3.6/site-packages/neutron/service.py:141
2026-06-01 02:00:03.339 26 DEBUG oslo_concurrency.lockutils [req-5a32d6b2-0651-49ef-9a28-0ea1640cec89 - - - - -] Acquired lock "singleton_lock" lock /var/lib/kolla/venv/lib/python3.6/site-packages/oslo_concurrency/lockutils.py:294
2026-06-01 02:00:03.340 26 DEBUG oslo_concurrency.lockutils [req-5a32d6b2-0651-49ef-9a28-0ea1640cec89 - - - - -] Releasing lock "singleton_lock" lock /var/lib/kolla/venv/lib/python3.6/site-packages/oslo_concurrency/lockutils.py:312
2026-06-01 02:00:03.341 26 DEBUG neutron.service [req-5a32d6b2-0651-49ef-9a28-0ea1640cec89 - - - - -] calling RpcWorker wait() _wait /var/lib/kolla/venv/lib/python3.6/site-packages/neutron/service.py:128
2026-06-01 02:00:03.342 26 DEBUG neutron.service [req-5a32d6b2-0651-49ef-9a28-0ea1640cec89 - - - - -] calling wait on _wait /var/lib/kolla/venv/lib/python3.6/site-packages/neutron/service.py:131
2026-06-01 02:00:03.354 26 WARNING amqp [req-5a32d6b2-0651-49ef-9a28-0ea1640cec89 - - - - -] Received method (60, 30) during closing channel 1. This method will be ignored
2026-06-01 02:00:03.357 26 DEBUG neutron.service [req-5a32d6b2-0651-49ef-9a28-0ea1640cec89 - - - - -] returning from RpcWorker wait() _wait /var/lib/kolla/venv/lib/python3.6/site-packages/neutron/service.py:135
2026-06-01 02:00:03.364 7 INFO oslo_service.service [-] Child 26 exited with status 0
2026-06-01 02:00:05.735 23 DEBUG neutron.service [-] calling stop on stop /var/lib/kolla/venv/lib/python3.6/site-packages/neutron/service.py:141
2026-06-01 02:00:05.738 24 DEBUG neutron.service [-] calling stop on stop /var/lib/kolla/venv/lib/python3.6/site-packages/neutron/service.py:141
2026-06-01 02:00:05.743 25 DEBUG neutron.service [-] calling stop on stop /var/lib/kolla/venv/lib/python3.6/site-packages/neutron/service.py:141
2026-06-01 02:00:05.765 28 DEBUG oslo_concurrency.lockutils [req-5a32d6b2-0651-49ef-9a28-0ea1640cec89 - - - - -] Acquired lock "singleton_lock" lock /var/lib/kolla/venv/lib/python3.6/site-packages/oslo_concurrency/lockutils.py:294
2026-06-01 02:00:05.765 24 DEBUG neutron.service [-] calling stop on stop /var/lib/kolla/venv/lib/python3.6/site-packages/neutron/service.py:141
2026-06-01 02:00:05.766 28 DEBUG oslo_concurrency.lockutils [req-5a32d6b2-0651-49ef-9a28-0ea1640cec89 - - - - -] Releasing lock "singleton_lock" lock /var/lib/kolla/venv/lib/python3.6/site-packages/oslo_concurrency/lockutils.py:312
2026-06-01 02:00:05.766 28 DEBUG neutron.service [req-5a32d6b2-0651-49ef-9a28-0ea1640cec89 - - - - -] calling RpcWorker wait() _wait /var/lib/kolla/venv/lib/python3.6/site-packages/neutron/service.py:128
2026-06-01 02:00:05.766 28 DEBUG neutron.service [req-5a32d6b2-0651-49ef-9a28-0ea1640cec89 - - - - -] calling wait on _wait /var/lib/kolla/venv/lib/python3.6/site-packages/neutron/service.py:131
2026-06-01 02:00:05.769 29 DEBUG oslo_concurrency.lockutils [req-5a32d6b2-0651-49ef-9a28-0ea1640cec89 - - - - -] Acquired lock "singleton_lock" lock /var/lib/kolla/venv/lib/python3.6/site-packages/oslo_concurrency/lockutils.py:294
2026-06-01 02:00:05.769 29 DEBUG oslo_concurrency.lockutils [req-5a32d6b2-0651-49ef-9a28-0ea1640cec89 - - - - -] Releasing lock "singleton_lock" lock /var/lib/kolla/venv/lib/python3.6/site-packages/oslo_concurrency/lockutils.py:312
2026-06-01 02:00:05.769 29 DEBUG neutron.service [req-5a32d6b2-0651-49ef-9a28-0ea1640cec89 - - - - -] calling RpcWorker wait() _wait /var/lib/kolla/venv/lib/python3.6/site-packages/neutron/service.py:128
2026-06-01 02:00:05.769 29 DEBUG neutron.service [req-5a32d6b2-0651-49ef-9a28-0ea1640cec89 - - - - -] calling wait on _wait /var/lib/kolla/venv/lib/python3.6/site-packages/neutron/service.py:131
2026-06-01 02:00:05.772 25 DEBUG neutron.service [-] calling stop on stop /var/lib/kolla/venv/lib/python3.6/site-packages/neutron/service.py:141
2026-06-01 02:00:05.774 28 WARNING amqp [req-5a32d6b2-0651-49ef-9a28-0ea1640cec89 - - - - -] Received method (60, 30) during closing channel 1. This method will be ignored
2026-06-01 02:00:05.775 28 DEBUG neutron.service [req-5a32d6b2-0651-49ef-9a28-0ea1640cec89 - - - - -] returning from RpcWorker wait() _wait /var/lib/kolla/venv/lib/python3.6/site-packages/neutron/service.py:135
2026-06-01 02:00:05.777 29 WARNING amqp [req-5a32d6b2-0651-49ef-9a28-0ea1640cec89 - - - - -] Received method (60, 30) during closing channel 1. This method will be ignored
2026-06-01 02:00:05.780 29 DEBUG neutron.service [req-5a32d6b2-0651-49ef-9a28-0ea1640cec89 - - - - -] returning from RpcWorker wait() _wait /var/lib/kolla/venv/lib/python3.6/site-packages/neutron/service.py:135
2026-06-01 02:00:05.780 27 DEBUG oslo_concurrency.lockutils [req-5a32d6b2-0651-49ef-9a28-0ea1640cec89 - - - - -] Acquired lock "singleton_lock" lock /var/lib/kolla/venv/lib/python3.6/site-packages/oslo_concurrency/lockutils.py:294
2026-06-01 02:00:05.781 7 INFO oslo_service.service [-] Child 28 exited with status 0
2026-06-01 02:00:05.781 27 DEBUG oslo_concurrency.lockutils [req-5a32d6b2-0651-49ef-9a28-0ea1640cec89 - - - - -] Releasing lock "singleton_lock" lock /var/lib/kolla/venv/lib/python3.6/site-packages/oslo_concurrency/lockutils.py:312
2026-06-01 02:00:05.781 27 DEBUG neutron.service [req-5a32d6b2-0651-49ef-9a28-0ea1640cec89 - - - - -] calling RpcWorker wait() _wait /var/lib/kolla/venv/lib/python3.6/site-packages/neutron/service.py:128
2026-06-01 02:00:05.782 27 DEBUG neutron.service [req-5a32d6b2-0651-49ef-9a28-0ea1640cec89 - - - - -] calling wait on _wait /var/lib/kolla/venv/lib/python3.6/site-packages/neutron/service.py:131
2026-06-01 02:00:05.791 7 INFO oslo_service.service [-] Child 29 exited with status 0
2026-06-01 02:00:05.791 27 WARNING amqp [req-5a32d6b2-0651-49ef-9a28-0ea1640cec89 - - - - -] Received method (60, 30) during closing channel 1. This method will be ignored
2026-06-01 02:00:05.792 27 DEBUG neutron.service [req-5a32d6b2-0651-49ef-9a28-0ea1640cec89 - - - - -] returning from RpcWorker wait() _wait /var/lib/kolla/venv/lib/python3.6/site-packages/neutron/service.py:135
2026-06-01 02:00:05.793 23 DEBUG neutron.service [-] calling stop on stop /var/lib/kolla/venv/lib/python3.6/site-packages/neutron/service.py:141
2026-06-01 02:00:05.794 24 DEBUG neutron.service [-] calling stop on stop /var/lib/kolla/venv/lib/python3.6/site-packages/neutron/service.py:141
2026-06-01 02:00:05.798 7 INFO oslo_service.service [-] Child 27 exited with status 0
2026-06-01 02:00:05.805 24 DEBUG oslo_concurrency.lockutils [req-5a32d6b2-0651-49ef-9a28-0ea1640cec89 - - - - -] Acquired lock "singleton_lock" lock /var/lib/kolla/venv/lib/python3.6/site-packages/oslo_concurrency/lockutils.py:294
2026-06-01 02:00:05.806 24 DEBUG oslo_concurrency.lockutils [req-5a32d6b2-0651-49ef-9a28-0ea1640cec89 - - - - -] Releasing lock "singleton_lock" lock /var/lib/kolla/venv/lib/python3.6/site-packages/oslo_concurrency/lockutils.py:312
2026-06-01 02:00:05.806 24 DEBUG neutron.service [req-5a32d6b2-0651-49ef-9a28-0ea1640cec89 - - - - -] calling RpcWorker wait() _wait /var/lib/kolla/venv/lib/python3.6/site-packages/neutron/service.py:128
2026-06-01 02:00:05.807 24 DEBUG neutron.service [req-5a32d6b2-0651-49ef-9a28-0ea1640cec89 - - - - -] calling wait on _wait /var/lib/kolla/venv/lib/python3.6/site-packages/neutron/service.py:131
2026-06-01 02:00:05.814 24 WARNING amqp [req-5a32d6b2-0651-49ef-9a28-0ea1640cec89 - - - - -] Received method (60, 30) during closing channel 1. This method will be ignored
2026-06-01 02:00:05.816 24 DEBUG neutron.service [req-5a32d6b2-0651-49ef-9a28-0ea1640cec89 - - - - -] calling wait on _wait /var/lib/kolla/venv/lib/python3.6/site-packages/neutron/service.py:131
2026-06-01 02:00:05.821 24 WARNING amqp [req-5a32d6b2-0651-49ef-9a28-0ea1640cec89 - - - - -] Received method (60, 30) during closing channel 1. This method will be ignored
2026-06-01 02:00:05.823 24 DEBUG neutron.service [req-5a32d6b2-0651-49ef-9a28-0ea1640cec89 - - - - -] calling wait on _wait /var/lib/kolla/venv/lib/python3.6/site-packages/neutron/service.py:131
2026-06-01 02:00:05.829 24 WARNING amqp [req-5a32d6b2-0651-49ef-9a28-0ea1640cec89 - - - - -] Received method (60, 30) during closing channel 1. This method will be ignored
2026-06-01 02:00:05.831 24 DEBUG neutron.service [req-5a32d6b2-0651-49ef-9a28-0ea1640cec89 - - - - -] calling wait on _wait /var/lib/kolla/venv/lib/python3.6/site-packages/neutron/service.py:131
2026-06-01 02:00:05.838 24 WARNING amqp [req-5a32d6b2-0651-49ef-9a28-0ea1640cec89 - - - - -] Received method (60, 30) during closing channel 1. This method will be ignored
2026-06-01 02:00:05.841 24 DEBUG neutron.service [req-5a32d6b2-0651-49ef-9a28-0ea1640cec89 - - - - -] returning from RpcWorker wait() _wait /var/lib/kolla/venv/lib/python3.6/site-packages/neutron/service.py:135
2026-06-01 02:00:05.850 7 INFO oslo_service.service [-] Child 24 exited with status 0
2026-06-01 02:00:07.444 23 DEBUG neutron.service [-] calling stop on stop /var/lib/kolla/venv/lib/python3.6/site-packages/neutron/service.py:141
2026-06-01 02:00:09.944 25 DEBUG neutron.service [-] calling stop on stop /var/lib/kolla/venv/lib/python3.6/site-packages/neutron/service.py:141
2026-06-01 02:00:10.811 23 DEBUG oslo_concurrency.lockutils [req-5a32d6b2-0651-49ef-9a28-0ea1640cec89 - - - - -] Acquired lock "singleton_lock" lock /var/lib/kolla/venv/lib/python3.6/site-packages/oslo_concurrency/lockutils.py:294
2026-06-01 02:00:10.811 23 DEBUG oslo_concurrency.lockutils [req-5a32d6b2-0651-49ef-9a28-0ea1640cec89 - - - - -] Releasing lock "singleton_lock" lock /var/lib/kolla/venv/lib/python3.6/site-packages/oslo_concurrency/lockutils.py:312
2026-06-01 02:00:10.812 23 DEBUG neutron.service [req-5a32d6b2-0651-49ef-9a28-0ea1640cec89 - - - - -] calling RpcWorker wait() _wait /var/lib/kolla/venv/lib/python3.6/site-packages/neutron/service.py:128
2026-06-01 02:00:10.812 23 DEBUG neutron.service [req-5a32d6b2-0651-49ef-9a28-0ea1640cec89 - - - - -] calling wait on _wait /var/lib/kolla/venv/lib/python3.6/site-packages/neutron/service.py:131
2026-06-01 02:00:10.813 25 DEBUG oslo_concurrency.lockutils [req-5a32d6b2-0651-49ef-9a28-0ea1640cec89 - - - - -] Acquired lock "singleton_lock" lock /var/lib/kolla/venv/lib/python3.6/site-packages/oslo_concurrency/lockutils.py:294
2026-06-01 02:00:10.813 25 DEBUG oslo_concurrency.lockutils [req-5a32d6b2-0651-49ef-9a28-0ea1640cec89 - - - - -] Releasing lock "singleton_lock" lock /var/lib/kolla/venv/lib/python3.6/site-packages/oslo_concurrency/lockutils.py:312
2026-06-01 02:00:10.813 25 DEBUG neutron.service [req-5a32d6b2-0651-49ef-9a28-0ea1640cec89 - - - - -] calling RpcWorker wait() _wait /var/lib/kolla/venv/lib/python3.6/site-packages/neutron/service.py:128
2026-06-01 02:00:10.813 25 DEBUG neutron.service [req-5a32d6b2-0651-49ef-9a28-0ea1640cec89 - - - - -] calling wait on _wait /var/lib/kolla/venv/lib/python3.6/site-packages/neutron/service.py:131
2026-06-01 02:00:10.819 23 WARNING amqp [req-5a32d6b2-0651-49ef-9a28-0ea1640cec89 - - - - -] Received method (60, 30) during closing channel 1. This method will be ignored
2026-06-01 02:00:10.821 25 WARNING amqp [req-5a32d6b2-0651-49ef-9a28-0ea1640cec89 - - - - -] Received method (60, 30) during closing channel 1. This method will be ignored
2026-06-01 02:00:10.821 23 DEBUG neutron.service [req-5a32d6b2-0651-49ef-9a28-0ea1640cec89 - - - - -] calling wait on _wait /var/lib/kolla/venv/lib/python3.6/site-packages/neutron/service.py:131
2026-06-01 02:00:10.823 25 DEBUG neutron.service [req-5a32d6b2-0651-49ef-9a28-0ea1640cec89 - - - - -] calling wait on _wait /var/lib/kolla/venv/lib/python3.6/site-packages/neutron/service.py:131
2026-06-01 02:00:10.827 23 WARNING amqp [req-5a32d6b2-0651-49ef-9a28-0ea1640cec89 - - - - -] Received method (60, 30) during closing channel 1. This method will be ignored
2026-06-01 02:00:10.828 23 DEBUG neutron.service [req-5a32d6b2-0651-49ef-9a28-0ea1640cec89 - - - - -] calling wait on _wait /var/lib/kolla/venv/lib/python3.6/site-packages/neutron/service.py:131
2026-06-01 02:00:10.830 25 WARNING amqp [req-5a32d6b2-0651-49ef-9a28-0ea1640cec89 - - - - -] Received method (60, 30) during closing channel 1. This method will be ignored
2026-06-01 02:00:10.831 25 DEBUG neutron.service [req-5a32d6b2-0651-49ef-9a28-0ea1640cec89 - - - - -] calling wait on _wait /var/lib/kolla/venv/lib/python3.6/site-packages/neutron/service.py:131
2026-06-01 02:00:10.833 23 WARNING amqp [req-5a32d6b2-0651-49ef-9a28-0ea1640cec89 - - - - -] Received method (60, 30) during closing channel 1. This method will be ignored
2026-06-01 02:00:10.834 23 DEBUG neutron.service [req-5a32d6b2-0651-49ef-9a28-0ea1640cec89 - - - - -] calling wait on _wait /var/lib/kolla/venv/lib/python3.6/site-packages/neutron/service.py:131
2026-06-01 02:00:10.836 25 WARNING amqp [req-5a32d6b2-0651-49ef-9a28-0ea1640cec89 - - - - -] Received method (60, 30) during closing channel 1. This method will be ignored
2026-06-01 02:00:10.837 25 DEBUG neutron.service [req-5a32d6b2-0651-49ef-9a28-0ea1640cec89 - - - - -] calling wait on _wait /var/lib/kolla/venv/lib/python3.6/site-packages/neutron/service.py:131
2026-06-01 02:00:10.840 23 WARNING amqp [req-5a32d6b2-0651-49ef-9a28-0ea1640cec89 - - - - -] Received method (60, 30) during closing channel 1. This method will be ignored
2026-06-01 02:00:10.841 23 DEBUG neutron.service [req-5a32d6b2-0651-49ef-9a28-0ea1640cec89 - - - - -] returning from RpcWorker wait() _wait /var/lib/kolla/venv/lib/python3.6/site-packages/neutron/service.py:135
2026-06-01 02:00:10.843 25 WARNING amqp [req-5a32d6b2-0651-49ef-9a28-0ea1640cec89 - - - - -] Received method (60, 30) during closing channel 1. This method will be ignored
2026-06-01 02:00:10.844 25 DEBUG neutron.service [req-5a32d6b2-0651-49ef-9a28-0ea1640cec89 - - - - -] returning from RpcWorker wait() _wait /var/lib/kolla/venv/lib/python3.6/site-packages/neutron/service.py:135
2026-06-01 02:00:10.848 7 INFO oslo_service.service [-] Child 23 exited with status 0
2026-06-01 02:00:10.850 7 INFO oslo_service.service [-] Child 25 exited with status 0
2026-06-01 02:00:10.850 7 INFO oslo_service.service [-] Wait called after thread killed. Cleaning up.
2026-06-01 02:00:10.851 7 DEBUG oslo_service.service [-] Stop services. stop /var/lib/kolla/venv/lib/python3.6/site-packages/oslo_service/service.py:695
2026-06-01 02:00:10.851 7 DEBUG oslo_service.service [-] Killing children. stop /var/lib/kolla/venv/lib/python3.6/site-packages/oslo_service/service.py:700
2026-06-01 02:00:15.544 7 INFO neutron.common.config [-] Logging enabled!
2026-06-01 02:00:15.544 7 INFO neutron.common.config [-] /var/lib/kolla/venv/bin/neutron-server version 20.5.1.dev23
2026-06-01 02:00:15.545 7 DEBUG neutron.common.config [-] command line: /var/lib/kolla/venv/bin/neutron-server --config-file /etc/neutron/neutron.conf --config-file /etc/neutron/ContrailPlugin.ini --config-file /etc/neutron/api-paste.ini setup_logging /var/lib/kolla/venv/lib/python3.6/site-packages/neutron/common/config.py:115
2026-06-01 02:00:15.548 7 INFO neutron.common.config [-] Logging enabled!
