2026-05-28 00:36:41.632 139344 DEBUG oslo_service.service [req-0dd04ea9-7599-47af-8f1a-7c3923d02271 - - - - -] cyborg.split_loggers = False log_opt_values /usr/lib/python3/dist-packages/oslo_config/cfg.py:2609
2026-05-28 00:36:41.632 139344 DEBUG oslo_service.service [req-0dd04ea9-7599-47af-8f1a-7c3923d02271 - - - - -] cyborg.status_code_retries = None log_opt_values /usr/lib/python3/dist-packages/oslo_config/cfg.py:2609
2026-05-28 00:36:41.632 139344 DEBUG oslo_service.service [req-0dd04ea9-7599-47af-8f1a-7c3923d02271 - - - - -] cyborg.status_code_retry_delay = None log_opt_values /usr/lib/python3/dist-packages/oslo_config/cfg.py:2609
2026-05-28 00:36:41.633 139344 DEBUG oslo_service.service [req-0dd04ea9-7599-47af-8f1a-7c3923d02271 - - - - -] cyborg.timeout = None log_opt_values /usr/lib/python3/dist-packages/oslo_config/cfg.py:2609
2026-05-28 00:36:41.633 139344 DEBUG oslo_service.service [req-0dd04ea9-7599-47af-8f1a-7c3923d02271 - - - - -] cyborg.valid_interfaces = ['internal', 'public'] log_opt_values /usr/lib/python3/dist-packages/oslo_config/cfg.py:2609
2026-05-28 00:36:41.633 139344 DEBUG oslo_service.service [req-0dd04ea9-7599-47af-8f1a-7c3923d02271 - - - - -] cyborg.version = None log_opt_values /usr/lib/python3/dist-packages/oslo_config/cfg.py:2609
2026-05-28 00:36:41.633 139344 DEBUG oslo_service.service [req-0dd04ea9-7599-47af-8f1a-7c3923d02271 - - - - -] database.backend = sqlalchemy log_opt_values /usr/lib/python3/dist-packages/oslo_config/cfg.py:2609
2026-05-28 00:36:41.633 139344 DEBUG oslo_service.service [req-0dd04ea9-7599-47af-8f1a-7c3923d02271 - - - - -] database.connection = **** log_opt_values /usr/lib/python3/dist-packages/oslo_config/cfg.py:2609
2026-05-28 00:36:41.634 139344 DEBUG oslo_service.service [req-0dd04ea9-7599-47af-8f1a-7c3923d02271 - - - - -] database.connection_debug = 0 log_opt_values /usr/lib/python3/dist-packages/oslo_config/cfg.py:2609
2026-05-28 00:36:41.634 139344 DEBUG oslo_service.service [req-0dd04ea9-7599-47af-8f1a-7c3923d02271 - - - - -] database.connection_parameters = log_opt_values /usr/lib/python3/dist-packages/oslo_config/cfg.py:2609
2026-05-28 00:36:41.634 139344 DEBUG oslo_service.service [req-0dd04ea9-7599-47af-8f1a-7c3923d02271 - - - - -] database.connection_recycle_time = 3600 log_opt_values /usr/lib/python3/dist-packages/oslo_config/cfg.py:2609
2026-05-28 00:36:41.634 139344 DEBUG oslo_service.service [req-0dd04ea9-7599-47af-8f1a-7c3923d02271 - - - - -] database.connection_trace = False log_opt_values /usr/lib/python3/dist-packages/oslo_config/cfg.py:2609
2026-05-28 00:36:41.634 139344 DEBUG oslo_service.service [req-0dd04ea9-7599-47af-8f1a-7c3923d02271 - - - - -] database.db_inc_retry_interval = True log_opt_values /usr/lib/python3/dist-packages/oslo_config/cfg.py:2609
2026-05-28 00:36:41.635 139344 DEBUG oslo_service.service [req-0dd04ea9-7599-47af-8f1a-7c3923d02271 - - - - -] database.db_max_retries = 20 log_opt_values /usr/lib/python3/dist-packages/oslo_config/cfg.py:2609
2026-05-28 00:36:41.635 139344 DEBUG oslo_service.service [req-0dd04ea9-7599-47af-8f1a-7c3923d02271 - - - - -] database.db_max_retry_interval = 10 log_opt_values /usr/lib/python3/dist-packages/oslo_config/cfg.py:2609
2026-05-28 00:36:41.635 139344 DEBUG oslo_service.service [req-0dd04ea9-7599-47af-8f1a-7c3923d02271 - - - - -] database.db_retry_interval = 1 log_opt_values /usr/lib/python3/dist-packages/oslo_config/cfg.py:2609
2026-05-28 00:36:41.635 139344 DEBUG oslo_service.service [req-0dd04ea9-7599-47af-8f1a-7c3923d02271 - - - - -] database.max_overflow = 50 log_opt_values /usr/lib/python3/dist-packages/oslo_config/cfg.py:2609
2026-05-28 00:36:41.635 139344 DEBUG oslo_service.service [req-0dd04ea9-7599-47af-8f1a-7c3923d02271 - - - - -] database.max_pool_size = 4 log_opt_values /usr/lib/python3/dist-packages/oslo_config/cfg.py:2609
2026-05-28 00:36:41.635 139344 DEBUG oslo_service.service [req-0dd04ea9-7599-47af-8f1a-7c3923d02271 - - - - -] database.max_retries = 10 log_opt_values /usr/lib/python3/dist-packages/oslo_config/cfg.py:2609
2026-05-28 00:36:41.636 139344 DEBUG oslo_service.service [req-0dd04ea9-7599-47af-8f1a-7c3923d02271 - - - - -] database.mysql_enable_ndb = False log_opt_values /usr/lib/python3/dist-packages/oslo_config/cfg.py:2609
2026-05-28 00:36:41.636 139344 DEBUG oslo_service.service [req-0dd04ea9-7599-47af-8f1a-7c3923d02271 - - - - -] database.mysql_sql_mode = TRADITIONAL log_opt_values /usr/lib/python3/dist-packages/oslo_config/cfg.py:2609
2026-05-28 00:36:41.636 139344 DEBUG oslo_service.service [req-0dd04ea9-7599-47af-8f1a-7c3923d02271 - - - - -] database.pool_timeout = None log_opt_values /usr/lib/python3/dist-packages/oslo_config/cfg.py:2609
2026-05-28 00:36:41.636 139344 DEBUG oslo_service.service [req-0dd04ea9-7599-47af-8f1a-7c3923d02271 - - - - -] database.retry_interval = 10 log_opt_values /usr/lib/python3/dist-packages/oslo_config/cfg.py:2609
2026-05-28 00:36:41.636 139344 DEBUG oslo_service.service [req-0dd04ea9-7599-47af-8f1a-7c3923d02271 - - - - -] database.slave_connection = **** log_opt_values /usr/lib/python3/dist-packages/oslo_config/cfg.py:2609
2026-05-28 00:36:41.637 139344 DEBUG oslo_service.service [req-0dd04ea9-7599-47af-8f1a-7c3923d02271 - - - - -] database.sqlite_synchronous = True log_opt_values /usr/lib/python3/dist-packages/oslo_config/cfg.py:2609
2026-05-28 00:36:41.638 139344 DEBUG oslo_service.service [req-0dd04ea9-7599-47af-8f1a-7c3923d02271 - - - - -] database.use_db_reconnect = False log_opt_values /usr/lib/python3/dist-packages/oslo_config/cfg.py:2609
2026-05-28 00:36:41.638 139344 DEBUG oslo_service.service [req-0dd04ea9-7599-47af-8f1a-7c3923d02271 - - - - -] api_database.backend = sqlalchemy log_opt_values /usr/lib/python3/dist-packages/oslo_config/cfg.py:2609
2026-05-28 00:36:41.638 139344 DEBUG oslo_service.service [req-0dd04ea9-7599-47af-8f1a-7c3923d02271 - - - - -] api_database.connection = **** log_opt_values /usr/lib/python3/dist-packages/oslo_config/cfg.py:2609
2026-05-28 00:36:41.639 139344 DEBUG oslo_service.service [req-0dd04ea9-7599-47af-8f1a-7c3923d02271 - - - - -] api_database.connection_debug = 0 log_opt_values /usr/lib/python3/dist-packages/oslo_config/cfg.py:2609
2026-05-28 00:36:41.639 139344 DEBUG oslo_service.service [req-0dd04ea9-7599-47af-8f1a-7c3923d02271 - - - - -] api_database.connection_parameters = log_opt_values /usr/lib/python3/dist-packages/oslo_config/cfg.py:2609
2026-05-28 00:36:41.639 139344 DEBUG oslo_service.service [req-0dd04ea9-7599-47af-8f1a-7c3923d02271 - - - - -] api_database.connection_recycle_time = 3600 log_opt_values /usr/lib/python3/dist-packages/oslo_config/cfg.py:2609
2026-05-28 00:36:41.639 139344 DEBUG oslo_service.service [req-0dd04ea9-7599-47af-8f1a-7c3923d02271 - - - - -] api_database.connection_trace = False log_opt_values /usr/lib/python3/dist-packages/oslo_config/cfg.py:2609
2026-05-28 00:36:41.640 139344 DEBUG oslo_service.service [req-0dd04ea9-7599-47af-8f1a-7c3923d02271 - - - - -] api_database.db_inc_retry_interval = True log_opt_values /usr/lib/python3/dist-packages/oslo_config/cfg.py:2609
2026-05-28 00:36:41.640 139344 DEBUG oslo_service.service [req-0dd04ea9-7599-47af-8f1a-7c3923d02271 - - - - -] api_database.db_max_retries = 20 log_opt_values /usr/lib/python3/dist-packages/oslo_config/cfg.py:2609
2026-05-28 00:36:41.640 139344 DEBUG oslo_service.service [req-0dd04ea9-7599-47af-8f1a-7c3923d02271 - - - - -] api_database.db_max_retry_interval = 10 log_opt_values /usr/lib/python3/dist-packages/oslo_config/cfg.py:2609
2026-05-28 00:36:41.640 139344 DEBUG oslo_service.service [req-0dd04ea9-7599-47af-8f1a-7c3923d02271 - - - - -] api_database.db_retry_interval = 1 log_opt_values /usr/lib/python3/dist-packages/oslo_config/cfg.py:2609
2026-05-28 00:36:41.640 139344 DEBUG oslo_service.service [req-0dd04ea9-7599-47af-8f1a-7c3923d02271 - - - - -] api_database.max_overflow = 50 log_opt_values /usr/lib/python3/dist-packages/oslo_config/cfg.py:2609
2026-05-28 00:36:41.641 139344 DEBUG oslo_service.service [req-0dd04ea9-7599-47af-8f1a-7c3923d02271 - - - - -] api_database.max_pool_size = 4 log_opt_values /usr/lib/python3/dist-packages/oslo_config/cfg.py:2609
2026-05-28 00:36:41.641 139344 DEBUG oslo_service.service [req-0dd04ea9-7599-47af-8f1a-7c3923d02271 - - - - -] api_database.max_retries = 10 log_opt_values /usr/lib/python3/dist-packages/oslo_config/cfg.py:2609
2026-05-28 00:36:41.641 139344 DEBUG oslo_service.service [req-0dd04ea9-7599-47af-8f1a-7c3923d02271 - - - - -] api_database.mysql_enable_ndb = False log_opt_values /usr/lib/python3/dist-packages/oslo_config/cfg.py:2609
2026-05-28 00:36:41.641 139344 DEBUG oslo_service.service [req-0dd04ea9-7599-47af-8f1a-7c3923d02271 - - - - -] api_database.mysql_sql_mode = TRADITIONAL log_opt_values /usr/lib/python3/dist-packages/oslo_config/cfg.py:2609
2026-05-28 00:36:41.642 139344 DEBUG oslo_service.service [req-0dd04ea9-7599-47af-8f1a-7c3923d02271 - - - - -] api_database.pool_timeout = None log_opt_values /usr/lib/python3/dist-packages/oslo_config/cfg.py:2609
2026-05-28 00:36:41.642 139344 DEBUG oslo_service.service [req-0dd04ea9-7599-47af-8f1a-7c3923d02271 - - - - -] api_database.retry_interval = 10 log_opt_values /usr/lib/python3/dist-packages/oslo_config/cfg.py:2609
2026-05-28 00:36:41.642 139344 DEBUG oslo_service.service [req-0dd04ea9-7599-47af-8f1a-7c3923d02271 - - - - -] api_database.slave_connection = **** log_opt_values /usr/lib/python3/dist-packages/oslo_config/cfg.py:2609
2026-05-28 00:36:41.642 139344 DEBUG oslo_service.service [req-0dd04ea9-7599-47af-8f1a-7c3923d02271 - - - - -] api_database.sqlite_synchronous = True log_opt_values /usr/lib/python3/dist-packages/oslo_config/cfg.py:2609
2026-05-28 00:36:41.642 139344 DEBUG oslo_service.service [req-0dd04ea9-7599-47af-8f1a-7c3923d02271 - - - - -] devices.enabled_mdev_types = [] log_opt_values /usr/lib/python3/dist-packages/oslo_config/cfg.py:2609
2026-05-28 00:36:41.643 139344 DEBUG oslo_service.service [req-0dd04ea9-7599-47af-8f1a-7c3923d02271 - - - - -] ephemeral_storage_encryption.cipher = aes-xts-plain64 log_opt_values /usr/lib/python3/dist-packages/oslo_config/cfg.py:2609
2026-05-28 00:36:41.643 139344 DEBUG oslo_service.service [req-0dd04ea9-7599-47af-8f1a-7c3923d02271 - - - - -] ephemeral_storage_encryption.enabled = False log_opt_values /usr/lib/python3/dist-packages/oslo_config/cfg.py:2609
2026-05-28 00:36:41.643 139344 DEBUG oslo_service.service [req-0dd04ea9-7599-47af-8f1a-7c3923d02271 - - - - -] ephemeral_storage_encryption.key_size = 512 log_opt_values /usr/lib/python3/dist-packages/oslo_config/cfg.py:2609
2026-05-28 00:36:41.643 140668 DEBUG nova.service [req-fa57c207-c2d2-47b7-8cea-28d66a7a0dd0 - - - - -] Creating RPC server for service conductor start /usr/lib/python3/dist-packages/nova/service.py:182
2026-05-28 00:36:41.644 139344 WARNING oslo_config.cfg [req-0dd04ea9-7599-47af-8f1a-7c3923d02271 - - - - -] Deprecated: Option "api_servers" from group "glance" is deprecated for removal ( Support for image service configuration via standard keystoneauth1 Adapter options was added in the 17.0.0 Queens release. The api_servers option was retained temporarily to allow consumers time to cut over to a real load balancing solution. ). Its value may be silently ignored in the future.
2026-05-28 00:36:41.645 139344 DEBUG oslo_service.service [req-0dd04ea9-7599-47af-8f1a-7c3923d02271 - - - - -] glance.api_servers = ['http://252.23.148.223:9292'] log_opt_values /usr/lib/python3/dist-packages/oslo_config/cfg.py:2609
2026-05-28 00:36:41.645 139344 DEBUG oslo_service.service [req-0dd04ea9-7599-47af-8f1a-7c3923d02271 - - - - -] glance.cafile = None log_opt_values /usr/lib/python3/dist-packages/oslo_config/cfg.py:2609
2026-05-28 00:36:41.645 139344 DEBUG oslo_service.service [req-0dd04ea9-7599-47af-8f1a-7c3923d02271 - - - - -] glance.certfile = None log_opt_values /usr/lib/python3/dist-packages/oslo_config/cfg.py:2609
2026-05-28 00:36:41.646 139344 DEBUG oslo_service.service [req-0dd04ea9-7599-47af-8f1a-7c3923d02271 - - - - -] glance.collect_timing = False log_opt_values /usr/lib/python3/dist-packages/oslo_config/cfg.py:2609
2026-05-28 00:36:41.646 139344 DEBUG oslo_service.service [req-0dd04ea9-7599-47af-8f1a-7c3923d02271 - - - - -] glance.connect_retries = None log_opt_values /usr/lib/python3/dist-packages/oslo_config/cfg.py:2609
2026-05-28 00:36:41.646 139344 DEBUG oslo_service.service [req-0dd04ea9-7599-47af-8f1a-7c3923d02271 - - - - -] glance.connect_retry_delay = None log_opt_values /usr/lib/python3/dist-packages/oslo_config/cfg.py:2609
2026-05-28 00:36:41.646 139344 DEBUG oslo_service.service [req-0dd04ea9-7599-47af-8f1a-7c3923d02271 - - - - -] glance.debug = False log_opt_values /usr/lib/python3/dist-packages/oslo_config/cfg.py:2609
2026-05-28 00:36:41.646 139344 DEBUG oslo_service.service [req-0dd04ea9-7599-47af-8f1a-7c3923d02271 - - - - -] glance.default_trusted_certificate_ids = [] log_opt_values /usr/lib/python3/dist-packages/oslo_config/cfg.py:2609
2026-05-28 00:36:41.647 139344 DEBUG oslo_service.service [req-0dd04ea9-7599-47af-8f1a-7c3923d02271 - - - - -] glance.enable_certificate_validation = False log_opt_values /usr/lib/python3/dist-packages/oslo_config/cfg.py:2609
2026-05-28 00:36:41.647 139344 DEBUG oslo_service.service [req-0dd04ea9-7599-47af-8f1a-7c3923d02271 - - - - -] glance.enable_rbd_download = False log_opt_values /usr/lib/python3/dist-packages/oslo_config/cfg.py:2609
2026-05-28 00:36:41.648 139344 DEBUG oslo_service.service [req-0dd04ea9-7599-47af-8f1a-7c3923d02271 - - - - -] glance.endpoint_override = None log_opt_values /usr/lib/python3/dist-packages/oslo_config/cfg.py:2609
2026-05-28 00:36:41.648 139344 DEBUG oslo_service.service [req-0dd04ea9-7599-47af-8f1a-7c3923d02271 - - - - -] glance.insecure = False log_opt_values /usr/lib/python3/dist-packages/oslo_config/cfg.py:2609
2026-05-28 00:36:41.648 139344 DEBUG oslo_service.service [req-0dd04ea9-7599-47af-8f1a-7c3923d02271 - - - - -] glance.keyfile = None log_opt_values /usr/lib/python3/dist-packages/oslo_config/cfg.py:2609
2026-05-28 00:36:41.648 139344 DEBUG oslo_service.service [req-0dd04ea9-7599-47af-8f1a-7c3923d02271 - - - - -] glance.max_version = None log_opt_values /usr/lib/python3/dist-packages/oslo_config/cfg.py:2609
2026-05-28 00:36:41.649 139344 DEBUG oslo_service.service [req-0dd04ea9-7599-47af-8f1a-7c3923d02271 - - - - -] glance.min_version = None log_opt_values /usr/lib/python3/dist-packages/oslo_config/cfg.py:2609
2026-05-28 00:36:41.649 139344 DEBUG oslo_service.service [req-0dd04ea9-7599-47af-8f1a-7c3923d02271 - - - - -] glance.num_retries = 3 log_opt_values /usr/lib/python3/dist-packages/oslo_config/cfg.py:2609
2026-05-28 00:36:41.649 139344 DEBUG oslo_service.service [req-0dd04ea9-7599-47af-8f1a-7c3923d02271 - - - - -] glance.rbd_ceph_conf = log_opt_values /usr/lib/python3/dist-packages/oslo_config/cfg.py:2609
2026-05-28 00:36:41.650 139344 DEBUG oslo_service.service [req-0dd04ea9-7599-47af-8f1a-7c3923d02271 - - - - -] glance.rbd_connect_timeout = 5 log_opt_values /usr/lib/python3/dist-packages/oslo_config/cfg.py:2609
2026-05-28 00:36:41.651 139344 DEBUG oslo_service.service [req-0dd04ea9-7599-47af-8f1a-7c3923d02271 - - - - -] glance.rbd_pool = log_opt_values /usr/lib/python3/dist-packages/oslo_config/cfg.py:2609
2026-05-28 00:36:41.651 140667 DEBUG oslo_messaging._drivers.amqpdriver [-] Listener is running poll /usr/lib/python3/dist-packages/oslo_messaging/_drivers/amqpdriver.py:343
2026-05-28 00:36:41.651 139344 DEBUG oslo_service.service [req-0dd04ea9-7599-47af-8f1a-7c3923d02271 - - - - -] glance.rbd_user = log_opt_values /usr/lib/python3/dist-packages/oslo_config/cfg.py:2609
2026-05-28 00:36:41.651 139344 DEBUG oslo_service.service [req-0dd04ea9-7599-47af-8f1a-7c3923d02271 - - - - -] glance.region_name = None log_opt_values /usr/lib/python3/dist-packages/oslo_config/cfg.py:2609
2026-05-28 00:36:41.651 140667 DEBUG oslo_messaging._drivers.amqpdriver [-] AMQPListener connection consume poll /usr/lib/python3/dist-packages/oslo_messaging/_drivers/amqpdriver.py:357
2026-05-28 00:36:41.651 139344 DEBUG oslo_service.service [req-0dd04ea9-7599-47af-8f1a-7c3923d02271 - - - - -] glance.service_name = None log_opt_values /usr/lib/python3/dist-packages/oslo_config/cfg.py:2609
2026-05-28 00:36:41.651 139344 DEBUG oslo_service.service [req-0dd04ea9-7599-47af-8f1a-7c3923d02271 - - - - -] glance.service_type = image log_opt_values /usr/lib/python3/dist-packages/oslo_config/cfg.py:2609
2026-05-28 00:36:41.652 139344 DEBUG oslo_service.service [req-0dd04ea9-7599-47af-8f1a-7c3923d02271 - - - - -] glance.split_loggers = False log_opt_values /usr/lib/python3/dist-packages/oslo_config/cfg.py:2609
2026-05-28 00:36:41.652 140667 DEBUG nova.service [req-7edc4864-bdf2-450f-adf5-77449a6b0015 - - - - -] Join ServiceGroup membership for this service conductor start /usr/lib/python3/dist-packages/nova/service.py:199
2026-05-28 00:36:41.652 139344 DEBUG oslo_service.service [req-0dd04ea9-7599-47af-8f1a-7c3923d02271 - - - - -] glance.status_code_retries = None log_opt_values /usr/lib/python3/dist-packages/oslo_config/cfg.py:2609
2026-05-28 00:36:41.652 140667 DEBUG nova.servicegroup.drivers.db [req-7edc4864-bdf2-450f-adf5-77449a6b0015 - - - - -] DB_Driver: join new ServiceGroup member juju-fc2495-0-lxd-7 to the conductor group, service = join /usr/lib/python3/dist-packages/nova/servicegroup/drivers/db.py:44
2026-05-28 00:36:41.652 139344 DEBUG oslo_service.service [req-0dd04ea9-7599-47af-8f1a-7c3923d02271 - - - - -] glance.status_code_retry_delay = None log_opt_values /usr/lib/python3/dist-packages/oslo_config/cfg.py:2609
2026-05-28 00:36:41.652 139344 DEBUG oslo_service.service [req-0dd04ea9-7599-47af-8f1a-7c3923d02271 - - - - -] glance.timeout = None log_opt_values /usr/lib/python3/dist-packages/oslo_config/cfg.py:2609
2026-05-28 00:36:41.652 139344 DEBUG oslo_service.service [req-0dd04ea9-7599-47af-8f1a-7c3923d02271 - - - - -] glance.valid_interfaces = ['internal', 'public'] log_opt_values /usr/lib/python3/dist-packages/oslo_config/cfg.py:2609
2026-05-28 00:36:41.653 139344 DEBUG oslo_service.service [req-0dd04ea9-7599-47af-8f1a-7c3923d02271 - - - - -] glance.verify_glance_signatures = False log_opt_values /usr/lib/python3/dist-packages/oslo_config/cfg.py:2609
2026-05-28 00:36:41.653 139344 DEBUG oslo_service.service [req-0dd04ea9-7599-47af-8f1a-7c3923d02271 - - - - -] glance.version = None log_opt_values /usr/lib/python3/dist-packages/oslo_config/cfg.py:2609
2026-05-28 00:36:41.654 139344 DEBUG oslo_service.service [req-0dd04ea9-7599-47af-8f1a-7c3923d02271 - - - - -] guestfs.debug = False log_opt_values /usr/lib/python3/dist-packages/oslo_config/cfg.py:2609
2026-05-28 00:36:41.654 139344 DEBUG oslo_service.service [req-0dd04ea9-7599-47af-8f1a-7c3923d02271 - - - - -] hyperv.config_drive_cdrom = False log_opt_values /usr/lib/python3/dist-packages/oslo_config/cfg.py:2609
2026-05-28 00:36:41.654 139344 DEBUG oslo_service.service [req-0dd04ea9-7599-47af-8f1a-7c3923d02271 - - - - -] hyperv.config_drive_inject_password = False log_opt_values /usr/lib/python3/dist-packages/oslo_config/cfg.py:2609
2026-05-28 00:36:41.655 139344 DEBUG oslo_service.service [req-0dd04ea9-7599-47af-8f1a-7c3923d02271 - - - - -] hyperv.dynamic_memory_ratio = 1.0 log_opt_values /usr/lib/python3/dist-packages/oslo_config/cfg.py:2609
2026-05-28 00:36:41.655 140667 DEBUG oslo_messaging._drivers.amqpdriver [-] AMQPListener connection timeout poll /usr/lib/python3/dist-packages/oslo_messaging/_drivers/amqpdriver.py:360
2026-05-28 00:36:41.655 140667 DEBUG oslo_messaging._drivers.amqpdriver [-] Listener is running poll /usr/lib/python3/dist-packages/oslo_messaging/_drivers/amqpdriver.py:343
2026-05-28 00:36:41.655 139344 DEBUG oslo_service.service [req-0dd04ea9-7599-47af-8f1a-7c3923d02271 - - - - -] hyperv.enable_instance_metrics_collection = False log_opt_values /usr/lib/python3/dist-packages/oslo_config/cfg.py:2609
2026-05-28 00:36:41.655 140667 DEBUG oslo_messaging._drivers.amqpdriver [-] AMQPListener connection consume poll /usr/lib/python3/dist-packages/oslo_messaging/_drivers/amqpdriver.py:357
2026-05-28 00:36:41.655 139344 DEBUG oslo_service.service [req-0dd04ea9-7599-47af-8f1a-7c3923d02271 - - - - -] hyperv.enable_remotefx = False log_opt_values /usr/lib/python3/dist-packages/oslo_config/cfg.py:2609
2026-05-28 00:36:41.655 139344 DEBUG oslo_service.service [req-0dd04ea9-7599-47af-8f1a-7c3923d02271 - - - - -] hyperv.instances_path_share = log_opt_values /usr/lib/python3/dist-packages/oslo_config/cfg.py:2609
2026-05-28 00:36:41.656 139344 DEBUG oslo_service.service [req-0dd04ea9-7599-47af-8f1a-7c3923d02271 - - - - -] hyperv.iscsi_initiator_list = [] log_opt_values /usr/lib/python3/dist-packages/oslo_config/cfg.py:2609
2026-05-28 00:36:41.657 139344 DEBUG oslo_service.service [req-0dd04ea9-7599-47af-8f1a-7c3923d02271 - - - - -] hyperv.limit_cpu_features = False log_opt_values /usr/lib/python3/dist-packages/oslo_config/cfg.py:2609
2026-05-28 00:36:41.657 139344 DEBUG oslo_service.service [req-0dd04ea9-7599-47af-8f1a-7c3923d02271 - - - - -] hyperv.mounted_disk_query_retry_count = 10 log_opt_values /usr/lib/python3/dist-packages/oslo_config/cfg.py:2609
2026-05-28 00:36:41.657 139344 DEBUG oslo_service.service [req-0dd04ea9-7599-47af-8f1a-7c3923d02271 - - - - -] hyperv.mounted_disk_query_retry_interval = 5 log_opt_values /usr/lib/python3/dist-packages/oslo_config/cfg.py:2609
2026-05-28 00:36:41.658 139344 DEBUG oslo_service.service [req-0dd04ea9-7599-47af-8f1a-7c3923d02271 - - - - -] hyperv.power_state_check_timeframe = 60 log_opt_values /usr/lib/python3/dist-packages/oslo_config/cfg.py:2609
2026-05-28 00:36:41.658 139344 DEBUG oslo_service.service [req-0dd04ea9-7599-47af-8f1a-7c3923d02271 - - - - -] hyperv.power_state_event_polling_interval = 2 log_opt_values /usr/lib/python3/dist-packages/oslo_config/cfg.py:2609
2026-05-28 00:36:41.658 139344 DEBUG oslo_service.service [req-0dd04ea9-7599-47af-8f1a-7c3923d02271 - - - - -] hyperv.qemu_img_cmd = qemu-img.exe log_opt_values /usr/lib/python3/dist-packages/oslo_config/cfg.py:2609
2026-05-28 00:36:41.659 139344 DEBUG oslo_service.service [req-0dd04ea9-7599-47af-8f1a-7c3923d02271 - - - - -] hyperv.use_multipath_io = False log_opt_values /usr/lib/python3/dist-packages/oslo_config/cfg.py:2609
2026-05-28 00:36:41.659 139344 DEBUG oslo_service.service [req-0dd04ea9-7599-47af-8f1a-7c3923d02271 - - - - -] hyperv.volume_attach_retry_count = 10 log_opt_values /usr/lib/python3/dist-packages/oslo_config/cfg.py:2609
2026-05-28 00:36:41.659 140670 DEBUG oslo_messaging._drivers.amqpdriver [-] Listener is running poll /usr/lib/python3/dist-packages/oslo_messaging/_drivers/amqpdriver.py:343
2026-05-28 00:36:41.660 140670 DEBUG oslo_messaging._drivers.amqpdriver [-] AMQPListener connection consume poll /usr/lib/python3/dist-packages/oslo_messaging/_drivers/amqpdriver.py:357
2026-05-28 00:36:41.660 139344 DEBUG oslo_service.service [req-0dd04ea9-7599-47af-8f1a-7c3923d02271 - - - - -] hyperv.volume_attach_retry_interval = 5 log_opt_values /usr/lib/python3/dist-packages/oslo_config/cfg.py:2609
2026-05-28 00:36:41.660 139344 DEBUG oslo_service.service [req-0dd04ea9-7599-47af-8f1a-7c3923d02271 - - - - -] hyperv.vswitch_name = None log_opt_values /usr/lib/python3/dist-packages/oslo_config/cfg.py:2609
2026-05-28 00:36:41.660 139344 DEBUG oslo_service.service [req-0dd04ea9-7599-47af-8f1a-7c3923d02271 - - - - -] hyperv.wait_soft_reboot_seconds = 60 log_opt_values /usr/lib/python3/dist-packages/oslo_config/cfg.py:2609
2026-05-28 00:36:41.661 139344 DEBUG oslo_service.service [req-0dd04ea9-7599-47af-8f1a-7c3923d02271 - - - - -] mks.enabled = False log_opt_values /usr/lib/python3/dist-packages/oslo_config/cfg.py:2609
2026-05-28 00:36:41.662 139344 DEBUG oslo_service.service [req-0dd04ea9-7599-47af-8f1a-7c3923d02271 - - - - -] mks.mksproxy_base_url = http://127.0.0.1:6090/ log_opt_values /usr/lib/python3/dist-packages/oslo_config/cfg.py:2609
2026-05-28 00:36:41.662 139344 DEBUG oslo_service.service [req-0dd04ea9-7599-47af-8f1a-7c3923d02271 - - - - -] image_cache.manager_interval = 2400 log_opt_values /usr/lib/python3/dist-packages/oslo_config/cfg.py:2609
2026-05-28 00:36:41.662 139344 DEBUG oslo_service.service [req-0dd04ea9-7599-47af-8f1a-7c3923d02271 - - - - -] image_cache.precache_concurrency = 1 log_opt_values /usr/lib/python3/dist-packages/oslo_config/cfg.py:2609
2026-05-28 00:36:41.662 139344 DEBUG oslo_service.service [req-0dd04ea9-7599-47af-8f1a-7c3923d02271 - - - - -] image_cache.remove_unused_base_images = True log_opt_values /usr/lib/python3/dist-packages/oslo_config/cfg.py:2609
2026-05-28 00:36:41.663 139344 DEBUG oslo_service.service [req-0dd04ea9-7599-47af-8f1a-7c3923d02271 - - - - -] image_cache.remove_unused_original_minimum_age_seconds = 86400 log_opt_values /usr/lib/python3/dist-packages/oslo_config/cfg.py:2609
2026-05-28 00:36:41.662 140670 DEBUG nova.service [req-abab68c9-64cc-4762-ae68-f8386f33b035 - - - - -] Join ServiceGroup membership for this service conductor start /usr/lib/python3/dist-packages/nova/service.py:199
2026-05-28 00:36:41.663 139344 DEBUG oslo_service.service [req-0dd04ea9-7599-47af-8f1a-7c3923d02271 - - - - -] image_cache.remove_unused_resized_minimum_age_seconds = 3600 log_opt_values /usr/lib/python3/dist-packages/oslo_config/cfg.py:2609
2026-05-28 00:36:41.663 139344 DEBUG oslo_service.service [req-0dd04ea9-7599-47af-8f1a-7c3923d02271 - - - - -] image_cache.subdirectory_name = _base log_opt_values /usr/lib/python3/dist-packages/oslo_config/cfg.py:2609
2026-05-28 00:36:41.663 139344 DEBUG oslo_service.service [req-0dd04ea9-7599-47af-8f1a-7c3923d02271 - - - - -] ironic.api_max_retries = 60 log_opt_values /usr/lib/python3/dist-packages/oslo_config/cfg.py:2609
2026-05-28 00:36:41.663 139344 DEBUG oslo_service.service [req-0dd04ea9-7599-47af-8f1a-7c3923d02271 - - - - -] ironic.api_retry_interval = 2 log_opt_values /usr/lib/python3/dist-packages/oslo_config/cfg.py:2609
2026-05-28 00:36:41.663 140670 DEBUG nova.servicegroup.drivers.db [req-abab68c9-64cc-4762-ae68-f8386f33b035 - - - - -] DB_Driver: join new ServiceGroup member juju-fc2495-0-lxd-7 to the conductor group, service = join /usr/lib/python3/dist-packages/nova/servicegroup/drivers/db.py:44
2026-05-28 00:36:41.664 139344 DEBUG oslo_service.service [req-0dd04ea9-7599-47af-8f1a-7c3923d02271 - - - - -] ironic.auth_section = None log_opt_values /usr/lib/python3/dist-packages/oslo_config/cfg.py:2609
2026-05-28 00:36:41.664 139344 DEBUG oslo_service.service [req-0dd04ea9-7599-47af-8f1a-7c3923d02271 - - - - -] ironic.auth_type = None log_opt_values /usr/lib/python3/dist-packages/oslo_config/cfg.py:2609
2026-05-28 00:36:41.664 139344 DEBUG oslo_service.service [req-0dd04ea9-7599-47af-8f1a-7c3923d02271 - - - - -] ironic.cafile = None log_opt_values /usr/lib/python3/dist-packages/oslo_config/cfg.py:2609
2026-05-28 00:36:41.664 139344 DEBUG oslo_service.service [req-0dd04ea9-7599-47af-8f1a-7c3923d02271 - - - - -] ironic.certfile = None log_opt_values /usr/lib/python3/dist-packages/oslo_config/cfg.py:2609
2026-05-28 00:36:41.664 139344 DEBUG oslo_service.service [req-0dd04ea9-7599-47af-8f1a-7c3923d02271 - - - - -] ironic.collect_timing = False log_opt_values /usr/lib/python3/dist-packages/oslo_config/cfg.py:2609
2026-05-28 00:36:41.665 139344 DEBUG oslo_service.service [req-0dd04ea9-7599-47af-8f1a-7c3923d02271 - - - - -] ironic.connect_retries = None log_opt_values /usr/lib/python3/dist-packages/oslo_config/cfg.py:2609
2026-05-28 00:36:41.665 139344 DEBUG oslo_service.service [req-0dd04ea9-7599-47af-8f1a-7c3923d02271 - - - - -] ironic.connect_retry_delay = None log_opt_values /usr/lib/python3/dist-packages/oslo_config/cfg.py:2609
2026-05-28 00:36:41.665 139344 DEBUG oslo_service.service [req-0dd04ea9-7599-47af-8f1a-7c3923d02271 - - - - -] ironic.endpoint_override = None log_opt_values /usr/lib/python3/dist-packages/oslo_config/cfg.py:2609
2026-05-28 00:36:41.665 139344 DEBUG oslo_service.service [req-0dd04ea9-7599-47af-8f1a-7c3923d02271 - - - - -] ironic.insecure = False log_opt_values /usr/lib/python3/dist-packages/oslo_config/cfg.py:2609
2026-05-28 00:36:41.665 139344 DEBUG oslo_service.service [req-0dd04ea9-7599-47af-8f1a-7c3923d02271 - - - - -] ironic.keyfile = None log_opt_values /usr/lib/python3/dist-packages/oslo_config/cfg.py:2609
2026-05-28 00:36:41.665 140670 DEBUG oslo_messaging._drivers.amqpdriver [-] AMQPListener connection timeout poll /usr/lib/python3/dist-packages/oslo_messaging/_drivers/amqpdriver.py:360
2026-05-28 00:36:41.665 139344 DEBUG oslo_service.service [req-0dd04ea9-7599-47af-8f1a-7c3923d02271 - - - - -] ironic.max_version = None log_opt_values /usr/lib/python3/dist-packages/oslo_config/cfg.py:2609
2026-05-28 00:36:41.665 140670 DEBUG oslo_messaging._drivers.amqpdriver [-] Listener is running poll /usr/lib/python3/dist-packages/oslo_messaging/_drivers/amqpdriver.py:343
2026-05-28 00:36:41.666 140670 DEBUG oslo_messaging._drivers.amqpdriver [-] AMQPListener connection consume poll /usr/lib/python3/dist-packages/oslo_messaging/_drivers/amqpdriver.py:357
2026-05-28 00:36:41.666 139344 DEBUG oslo_service.service [req-0dd04ea9-7599-47af-8f1a-7c3923d02271 - - - - -] ironic.min_version = None log_opt_values /usr/lib/python3/dist-packages/oslo_config/cfg.py:2609
2026-05-28 00:36:41.666 139344 DEBUG oslo_service.service [req-0dd04ea9-7599-47af-8f1a-7c3923d02271 - - - - -] ironic.partition_key = None log_opt_values /usr/lib/python3/dist-packages/oslo_config/cfg.py:2609
2026-05-28 00:36:41.666 139344 DEBUG oslo_service.service [req-0dd04ea9-7599-47af-8f1a-7c3923d02271 - - - - -] ironic.peer_list = [] log_opt_values /usr/lib/python3/dist-packages/oslo_config/cfg.py:2609
2026-05-28 00:36:41.666 139344 DEBUG oslo_service.service [req-0dd04ea9-7599-47af-8f1a-7c3923d02271 - - - - -] ironic.region_name = None log_opt_values /usr/lib/python3/dist-packages/oslo_config/cfg.py:2609
2026-05-28 00:36:41.666 139344 DEBUG oslo_service.service [req-0dd04ea9-7599-47af-8f1a-7c3923d02271 - - - - -] ironic.serial_console_state_timeout = 10 log_opt_values /usr/lib/python3/dist-packages/oslo_config/cfg.py:2609
2026-05-28 00:36:41.667 139344 DEBUG oslo_service.service [req-0dd04ea9-7599-47af-8f1a-7c3923d02271 - - - - -] ironic.service_name = None log_opt_values /usr/lib/python3/dist-packages/oslo_config/cfg.py:2609
2026-05-28 00:36:41.667 139344 DEBUG oslo_service.service [req-0dd04ea9-7599-47af-8f1a-7c3923d02271 - - - - -] ironic.service_type = baremetal log_opt_values /usr/lib/python3/dist-packages/oslo_config/cfg.py:2609
2026-05-28 00:36:41.667 139344 DEBUG oslo_service.service [req-0dd04ea9-7599-47af-8f1a-7c3923d02271 - - - - -] ironic.split_loggers = False log_opt_values /usr/lib/python3/dist-packages/oslo_config/cfg.py:2609
2026-05-28 00:36:41.667 139344 DEBUG oslo_service.service [req-0dd04ea9-7599-47af-8f1a-7c3923d02271 - - - - -] ironic.status_code_retries = None log_opt_values /usr/lib/python3/dist-packages/oslo_config/cfg.py:2609
2026-05-28 00:36:41.668 139344 DEBUG oslo_service.service [req-0dd04ea9-7599-47af-8f1a-7c3923d02271 - - - - -] ironic.status_code_retry_delay = None log_opt_values /usr/lib/python3/dist-packages/oslo_config/cfg.py:2609
2026-05-28 00:36:41.668 139344 DEBUG oslo_service.service [req-0dd04ea9-7599-47af-8f1a-7c3923d02271 - - - - -] ironic.timeout = None log_opt_values /usr/lib/python3/dist-packages/oslo_config/cfg.py:2609
2026-05-28 00:36:41.668 139344 DEBUG oslo_service.service [req-0dd04ea9-7599-47af-8f1a-7c3923d02271 - - - - -] ironic.valid_interfaces = ['internal', 'public'] log_opt_values /usr/lib/python3/dist-packages/oslo_config/cfg.py:2609
2026-05-28 00:36:41.669 139344 DEBUG oslo_service.service [req-0dd04ea9-7599-47af-8f1a-7c3923d02271 - - - - -] ironic.version = None log_opt_values /usr/lib/python3/dist-packages/oslo_config/cfg.py:2609
2026-05-28 00:36:41.669 139344 DEBUG oslo_service.service [req-0dd04ea9-7599-47af-8f1a-7c3923d02271 - - - - -] key_manager.backend = barbican log_opt_values /usr/lib/python3/dist-packages/oslo_config/cfg.py:2609
2026-05-28 00:36:41.669 139344 DEBUG oslo_service.service [req-0dd04ea9-7599-47af-8f1a-7c3923d02271 - - - - -] key_manager.fixed_key = **** log_opt_values /usr/lib/python3/dist-packages/oslo_config/cfg.py:2609
2026-05-28 00:36:41.669 139344 DEBUG oslo_service.service [req-0dd04ea9-7599-47af-8f1a-7c3923d02271 - - - - -] barbican.auth_endpoint = http://localhost/identity/v3 log_opt_values /usr/lib/python3/dist-packages/oslo_config/cfg.py:2609
2026-05-28 00:36:41.670 139344 DEBUG oslo_service.service [req-0dd04ea9-7599-47af-8f1a-7c3923d02271 - - - - -] barbican.barbican_api_version = None log_opt_values /usr/lib/python3/dist-packages/oslo_config/cfg.py:2609
2026-05-28 00:36:41.670 139344 DEBUG oslo_service.service [req-0dd04ea9-7599-47af-8f1a-7c3923d02271 - - - - -] barbican.barbican_endpoint = None log_opt_values /usr/lib/python3/dist-packages/oslo_config/cfg.py:2609
2026-05-28 00:36:41.669 140668 DEBUG oslo_messaging._drivers.amqpdriver [-] Listener is running poll /usr/lib/python3/dist-packages/oslo_messaging/_drivers/amqpdriver.py:343
2026-05-28 00:36:41.670 140668 DEBUG oslo_messaging._drivers.amqpdriver [-] AMQPListener connection consume poll /usr/lib/python3/dist-packages/oslo_messaging/_drivers/amqpdriver.py:357
2026-05-28 00:36:41.670 139344 DEBUG oslo_service.service [req-0dd04ea9-7599-47af-8f1a-7c3923d02271 - - - - -] barbican.barbican_endpoint_type = public log_opt_values /usr/lib/python3/dist-packages/oslo_config/cfg.py:2609
2026-05-28 00:36:41.671 139344 DEBUG oslo_service.service [req-0dd04ea9-7599-47af-8f1a-7c3923d02271 - - - - -] barbican.barbican_region_name = None log_opt_values /usr/lib/python3/dist-packages/oslo_config/cfg.py:2609
2026-05-28 00:36:41.671 139344 DEBUG oslo_service.service [req-0dd04ea9-7599-47af-8f1a-7c3923d02271 - - - - -] barbican.cafile = None log_opt_values /usr/lib/python3/dist-packages/oslo_config/cfg.py:2609
2026-05-28 00:36:41.671 139344 DEBUG oslo_service.service [req-0dd04ea9-7599-47af-8f1a-7c3923d02271 - - - - -] barbican.certfile = None log_opt_values /usr/lib/python3/dist-packages/oslo_config/cfg.py:2609
2026-05-28 00:36:41.671 139344 DEBUG oslo_service.service [req-0dd04ea9-7599-47af-8f1a-7c3923d02271 - - - - -] barbican.collect_timing = False log_opt_values /usr/lib/python3/dist-packages/oslo_config/cfg.py:2609
2026-05-28 00:36:41.671 139344 DEBUG oslo_service.service [req-0dd04ea9-7599-47af-8f1a-7c3923d02271 - - - - -] barbican.insecure = False log_opt_values /usr/lib/python3/dist-packages/oslo_config/cfg.py:2609
2026-05-28 00:36:41.672 139344 DEBUG oslo_service.service [req-0dd04ea9-7599-47af-8f1a-7c3923d02271 - - - - -] barbican.keyfile = None log_opt_values /usr/lib/python3/dist-packages/oslo_config/cfg.py:2609
2026-05-28 00:36:41.672 139344 DEBUG oslo_service.service [req-0dd04ea9-7599-47af-8f1a-7c3923d02271 - - - - -] barbican.number_of_retries = 60 log_opt_values /usr/lib/python3/dist-packages/oslo_config/cfg.py:2609
2026-05-28 00:36:41.672 139344 DEBUG oslo_service.service [req-0dd04ea9-7599-47af-8f1a-7c3923d02271 - - - - -] barbican.retry_delay = 1 log_opt_values /usr/lib/python3/dist-packages/oslo_config/cfg.py:2609
2026-05-28 00:36:41.671 140668 DEBUG nova.service [req-fa57c207-c2d2-47b7-8cea-28d66a7a0dd0 - - - - -] Join ServiceGroup membership for this service conductor start /usr/lib/python3/dist-packages/nova/service.py:199
2026-05-28 00:36:41.672 139344 DEBUG oslo_service.service [req-0dd04ea9-7599-47af-8f1a-7c3923d02271 - - - - -] barbican.send_service_user_token = False log_opt_values /usr/lib/python3/dist-packages/oslo_config/cfg.py:2609
2026-05-28 00:36:41.672 140668 DEBUG nova.servicegroup.drivers.db [req-fa57c207-c2d2-47b7-8cea-28d66a7a0dd0 - - - - -] DB_Driver: join new ServiceGroup member juju-fc2495-0-lxd-7 to the conductor group, service = join /usr/lib/python3/dist-packages/nova/servicegroup/drivers/db.py:44
2026-05-28 00:36:41.673 139344 DEBUG oslo_service.service [req-0dd04ea9-7599-47af-8f1a-7c3923d02271 - - - - -] barbican.split_loggers = False log_opt_values /usr/lib/python3/dist-packages/oslo_config/cfg.py:2609
2026-05-28 00:36:41.673 139344 DEBUG oslo_service.service [req-0dd04ea9-7599-47af-8f1a-7c3923d02271 - - - - -] barbican.timeout = None log_opt_values /usr/lib/python3/dist-packages/oslo_config/cfg.py:2609
2026-05-28 00:36:41.673 139344 DEBUG oslo_service.service [req-0dd04ea9-7599-47af-8f1a-7c3923d02271 - - - - -] barbican.verify_ssl = True log_opt_values /usr/lib/python3/dist-packages/oslo_config/cfg.py:2609
2026-05-28 00:36:41.673 139344 DEBUG oslo_service.service [req-0dd04ea9-7599-47af-8f1a-7c3923d02271 - - - - -] barbican.verify_ssl_path = None log_opt_values /usr/lib/python3/dist-packages/oslo_config/cfg.py:2609
2026-05-28 00:36:41.674 139344 DEBUG oslo_service.service [req-0dd04ea9-7599-47af-8f1a-7c3923d02271 - - - - -] barbican_service_user.auth_section = None log_opt_values /usr/lib/python3/dist-packages/oslo_config/cfg.py:2609
2026-05-28 00:36:41.674 139344 DEBUG oslo_service.service [req-0dd04ea9-7599-47af-8f1a-7c3923d02271 - - - - -] barbican_service_user.auth_type = None log_opt_values /usr/lib/python3/dist-packages/oslo_config/cfg.py:2609
2026-05-28 00:36:41.674 139344 DEBUG oslo_service.service [req-0dd04ea9-7599-47af-8f1a-7c3923d02271 - - - - -] barbican_service_user.cafile = None log_opt_values /usr/lib/python3/dist-packages/oslo_config/cfg.py:2609
2026-05-28 00:36:41.674 139344 DEBUG oslo_service.service [req-0dd04ea9-7599-47af-8f1a-7c3923d02271 - - - - -] barbican_service_user.certfile = None log_opt_values /usr/lib/python3/dist-packages/oslo_config/cfg.py:2609
2026-05-28 00:36:41.674 139344 DEBUG oslo_service.service [req-0dd04ea9-7599-47af-8f1a-7c3923d02271 - - - - -] barbican_service_user.collect_timing = False log_opt_values /usr/lib/python3/dist-packages/oslo_config/cfg.py:2609
2026-05-28 00:36:41.675 139344 DEBUG oslo_service.service [req-0dd04ea9-7599-47af-8f1a-7c3923d02271 - - - - -] barbican_service_user.insecure = False log_opt_values /usr/lib/python3/dist-packages/oslo_config/cfg.py:2609
2026-05-28 00:36:41.675 139344 DEBUG oslo_service.service [req-0dd04ea9-7599-47af-8f1a-7c3923d02271 - - - - -] barbican_service_user.keyfile = None log_opt_values /usr/lib/python3/dist-packages/oslo_config/cfg.py:2609
2026-05-28 00:36:41.675 139344 DEBUG oslo_service.service [req-0dd04ea9-7599-47af-8f1a-7c3923d02271 - - - - -] barbican_service_user.split_loggers = False log_opt_values /usr/lib/python3/dist-packages/oslo_config/cfg.py:2609
2026-05-28 00:36:41.675 139344 DEBUG oslo_service.service [req-0dd04ea9-7599-47af-8f1a-7c3923d02271 - - - - -] barbican_service_user.timeout = None log_opt_values /usr/lib/python3/dist-packages/oslo_config/cfg.py:2609
2026-05-28 00:36:41.676 139344 DEBUG oslo_service.service [req-0dd04ea9-7599-47af-8f1a-7c3923d02271 - - - - -] vault.approle_role_id = None log_opt_values /usr/lib/python3/dist-packages/oslo_config/cfg.py:2609
2026-05-28 00:36:41.676 139344 DEBUG oslo_service.service [req-0dd04ea9-7599-47af-8f1a-7c3923d02271 - - - - -] vault.approle_secret_id = None log_opt_values /usr/lib/python3/dist-packages/oslo_config/cfg.py:2609
2026-05-28 00:36:41.676 139344 DEBUG oslo_service.service [req-0dd04ea9-7599-47af-8f1a-7c3923d02271 - - - - -] vault.cafile = None log_opt_values /usr/lib/python3/dist-packages/oslo_config/cfg.py:2609
2026-05-28 00:36:41.676 139344 DEBUG oslo_service.service [req-0dd04ea9-7599-47af-8f1a-7c3923d02271 - - - - -] vault.certfile = None log_opt_values /usr/lib/python3/dist-packages/oslo_config/cfg.py:2609
2026-05-28 00:36:41.676 139344 DEBUG oslo_service.service [req-0dd04ea9-7599-47af-8f1a-7c3923d02271 - - - - -] vault.collect_timing = False log_opt_values /usr/lib/python3/dist-packages/oslo_config/cfg.py:2609
2026-05-28 00:36:41.677 139344 DEBUG oslo_service.service [req-0dd04ea9-7599-47af-8f1a-7c3923d02271 - - - - -] vault.insecure = False log_opt_values /usr/lib/python3/dist-packages/oslo_config/cfg.py:2609
2026-05-28 00:36:41.677 139344 DEBUG oslo_service.service [req-0dd04ea9-7599-47af-8f1a-7c3923d02271 - - - - -] vault.keyfile = None log_opt_values /usr/lib/python3/dist-packages/oslo_config/cfg.py:2609
2026-05-28 00:36:41.677 139344 DEBUG oslo_service.service [req-0dd04ea9-7599-47af-8f1a-7c3923d02271 - - - - -] vault.kv_mountpoint = secret log_opt_values /usr/lib/python3/dist-packages/oslo_config/cfg.py:2609
2026-05-28 00:36:41.677 139344 DEBUG oslo_service.service [req-0dd04ea9-7599-47af-8f1a-7c3923d02271 - - - - -] vault.kv_version = 2 log_opt_values /usr/lib/python3/dist-packages/oslo_config/cfg.py:2609
2026-05-28 00:36:41.677 139344 DEBUG oslo_service.service [req-0dd04ea9-7599-47af-8f1a-7c3923d02271 - - - - -] vault.namespace = None log_opt_values /usr/lib/python3/dist-packages/oslo_config/cfg.py:2609
2026-05-28 00:36:41.677 139344 DEBUG oslo_service.service [req-0dd04ea9-7599-47af-8f1a-7c3923d02271 - - - - -] vault.root_token_id = None log_opt_values /usr/lib/python3/dist-packages/oslo_config/cfg.py:2609
2026-05-28 00:36:41.677 140668 DEBUG oslo_messaging._drivers.amqpdriver [-] AMQPListener connection timeout poll /usr/lib/python3/dist-packages/oslo_messaging/_drivers/amqpdriver.py:360
2026-05-28 00:36:41.678 139344 DEBUG oslo_service.service [req-0dd04ea9-7599-47af-8f1a-7c3923d02271 - - - - -] vault.split_loggers = False log_opt_values /usr/lib/python3/dist-packages/oslo_config/cfg.py:2609
2026-05-28 00:36:41.678 140668 DEBUG oslo_messaging._drivers.amqpdriver [-] Listener is running poll /usr/lib/python3/dist-packages/oslo_messaging/_drivers/amqpdriver.py:343
2026-05-28 00:36:41.678 140668 DEBUG oslo_messaging._drivers.amqpdriver [-] AMQPListener connection consume poll /usr/lib/python3/dist-packages/oslo_messaging/_drivers/amqpdriver.py:357
2026-05-28 00:36:41.678 139344 DEBUG oslo_service.service [req-0dd04ea9-7599-47af-8f1a-7c3923d02271 - - - - -] vault.ssl_ca_crt_file = None log_opt_values /usr/lib/python3/dist-packages/oslo_config/cfg.py:2609
2026-05-28 00:36:41.678 139344 DEBUG oslo_service.service [req-0dd04ea9-7599-47af-8f1a-7c3923d02271 - - - - -] vault.timeout = None log_opt_values /usr/lib/python3/dist-packages/oslo_config/cfg.py:2609
2026-05-28 00:36:41.678 139344 DEBUG oslo_service.service [req-0dd04ea9-7599-47af-8f1a-7c3923d02271 - - - - -] vault.use_ssl = False log_opt_values /usr/lib/python3/dist-packages/oslo_config/cfg.py:2609
2026-05-28 00:36:41.679 139344 DEBUG oslo_service.service [req-0dd04ea9-7599-47af-8f1a-7c3923d02271 - - - - -] vault.vault_url = http://127.0.0.1:8200 log_opt_values /usr/lib/python3/dist-packages/oslo_config/cfg.py:2609
2026-05-28 00:36:41.679 139344 DEBUG oslo_service.service [req-0dd04ea9-7599-47af-8f1a-7c3923d02271 - - - - -] keystone.cafile = None log_opt_values /usr/lib/python3/dist-packages/oslo_config/cfg.py:2609
2026-05-28 00:36:41.679 139344 DEBUG oslo_service.service [req-0dd04ea9-7599-47af-8f1a-7c3923d02271 - - - - -] keystone.certfile = None log_opt_values /usr/lib/python3/dist-packages/oslo_config/cfg.py:2609
2026-05-28 00:36:41.679 139344 DEBUG oslo_service.service [req-0dd04ea9-7599-47af-8f1a-7c3923d02271 - - - - -] keystone.collect_timing = False log_opt_values /usr/lib/python3/dist-packages/oslo_config/cfg.py:2609
2026-05-28 00:36:41.679 140669 DEBUG oslo_messaging._drivers.amqpdriver [-] Listener is running poll /usr/lib/python3/dist-packages/oslo_messaging/_drivers/amqpdriver.py:343
2026-05-28 00:36:41.680 139344 DEBUG oslo_service.service [req-0dd04ea9-7599-47af-8f1a-7c3923d02271 - - - - -] keystone.connect_retries = None log_opt_values /usr/lib/python3/dist-packages/oslo_config/cfg.py:2609
2026-05-28 00:36:41.680 139344 DEBUG oslo_service.service [req-0dd04ea9-7599-47af-8f1a-7c3923d02271 - - - - -] keystone.connect_retry_delay = None log_opt_values /usr/lib/python3/dist-packages/oslo_config/cfg.py:2609
2026-05-28 00:36:41.680 140669 DEBUG oslo_messaging._drivers.amqpdriver [-] AMQPListener connection consume poll /usr/lib/python3/dist-packages/oslo_messaging/_drivers/amqpdriver.py:357
2026-05-28 00:36:41.680 139344 DEBUG oslo_service.service [req-0dd04ea9-7599-47af-8f1a-7c3923d02271 - - - - -] keystone.endpoint_override = None log_opt_values /usr/lib/python3/dist-packages/oslo_config/cfg.py:2609
2026-05-28 00:36:41.680 139344 DEBUG oslo_service.service [req-0dd04ea9-7599-47af-8f1a-7c3923d02271 - - - - -] keystone.insecure = False log_opt_values /usr/lib/python3/dist-packages/oslo_config/cfg.py:2609
2026-05-28 00:36:41.681 139344 DEBUG oslo_service.service [req-0dd04ea9-7599-47af-8f1a-7c3923d02271 - - - - -] keystone.keyfile = None log_opt_values /usr/lib/python3/dist-packages/oslo_config/cfg.py:2609
2026-05-28 00:36:41.681 139344 DEBUG oslo_service.service [req-0dd04ea9-7599-47af-8f1a-7c3923d02271 - - - - -] keystone.max_version = None log_opt_values /usr/lib/python3/dist-packages/oslo_config/cfg.py:2609
2026-05-28 00:36:41.681 140669 DEBUG nova.service [req-78ee4627-3cf1-4e8c-b341-d69d39092256 - - - - -] Join ServiceGroup membership for this service conductor start /usr/lib/python3/dist-packages/nova/service.py:199
2026-05-28 00:36:41.681 139344 DEBUG oslo_service.service [req-0dd04ea9-7599-47af-8f1a-7c3923d02271 - - - - -] keystone.min_version = None log_opt_values /usr/lib/python3/dist-packages/oslo_config/cfg.py:2609
2026-05-28 00:36:41.681 140669 DEBUG nova.servicegroup.drivers.db [req-78ee4627-3cf1-4e8c-b341-d69d39092256 - - - - -] DB_Driver: join new ServiceGroup member juju-fc2495-0-lxd-7 to the conductor group, service = join /usr/lib/python3/dist-packages/nova/servicegroup/drivers/db.py:44
2026-05-28 00:36:41.681 139344 DEBUG oslo_service.service [req-0dd04ea9-7599-47af-8f1a-7c3923d02271 - - - - -] keystone.region_name = None log_opt_values /usr/lib/python3/dist-packages/oslo_config/cfg.py:2609
2026-05-28 00:36:41.682 139344 DEBUG oslo_service.service [req-0dd04ea9-7599-47af-8f1a-7c3923d02271 - - - - -] keystone.service_name = None log_opt_values /usr/lib/python3/dist-packages/oslo_config/cfg.py:2609
2026-05-28 00:36:41.682 139344 DEBUG oslo_service.service [req-0dd04ea9-7599-47af-8f1a-7c3923d02271 - - - - -] keystone.service_type = identity log_opt_values /usr/lib/python3/dist-packages/oslo_config/cfg.py:2609
2026-05-28 00:36:41.682 139344 DEBUG oslo_service.service [req-0dd04ea9-7599-47af-8f1a-7c3923d02271 - - - - -] keystone.split_loggers = False log_opt_values /usr/lib/python3/dist-packages/oslo_config/cfg.py:2609
2026-05-28 00:36:41.682 139344 DEBUG oslo_service.service [req-0dd04ea9-7599-47af-8f1a-7c3923d02271 - - - - -] keystone.status_code_retries = None log_opt_values /usr/lib/python3/dist-packages/oslo_config/cfg.py:2609
2026-05-28 00:36:41.683 139344 DEBUG oslo_service.service [req-0dd04ea9-7599-47af-8f1a-7c3923d02271 - - - - -] keystone.status_code_retry_delay = None log_opt_values /usr/lib/python3/dist-packages/oslo_config/cfg.py:2609
2026-05-28 00:36:41.683 139344 DEBUG oslo_service.service [req-0dd04ea9-7599-47af-8f1a-7c3923d02271 - - - - -] keystone.timeout = None log_opt_values /usr/lib/python3/dist-packages/oslo_config/cfg.py:2609
2026-05-28 00:36:41.683 139344 DEBUG oslo_service.service [req-0dd04ea9-7599-47af-8f1a-7c3923d02271 - - - - -] keystone.valid_interfaces = ['internal', 'public'] log_opt_values /usr/lib/python3/dist-packages/oslo_config/cfg.py:2609
2026-05-28 00:36:41.683 139344 DEBUG oslo_service.service [req-0dd04ea9-7599-47af-8f1a-7c3923d02271 - - - - -] keystone.version = None log_opt_values /usr/lib/python3/dist-packages/oslo_config/cfg.py:2609
2026-05-28 00:36:41.683 140669 DEBUG oslo_messaging._drivers.amqpdriver [-] AMQPListener connection timeout poll /usr/lib/python3/dist-packages/oslo_messaging/_drivers/amqpdriver.py:360
2026-05-28 00:36:41.684 140669 DEBUG oslo_messaging._drivers.amqpdriver [-] Listener is running poll /usr/lib/python3/dist-packages/oslo_messaging/_drivers/amqpdriver.py:343
2026-05-28 00:36:41.684 140669 DEBUG oslo_messaging._drivers.amqpdriver [-] AMQPListener connection consume poll /usr/lib/python3/dist-packages/oslo_messaging/_drivers/amqpdriver.py:357
2026-05-28 00:36:41.684 139344 DEBUG oslo_service.service [req-0dd04ea9-7599-47af-8f1a-7c3923d02271 - - - - -] libvirt.connection_uri = log_opt_values /usr/lib/python3/dist-packages/oslo_config/cfg.py:2609
2026-05-28 00:36:41.684 139344 DEBUG oslo_service.service [req-0dd04ea9-7599-47af-8f1a-7c3923d02271 - - - - -] libvirt.cpu_mode = None log_opt_values /usr/lib/python3/dist-packages/oslo_config/cfg.py:2609
2026-05-28 00:36:41.684 139344 DEBUG oslo_service.service [req-0dd04ea9-7599-47af-8f1a-7c3923d02271 - - - - -] libvirt.cpu_model_extra_flags = [] log_opt_values /usr/lib/python3/dist-packages/oslo_config/cfg.py:2609
2026-05-28 00:36:41.684 139344 DEBUG oslo_service.service [req-0dd04ea9-7599-47af-8f1a-7c3923d02271 - - - - -] libvirt.cpu_models = [] log_opt_values /usr/lib/python3/dist-packages/oslo_config/cfg.py:2609
2026-05-28 00:36:41.685 139344 DEBUG oslo_service.service [req-0dd04ea9-7599-47af-8f1a-7c3923d02271 - - - - -] libvirt.device_detach_attempts = 8 log_opt_values /usr/lib/python3/dist-packages/oslo_config/cfg.py:2609
2026-05-28 00:36:41.685 139344 DEBUG oslo_service.service [req-0dd04ea9-7599-47af-8f1a-7c3923d02271 - - - - -] libvirt.device_detach_timeout = 20 log_opt_values /usr/lib/python3/dist-packages/oslo_config/cfg.py:2609
2026-05-28 00:36:41.685 139344 DEBUG oslo_service.service [req-0dd04ea9-7599-47af-8f1a-7c3923d02271 - - - - -] libvirt.disk_cachemodes = [] log_opt_values /usr/lib/python3/dist-packages/oslo_config/cfg.py:2609
2026-05-28 00:36:41.685 139344 DEBUG oslo_service.service [req-0dd04ea9-7599-47af-8f1a-7c3923d02271 - - - - -] libvirt.disk_prefix = None log_opt_values /usr/lib/python3/dist-packages/oslo_config/cfg.py:2609
2026-05-28 00:36:41.685 139344 DEBUG oslo_service.service [req-0dd04ea9-7599-47af-8f1a-7c3923d02271 - - - - -] libvirt.enabled_perf_events = [] log_opt_values /usr/lib/python3/dist-packages/oslo_config/cfg.py:2609
