2026-05-28 00:37:55.119 144773 DEBUG oslo_service.service [req-1a44b3c6-b9ea-41b8-b6c1-5cfeb1fccb69 - - - - -] database.connection_trace = False log_opt_values /usr/lib/python3/dist-packages/oslo_config/cfg.py:2609
2026-05-28 00:37:55.119 144773 DEBUG oslo_service.service [req-1a44b3c6-b9ea-41b8-b6c1-5cfeb1fccb69 - - - - -] database.db_inc_retry_interval = True log_opt_values /usr/lib/python3/dist-packages/oslo_config/cfg.py:2609
2026-05-28 00:37:55.118 145578 DEBUG nova.servicegroup.drivers.db [req-35ff71f9-4376-438e-9576-5e403193a41c - - - - -] DB_Driver: join new ServiceGroup member juju-fc2495-0-lxd-7 to the conductor group, service = join /usr/lib/python3/dist-packages/nova/servicegroup/drivers/db.py:44
2026-05-28 00:37:55.119 145586 DEBUG nova.service [req-5ecfa5c3-fa1f-41d0-8339-4b5c03d8bc8c - - - - -] Creating RPC server for service conductor start /usr/lib/python3/dist-packages/nova/service.py:182
2026-05-28 00:37:55.119 144773 DEBUG oslo_service.service [req-1a44b3c6-b9ea-41b8-b6c1-5cfeb1fccb69 - - - - -] database.db_max_retries = 20 log_opt_values /usr/lib/python3/dist-packages/oslo_config/cfg.py:2609
2026-05-28 00:37:55.120 144773 DEBUG oslo_service.service [req-1a44b3c6-b9ea-41b8-b6c1-5cfeb1fccb69 - - - - -] database.db_max_retry_interval = 10 log_opt_values /usr/lib/python3/dist-packages/oslo_config/cfg.py:2609
2026-05-28 00:37:55.120 144773 DEBUG oslo_service.service [req-1a44b3c6-b9ea-41b8-b6c1-5cfeb1fccb69 - - - - -] database.db_retry_interval = 1 log_opt_values /usr/lib/python3/dist-packages/oslo_config/cfg.py:2609
2026-05-28 00:37:55.120 144773 DEBUG oslo_service.service [req-1a44b3c6-b9ea-41b8-b6c1-5cfeb1fccb69 - - - - -] database.max_overflow = 50 log_opt_values /usr/lib/python3/dist-packages/oslo_config/cfg.py:2609
2026-05-28 00:37:55.120 144773 DEBUG oslo_service.service [req-1a44b3c6-b9ea-41b8-b6c1-5cfeb1fccb69 - - - - -] database.max_pool_size = 4 log_opt_values /usr/lib/python3/dist-packages/oslo_config/cfg.py:2609
2026-05-28 00:37:55.121 144773 DEBUG oslo_service.service [req-1a44b3c6-b9ea-41b8-b6c1-5cfeb1fccb69 - - - - -] database.max_retries = 10 log_opt_values /usr/lib/python3/dist-packages/oslo_config/cfg.py:2609
2026-05-28 00:37:55.121 144773 DEBUG oslo_service.service [req-1a44b3c6-b9ea-41b8-b6c1-5cfeb1fccb69 - - - - -] database.mysql_enable_ndb = False log_opt_values /usr/lib/python3/dist-packages/oslo_config/cfg.py:2609
2026-05-28 00:37:55.121 144773 DEBUG oslo_service.service [req-1a44b3c6-b9ea-41b8-b6c1-5cfeb1fccb69 - - - - -] database.mysql_sql_mode = TRADITIONAL log_opt_values /usr/lib/python3/dist-packages/oslo_config/cfg.py:2609
2026-05-28 00:37:55.122 144773 DEBUG oslo_service.service [req-1a44b3c6-b9ea-41b8-b6c1-5cfeb1fccb69 - - - - -] database.pool_timeout = None log_opt_values /usr/lib/python3/dist-packages/oslo_config/cfg.py:2609
2026-05-28 00:37:55.122 144773 DEBUG oslo_service.service [req-1a44b3c6-b9ea-41b8-b6c1-5cfeb1fccb69 - - - - -] database.retry_interval = 10 log_opt_values /usr/lib/python3/dist-packages/oslo_config/cfg.py:2609
2026-05-28 00:37:55.122 144773 DEBUG oslo_service.service [req-1a44b3c6-b9ea-41b8-b6c1-5cfeb1fccb69 - - - - -] database.slave_connection = **** log_opt_values /usr/lib/python3/dist-packages/oslo_config/cfg.py:2609
2026-05-28 00:37:55.122 144773 DEBUG oslo_service.service [req-1a44b3c6-b9ea-41b8-b6c1-5cfeb1fccb69 - - - - -] database.sqlite_synchronous = True log_opt_values /usr/lib/python3/dist-packages/oslo_config/cfg.py:2609
2026-05-28 00:37:55.123 144773 DEBUG oslo_service.service [req-1a44b3c6-b9ea-41b8-b6c1-5cfeb1fccb69 - - - - -] database.use_db_reconnect = False log_opt_values /usr/lib/python3/dist-packages/oslo_config/cfg.py:2609
2026-05-28 00:37:55.123 144773 DEBUG oslo_service.service [req-1a44b3c6-b9ea-41b8-b6c1-5cfeb1fccb69 - - - - -] api_database.backend = sqlalchemy log_opt_values /usr/lib/python3/dist-packages/oslo_config/cfg.py:2609
2026-05-28 00:37:55.123 144773 DEBUG oslo_service.service [req-1a44b3c6-b9ea-41b8-b6c1-5cfeb1fccb69 - - - - -] api_database.connection = **** log_opt_values /usr/lib/python3/dist-packages/oslo_config/cfg.py:2609
2026-05-28 00:37:55.124 144773 DEBUG oslo_service.service [req-1a44b3c6-b9ea-41b8-b6c1-5cfeb1fccb69 - - - - -] api_database.connection_debug = 0 log_opt_values /usr/lib/python3/dist-packages/oslo_config/cfg.py:2609
2026-05-28 00:37:55.123 145578 DEBUG oslo_messaging._drivers.amqpdriver [-] received message msg_id: 9295b1988eed453a971b2d658a1c1cdc reply to reply_ded44259d99c4e95a8fc750649c79e47 __call__ /usr/lib/python3/dist-packages/oslo_messaging/_drivers/amqpdriver.py:320
2026-05-28 00:37:55.124 144773 DEBUG oslo_service.service [req-1a44b3c6-b9ea-41b8-b6c1-5cfeb1fccb69 - - - - -] api_database.connection_parameters = log_opt_values /usr/lib/python3/dist-packages/oslo_config/cfg.py:2609
2026-05-28 00:37:55.125 144773 DEBUG oslo_service.service [req-1a44b3c6-b9ea-41b8-b6c1-5cfeb1fccb69 - - - - -] api_database.connection_recycle_time = 3600 log_opt_values /usr/lib/python3/dist-packages/oslo_config/cfg.py:2609
2026-05-28 00:37:55.125 144773 DEBUG oslo_service.service [req-1a44b3c6-b9ea-41b8-b6c1-5cfeb1fccb69 - - - - -] api_database.connection_trace = False log_opt_values /usr/lib/python3/dist-packages/oslo_config/cfg.py:2609
2026-05-28 00:37:55.125 144773 DEBUG oslo_service.service [req-1a44b3c6-b9ea-41b8-b6c1-5cfeb1fccb69 - - - - -] api_database.db_inc_retry_interval = True log_opt_values /usr/lib/python3/dist-packages/oslo_config/cfg.py:2609
2026-05-28 00:37:55.126 144773 DEBUG oslo_service.service [req-1a44b3c6-b9ea-41b8-b6c1-5cfeb1fccb69 - - - - -] api_database.db_max_retries = 20 log_opt_values /usr/lib/python3/dist-packages/oslo_config/cfg.py:2609
2026-05-28 00:37:55.126 144773 DEBUG oslo_service.service [req-1a44b3c6-b9ea-41b8-b6c1-5cfeb1fccb69 - - - - -] api_database.db_max_retry_interval = 10 log_opt_values /usr/lib/python3/dist-packages/oslo_config/cfg.py:2609
2026-05-28 00:37:55.126 144773 DEBUG oslo_service.service [req-1a44b3c6-b9ea-41b8-b6c1-5cfeb1fccb69 - - - - -] api_database.db_retry_interval = 1 log_opt_values /usr/lib/python3/dist-packages/oslo_config/cfg.py:2609
2026-05-28 00:37:55.126 144773 DEBUG oslo_service.service [req-1a44b3c6-b9ea-41b8-b6c1-5cfeb1fccb69 - - - - -] api_database.max_overflow = 50 log_opt_values /usr/lib/python3/dist-packages/oslo_config/cfg.py:2609
2026-05-28 00:37:55.126 144773 DEBUG oslo_service.service [req-1a44b3c6-b9ea-41b8-b6c1-5cfeb1fccb69 - - - - -] api_database.max_pool_size = 4 log_opt_values /usr/lib/python3/dist-packages/oslo_config/cfg.py:2609
2026-05-28 00:37:55.127 144773 DEBUG oslo_service.service [req-1a44b3c6-b9ea-41b8-b6c1-5cfeb1fccb69 - - - - -] api_database.max_retries = 10 log_opt_values /usr/lib/python3/dist-packages/oslo_config/cfg.py:2609
2026-05-28 00:37:55.127 144773 DEBUG oslo_service.service [req-1a44b3c6-b9ea-41b8-b6c1-5cfeb1fccb69 - - - - -] api_database.mysql_enable_ndb = False log_opt_values /usr/lib/python3/dist-packages/oslo_config/cfg.py:2609
2026-05-28 00:37:55.127 144773 DEBUG oslo_service.service [req-1a44b3c6-b9ea-41b8-b6c1-5cfeb1fccb69 - - - - -] api_database.mysql_sql_mode = TRADITIONAL log_opt_values /usr/lib/python3/dist-packages/oslo_config/cfg.py:2609
2026-05-28 00:37:55.127 144773 DEBUG oslo_service.service [req-1a44b3c6-b9ea-41b8-b6c1-5cfeb1fccb69 - - - - -] api_database.pool_timeout = None log_opt_values /usr/lib/python3/dist-packages/oslo_config/cfg.py:2609
2026-05-28 00:37:55.128 145578 DEBUG oslo_messaging._drivers.amqpdriver [-] AMQPListener connection timeout poll /usr/lib/python3/dist-packages/oslo_messaging/_drivers/amqpdriver.py:360
2026-05-28 00:37:55.128 145578 DEBUG oslo_messaging._drivers.amqpdriver [-] Listener is running poll /usr/lib/python3/dist-packages/oslo_messaging/_drivers/amqpdriver.py:343
2026-05-28 00:37:55.129 145578 DEBUG oslo_messaging._drivers.amqpdriver [-] Poll the incoming message with unique_id: 7e558ae25de9449bbcbdf22df28bd9c2 poll /usr/lib/python3/dist-packages/oslo_messaging/_drivers/amqpdriver.py:346
2026-05-28 00:37:55.128 144773 DEBUG oslo_service.service [req-1a44b3c6-b9ea-41b8-b6c1-5cfeb1fccb69 - - - - -] api_database.retry_interval = 10 log_opt_values /usr/lib/python3/dist-packages/oslo_config/cfg.py:2609
2026-05-28 00:37:55.130 144773 DEBUG oslo_service.service [req-1a44b3c6-b9ea-41b8-b6c1-5cfeb1fccb69 - - - - -] api_database.slave_connection = **** log_opt_values /usr/lib/python3/dist-packages/oslo_config/cfg.py:2609
2026-05-28 00:37:55.130 145578 DEBUG oslo_messaging._drivers.amqpdriver [-] Listener is running poll /usr/lib/python3/dist-packages/oslo_messaging/_drivers/amqpdriver.py:343
2026-05-28 00:37:55.131 145578 DEBUG oslo_messaging._drivers.amqpdriver [-] AMQPListener connection consume poll /usr/lib/python3/dist-packages/oslo_messaging/_drivers/amqpdriver.py:357
2026-05-28 00:37:55.130 144773 DEBUG oslo_service.service [req-1a44b3c6-b9ea-41b8-b6c1-5cfeb1fccb69 - - - - -] api_database.sqlite_synchronous = True log_opt_values /usr/lib/python3/dist-packages/oslo_config/cfg.py:2609
2026-05-28 00:37:55.131 144773 DEBUG oslo_service.service [req-1a44b3c6-b9ea-41b8-b6c1-5cfeb1fccb69 - - - - -] devices.enabled_mdev_types = [] log_opt_values /usr/lib/python3/dist-packages/oslo_config/cfg.py:2609
2026-05-28 00:37:55.131 144773 DEBUG oslo_service.service [req-1a44b3c6-b9ea-41b8-b6c1-5cfeb1fccb69 - - - - -] ephemeral_storage_encryption.cipher = aes-xts-plain64 log_opt_values /usr/lib/python3/dist-packages/oslo_config/cfg.py:2609
2026-05-28 00:37:55.131 144773 DEBUG oslo_service.service [req-1a44b3c6-b9ea-41b8-b6c1-5cfeb1fccb69 - - - - -] ephemeral_storage_encryption.enabled = False log_opt_values /usr/lib/python3/dist-packages/oslo_config/cfg.py:2609
2026-05-28 00:37:55.131 144773 DEBUG oslo_service.service [req-1a44b3c6-b9ea-41b8-b6c1-5cfeb1fccb69 - - - - -] ephemeral_storage_encryption.key_size = 512 log_opt_values /usr/lib/python3/dist-packages/oslo_config/cfg.py:2609
2026-05-28 00:37:55.131 145579 DEBUG oslo_messaging._drivers.amqpdriver [-] Listener is running poll /usr/lib/python3/dist-packages/oslo_messaging/_drivers/amqpdriver.py:343
2026-05-28 00:37:55.132 145579 DEBUG oslo_messaging._drivers.amqpdriver [-] AMQPListener connection consume poll /usr/lib/python3/dist-packages/oslo_messaging/_drivers/amqpdriver.py:357
2026-05-28 00:37:55.132 144773 WARNING oslo_config.cfg [req-1a44b3c6-b9ea-41b8-b6c1-5cfeb1fccb69 - - - - -] Deprecated: Option "api_servers" from group "glance" is deprecated for removal ( Support for image service configuration via standard keystoneauth1 Adapter options was added in the 17.0.0 Queens release. The api_servers option was retained temporarily to allow consumers time to cut over to a real load balancing solution. ). Its value may be silently ignored in the future.
2026-05-28 00:37:55.132 144773 DEBUG oslo_service.service [req-1a44b3c6-b9ea-41b8-b6c1-5cfeb1fccb69 - - - - -] glance.api_servers = ['http://252.23.148.223:9292'] log_opt_values /usr/lib/python3/dist-packages/oslo_config/cfg.py:2609
2026-05-28 00:37:55.132 144773 DEBUG oslo_service.service [req-1a44b3c6-b9ea-41b8-b6c1-5cfeb1fccb69 - - - - -] glance.cafile = None log_opt_values /usr/lib/python3/dist-packages/oslo_config/cfg.py:2609
2026-05-28 00:37:55.132 144773 DEBUG oslo_service.service [req-1a44b3c6-b9ea-41b8-b6c1-5cfeb1fccb69 - - - - -] glance.certfile = None log_opt_values /usr/lib/python3/dist-packages/oslo_config/cfg.py:2609
2026-05-28 00:37:55.133 144773 DEBUG oslo_service.service [req-1a44b3c6-b9ea-41b8-b6c1-5cfeb1fccb69 - - - - -] glance.collect_timing = False log_opt_values /usr/lib/python3/dist-packages/oslo_config/cfg.py:2609
2026-05-28 00:37:55.132 145579 DEBUG nova.service [req-5e9711f4-64b7-4daa-b10d-c54dffa6b27b - - - - -] Join ServiceGroup membership for this service conductor start /usr/lib/python3/dist-packages/nova/service.py:199
2026-05-28 00:37:55.133 144773 DEBUG oslo_service.service [req-1a44b3c6-b9ea-41b8-b6c1-5cfeb1fccb69 - - - - -] glance.connect_retries = None log_opt_values /usr/lib/python3/dist-packages/oslo_config/cfg.py:2609
2026-05-28 00:37:55.133 145579 DEBUG nova.servicegroup.drivers.db [req-5e9711f4-64b7-4daa-b10d-c54dffa6b27b - - - - -] DB_Driver: join new ServiceGroup member juju-fc2495-0-lxd-7 to the conductor group, service = join /usr/lib/python3/dist-packages/nova/servicegroup/drivers/db.py:44
2026-05-28 00:37:55.133 144773 DEBUG oslo_service.service [req-1a44b3c6-b9ea-41b8-b6c1-5cfeb1fccb69 - - - - -] glance.connect_retry_delay = None log_opt_values /usr/lib/python3/dist-packages/oslo_config/cfg.py:2609
2026-05-28 00:37:55.133 144773 DEBUG oslo_service.service [req-1a44b3c6-b9ea-41b8-b6c1-5cfeb1fccb69 - - - - -] glance.debug = False log_opt_values /usr/lib/python3/dist-packages/oslo_config/cfg.py:2609
2026-05-28 00:37:55.133 144773 DEBUG oslo_service.service [req-1a44b3c6-b9ea-41b8-b6c1-5cfeb1fccb69 - - - - -] glance.default_trusted_certificate_ids = [] log_opt_values /usr/lib/python3/dist-packages/oslo_config/cfg.py:2609
2026-05-28 00:37:55.134 144773 DEBUG oslo_service.service [req-1a44b3c6-b9ea-41b8-b6c1-5cfeb1fccb69 - - - - -] glance.enable_certificate_validation = False log_opt_values /usr/lib/python3/dist-packages/oslo_config/cfg.py:2609
2026-05-28 00:37:55.134 144773 DEBUG oslo_service.service [req-1a44b3c6-b9ea-41b8-b6c1-5cfeb1fccb69 - - - - -] glance.enable_rbd_download = False log_opt_values /usr/lib/python3/dist-packages/oslo_config/cfg.py:2609
2026-05-28 00:37:55.134 144773 DEBUG oslo_service.service [req-1a44b3c6-b9ea-41b8-b6c1-5cfeb1fccb69 - - - - -] glance.endpoint_override = None log_opt_values /usr/lib/python3/dist-packages/oslo_config/cfg.py:2609
2026-05-28 00:37:55.134 144773 DEBUG oslo_service.service [req-1a44b3c6-b9ea-41b8-b6c1-5cfeb1fccb69 - - - - -] glance.insecure = False log_opt_values /usr/lib/python3/dist-packages/oslo_config/cfg.py:2609
2026-05-28 00:37:55.134 144773 DEBUG oslo_service.service [req-1a44b3c6-b9ea-41b8-b6c1-5cfeb1fccb69 - - - - -] glance.keyfile = None log_opt_values /usr/lib/python3/dist-packages/oslo_config/cfg.py:2609
2026-05-28 00:37:55.134 144773 DEBUG oslo_service.service [req-1a44b3c6-b9ea-41b8-b6c1-5cfeb1fccb69 - - - - -] glance.max_version = None log_opt_values /usr/lib/python3/dist-packages/oslo_config/cfg.py:2609
2026-05-28 00:37:55.135 144773 DEBUG oslo_service.service [req-1a44b3c6-b9ea-41b8-b6c1-5cfeb1fccb69 - - - - -] glance.min_version = None log_opt_values /usr/lib/python3/dist-packages/oslo_config/cfg.py:2609
2026-05-28 00:37:55.135 144773 DEBUG oslo_service.service [req-1a44b3c6-b9ea-41b8-b6c1-5cfeb1fccb69 - - - - -] glance.num_retries = 3 log_opt_values /usr/lib/python3/dist-packages/oslo_config/cfg.py:2609
2026-05-28 00:37:55.135 144773 DEBUG oslo_service.service [req-1a44b3c6-b9ea-41b8-b6c1-5cfeb1fccb69 - - - - -] glance.rbd_ceph_conf = log_opt_values /usr/lib/python3/dist-packages/oslo_config/cfg.py:2609
2026-05-28 00:37:55.135 144773 DEBUG oslo_service.service [req-1a44b3c6-b9ea-41b8-b6c1-5cfeb1fccb69 - - - - -] glance.rbd_connect_timeout = 5 log_opt_values /usr/lib/python3/dist-packages/oslo_config/cfg.py:2609
2026-05-28 00:37:55.135 144773 DEBUG oslo_service.service [req-1a44b3c6-b9ea-41b8-b6c1-5cfeb1fccb69 - - - - -] glance.rbd_pool = log_opt_values /usr/lib/python3/dist-packages/oslo_config/cfg.py:2609
2026-05-28 00:37:55.136 144773 DEBUG oslo_service.service [req-1a44b3c6-b9ea-41b8-b6c1-5cfeb1fccb69 - - - - -] glance.rbd_user = log_opt_values /usr/lib/python3/dist-packages/oslo_config/cfg.py:2609
2026-05-28 00:37:55.136 144773 DEBUG oslo_service.service [req-1a44b3c6-b9ea-41b8-b6c1-5cfeb1fccb69 - - - - -] glance.region_name = None log_opt_values /usr/lib/python3/dist-packages/oslo_config/cfg.py:2609
2026-05-28 00:37:55.136 144773 DEBUG oslo_service.service [req-1a44b3c6-b9ea-41b8-b6c1-5cfeb1fccb69 - - - - -] glance.service_name = None log_opt_values /usr/lib/python3/dist-packages/oslo_config/cfg.py:2609
2026-05-28 00:37:55.136 144773 DEBUG oslo_service.service [req-1a44b3c6-b9ea-41b8-b6c1-5cfeb1fccb69 - - - - -] glance.service_type = image log_opt_values /usr/lib/python3/dist-packages/oslo_config/cfg.py:2609
2026-05-28 00:37:55.136 145579 DEBUG oslo_messaging._drivers.amqpdriver [-] AMQPListener connection timeout poll /usr/lib/python3/dist-packages/oslo_messaging/_drivers/amqpdriver.py:360
2026-05-28 00:37:55.137 144773 DEBUG oslo_service.service [req-1a44b3c6-b9ea-41b8-b6c1-5cfeb1fccb69 - - - - -] glance.split_loggers = False log_opt_values /usr/lib/python3/dist-packages/oslo_config/cfg.py:2609
2026-05-28 00:37:55.137 145579 DEBUG oslo_messaging._drivers.amqpdriver [-] Listener is running poll /usr/lib/python3/dist-packages/oslo_messaging/_drivers/amqpdriver.py:343
2026-05-28 00:37:55.137 144773 DEBUG oslo_service.service [req-1a44b3c6-b9ea-41b8-b6c1-5cfeb1fccb69 - - - - -] glance.status_code_retries = None log_opt_values /usr/lib/python3/dist-packages/oslo_config/cfg.py:2609
2026-05-28 00:37:55.137 145579 DEBUG oslo_messaging._drivers.amqpdriver [-] AMQPListener connection consume poll /usr/lib/python3/dist-packages/oslo_messaging/_drivers/amqpdriver.py:357
2026-05-28 00:37:55.137 144773 DEBUG oslo_service.service [req-1a44b3c6-b9ea-41b8-b6c1-5cfeb1fccb69 - - - - -] glance.status_code_retry_delay = None log_opt_values /usr/lib/python3/dist-packages/oslo_config/cfg.py:2609
2026-05-28 00:37:55.137 144773 DEBUG oslo_service.service [req-1a44b3c6-b9ea-41b8-b6c1-5cfeb1fccb69 - - - - -] glance.timeout = None log_opt_values /usr/lib/python3/dist-packages/oslo_config/cfg.py:2609
2026-05-28 00:37:55.137 144773 DEBUG oslo_service.service [req-1a44b3c6-b9ea-41b8-b6c1-5cfeb1fccb69 - - - - -] glance.valid_interfaces = ['internal', 'public'] log_opt_values /usr/lib/python3/dist-packages/oslo_config/cfg.py:2609
2026-05-28 00:37:55.138 144773 DEBUG oslo_service.service [req-1a44b3c6-b9ea-41b8-b6c1-5cfeb1fccb69 - - - - -] glance.verify_glance_signatures = False log_opt_values /usr/lib/python3/dist-packages/oslo_config/cfg.py:2609
2026-05-28 00:37:55.138 144773 DEBUG oslo_service.service [req-1a44b3c6-b9ea-41b8-b6c1-5cfeb1fccb69 - - - - -] glance.version = None log_opt_values /usr/lib/python3/dist-packages/oslo_config/cfg.py:2609
2026-05-28 00:37:55.138 144773 DEBUG oslo_service.service [req-1a44b3c6-b9ea-41b8-b6c1-5cfeb1fccb69 - - - - -] guestfs.debug = False log_opt_values /usr/lib/python3/dist-packages/oslo_config/cfg.py:2609
2026-05-28 00:37:55.138 144773 DEBUG oslo_service.service [req-1a44b3c6-b9ea-41b8-b6c1-5cfeb1fccb69 - - - - -] hyperv.config_drive_cdrom = False log_opt_values /usr/lib/python3/dist-packages/oslo_config/cfg.py:2609
2026-05-28 00:37:55.138 144773 DEBUG oslo_service.service [req-1a44b3c6-b9ea-41b8-b6c1-5cfeb1fccb69 - - - - -] hyperv.config_drive_inject_password = False log_opt_values /usr/lib/python3/dist-packages/oslo_config/cfg.py:2609
2026-05-28 00:37:55.139 144773 DEBUG oslo_service.service [req-1a44b3c6-b9ea-41b8-b6c1-5cfeb1fccb69 - - - - -] hyperv.dynamic_memory_ratio = 1.0 log_opt_values /usr/lib/python3/dist-packages/oslo_config/cfg.py:2609
2026-05-28 00:37:55.139 144773 DEBUG oslo_service.service [req-1a44b3c6-b9ea-41b8-b6c1-5cfeb1fccb69 - - - - -] hyperv.enable_instance_metrics_collection = False log_opt_values /usr/lib/python3/dist-packages/oslo_config/cfg.py:2609
2026-05-28 00:37:55.139 144773 DEBUG oslo_service.service [req-1a44b3c6-b9ea-41b8-b6c1-5cfeb1fccb69 - - - - -] hyperv.enable_remotefx = False log_opt_values /usr/lib/python3/dist-packages/oslo_config/cfg.py:2609
2026-05-28 00:37:55.139 144773 DEBUG oslo_service.service [req-1a44b3c6-b9ea-41b8-b6c1-5cfeb1fccb69 - - - - -] hyperv.instances_path_share = log_opt_values /usr/lib/python3/dist-packages/oslo_config/cfg.py:2609
2026-05-28 00:37:55.139 144773 DEBUG oslo_service.service [req-1a44b3c6-b9ea-41b8-b6c1-5cfeb1fccb69 - - - - -] hyperv.iscsi_initiator_list = [] log_opt_values /usr/lib/python3/dist-packages/oslo_config/cfg.py:2609
2026-05-28 00:37:55.140 144773 DEBUG oslo_service.service [req-1a44b3c6-b9ea-41b8-b6c1-5cfeb1fccb69 - - - - -] hyperv.limit_cpu_features = False log_opt_values /usr/lib/python3/dist-packages/oslo_config/cfg.py:2609
2026-05-28 00:37:55.140 144773 DEBUG oslo_service.service [req-1a44b3c6-b9ea-41b8-b6c1-5cfeb1fccb69 - - - - -] hyperv.mounted_disk_query_retry_count = 10 log_opt_values /usr/lib/python3/dist-packages/oslo_config/cfg.py:2609
2026-05-28 00:37:55.140 144773 DEBUG oslo_service.service [req-1a44b3c6-b9ea-41b8-b6c1-5cfeb1fccb69 - - - - -] hyperv.mounted_disk_query_retry_interval = 5 log_opt_values /usr/lib/python3/dist-packages/oslo_config/cfg.py:2609
2026-05-28 00:37:55.140 144773 DEBUG oslo_service.service [req-1a44b3c6-b9ea-41b8-b6c1-5cfeb1fccb69 - - - - -] hyperv.power_state_check_timeframe = 60 log_opt_values /usr/lib/python3/dist-packages/oslo_config/cfg.py:2609
2026-05-28 00:37:55.140 144773 DEBUG oslo_service.service [req-1a44b3c6-b9ea-41b8-b6c1-5cfeb1fccb69 - - - - -] hyperv.power_state_event_polling_interval = 2 log_opt_values /usr/lib/python3/dist-packages/oslo_config/cfg.py:2609
2026-05-28 00:37:55.141 144773 DEBUG oslo_service.service [req-1a44b3c6-b9ea-41b8-b6c1-5cfeb1fccb69 - - - - -] hyperv.qemu_img_cmd = qemu-img.exe log_opt_values /usr/lib/python3/dist-packages/oslo_config/cfg.py:2609
2026-05-28 00:37:55.141 144773 DEBUG oslo_service.service [req-1a44b3c6-b9ea-41b8-b6c1-5cfeb1fccb69 - - - - -] hyperv.use_multipath_io = False log_opt_values /usr/lib/python3/dist-packages/oslo_config/cfg.py:2609
2026-05-28 00:37:55.141 144773 DEBUG oslo_service.service [req-1a44b3c6-b9ea-41b8-b6c1-5cfeb1fccb69 - - - - -] hyperv.volume_attach_retry_count = 10 log_opt_values /usr/lib/python3/dist-packages/oslo_config/cfg.py:2609
2026-05-28 00:37:55.141 144773 DEBUG oslo_service.service [req-1a44b3c6-b9ea-41b8-b6c1-5cfeb1fccb69 - - - - -] hyperv.volume_attach_retry_interval = 5 log_opt_values /usr/lib/python3/dist-packages/oslo_config/cfg.py:2609
2026-05-28 00:37:55.141 144773 DEBUG oslo_service.service [req-1a44b3c6-b9ea-41b8-b6c1-5cfeb1fccb69 - - - - -] hyperv.vswitch_name = None log_opt_values /usr/lib/python3/dist-packages/oslo_config/cfg.py:2609
2026-05-28 00:37:55.142 144773 DEBUG oslo_service.service [req-1a44b3c6-b9ea-41b8-b6c1-5cfeb1fccb69 - - - - -] hyperv.wait_soft_reboot_seconds = 60 log_opt_values /usr/lib/python3/dist-packages/oslo_config/cfg.py:2609
2026-05-28 00:37:55.142 144773 DEBUG oslo_service.service [req-1a44b3c6-b9ea-41b8-b6c1-5cfeb1fccb69 - - - - -] mks.enabled = False log_opt_values /usr/lib/python3/dist-packages/oslo_config/cfg.py:2609
2026-05-28 00:37:55.142 144773 DEBUG oslo_service.service [req-1a44b3c6-b9ea-41b8-b6c1-5cfeb1fccb69 - - - - -] mks.mksproxy_base_url = http://127.0.0.1:6090/ log_opt_values /usr/lib/python3/dist-packages/oslo_config/cfg.py:2609
2026-05-28 00:37:55.143 144773 DEBUG oslo_service.service [req-1a44b3c6-b9ea-41b8-b6c1-5cfeb1fccb69 - - - - -] image_cache.manager_interval = 2400 log_opt_values /usr/lib/python3/dist-packages/oslo_config/cfg.py:2609
2026-05-28 00:37:55.143 144773 DEBUG oslo_service.service [req-1a44b3c6-b9ea-41b8-b6c1-5cfeb1fccb69 - - - - -] image_cache.precache_concurrency = 1 log_opt_values /usr/lib/python3/dist-packages/oslo_config/cfg.py:2609
2026-05-28 00:37:55.143 144773 DEBUG oslo_service.service [req-1a44b3c6-b9ea-41b8-b6c1-5cfeb1fccb69 - - - - -] image_cache.remove_unused_base_images = True log_opt_values /usr/lib/python3/dist-packages/oslo_config/cfg.py:2609
2026-05-28 00:37:55.143 144773 DEBUG oslo_service.service [req-1a44b3c6-b9ea-41b8-b6c1-5cfeb1fccb69 - - - - -] image_cache.remove_unused_original_minimum_age_seconds = 86400 log_opt_values /usr/lib/python3/dist-packages/oslo_config/cfg.py:2609
2026-05-28 00:37:55.143 145585 DEBUG nova.service [req-0fe76a20-f6b7-46e3-85bb-0d0a2ccb5f3a - - - - -] Creating RPC server for service conductor start /usr/lib/python3/dist-packages/nova/service.py:182
2026-05-28 00:37:55.144 144773 DEBUG oslo_service.service [req-1a44b3c6-b9ea-41b8-b6c1-5cfeb1fccb69 - - - - -] image_cache.remove_unused_resized_minimum_age_seconds = 3600 log_opt_values /usr/lib/python3/dist-packages/oslo_config/cfg.py:2609
2026-05-28 00:37:55.144 144773 DEBUG oslo_service.service [req-1a44b3c6-b9ea-41b8-b6c1-5cfeb1fccb69 - - - - -] image_cache.subdirectory_name = _base log_opt_values /usr/lib/python3/dist-packages/oslo_config/cfg.py:2609
2026-05-28 00:37:55.144 144773 DEBUG oslo_service.service [req-1a44b3c6-b9ea-41b8-b6c1-5cfeb1fccb69 - - - - -] ironic.api_max_retries = 60 log_opt_values /usr/lib/python3/dist-packages/oslo_config/cfg.py:2609
2026-05-28 00:37:55.144 144773 DEBUG oslo_service.service [req-1a44b3c6-b9ea-41b8-b6c1-5cfeb1fccb69 - - - - -] ironic.api_retry_interval = 2 log_opt_values /usr/lib/python3/dist-packages/oslo_config/cfg.py:2609
2026-05-28 00:37:55.144 144773 DEBUG oslo_service.service [req-1a44b3c6-b9ea-41b8-b6c1-5cfeb1fccb69 - - - - -] ironic.auth_section = None log_opt_values /usr/lib/python3/dist-packages/oslo_config/cfg.py:2609
2026-05-28 00:37:55.145 144773 DEBUG oslo_service.service [req-1a44b3c6-b9ea-41b8-b6c1-5cfeb1fccb69 - - - - -] ironic.auth_type = None log_opt_values /usr/lib/python3/dist-packages/oslo_config/cfg.py:2609
2026-05-28 00:37:55.145 144773 DEBUG oslo_service.service [req-1a44b3c6-b9ea-41b8-b6c1-5cfeb1fccb69 - - - - -] ironic.cafile = None log_opt_values /usr/lib/python3/dist-packages/oslo_config/cfg.py:2609
2026-05-28 00:37:55.145 144773 DEBUG oslo_service.service [req-1a44b3c6-b9ea-41b8-b6c1-5cfeb1fccb69 - - - - -] ironic.certfile = None log_opt_values /usr/lib/python3/dist-packages/oslo_config/cfg.py:2609
2026-05-28 00:37:55.145 144773 DEBUG oslo_service.service [req-1a44b3c6-b9ea-41b8-b6c1-5cfeb1fccb69 - - - - -] ironic.collect_timing = False log_opt_values /usr/lib/python3/dist-packages/oslo_config/cfg.py:2609
2026-05-28 00:37:55.145 144773 DEBUG oslo_service.service [req-1a44b3c6-b9ea-41b8-b6c1-5cfeb1fccb69 - - - - -] ironic.connect_retries = None log_opt_values /usr/lib/python3/dist-packages/oslo_config/cfg.py:2609
2026-05-28 00:37:55.145 144773 DEBUG oslo_service.service [req-1a44b3c6-b9ea-41b8-b6c1-5cfeb1fccb69 - - - - -] ironic.connect_retry_delay = None log_opt_values /usr/lib/python3/dist-packages/oslo_config/cfg.py:2609
2026-05-28 00:37:55.146 144773 DEBUG oslo_service.service [req-1a44b3c6-b9ea-41b8-b6c1-5cfeb1fccb69 - - - - -] ironic.endpoint_override = None log_opt_values /usr/lib/python3/dist-packages/oslo_config/cfg.py:2609
2026-05-28 00:37:55.146 144773 DEBUG oslo_service.service [req-1a44b3c6-b9ea-41b8-b6c1-5cfeb1fccb69 - - - - -] ironic.insecure = False log_opt_values /usr/lib/python3/dist-packages/oslo_config/cfg.py:2609
2026-05-28 00:37:55.146 144773 DEBUG oslo_service.service [req-1a44b3c6-b9ea-41b8-b6c1-5cfeb1fccb69 - - - - -] ironic.keyfile = None log_opt_values /usr/lib/python3/dist-packages/oslo_config/cfg.py:2609
2026-05-28 00:37:55.146 144773 DEBUG oslo_service.service [req-1a44b3c6-b9ea-41b8-b6c1-5cfeb1fccb69 - - - - -] ironic.max_version = None log_opt_values /usr/lib/python3/dist-packages/oslo_config/cfg.py:2609
2026-05-28 00:37:55.144 145578 DEBUG oslo_messaging._drivers.amqpdriver [req-c486e139-ec38-4189-8cfc-32ba2e144f9d - - - - -] sending reply msg_id: 9295b1988eed453a971b2d658a1c1cdc reply queue: reply_ded44259d99c4e95a8fc750649c79e47 time elapsed: 0.01944538099996862s _send_reply /usr/lib/python3/dist-packages/oslo_messaging/_drivers/amqpdriver.py:118
2026-05-28 00:37:55.146 144773 DEBUG oslo_service.service [req-1a44b3c6-b9ea-41b8-b6c1-5cfeb1fccb69 - - - - -] ironic.min_version = None log_opt_values /usr/lib/python3/dist-packages/oslo_config/cfg.py:2609
2026-05-28 00:37:55.147 144773 DEBUG oslo_service.service [req-1a44b3c6-b9ea-41b8-b6c1-5cfeb1fccb69 - - - - -] ironic.partition_key = None log_opt_values /usr/lib/python3/dist-packages/oslo_config/cfg.py:2609
2026-05-28 00:37:55.147 144773 DEBUG oslo_service.service [req-1a44b3c6-b9ea-41b8-b6c1-5cfeb1fccb69 - - - - -] ironic.peer_list = [] log_opt_values /usr/lib/python3/dist-packages/oslo_config/cfg.py:2609
2026-05-28 00:37:55.147 144773 DEBUG oslo_service.service [req-1a44b3c6-b9ea-41b8-b6c1-5cfeb1fccb69 - - - - -] ironic.region_name = None log_opt_values /usr/lib/python3/dist-packages/oslo_config/cfg.py:2609
2026-05-28 00:37:55.147 144773 DEBUG oslo_service.service [req-1a44b3c6-b9ea-41b8-b6c1-5cfeb1fccb69 - - - - -] ironic.serial_console_state_timeout = 10 log_opt_values /usr/lib/python3/dist-packages/oslo_config/cfg.py:2609
2026-05-28 00:37:55.147 144773 DEBUG oslo_service.service [req-1a44b3c6-b9ea-41b8-b6c1-5cfeb1fccb69 - - - - -] ironic.service_name = None log_opt_values /usr/lib/python3/dist-packages/oslo_config/cfg.py:2609
2026-05-28 00:37:55.148 144773 DEBUG oslo_service.service [req-1a44b3c6-b9ea-41b8-b6c1-5cfeb1fccb69 - - - - -] ironic.service_type = baremetal log_opt_values /usr/lib/python3/dist-packages/oslo_config/cfg.py:2609
2026-05-28 00:37:55.148 144773 DEBUG oslo_service.service [req-1a44b3c6-b9ea-41b8-b6c1-5cfeb1fccb69 - - - - -] ironic.split_loggers = False log_opt_values /usr/lib/python3/dist-packages/oslo_config/cfg.py:2609
2026-05-28 00:37:55.148 144773 DEBUG oslo_service.service [req-1a44b3c6-b9ea-41b8-b6c1-5cfeb1fccb69 - - - - -] ironic.status_code_retries = None log_opt_values /usr/lib/python3/dist-packages/oslo_config/cfg.py:2609
2026-05-28 00:37:55.148 144773 DEBUG oslo_service.service [req-1a44b3c6-b9ea-41b8-b6c1-5cfeb1fccb69 - - - - -] ironic.status_code_retry_delay = None log_opt_values /usr/lib/python3/dist-packages/oslo_config/cfg.py:2609
2026-05-28 00:37:55.148 144773 DEBUG oslo_service.service [req-1a44b3c6-b9ea-41b8-b6c1-5cfeb1fccb69 - - - - -] ironic.timeout = None log_opt_values /usr/lib/python3/dist-packages/oslo_config/cfg.py:2609
2026-05-28 00:37:55.149 144773 DEBUG oslo_service.service [req-1a44b3c6-b9ea-41b8-b6c1-5cfeb1fccb69 - - - - -] ironic.valid_interfaces = ['internal', 'public'] log_opt_values /usr/lib/python3/dist-packages/oslo_config/cfg.py:2609
2026-05-28 00:37:55.149 144773 DEBUG oslo_service.service [req-1a44b3c6-b9ea-41b8-b6c1-5cfeb1fccb69 - - - - -] ironic.version = None log_opt_values /usr/lib/python3/dist-packages/oslo_config/cfg.py:2609
2026-05-28 00:37:55.149 144773 DEBUG oslo_service.service [req-1a44b3c6-b9ea-41b8-b6c1-5cfeb1fccb69 - - - - -] key_manager.backend = barbican log_opt_values /usr/lib/python3/dist-packages/oslo_config/cfg.py:2609
2026-05-28 00:37:55.149 144773 DEBUG oslo_service.service [req-1a44b3c6-b9ea-41b8-b6c1-5cfeb1fccb69 - - - - -] key_manager.fixed_key = **** log_opt_values /usr/lib/python3/dist-packages/oslo_config/cfg.py:2609
2026-05-28 00:37:55.149 144773 DEBUG oslo_service.service [req-1a44b3c6-b9ea-41b8-b6c1-5cfeb1fccb69 - - - - -] barbican.auth_endpoint = http://localhost/identity/v3 log_opt_values /usr/lib/python3/dist-packages/oslo_config/cfg.py:2609
2026-05-28 00:37:55.150 144773 DEBUG oslo_service.service [req-1a44b3c6-b9ea-41b8-b6c1-5cfeb1fccb69 - - - - -] barbican.barbican_api_version = None log_opt_values /usr/lib/python3/dist-packages/oslo_config/cfg.py:2609
2026-05-28 00:37:55.150 144773 DEBUG oslo_service.service [req-1a44b3c6-b9ea-41b8-b6c1-5cfeb1fccb69 - - - - -] barbican.barbican_endpoint = None log_opt_values /usr/lib/python3/dist-packages/oslo_config/cfg.py:2609
2026-05-28 00:37:55.150 144773 DEBUG oslo_service.service [req-1a44b3c6-b9ea-41b8-b6c1-5cfeb1fccb69 - - - - -] barbican.barbican_endpoint_type = public log_opt_values /usr/lib/python3/dist-packages/oslo_config/cfg.py:2609
2026-05-28 00:37:55.150 144773 DEBUG oslo_service.service [req-1a44b3c6-b9ea-41b8-b6c1-5cfeb1fccb69 - - - - -] barbican.barbican_region_name = None log_opt_values /usr/lib/python3/dist-packages/oslo_config/cfg.py:2609
2026-05-28 00:37:55.150 144773 DEBUG oslo_service.service [req-1a44b3c6-b9ea-41b8-b6c1-5cfeb1fccb69 - - - - -] barbican.cafile = None log_opt_values /usr/lib/python3/dist-packages/oslo_config/cfg.py:2609
2026-05-28 00:37:55.150 144773 DEBUG oslo_service.service [req-1a44b3c6-b9ea-41b8-b6c1-5cfeb1fccb69 - - - - -] barbican.certfile = None log_opt_values /usr/lib/python3/dist-packages/oslo_config/cfg.py:2609
2026-05-28 00:37:55.151 144773 DEBUG oslo_service.service [req-1a44b3c6-b9ea-41b8-b6c1-5cfeb1fccb69 - - - - -] barbican.collect_timing = False log_opt_values /usr/lib/python3/dist-packages/oslo_config/cfg.py:2609
2026-05-28 00:37:55.151 144773 DEBUG oslo_service.service [req-1a44b3c6-b9ea-41b8-b6c1-5cfeb1fccb69 - - - - -] barbican.insecure = False log_opt_values /usr/lib/python3/dist-packages/oslo_config/cfg.py:2609
2026-05-28 00:37:55.151 144773 DEBUG oslo_service.service [req-1a44b3c6-b9ea-41b8-b6c1-5cfeb1fccb69 - - - - -] barbican.keyfile = None log_opt_values /usr/lib/python3/dist-packages/oslo_config/cfg.py:2609
2026-05-28 00:37:55.151 144773 DEBUG oslo_service.service [req-1a44b3c6-b9ea-41b8-b6c1-5cfeb1fccb69 - - - - -] barbican.number_of_retries = 60 log_opt_values /usr/lib/python3/dist-packages/oslo_config/cfg.py:2609
2026-05-28 00:37:55.152 144773 DEBUG oslo_service.service [req-1a44b3c6-b9ea-41b8-b6c1-5cfeb1fccb69 - - - - -] barbican.retry_delay = 1 log_opt_values /usr/lib/python3/dist-packages/oslo_config/cfg.py:2609
2026-05-28 00:37:55.152 144773 DEBUG oslo_service.service [req-1a44b3c6-b9ea-41b8-b6c1-5cfeb1fccb69 - - - - -] barbican.send_service_user_token = False log_opt_values /usr/lib/python3/dist-packages/oslo_config/cfg.py:2609
2026-05-28 00:37:55.152 144773 DEBUG oslo_service.service [req-1a44b3c6-b9ea-41b8-b6c1-5cfeb1fccb69 - - - - -] barbican.split_loggers = False log_opt_values /usr/lib/python3/dist-packages/oslo_config/cfg.py:2609
2026-05-28 00:37:55.152 144773 DEBUG oslo_service.service [req-1a44b3c6-b9ea-41b8-b6c1-5cfeb1fccb69 - - - - -] barbican.timeout = None log_opt_values /usr/lib/python3/dist-packages/oslo_config/cfg.py:2609
2026-05-28 00:37:55.152 144773 DEBUG oslo_service.service [req-1a44b3c6-b9ea-41b8-b6c1-5cfeb1fccb69 - - - - -] barbican.verify_ssl = True log_opt_values /usr/lib/python3/dist-packages/oslo_config/cfg.py:2609
2026-05-28 00:37:55.152 144773 DEBUG oslo_service.service [req-1a44b3c6-b9ea-41b8-b6c1-5cfeb1fccb69 - - - - -] barbican.verify_ssl_path = None log_opt_values /usr/lib/python3/dist-packages/oslo_config/cfg.py:2609
2026-05-28 00:37:55.153 144773 DEBUG oslo_service.service [req-1a44b3c6-b9ea-41b8-b6c1-5cfeb1fccb69 - - - - -] barbican_service_user.auth_section = None log_opt_values /usr/lib/python3/dist-packages/oslo_config/cfg.py:2609
2026-05-28 00:37:55.153 144773 DEBUG oslo_service.service [req-1a44b3c6-b9ea-41b8-b6c1-5cfeb1fccb69 - - - - -] barbican_service_user.auth_type = None log_opt_values /usr/lib/python3/dist-packages/oslo_config/cfg.py:2609
2026-05-28 00:37:55.153 144773 DEBUG oslo_service.service [req-1a44b3c6-b9ea-41b8-b6c1-5cfeb1fccb69 - - - - -] barbican_service_user.cafile = None log_opt_values /usr/lib/python3/dist-packages/oslo_config/cfg.py:2609
2026-05-28 00:37:55.153 144773 DEBUG oslo_service.service [req-1a44b3c6-b9ea-41b8-b6c1-5cfeb1fccb69 - - - - -] barbican_service_user.certfile = None log_opt_values /usr/lib/python3/dist-packages/oslo_config/cfg.py:2609
2026-05-28 00:37:55.153 144773 DEBUG oslo_service.service [req-1a44b3c6-b9ea-41b8-b6c1-5cfeb1fccb69 - - - - -] barbican_service_user.collect_timing = False log_opt_values /usr/lib/python3/dist-packages/oslo_config/cfg.py:2609
2026-05-28 00:37:55.153 144773 DEBUG oslo_service.service [req-1a44b3c6-b9ea-41b8-b6c1-5cfeb1fccb69 - - - - -] barbican_service_user.insecure = False log_opt_values /usr/lib/python3/dist-packages/oslo_config/cfg.py:2609
2026-05-28 00:37:55.154 144773 DEBUG oslo_service.service [req-1a44b3c6-b9ea-41b8-b6c1-5cfeb1fccb69 - - - - -] barbican_service_user.keyfile = None log_opt_values /usr/lib/python3/dist-packages/oslo_config/cfg.py:2609
2026-05-28 00:37:55.154 144773 DEBUG oslo_service.service [req-1a44b3c6-b9ea-41b8-b6c1-5cfeb1fccb69 - - - - -] barbican_service_user.split_loggers = False log_opt_values /usr/lib/python3/dist-packages/oslo_config/cfg.py:2609
2026-05-28 00:37:55.154 144773 DEBUG oslo_service.service [req-1a44b3c6-b9ea-41b8-b6c1-5cfeb1fccb69 - - - - -] barbican_service_user.timeout = None log_opt_values /usr/lib/python3/dist-packages/oslo_config/cfg.py:2609
2026-05-28 00:37:55.154 144773 DEBUG oslo_service.service [req-1a44b3c6-b9ea-41b8-b6c1-5cfeb1fccb69 - - - - -] vault.approle_role_id = None log_opt_values /usr/lib/python3/dist-packages/oslo_config/cfg.py:2609
2026-05-28 00:37:55.154 144773 DEBUG oslo_service.service [req-1a44b3c6-b9ea-41b8-b6c1-5cfeb1fccb69 - - - - -] vault.approle_secret_id = None log_opt_values /usr/lib/python3/dist-packages/oslo_config/cfg.py:2609
2026-05-28 00:37:55.154 144773 DEBUG oslo_service.service [req-1a44b3c6-b9ea-41b8-b6c1-5cfeb1fccb69 - - - - -] vault.cafile = None log_opt_values /usr/lib/python3/dist-packages/oslo_config/cfg.py:2609
2026-05-28 00:37:55.155 144773 DEBUG oslo_service.service [req-1a44b3c6-b9ea-41b8-b6c1-5cfeb1fccb69 - - - - -] vault.certfile = None log_opt_values /usr/lib/python3/dist-packages/oslo_config/cfg.py:2609
2026-05-28 00:37:55.156 144773 DEBUG oslo_service.service [req-1a44b3c6-b9ea-41b8-b6c1-5cfeb1fccb69 - - - - -] vault.collect_timing = False log_opt_values /usr/lib/python3/dist-packages/oslo_config/cfg.py:2609
2026-05-28 00:37:55.157 144773 DEBUG oslo_service.service [req-1a44b3c6-b9ea-41b8-b6c1-5cfeb1fccb69 - - - - -] vault.insecure = False log_opt_values /usr/lib/python3/dist-packages/oslo_config/cfg.py:2609
2026-05-28 00:37:55.158 144773 DEBUG oslo_service.service [req-1a44b3c6-b9ea-41b8-b6c1-5cfeb1fccb69 - - - - -] vault.keyfile = None log_opt_values /usr/lib/python3/dist-packages/oslo_config/cfg.py:2609
2026-05-28 00:37:55.158 144773 DEBUG oslo_service.service [req-1a44b3c6-b9ea-41b8-b6c1-5cfeb1fccb69 - - - - -] vault.kv_mountpoint = secret log_opt_values /usr/lib/python3/dist-packages/oslo_config/cfg.py:2609
2026-05-28 00:37:55.158 144773 DEBUG oslo_service.service [req-1a44b3c6-b9ea-41b8-b6c1-5cfeb1fccb69 - - - - -] vault.kv_version = 2 log_opt_values /usr/lib/python3/dist-packages/oslo_config/cfg.py:2609
2026-05-28 00:37:55.158 144773 DEBUG oslo_service.service [req-1a44b3c6-b9ea-41b8-b6c1-5cfeb1fccb69 - - - - -] vault.namespace = None log_opt_values /usr/lib/python3/dist-packages/oslo_config/cfg.py:2609
2026-05-28 00:37:55.159 144773 DEBUG oslo_service.service [req-1a44b3c6-b9ea-41b8-b6c1-5cfeb1fccb69 - - - - -] vault.root_token_id = None log_opt_values /usr/lib/python3/dist-packages/oslo_config/cfg.py:2609
2026-05-28 00:37:55.159 144773 DEBUG oslo_service.service [req-1a44b3c6-b9ea-41b8-b6c1-5cfeb1fccb69 - - - - -] vault.split_loggers = False log_opt_values /usr/lib/python3/dist-packages/oslo_config/cfg.py:2609
2026-05-28 00:37:55.159 144773 DEBUG oslo_service.service [req-1a44b3c6-b9ea-41b8-b6c1-5cfeb1fccb69 - - - - -] vault.ssl_ca_crt_file = None log_opt_values /usr/lib/python3/dist-packages/oslo_config/cfg.py:2609
2026-05-28 00:37:55.159 144773 DEBUG oslo_service.service [req-1a44b3c6-b9ea-41b8-b6c1-5cfeb1fccb69 - - - - -] vault.timeout = None log_opt_values /usr/lib/python3/dist-packages/oslo_config/cfg.py:2609
2026-05-28 00:37:55.159 144773 DEBUG oslo_service.service [req-1a44b3c6-b9ea-41b8-b6c1-5cfeb1fccb69 - - - - -] vault.use_ssl = False log_opt_values /usr/lib/python3/dist-packages/oslo_config/cfg.py:2609
2026-05-28 00:37:55.160 144773 DEBUG oslo_service.service [req-1a44b3c6-b9ea-41b8-b6c1-5cfeb1fccb69 - - - - -] vault.vault_url = http://127.0.0.1:8200 log_opt_values /usr/lib/python3/dist-packages/oslo_config/cfg.py:2609
2026-05-28 00:37:55.160 144773 DEBUG oslo_service.service [req-1a44b3c6-b9ea-41b8-b6c1-5cfeb1fccb69 - - - - -] keystone.cafile = None log_opt_values /usr/lib/python3/dist-packages/oslo_config/cfg.py:2609
2026-05-28 00:37:55.160 144773 DEBUG oslo_service.service [req-1a44b3c6-b9ea-41b8-b6c1-5cfeb1fccb69 - - - - -] keystone.certfile = None log_opt_values /usr/lib/python3/dist-packages/oslo_config/cfg.py:2609
2026-05-28 00:37:55.160 144773 DEBUG oslo_service.service [req-1a44b3c6-b9ea-41b8-b6c1-5cfeb1fccb69 - - - - -] keystone.collect_timing = False log_opt_values /usr/lib/python3/dist-packages/oslo_config/cfg.py:2609
2026-05-28 00:37:55.160 144773 DEBUG oslo_service.service [req-1a44b3c6-b9ea-41b8-b6c1-5cfeb1fccb69 - - - - -] keystone.connect_retries = None log_opt_values /usr/lib/python3/dist-packages/oslo_config/cfg.py:2609
2026-05-28 00:37:55.161 144773 DEBUG oslo_service.service [req-1a44b3c6-b9ea-41b8-b6c1-5cfeb1fccb69 - - - - -] keystone.connect_retry_delay = None log_opt_values /usr/lib/python3/dist-packages/oslo_config/cfg.py:2609
2026-05-28 00:37:55.160 145586 DEBUG oslo_messaging._drivers.amqpdriver [-] Listener is running poll /usr/lib/python3/dist-packages/oslo_messaging/_drivers/amqpdriver.py:343
2026-05-28 00:37:55.161 144773 DEBUG oslo_service.service [req-1a44b3c6-b9ea-41b8-b6c1-5cfeb1fccb69 - - - - -] keystone.endpoint_override = None log_opt_values /usr/lib/python3/dist-packages/oslo_config/cfg.py:2609
2026-05-28 00:37:55.161 145586 DEBUG oslo_messaging._drivers.amqpdriver [-] AMQPListener connection consume poll /usr/lib/python3/dist-packages/oslo_messaging/_drivers/amqpdriver.py:357
2026-05-28 00:37:55.161 144773 DEBUG oslo_service.service [req-1a44b3c6-b9ea-41b8-b6c1-5cfeb1fccb69 - - - - -] keystone.insecure = False log_opt_values /usr/lib/python3/dist-packages/oslo_config/cfg.py:2609
2026-05-28 00:37:55.161 144773 DEBUG oslo_service.service [req-1a44b3c6-b9ea-41b8-b6c1-5cfeb1fccb69 - - - - -] keystone.keyfile = None log_opt_values /usr/lib/python3/dist-packages/oslo_config/cfg.py:2609
2026-05-28 00:37:55.161 144773 DEBUG oslo_service.service [req-1a44b3c6-b9ea-41b8-b6c1-5cfeb1fccb69 - - - - -] keystone.max_version = None log_opt_values /usr/lib/python3/dist-packages/oslo_config/cfg.py:2609
2026-05-28 00:37:55.161 144773 DEBUG oslo_service.service [req-1a44b3c6-b9ea-41b8-b6c1-5cfeb1fccb69 - - - - -] keystone.min_version = None log_opt_values /usr/lib/python3/dist-packages/oslo_config/cfg.py:2609
2026-05-28 00:37:55.162 144773 DEBUG oslo_service.service [req-1a44b3c6-b9ea-41b8-b6c1-5cfeb1fccb69 - - - - -] keystone.region_name = None log_opt_values /usr/lib/python3/dist-packages/oslo_config/cfg.py:2609
2026-05-28 00:37:55.162 144773 DEBUG oslo_service.service [req-1a44b3c6-b9ea-41b8-b6c1-5cfeb1fccb69 - - - - -] keystone.service_name = None log_opt_values /usr/lib/python3/dist-packages/oslo_config/cfg.py:2609
2026-05-28 00:37:55.162 145586 DEBUG nova.service [req-5ecfa5c3-fa1f-41d0-8339-4b5c03d8bc8c - - - - -] Join ServiceGroup membership for this service conductor start /usr/lib/python3/dist-packages/nova/service.py:199
2026-05-28 00:37:55.162 144773 DEBUG oslo_service.service [req-1a44b3c6-b9ea-41b8-b6c1-5cfeb1fccb69 - - - - -] keystone.service_type = identity log_opt_values /usr/lib/python3/dist-packages/oslo_config/cfg.py:2609
2026-05-28 00:37:55.162 144773 DEBUG oslo_service.service [req-1a44b3c6-b9ea-41b8-b6c1-5cfeb1fccb69 - - - - -] keystone.split_loggers = False log_opt_values /usr/lib/python3/dist-packages/oslo_config/cfg.py:2609
2026-05-28 00:37:55.162 145586 DEBUG nova.servicegroup.drivers.db [req-5ecfa5c3-fa1f-41d0-8339-4b5c03d8bc8c - - - - -] DB_Driver: join new ServiceGroup member juju-fc2495-0-lxd-7 to the conductor group, service = join /usr/lib/python3/dist-packages/nova/servicegroup/drivers/db.py:44
2026-05-28 00:37:55.162 144773 DEBUG oslo_service.service [req-1a44b3c6-b9ea-41b8-b6c1-5cfeb1fccb69 - - - - -] keystone.status_code_retries = None log_opt_values /usr/lib/python3/dist-packages/oslo_config/cfg.py:2609
2026-05-28 00:37:55.163 144773 DEBUG oslo_service.service [req-1a44b3c6-b9ea-41b8-b6c1-5cfeb1fccb69 - - - - -] keystone.status_code_retry_delay = None log_opt_values /usr/lib/python3/dist-packages/oslo_config/cfg.py:2609
2026-05-28 00:37:55.163 144773 DEBUG oslo_service.service [req-1a44b3c6-b9ea-41b8-b6c1-5cfeb1fccb69 - - - - -] keystone.timeout = None log_opt_values /usr/lib/python3/dist-packages/oslo_config/cfg.py:2609
2026-05-28 00:37:55.163 144773 DEBUG oslo_service.service [req-1a44b3c6-b9ea-41b8-b6c1-5cfeb1fccb69 - - - - -] keystone.valid_interfaces = ['internal', 'public'] log_opt_values /usr/lib/python3/dist-packages/oslo_config/cfg.py:2609
2026-05-28 00:37:55.163 144773 DEBUG oslo_service.service [req-1a44b3c6-b9ea-41b8-b6c1-5cfeb1fccb69 - - - - -] keystone.version = None log_opt_values /usr/lib/python3/dist-packages/oslo_config/cfg.py:2609
2026-05-28 00:37:55.163 144773 DEBUG oslo_service.service [req-1a44b3c6-b9ea-41b8-b6c1-5cfeb1fccb69 - - - - -] libvirt.connection_uri = log_opt_values /usr/lib/python3/dist-packages/oslo_config/cfg.py:2609
2026-05-28 00:37:55.164 144773 DEBUG oslo_service.service [req-1a44b3c6-b9ea-41b8-b6c1-5cfeb1fccb69 - - - - -] libvirt.cpu_mode = None log_opt_values /usr/lib/python3/dist-packages/oslo_config/cfg.py:2609
2026-05-28 00:37:55.164 144773 DEBUG oslo_service.service [req-1a44b3c6-b9ea-41b8-b6c1-5cfeb1fccb69 - - - - -] libvirt.cpu_model_extra_flags = [] log_opt_values /usr/lib/python3/dist-packages/oslo_config/cfg.py:2609
2026-05-28 00:37:55.164 144773 DEBUG oslo_service.service [req-1a44b3c6-b9ea-41b8-b6c1-5cfeb1fccb69 - - - - -] libvirt.cpu_models = [] log_opt_values /usr/lib/python3/dist-packages/oslo_config/cfg.py:2609
2026-05-28 00:37:55.164 144773 DEBUG oslo_service.service [req-1a44b3c6-b9ea-41b8-b6c1-5cfeb1fccb69 - - - - -] libvirt.device_detach_attempts = 8 log_opt_values /usr/lib/python3/dist-packages/oslo_config/cfg.py:2609
2026-05-28 00:37:55.164 144773 DEBUG oslo_service.service [req-1a44b3c6-b9ea-41b8-b6c1-5cfeb1fccb69 - - - - -] libvirt.device_detach_timeout = 20 log_opt_values /usr/lib/python3/dist-packages/oslo_config/cfg.py:2609
2026-05-28 00:37:55.165 144773 DEBUG oslo_service.service [req-1a44b3c6-b9ea-41b8-b6c1-5cfeb1fccb69 - - - - -] libvirt.disk_cachemodes = [] log_opt_values /usr/lib/python3/dist-packages/oslo_config/cfg.py:2609
2026-05-28 00:37:55.165 144773 DEBUG oslo_service.service [req-1a44b3c6-b9ea-41b8-b6c1-5cfeb1fccb69 - - - - -] libvirt.disk_prefix = None log_opt_values /usr/lib/python3/dist-packages/oslo_config/cfg.py:2609
2026-05-28 00:37:55.165 144773 DEBUG oslo_service.service [req-1a44b3c6-b9ea-41b8-b6c1-5cfeb1fccb69 - - - - -] libvirt.enabled_perf_events = [] log_opt_values /usr/lib/python3/dist-packages/oslo_config/cfg.py:2609
2026-05-28 00:37:55.165 144773 DEBUG oslo_service.service [req-1a44b3c6-b9ea-41b8-b6c1-5cfeb1fccb69 - - - - -] libvirt.file_backed_memory = 0 log_opt_values /usr/lib/python3/dist-packages/oslo_config/cfg.py:2609
2026-05-28 00:37:55.165 144773 DEBUG oslo_service.service [req-1a44b3c6-b9ea-41b8-b6c1-5cfeb1fccb69 - - - - -] libvirt.gid_maps = [] log_opt_values /usr/lib/python3/dist-packages/oslo_config/cfg.py:2609
2026-05-28 00:37:55.165 145586 DEBUG oslo_messaging._drivers.amqpdriver [-] AMQPListener connection timeout poll /usr/lib/python3/dist-packages/oslo_messaging/_drivers/amqpdriver.py:360
2026-05-28 00:37:55.166 144773 DEBUG oslo_service.service [req-1a44b3c6-b9ea-41b8-b6c1-5cfeb1fccb69 - - - - -] libvirt.hw_disk_discard = None log_opt_values /usr/lib/python3/dist-packages/oslo_config/cfg.py:2609
2026-05-28 00:37:55.166 145586 DEBUG oslo_messaging._drivers.amqpdriver [-] Listener is running poll /usr/lib/python3/dist-packages/oslo_messaging/_drivers/amqpdriver.py:343
2026-05-28 00:37:55.166 144773 DEBUG oslo_service.service [req-1a44b3c6-b9ea-41b8-b6c1-5cfeb1fccb69 - - - - -] libvirt.hw_machine_type = None log_opt_values /usr/lib/python3/dist-packages/oslo_config/cfg.py:2609
2026-05-28 00:37:55.166 145586 DEBUG oslo_messaging._drivers.amqpdriver [-] AMQPListener connection consume poll /usr/lib/python3/dist-packages/oslo_messaging/_drivers/amqpdriver.py:357
2026-05-28 00:37:55.166 144773 DEBUG oslo_service.service [req-1a44b3c6-b9ea-41b8-b6c1-5cfeb1fccb69 - - - - -] libvirt.images_rbd_ceph_conf = log_opt_values /usr/lib/python3/dist-packages/oslo_config/cfg.py:2609
2026-05-28 00:37:55.166 144773 DEBUG oslo_service.service [req-1a44b3c6-b9ea-41b8-b6c1-5cfeb1fccb69 - - - - -] libvirt.images_rbd_glance_copy_poll_interval = 15 log_opt_values /usr/lib/python3/dist-packages/oslo_config/cfg.py:2609
2026-05-28 00:37:55.166 144773 DEBUG oslo_service.service [req-1a44b3c6-b9ea-41b8-b6c1-5cfeb1fccb69 - - - - -] libvirt.images_rbd_glance_copy_timeout = 600 log_opt_values /usr/lib/python3/dist-packages/oslo_config/cfg.py:2609
2026-05-28 00:37:55.167 144773 DEBUG oslo_service.service [req-1a44b3c6-b9ea-41b8-b6c1-5cfeb1fccb69 - - - - -] libvirt.images_rbd_glance_store_name = log_opt_values /usr/lib/python3/dist-packages/oslo_config/cfg.py:2609
2026-05-28 00:37:55.167 144773 DEBUG oslo_service.service [req-1a44b3c6-b9ea-41b8-b6c1-5cfeb1fccb69 - - - - -] libvirt.images_rbd_pool = rbd log_opt_values /usr/lib/python3/dist-packages/oslo_config/cfg.py:2609
2026-05-28 00:37:55.167 144773 DEBUG oslo_service.service [req-1a44b3c6-b9ea-41b8-b6c1-5cfeb1fccb69 - - - - -] libvirt.images_type = default log_opt_values /usr/lib/python3/dist-packages/oslo_config/cfg.py:2609
2026-05-28 00:37:55.167 144773 DEBUG oslo_service.service [req-1a44b3c6-b9ea-41b8-b6c1-5cfeb1fccb69 - - - - -] libvirt.images_volume_group = None log_opt_values /usr/lib/python3/dist-packages/oslo_config/cfg.py:2609
2026-05-28 00:37:55.167 144773 DEBUG oslo_service.service [req-1a44b3c6-b9ea-41b8-b6c1-5cfeb1fccb69 - - - - -] libvirt.inject_key = False log_opt_values /usr/lib/python3/dist-packages/oslo_config/cfg.py:2609
2026-05-28 00:37:55.167 144773 DEBUG oslo_service.service [req-1a44b3c6-b9ea-41b8-b6c1-5cfeb1fccb69 - - - - -] libvirt.inject_partition = -2 log_opt_values /usr/lib/python3/dist-packages/oslo_config/cfg.py:2609
2026-05-28 00:37:55.168 144773 DEBUG oslo_service.service [req-1a44b3c6-b9ea-41b8-b6c1-5cfeb1fccb69 - - - - -] libvirt.inject_password = False log_opt_values /usr/lib/python3/dist-packages/oslo_config/cfg.py:2609
2026-05-28 00:37:55.168 144773 DEBUG oslo_service.service [req-1a44b3c6-b9ea-41b8-b6c1-5cfeb1fccb69 - - - - -] libvirt.iscsi_iface = None log_opt_values /usr/lib/python3/dist-packages/oslo_config/cfg.py:2609
