2026-05-18 00:41:53.986 169417 DEBUG nova.service [req-78c48110-1d7e-45cd-bd5b-7747004cf2b4 - - - - -] Creating RPC server for service scheduler start /usr/lib/python3/dist-packages/nova/service.py:182
2026-05-18 00:41:53.986 168994 DEBUG oslo_service.service [req-c26c4de5-b327-492d-a61d-53f4a34e6cdc - - - - -] api.glance_link_prefix = None log_opt_values /usr/lib/python3/dist-packages/oslo_config/cfg.py:2609
2026-05-18 00:41:53.986 168994 DEBUG oslo_service.service [req-c26c4de5-b327-492d-a61d-53f4a34e6cdc - - - - -] api.instance_list_cells_batch_fixed_size = 100 log_opt_values /usr/lib/python3/dist-packages/oslo_config/cfg.py:2609
2026-05-18 00:41:53.986 168994 DEBUG oslo_service.service [req-c26c4de5-b327-492d-a61d-53f4a34e6cdc - - - - -] api.instance_list_cells_batch_strategy = distributed log_opt_values /usr/lib/python3/dist-packages/oslo_config/cfg.py:2609
2026-05-18 00:41:53.987 168994 DEBUG oslo_service.service [req-c26c4de5-b327-492d-a61d-53f4a34e6cdc - - - - -] api.instance_list_per_project_cells = False log_opt_values /usr/lib/python3/dist-packages/oslo_config/cfg.py:2609
2026-05-18 00:41:53.987 168994 DEBUG oslo_service.service [req-c26c4de5-b327-492d-a61d-53f4a34e6cdc - - - - -] api.list_records_by_skipping_down_cells = True log_opt_values /usr/lib/python3/dist-packages/oslo_config/cfg.py:2609
2026-05-18 00:41:53.987 168994 DEBUG oslo_service.service [req-c26c4de5-b327-492d-a61d-53f4a34e6cdc - - - - -] api.local_metadata_per_cell = False log_opt_values /usr/lib/python3/dist-packages/oslo_config/cfg.py:2609
2026-05-18 00:41:53.987 168994 DEBUG oslo_service.service [req-c26c4de5-b327-492d-a61d-53f4a34e6cdc - - - - -] api.max_limit = 1000 log_opt_values /usr/lib/python3/dist-packages/oslo_config/cfg.py:2609
2026-05-18 00:41:53.988 168994 DEBUG oslo_service.service [req-c26c4de5-b327-492d-a61d-53f4a34e6cdc - - - - -] api.metadata_cache_expiration = 15 log_opt_values /usr/lib/python3/dist-packages/oslo_config/cfg.py:2609
2026-05-18 00:41:53.988 168994 DEBUG oslo_service.service [req-c26c4de5-b327-492d-a61d-53f4a34e6cdc - - - - -] api.neutron_default_tenant_id = default log_opt_values /usr/lib/python3/dist-packages/oslo_config/cfg.py:2609
2026-05-18 00:41:53.988 168994 DEBUG oslo_service.service [req-c26c4de5-b327-492d-a61d-53f4a34e6cdc - - - - -] api.use_forwarded_for = False log_opt_values /usr/lib/python3/dist-packages/oslo_config/cfg.py:2609
2026-05-18 00:41:53.988 168994 DEBUG oslo_service.service [req-c26c4de5-b327-492d-a61d-53f4a34e6cdc - - - - -] api.use_neutron_default_nets = False log_opt_values /usr/lib/python3/dist-packages/oslo_config/cfg.py:2609
2026-05-18 00:41:53.989 168994 DEBUG oslo_service.service [req-c26c4de5-b327-492d-a61d-53f4a34e6cdc - - - - -] api.vendordata_dynamic_connect_timeout = 5 log_opt_values /usr/lib/python3/dist-packages/oslo_config/cfg.py:2609
2026-05-18 00:41:53.989 168994 DEBUG oslo_service.service [req-c26c4de5-b327-492d-a61d-53f4a34e6cdc - - - - -] api.vendordata_dynamic_failure_fatal = False log_opt_values /usr/lib/python3/dist-packages/oslo_config/cfg.py:2609
2026-05-18 00:41:53.989 168994 DEBUG oslo_service.service [req-c26c4de5-b327-492d-a61d-53f4a34e6cdc - - - - -] api.vendordata_dynamic_read_timeout = 5 log_opt_values /usr/lib/python3/dist-packages/oslo_config/cfg.py:2609
2026-05-18 00:41:53.989 168994 DEBUG oslo_service.service [req-c26c4de5-b327-492d-a61d-53f4a34e6cdc - - - - -] api.vendordata_dynamic_ssl_certfile = log_opt_values /usr/lib/python3/dist-packages/oslo_config/cfg.py:2609
2026-05-18 00:41:53.990 168994 DEBUG oslo_service.service [req-c26c4de5-b327-492d-a61d-53f4a34e6cdc - - - - -] api.vendordata_dynamic_targets = [] log_opt_values /usr/lib/python3/dist-packages/oslo_config/cfg.py:2609
2026-05-18 00:41:53.990 168994 DEBUG oslo_service.service [req-c26c4de5-b327-492d-a61d-53f4a34e6cdc - - - - -] api.vendordata_jsonfile_path = None log_opt_values /usr/lib/python3/dist-packages/oslo_config/cfg.py:2609
2026-05-18 00:41:53.990 168994 DEBUG oslo_service.service [req-c26c4de5-b327-492d-a61d-53f4a34e6cdc - - - - -] api.vendordata_providers = ['StaticJSON'] log_opt_values /usr/lib/python3/dist-packages/oslo_config/cfg.py:2609
2026-05-18 00:41:53.990 168994 DEBUG oslo_service.service [req-c26c4de5-b327-492d-a61d-53f4a34e6cdc - - - - -] cache.backend = dogpile.cache.null log_opt_values /usr/lib/python3/dist-packages/oslo_config/cfg.py:2609
2026-05-18 00:41:53.990 168994 DEBUG oslo_service.service [req-c26c4de5-b327-492d-a61d-53f4a34e6cdc - - - - -] cache.backend_argument = **** log_opt_values /usr/lib/python3/dist-packages/oslo_config/cfg.py:2609
2026-05-18 00:41:53.991 168994 DEBUG oslo_service.service [req-c26c4de5-b327-492d-a61d-53f4a34e6cdc - - - - -] cache.config_prefix = cache.oslo log_opt_values /usr/lib/python3/dist-packages/oslo_config/cfg.py:2609
2026-05-18 00:41:53.991 168994 DEBUG oslo_service.service [req-c26c4de5-b327-492d-a61d-53f4a34e6cdc - - - - -] cache.debug_cache_backend = False log_opt_values /usr/lib/python3/dist-packages/oslo_config/cfg.py:2609
2026-05-18 00:41:53.991 168994 DEBUG oslo_service.service [req-c26c4de5-b327-492d-a61d-53f4a34e6cdc - - - - -] cache.enabled = False log_opt_values /usr/lib/python3/dist-packages/oslo_config/cfg.py:2609
2026-05-18 00:41:53.992 168994 DEBUG oslo_service.service [req-c26c4de5-b327-492d-a61d-53f4a34e6cdc - - - - -] cache.expiration_time = 600 log_opt_values /usr/lib/python3/dist-packages/oslo_config/cfg.py:2609
2026-05-18 00:41:53.992 168994 DEBUG oslo_service.service [req-c26c4de5-b327-492d-a61d-53f4a34e6cdc - - - - -] cache.memcache_dead_retry = 300 log_opt_values /usr/lib/python3/dist-packages/oslo_config/cfg.py:2609
2026-05-18 00:41:53.992 168994 DEBUG oslo_service.service [req-c26c4de5-b327-492d-a61d-53f4a34e6cdc - - - - -] cache.memcache_pool_connection_get_timeout = 10 log_opt_values /usr/lib/python3/dist-packages/oslo_config/cfg.py:2609
2026-05-18 00:41:53.992 168994 DEBUG oslo_service.service [req-c26c4de5-b327-492d-a61d-53f4a34e6cdc - - - - -] cache.memcache_pool_flush_on_reconnect = False log_opt_values /usr/lib/python3/dist-packages/oslo_config/cfg.py:2609
2026-05-18 00:41:53.992 168994 DEBUG oslo_service.service [req-c26c4de5-b327-492d-a61d-53f4a34e6cdc - - - - -] cache.memcache_pool_maxsize = 10 log_opt_values /usr/lib/python3/dist-packages/oslo_config/cfg.py:2609
2026-05-18 00:41:53.993 168994 DEBUG oslo_service.service [req-c26c4de5-b327-492d-a61d-53f4a34e6cdc - - - - -] cache.memcache_pool_unused_timeout = 60 log_opt_values /usr/lib/python3/dist-packages/oslo_config/cfg.py:2609
2026-05-18 00:41:53.993 168994 DEBUG oslo_service.service [req-c26c4de5-b327-492d-a61d-53f4a34e6cdc - - - - -] cache.memcache_servers = ['localhost:11211'] log_opt_values /usr/lib/python3/dist-packages/oslo_config/cfg.py:2609
2026-05-18 00:41:53.993 168994 DEBUG oslo_service.service [req-c26c4de5-b327-492d-a61d-53f4a34e6cdc - - - - -] cache.memcache_socket_timeout = 1.0 log_opt_values /usr/lib/python3/dist-packages/oslo_config/cfg.py:2609
2026-05-18 00:41:53.993 168994 DEBUG oslo_service.service [req-c26c4de5-b327-492d-a61d-53f4a34e6cdc - - - - -] cache.proxies = [] log_opt_values /usr/lib/python3/dist-packages/oslo_config/cfg.py:2609
2026-05-18 00:41:53.993 168994 DEBUG oslo_service.service [req-c26c4de5-b327-492d-a61d-53f4a34e6cdc - - - - -] cache.tls_allowed_ciphers = None log_opt_values /usr/lib/python3/dist-packages/oslo_config/cfg.py:2609
2026-05-18 00:41:53.994 168994 DEBUG oslo_service.service [req-c26c4de5-b327-492d-a61d-53f4a34e6cdc - - - - -] cache.tls_cafile = None log_opt_values /usr/lib/python3/dist-packages/oslo_config/cfg.py:2609
2026-05-18 00:41:53.994 168994 DEBUG oslo_service.service [req-c26c4de5-b327-492d-a61d-53f4a34e6cdc - - - - -] cache.tls_certfile = None log_opt_values /usr/lib/python3/dist-packages/oslo_config/cfg.py:2609
2026-05-18 00:41:53.994 168994 DEBUG oslo_service.service [req-c26c4de5-b327-492d-a61d-53f4a34e6cdc - - - - -] cache.tls_enabled = False log_opt_values /usr/lib/python3/dist-packages/oslo_config/cfg.py:2609
2026-05-18 00:41:53.994 168994 DEBUG oslo_service.service [req-c26c4de5-b327-492d-a61d-53f4a34e6cdc - - - - -] cache.tls_keyfile = None log_opt_values /usr/lib/python3/dist-packages/oslo_config/cfg.py:2609
2026-05-18 00:41:53.994 168994 DEBUG oslo_service.service [req-c26c4de5-b327-492d-a61d-53f4a34e6cdc - - - - -] cinder.auth_section = None log_opt_values /usr/lib/python3/dist-packages/oslo_config/cfg.py:2609
2026-05-18 00:41:53.994 168994 DEBUG oslo_service.service [req-c26c4de5-b327-492d-a61d-53f4a34e6cdc - - - - -] cinder.auth_type = None log_opt_values /usr/lib/python3/dist-packages/oslo_config/cfg.py:2609
2026-05-18 00:41:53.995 168994 DEBUG oslo_service.service [req-c26c4de5-b327-492d-a61d-53f4a34e6cdc - - - - -] cinder.cafile = None log_opt_values /usr/lib/python3/dist-packages/oslo_config/cfg.py:2609
2026-05-18 00:41:53.995 168994 DEBUG oslo_service.service [req-c26c4de5-b327-492d-a61d-53f4a34e6cdc - - - - -] cinder.catalog_info = volumev3::publicURL log_opt_values /usr/lib/python3/dist-packages/oslo_config/cfg.py:2609
2026-05-18 00:41:53.995 168994 DEBUG oslo_service.service [req-c26c4de5-b327-492d-a61d-53f4a34e6cdc - - - - -] cinder.certfile = None log_opt_values /usr/lib/python3/dist-packages/oslo_config/cfg.py:2609
2026-05-18 00:41:53.996 168994 DEBUG oslo_service.service [req-c26c4de5-b327-492d-a61d-53f4a34e6cdc - - - - -] cinder.collect_timing = False log_opt_values /usr/lib/python3/dist-packages/oslo_config/cfg.py:2609
2026-05-18 00:41:53.996 168994 DEBUG oslo_service.service [req-c26c4de5-b327-492d-a61d-53f4a34e6cdc - - - - -] cinder.cross_az_attach = True log_opt_values /usr/lib/python3/dist-packages/oslo_config/cfg.py:2609
2026-05-18 00:41:53.996 168994 DEBUG oslo_service.service [req-c26c4de5-b327-492d-a61d-53f4a34e6cdc - - - - -] cinder.debug = False log_opt_values /usr/lib/python3/dist-packages/oslo_config/cfg.py:2609
2026-05-18 00:41:53.996 168994 DEBUG oslo_service.service [req-c26c4de5-b327-492d-a61d-53f4a34e6cdc - - - - -] cinder.endpoint_template = None log_opt_values /usr/lib/python3/dist-packages/oslo_config/cfg.py:2609
2026-05-18 00:41:53.996 168994 DEBUG oslo_service.service [req-c26c4de5-b327-492d-a61d-53f4a34e6cdc - - - - -] cinder.http_retries = 3 log_opt_values /usr/lib/python3/dist-packages/oslo_config/cfg.py:2609
2026-05-18 00:41:53.996 168994 DEBUG oslo_service.service [req-c26c4de5-b327-492d-a61d-53f4a34e6cdc - - - - -] cinder.insecure = False log_opt_values /usr/lib/python3/dist-packages/oslo_config/cfg.py:2609
2026-05-18 00:41:53.997 168994 DEBUG oslo_service.service [req-c26c4de5-b327-492d-a61d-53f4a34e6cdc - - - - -] cinder.keyfile = None log_opt_values /usr/lib/python3/dist-packages/oslo_config/cfg.py:2609
2026-05-18 00:41:53.997 168994 DEBUG oslo_service.service [req-c26c4de5-b327-492d-a61d-53f4a34e6cdc - - - - -] cinder.os_region_name = None log_opt_values /usr/lib/python3/dist-packages/oslo_config/cfg.py:2609
2026-05-18 00:41:53.997 168994 DEBUG oslo_service.service [req-c26c4de5-b327-492d-a61d-53f4a34e6cdc - - - - -] cinder.split_loggers = False log_opt_values /usr/lib/python3/dist-packages/oslo_config/cfg.py:2609
2026-05-18 00:41:53.997 168994 DEBUG oslo_service.service [req-c26c4de5-b327-492d-a61d-53f4a34e6cdc - - - - -] cinder.timeout = None log_opt_values /usr/lib/python3/dist-packages/oslo_config/cfg.py:2609
2026-05-18 00:41:53.997 168994 DEBUG oslo_service.service [req-c26c4de5-b327-492d-a61d-53f4a34e6cdc - - - - -] compute.consecutive_build_service_disable_threshold = 10 log_opt_values /usr/lib/python3/dist-packages/oslo_config/cfg.py:2609
2026-05-18 00:41:53.997 168994 DEBUG oslo_service.service [req-c26c4de5-b327-492d-a61d-53f4a34e6cdc - - - - -] compute.cpu_dedicated_set = None log_opt_values /usr/lib/python3/dist-packages/oslo_config/cfg.py:2609
2026-05-18 00:41:53.998 168994 DEBUG oslo_service.service [req-c26c4de5-b327-492d-a61d-53f4a34e6cdc - - - - -] compute.cpu_shared_set = None log_opt_values /usr/lib/python3/dist-packages/oslo_config/cfg.py:2609
2026-05-18 00:41:53.998 168994 DEBUG oslo_service.service [req-c26c4de5-b327-492d-a61d-53f4a34e6cdc - - - - -] compute.image_type_exclude_list = [] log_opt_values /usr/lib/python3/dist-packages/oslo_config/cfg.py:2609
2026-05-18 00:41:53.998 168994 DEBUG oslo_service.service [req-c26c4de5-b327-492d-a61d-53f4a34e6cdc - - - - -] compute.live_migration_wait_for_vif_plug = True log_opt_values /usr/lib/python3/dist-packages/oslo_config/cfg.py:2609
2026-05-18 00:41:53.998 168994 DEBUG oslo_service.service [req-c26c4de5-b327-492d-a61d-53f4a34e6cdc - - - - -] compute.max_concurrent_disk_ops = 0 log_opt_values /usr/lib/python3/dist-packages/oslo_config/cfg.py:2609
2026-05-18 00:41:53.998 168994 DEBUG oslo_service.service [req-c26c4de5-b327-492d-a61d-53f4a34e6cdc - - - - -] compute.max_disk_devices_to_attach = -1 log_opt_values /usr/lib/python3/dist-packages/oslo_config/cfg.py:2609
2026-05-18 00:41:53.999 169418 DEBUG oslo_messaging._drivers.amqpdriver [-] Listener is running poll /usr/lib/python3/dist-packages/oslo_messaging/_drivers/amqpdriver.py:343
2026-05-18 00:41:53.999 168994 DEBUG oslo_service.service [req-c26c4de5-b327-492d-a61d-53f4a34e6cdc - - - - -] compute.packing_host_numa_cells_allocation_strategy = True log_opt_values /usr/lib/python3/dist-packages/oslo_config/cfg.py:2609
2026-05-18 00:41:53.999 168994 DEBUG oslo_service.service [req-c26c4de5-b327-492d-a61d-53f4a34e6cdc - - - - -] compute.provider_config_location = /etc/nova/provider_config/ log_opt_values /usr/lib/python3/dist-packages/oslo_config/cfg.py:2609
2026-05-18 00:41:53.999 168994 DEBUG oslo_service.service [req-c26c4de5-b327-492d-a61d-53f4a34e6cdc - - - - -] compute.resource_provider_association_refresh = 300 log_opt_values /usr/lib/python3/dist-packages/oslo_config/cfg.py:2609
2026-05-18 00:41:53.999 168994 DEBUG oslo_service.service [req-c26c4de5-b327-492d-a61d-53f4a34e6cdc - - - - -] compute.shutdown_retry_interval = 10 log_opt_values /usr/lib/python3/dist-packages/oslo_config/cfg.py:2609
2026-05-18 00:41:54.000 168994 DEBUG oslo_service.service [req-c26c4de5-b327-492d-a61d-53f4a34e6cdc - - - - -] compute.vmdk_allowed_types = ['streamOptimized', 'monolithicSparse'] log_opt_values /usr/lib/python3/dist-packages/oslo_config/cfg.py:2609
2026-05-18 00:41:54.000 168994 DEBUG oslo_service.service [req-c26c4de5-b327-492d-a61d-53f4a34e6cdc - - - - -] conductor.workers = 4 log_opt_values /usr/lib/python3/dist-packages/oslo_config/cfg.py:2609
2026-05-18 00:41:54.000 168994 DEBUG oslo_service.service [req-c26c4de5-b327-492d-a61d-53f4a34e6cdc - - - - -] console.allowed_origins = [] log_opt_values /usr/lib/python3/dist-packages/oslo_config/cfg.py:2609
2026-05-18 00:41:54.000 168994 DEBUG oslo_service.service [req-c26c4de5-b327-492d-a61d-53f4a34e6cdc - - - - -] console.ssl_ciphers = None log_opt_values /usr/lib/python3/dist-packages/oslo_config/cfg.py:2609
2026-05-18 00:41:54.001 168994 DEBUG oslo_service.service [req-c26c4de5-b327-492d-a61d-53f4a34e6cdc - - - - -] console.ssl_minimum_version = default log_opt_values /usr/lib/python3/dist-packages/oslo_config/cfg.py:2609
2026-05-18 00:41:54.001 168994 DEBUG oslo_service.service [req-c26c4de5-b327-492d-a61d-53f4a34e6cdc - - - - -] consoleauth.token_ttl = 600 log_opt_values /usr/lib/python3/dist-packages/oslo_config/cfg.py:2609
2026-05-18 00:41:54.001 168994 DEBUG oslo_service.service [req-c26c4de5-b327-492d-a61d-53f4a34e6cdc - - - - -] cyborg.cafile = None log_opt_values /usr/lib/python3/dist-packages/oslo_config/cfg.py:2609
2026-05-18 00:41:54.001 168994 DEBUG oslo_service.service [req-c26c4de5-b327-492d-a61d-53f4a34e6cdc - - - - -] cyborg.certfile = None log_opt_values /usr/lib/python3/dist-packages/oslo_config/cfg.py:2609
2026-05-18 00:41:54.001 168994 DEBUG oslo_service.service [req-c26c4de5-b327-492d-a61d-53f4a34e6cdc - - - - -] cyborg.collect_timing = False log_opt_values /usr/lib/python3/dist-packages/oslo_config/cfg.py:2609
2026-05-18 00:41:54.001 168994 DEBUG oslo_service.service [req-c26c4de5-b327-492d-a61d-53f4a34e6cdc - - - - -] cyborg.connect_retries = None log_opt_values /usr/lib/python3/dist-packages/oslo_config/cfg.py:2609
2026-05-18 00:41:54.002 168994 DEBUG oslo_service.service [req-c26c4de5-b327-492d-a61d-53f4a34e6cdc - - - - -] cyborg.connect_retry_delay = None log_opt_values /usr/lib/python3/dist-packages/oslo_config/cfg.py:2609
2026-05-18 00:41:53.999 169418 DEBUG oslo_messaging._drivers.amqpdriver [-] AMQPListener connection consume poll /usr/lib/python3/dist-packages/oslo_messaging/_drivers/amqpdriver.py:357
2026-05-18 00:41:54.002 168994 DEBUG oslo_service.service [req-c26c4de5-b327-492d-a61d-53f4a34e6cdc - - - - -] cyborg.endpoint_override = None log_opt_values /usr/lib/python3/dist-packages/oslo_config/cfg.py:2609
2026-05-18 00:41:54.002 168994 DEBUG oslo_service.service [req-c26c4de5-b327-492d-a61d-53f4a34e6cdc - - - - -] cyborg.insecure = False log_opt_values /usr/lib/python3/dist-packages/oslo_config/cfg.py:2609
2026-05-18 00:41:54.002 168994 DEBUG oslo_service.service [req-c26c4de5-b327-492d-a61d-53f4a34e6cdc - - - - -] cyborg.keyfile = None log_opt_values /usr/lib/python3/dist-packages/oslo_config/cfg.py:2609
2026-05-18 00:41:54.002 169419 DEBUG oslo_messaging._drivers.amqpdriver [-] Listener is running poll /usr/lib/python3/dist-packages/oslo_messaging/_drivers/amqpdriver.py:343
2026-05-18 00:41:54.003 168994 DEBUG oslo_service.service [req-c26c4de5-b327-492d-a61d-53f4a34e6cdc - - - - -] cyborg.max_version = None log_opt_values /usr/lib/python3/dist-packages/oslo_config/cfg.py:2609
2026-05-18 00:41:54.003 168994 DEBUG oslo_service.service [req-c26c4de5-b327-492d-a61d-53f4a34e6cdc - - - - -] cyborg.min_version = None log_opt_values /usr/lib/python3/dist-packages/oslo_config/cfg.py:2609
2026-05-18 00:41:54.003 169419 DEBUG oslo_messaging._drivers.amqpdriver [-] AMQPListener connection consume poll /usr/lib/python3/dist-packages/oslo_messaging/_drivers/amqpdriver.py:357
2026-05-18 00:41:54.003 168994 DEBUG oslo_service.service [req-c26c4de5-b327-492d-a61d-53f4a34e6cdc - - - - -] cyborg.region_name = None log_opt_values /usr/lib/python3/dist-packages/oslo_config/cfg.py:2609
2026-05-18 00:41:54.003 168994 DEBUG oslo_service.service [req-c26c4de5-b327-492d-a61d-53f4a34e6cdc - - - - -] cyborg.service_name = None log_opt_values /usr/lib/python3/dist-packages/oslo_config/cfg.py:2609
2026-05-18 00:41:54.003 168994 DEBUG oslo_service.service [req-c26c4de5-b327-492d-a61d-53f4a34e6cdc - - - - -] cyborg.service_type = accelerator log_opt_values /usr/lib/python3/dist-packages/oslo_config/cfg.py:2609
2026-05-18 00:41:54.003 168994 DEBUG oslo_service.service [req-c26c4de5-b327-492d-a61d-53f4a34e6cdc - - - - -] cyborg.split_loggers = False log_opt_values /usr/lib/python3/dist-packages/oslo_config/cfg.py:2609
2026-05-18 00:41:54.004 168994 DEBUG oslo_service.service [req-c26c4de5-b327-492d-a61d-53f4a34e6cdc - - - - -] cyborg.status_code_retries = None log_opt_values /usr/lib/python3/dist-packages/oslo_config/cfg.py:2609
2026-05-18 00:41:54.003 169419 DEBUG nova.service [req-519aba37-f5b0-4c7c-afb4-b392e46614bf - - - - -] Join ServiceGroup membership for this service scheduler start /usr/lib/python3/dist-packages/nova/service.py:199
2026-05-18 00:41:54.004 168994 DEBUG oslo_service.service [req-c26c4de5-b327-492d-a61d-53f4a34e6cdc - - - - -] cyborg.status_code_retry_delay = None log_opt_values /usr/lib/python3/dist-packages/oslo_config/cfg.py:2609
2026-05-18 00:41:54.004 169416 DEBUG oslo_messaging._drivers.amqpdriver [-] Listener is running poll /usr/lib/python3/dist-packages/oslo_messaging/_drivers/amqpdriver.py:343
2026-05-18 00:41:54.004 168994 DEBUG oslo_service.service [req-c26c4de5-b327-492d-a61d-53f4a34e6cdc - - - - -] cyborg.timeout = None log_opt_values /usr/lib/python3/dist-packages/oslo_config/cfg.py:2609
2026-05-18 00:41:54.004 169419 DEBUG nova.servicegroup.drivers.db [req-519aba37-f5b0-4c7c-afb4-b392e46614bf - - - - -] DB_Driver: join new ServiceGroup member juju-d787f6-0-lxd-7 to the scheduler group, service = join /usr/lib/python3/dist-packages/nova/servicegroup/drivers/db.py:44
2026-05-18 00:41:54.004 168994 DEBUG oslo_service.service [req-c26c4de5-b327-492d-a61d-53f4a34e6cdc - - - - -] cyborg.valid_interfaces = ['internal', 'public'] log_opt_values /usr/lib/python3/dist-packages/oslo_config/cfg.py:2609
2026-05-18 00:41:54.004 168994 DEBUG oslo_service.service [req-c26c4de5-b327-492d-a61d-53f4a34e6cdc - - - - -] cyborg.version = None log_opt_values /usr/lib/python3/dist-packages/oslo_config/cfg.py:2609
2026-05-18 00:41:54.005 168994 DEBUG oslo_service.service [req-c26c4de5-b327-492d-a61d-53f4a34e6cdc - - - - -] database.backend = sqlalchemy log_opt_values /usr/lib/python3/dist-packages/oslo_config/cfg.py:2609
2026-05-18 00:41:54.004 169416 DEBUG oslo_messaging._drivers.amqpdriver [-] AMQPListener connection consume poll /usr/lib/python3/dist-packages/oslo_messaging/_drivers/amqpdriver.py:357
2026-05-18 00:41:54.005 168994 DEBUG oslo_service.service [req-c26c4de5-b327-492d-a61d-53f4a34e6cdc - - - - -] database.connection = **** log_opt_values /usr/lib/python3/dist-packages/oslo_config/cfg.py:2609
2026-05-18 00:41:54.005 168994 DEBUG oslo_service.service [req-c26c4de5-b327-492d-a61d-53f4a34e6cdc - - - - -] database.connection_debug = 0 log_opt_values /usr/lib/python3/dist-packages/oslo_config/cfg.py:2609
2026-05-18 00:41:54.005 168994 DEBUG oslo_service.service [req-c26c4de5-b327-492d-a61d-53f4a34e6cdc - - - - -] database.connection_parameters = log_opt_values /usr/lib/python3/dist-packages/oslo_config/cfg.py:2609
2026-05-18 00:41:54.005 169418 DEBUG nova.service [req-0b90fbbf-4593-4acb-a348-72181f30b19e - - - - -] Join ServiceGroup membership for this service scheduler start /usr/lib/python3/dist-packages/nova/service.py:199
2026-05-18 00:41:54.005 168994 DEBUG oslo_service.service [req-c26c4de5-b327-492d-a61d-53f4a34e6cdc - - - - -] database.connection_recycle_time = 3600 log_opt_values /usr/lib/python3/dist-packages/oslo_config/cfg.py:2609
2026-05-18 00:41:54.006 168994 DEBUG oslo_service.service [req-c26c4de5-b327-492d-a61d-53f4a34e6cdc - - - - -] database.connection_trace = False log_opt_values /usr/lib/python3/dist-packages/oslo_config/cfg.py:2609
2026-05-18 00:41:54.006 169418 DEBUG nova.servicegroup.drivers.db [req-0b90fbbf-4593-4acb-a348-72181f30b19e - - - - -] DB_Driver: join new ServiceGroup member juju-d787f6-0-lxd-7 to the scheduler group, service = join /usr/lib/python3/dist-packages/nova/servicegroup/drivers/db.py:44
2026-05-18 00:41:54.006 168994 DEBUG oslo_service.service [req-c26c4de5-b327-492d-a61d-53f4a34e6cdc - - - - -] database.db_inc_retry_interval = True log_opt_values /usr/lib/python3/dist-packages/oslo_config/cfg.py:2609
2026-05-18 00:41:54.006 169416 DEBUG nova.service [req-9bc0804d-5b79-45a7-bd9a-b4db50527780 - - - - -] Join ServiceGroup membership for this service scheduler start /usr/lib/python3/dist-packages/nova/service.py:199
2026-05-18 00:41:54.006 168994 DEBUG oslo_service.service [req-c26c4de5-b327-492d-a61d-53f4a34e6cdc - - - - -] database.db_max_retries = 20 log_opt_values /usr/lib/python3/dist-packages/oslo_config/cfg.py:2609
2026-05-18 00:41:54.006 168994 DEBUG oslo_service.service [req-c26c4de5-b327-492d-a61d-53f4a34e6cdc - - - - -] database.db_max_retry_interval = 10 log_opt_values /usr/lib/python3/dist-packages/oslo_config/cfg.py:2609
2026-05-18 00:41:54.006 169418 DEBUG oslo_messaging._drivers.amqpdriver [-] AMQPListener connection timeout poll /usr/lib/python3/dist-packages/oslo_messaging/_drivers/amqpdriver.py:360
2026-05-18 00:41:54.006 169416 DEBUG nova.servicegroup.drivers.db [req-9bc0804d-5b79-45a7-bd9a-b4db50527780 - - - - -] DB_Driver: join new ServiceGroup member juju-d787f6-0-lxd-7 to the scheduler group, service = join /usr/lib/python3/dist-packages/nova/servicegroup/drivers/db.py:44
2026-05-18 00:41:54.006 168994 DEBUG oslo_service.service [req-c26c4de5-b327-492d-a61d-53f4a34e6cdc - - - - -] database.db_retry_interval = 1 log_opt_values /usr/lib/python3/dist-packages/oslo_config/cfg.py:2609
2026-05-18 00:41:54.006 169418 DEBUG oslo_messaging._drivers.amqpdriver [-] Listener is running poll /usr/lib/python3/dist-packages/oslo_messaging/_drivers/amqpdriver.py:343
2026-05-18 00:41:54.007 169418 DEBUG oslo_messaging._drivers.amqpdriver [-] AMQPListener connection consume poll /usr/lib/python3/dist-packages/oslo_messaging/_drivers/amqpdriver.py:357
2026-05-18 00:41:54.007 168994 DEBUG oslo_service.service [req-c26c4de5-b327-492d-a61d-53f4a34e6cdc - - - - -] database.max_overflow = 50 log_opt_values /usr/lib/python3/dist-packages/oslo_config/cfg.py:2609
2026-05-18 00:41:54.007 168994 DEBUG oslo_service.service [req-c26c4de5-b327-492d-a61d-53f4a34e6cdc - - - - -] database.max_pool_size = 4 log_opt_values /usr/lib/python3/dist-packages/oslo_config/cfg.py:2609
2026-05-18 00:41:54.007 168994 DEBUG oslo_service.service [req-c26c4de5-b327-492d-a61d-53f4a34e6cdc - - - - -] database.max_retries = 10 log_opt_values /usr/lib/python3/dist-packages/oslo_config/cfg.py:2609
2026-05-18 00:41:54.007 169419 DEBUG oslo_messaging._drivers.amqpdriver [-] AMQPListener connection timeout poll /usr/lib/python3/dist-packages/oslo_messaging/_drivers/amqpdriver.py:360
2026-05-18 00:41:54.007 168994 DEBUG oslo_service.service [req-c26c4de5-b327-492d-a61d-53f4a34e6cdc - - - - -] database.mysql_enable_ndb = False log_opt_values /usr/lib/python3/dist-packages/oslo_config/cfg.py:2609
2026-05-18 00:41:54.007 169419 DEBUG oslo_messaging._drivers.amqpdriver [-] Listener is running poll /usr/lib/python3/dist-packages/oslo_messaging/_drivers/amqpdriver.py:343
2026-05-18 00:41:54.007 169419 DEBUG oslo_messaging._drivers.amqpdriver [-] AMQPListener connection consume poll /usr/lib/python3/dist-packages/oslo_messaging/_drivers/amqpdriver.py:357
2026-05-18 00:41:54.007 168994 DEBUG oslo_service.service [req-c26c4de5-b327-492d-a61d-53f4a34e6cdc - - - - -] database.mysql_sql_mode = TRADITIONAL log_opt_values /usr/lib/python3/dist-packages/oslo_config/cfg.py:2609
2026-05-18 00:41:54.009 169416 DEBUG oslo_messaging._drivers.amqpdriver [-] AMQPListener connection timeout poll /usr/lib/python3/dist-packages/oslo_messaging/_drivers/amqpdriver.py:360
2026-05-18 00:41:54.009 169416 DEBUG oslo_messaging._drivers.amqpdriver [-] Listener is running poll /usr/lib/python3/dist-packages/oslo_messaging/_drivers/amqpdriver.py:343
2026-05-18 00:41:54.009 169416 DEBUG oslo_messaging._drivers.amqpdriver [-] AMQPListener connection consume poll /usr/lib/python3/dist-packages/oslo_messaging/_drivers/amqpdriver.py:357
2026-05-18 00:41:54.011 168994 DEBUG oslo_service.service [req-c26c4de5-b327-492d-a61d-53f4a34e6cdc - - - - -] database.pool_timeout = None log_opt_values /usr/lib/python3/dist-packages/oslo_config/cfg.py:2609
2026-05-18 00:41:54.012 168994 DEBUG oslo_service.service [req-c26c4de5-b327-492d-a61d-53f4a34e6cdc - - - - -] database.retry_interval = 10 log_opt_values /usr/lib/python3/dist-packages/oslo_config/cfg.py:2609
2026-05-18 00:41:54.012 168994 DEBUG oslo_service.service [req-c26c4de5-b327-492d-a61d-53f4a34e6cdc - - - - -] database.slave_connection = **** log_opt_values /usr/lib/python3/dist-packages/oslo_config/cfg.py:2609
2026-05-18 00:41:54.012 168994 DEBUG oslo_service.service [req-c26c4de5-b327-492d-a61d-53f4a34e6cdc - - - - -] database.sqlite_synchronous = True log_opt_values /usr/lib/python3/dist-packages/oslo_config/cfg.py:2609
2026-05-18 00:41:54.012 168994 DEBUG oslo_service.service [req-c26c4de5-b327-492d-a61d-53f4a34e6cdc - - - - -] database.use_db_reconnect = False log_opt_values /usr/lib/python3/dist-packages/oslo_config/cfg.py:2609
2026-05-18 00:41:54.012 168994 DEBUG oslo_service.service [req-c26c4de5-b327-492d-a61d-53f4a34e6cdc - - - - -] api_database.backend = sqlalchemy log_opt_values /usr/lib/python3/dist-packages/oslo_config/cfg.py:2609
2026-05-18 00:41:54.013 168994 DEBUG oslo_service.service [req-c26c4de5-b327-492d-a61d-53f4a34e6cdc - - - - -] api_database.connection = **** log_opt_values /usr/lib/python3/dist-packages/oslo_config/cfg.py:2609
2026-05-18 00:41:54.013 168994 DEBUG oslo_service.service [req-c26c4de5-b327-492d-a61d-53f4a34e6cdc - - - - -] api_database.connection_debug = 0 log_opt_values /usr/lib/python3/dist-packages/oslo_config/cfg.py:2609
2026-05-18 00:41:54.013 168994 DEBUG oslo_service.service [req-c26c4de5-b327-492d-a61d-53f4a34e6cdc - - - - -] api_database.connection_parameters = log_opt_values /usr/lib/python3/dist-packages/oslo_config/cfg.py:2609
2026-05-18 00:41:54.013 168994 DEBUG oslo_service.service [req-c26c4de5-b327-492d-a61d-53f4a34e6cdc - - - - -] api_database.connection_recycle_time = 3600 log_opt_values /usr/lib/python3/dist-packages/oslo_config/cfg.py:2609
2026-05-18 00:41:54.016 168994 DEBUG oslo_service.service [req-c26c4de5-b327-492d-a61d-53f4a34e6cdc - - - - -] api_database.connection_trace = False log_opt_values /usr/lib/python3/dist-packages/oslo_config/cfg.py:2609
2026-05-18 00:41:54.019 168994 DEBUG oslo_service.service [req-c26c4de5-b327-492d-a61d-53f4a34e6cdc - - - - -] api_database.db_inc_retry_interval = True log_opt_values /usr/lib/python3/dist-packages/oslo_config/cfg.py:2609
2026-05-18 00:41:54.019 168994 DEBUG oslo_service.service [req-c26c4de5-b327-492d-a61d-53f4a34e6cdc - - - - -] api_database.db_max_retries = 20 log_opt_values /usr/lib/python3/dist-packages/oslo_config/cfg.py:2609
2026-05-18 00:41:54.019 168994 DEBUG oslo_service.service [req-c26c4de5-b327-492d-a61d-53f4a34e6cdc - - - - -] api_database.db_max_retry_interval = 10 log_opt_values /usr/lib/python3/dist-packages/oslo_config/cfg.py:2609
2026-05-18 00:41:54.020 168994 DEBUG oslo_service.service [req-c26c4de5-b327-492d-a61d-53f4a34e6cdc - - - - -] api_database.db_retry_interval = 1 log_opt_values /usr/lib/python3/dist-packages/oslo_config/cfg.py:2609
2026-05-18 00:41:54.020 168994 DEBUG oslo_service.service [req-c26c4de5-b327-492d-a61d-53f4a34e6cdc - - - - -] api_database.max_overflow = 50 log_opt_values /usr/lib/python3/dist-packages/oslo_config/cfg.py:2609
2026-05-18 00:41:54.020 168994 DEBUG oslo_service.service [req-c26c4de5-b327-492d-a61d-53f4a34e6cdc - - - - -] api_database.max_pool_size = 4 log_opt_values /usr/lib/python3/dist-packages/oslo_config/cfg.py:2609
2026-05-18 00:41:54.021 168994 DEBUG oslo_service.service [req-c26c4de5-b327-492d-a61d-53f4a34e6cdc - - - - -] api_database.max_retries = 10 log_opt_values /usr/lib/python3/dist-packages/oslo_config/cfg.py:2609
2026-05-18 00:41:54.021 168994 DEBUG oslo_service.service [req-c26c4de5-b327-492d-a61d-53f4a34e6cdc - - - - -] api_database.mysql_enable_ndb = False log_opt_values /usr/lib/python3/dist-packages/oslo_config/cfg.py:2609
2026-05-18 00:41:54.021 168994 DEBUG oslo_service.service [req-c26c4de5-b327-492d-a61d-53f4a34e6cdc - - - - -] api_database.mysql_sql_mode = TRADITIONAL log_opt_values /usr/lib/python3/dist-packages/oslo_config/cfg.py:2609
2026-05-18 00:41:54.022 168994 DEBUG oslo_service.service [req-c26c4de5-b327-492d-a61d-53f4a34e6cdc - - - - -] api_database.pool_timeout = None log_opt_values /usr/lib/python3/dist-packages/oslo_config/cfg.py:2609
2026-05-18 00:41:54.022 168994 DEBUG oslo_service.service [req-c26c4de5-b327-492d-a61d-53f4a34e6cdc - - - - -] api_database.retry_interval = 10 log_opt_values /usr/lib/python3/dist-packages/oslo_config/cfg.py:2609
2026-05-18 00:41:54.022 168994 DEBUG oslo_service.service [req-c26c4de5-b327-492d-a61d-53f4a34e6cdc - - - - -] api_database.slave_connection = **** log_opt_values /usr/lib/python3/dist-packages/oslo_config/cfg.py:2609
2026-05-18 00:41:54.023 168994 DEBUG oslo_service.service [req-c26c4de5-b327-492d-a61d-53f4a34e6cdc - - - - -] api_database.sqlite_synchronous = True log_opt_values /usr/lib/python3/dist-packages/oslo_config/cfg.py:2609
2026-05-18 00:41:54.023 168994 DEBUG oslo_service.service [req-c26c4de5-b327-492d-a61d-53f4a34e6cdc - - - - -] devices.enabled_mdev_types = [] log_opt_values /usr/lib/python3/dist-packages/oslo_config/cfg.py:2609
2026-05-18 00:41:54.023 168994 DEBUG oslo_service.service [req-c26c4de5-b327-492d-a61d-53f4a34e6cdc - - - - -] ephemeral_storage_encryption.cipher = aes-xts-plain64 log_opt_values /usr/lib/python3/dist-packages/oslo_config/cfg.py:2609
2026-05-18 00:41:54.023 168994 DEBUG oslo_service.service [req-c26c4de5-b327-492d-a61d-53f4a34e6cdc - - - - -] ephemeral_storage_encryption.enabled = False log_opt_values /usr/lib/python3/dist-packages/oslo_config/cfg.py:2609
2026-05-18 00:41:54.024 168994 DEBUG oslo_service.service [req-c26c4de5-b327-492d-a61d-53f4a34e6cdc - - - - -] ephemeral_storage_encryption.key_size = 512 log_opt_values /usr/lib/python3/dist-packages/oslo_config/cfg.py:2609
2026-05-18 00:41:54.024 168994 WARNING oslo_config.cfg [req-c26c4de5-b327-492d-a61d-53f4a34e6cdc - - - - -] Deprecated: Option "api_servers" from group "glance" is deprecated for removal ( Support for image service configuration via standard keystoneauth1 Adapter options was added in the 17.0.0 Queens release. The api_servers option was retained temporarily to allow consumers time to cut over to a real load balancing solution. ). Its value may be silently ignored in the future.
2026-05-18 00:41:54.024 168994 DEBUG oslo_service.service [req-c26c4de5-b327-492d-a61d-53f4a34e6cdc - - - - -] glance.api_servers = ['http://252.241.217.68:9292'] log_opt_values /usr/lib/python3/dist-packages/oslo_config/cfg.py:2609
2026-05-18 00:41:54.025 168994 DEBUG oslo_service.service [req-c26c4de5-b327-492d-a61d-53f4a34e6cdc - - - - -] glance.cafile = None log_opt_values /usr/lib/python3/dist-packages/oslo_config/cfg.py:2609
2026-05-18 00:41:54.025 168994 DEBUG oslo_service.service [req-c26c4de5-b327-492d-a61d-53f4a34e6cdc - - - - -] glance.certfile = None log_opt_values /usr/lib/python3/dist-packages/oslo_config/cfg.py:2609
2026-05-18 00:41:54.025 168994 DEBUG oslo_service.service [req-c26c4de5-b327-492d-a61d-53f4a34e6cdc - - - - -] glance.collect_timing = False log_opt_values /usr/lib/python3/dist-packages/oslo_config/cfg.py:2609
2026-05-18 00:41:54.025 169417 DEBUG oslo_messaging._drivers.amqpdriver [-] Listener is running poll /usr/lib/python3/dist-packages/oslo_messaging/_drivers/amqpdriver.py:343
2026-05-18 00:41:54.025 168994 DEBUG oslo_service.service [req-c26c4de5-b327-492d-a61d-53f4a34e6cdc - - - - -] glance.connect_retries = None log_opt_values /usr/lib/python3/dist-packages/oslo_config/cfg.py:2609
2026-05-18 00:41:54.025 168994 DEBUG oslo_service.service [req-c26c4de5-b327-492d-a61d-53f4a34e6cdc - - - - -] glance.connect_retry_delay = None log_opt_values /usr/lib/python3/dist-packages/oslo_config/cfg.py:2609
2026-05-18 00:41:54.025 169417 DEBUG oslo_messaging._drivers.amqpdriver [-] AMQPListener connection consume poll /usr/lib/python3/dist-packages/oslo_messaging/_drivers/amqpdriver.py:357
2026-05-18 00:41:54.026 168994 DEBUG oslo_service.service [req-c26c4de5-b327-492d-a61d-53f4a34e6cdc - - - - -] glance.debug = False log_opt_values /usr/lib/python3/dist-packages/oslo_config/cfg.py:2609
2026-05-18 00:41:54.026 168994 DEBUG oslo_service.service [req-c26c4de5-b327-492d-a61d-53f4a34e6cdc - - - - -] glance.default_trusted_certificate_ids = [] log_opt_values /usr/lib/python3/dist-packages/oslo_config/cfg.py:2609
2026-05-18 00:41:54.026 168994 DEBUG oslo_service.service [req-c26c4de5-b327-492d-a61d-53f4a34e6cdc - - - - -] glance.enable_certificate_validation = False log_opt_values /usr/lib/python3/dist-packages/oslo_config/cfg.py:2609
2026-05-18 00:41:54.026 168994 DEBUG oslo_service.service [req-c26c4de5-b327-492d-a61d-53f4a34e6cdc - - - - -] glance.enable_rbd_download = False log_opt_values /usr/lib/python3/dist-packages/oslo_config/cfg.py:2609
2026-05-18 00:41:54.026 168994 DEBUG oslo_service.service [req-c26c4de5-b327-492d-a61d-53f4a34e6cdc - - - - -] glance.endpoint_override = None log_opt_values /usr/lib/python3/dist-packages/oslo_config/cfg.py:2609
2026-05-18 00:41:54.026 168994 DEBUG oslo_service.service [req-c26c4de5-b327-492d-a61d-53f4a34e6cdc - - - - -] glance.insecure = False log_opt_values /usr/lib/python3/dist-packages/oslo_config/cfg.py:2609
2026-05-18 00:41:54.026 169417 DEBUG nova.service [req-78c48110-1d7e-45cd-bd5b-7747004cf2b4 - - - - -] Join ServiceGroup membership for this service scheduler start /usr/lib/python3/dist-packages/nova/service.py:199
2026-05-18 00:41:54.027 168994 DEBUG oslo_service.service [req-c26c4de5-b327-492d-a61d-53f4a34e6cdc - - - - -] glance.keyfile = None log_opt_values /usr/lib/python3/dist-packages/oslo_config/cfg.py:2609
2026-05-18 00:41:54.027 169417 DEBUG nova.servicegroup.drivers.db [req-78c48110-1d7e-45cd-bd5b-7747004cf2b4 - - - - -] DB_Driver: join new ServiceGroup member juju-d787f6-0-lxd-7 to the scheduler group, service = join /usr/lib/python3/dist-packages/nova/servicegroup/drivers/db.py:44
2026-05-18 00:41:54.027 168994 DEBUG oslo_service.service [req-c26c4de5-b327-492d-a61d-53f4a34e6cdc - - - - -] glance.max_version = None log_opt_values /usr/lib/python3/dist-packages/oslo_config/cfg.py:2609
2026-05-18 00:41:54.027 168994 DEBUG oslo_service.service [req-c26c4de5-b327-492d-a61d-53f4a34e6cdc - - - - -] glance.min_version = None log_opt_values /usr/lib/python3/dist-packages/oslo_config/cfg.py:2609
2026-05-18 00:41:54.027 168994 DEBUG oslo_service.service [req-c26c4de5-b327-492d-a61d-53f4a34e6cdc - - - - -] glance.num_retries = 3 log_opt_values /usr/lib/python3/dist-packages/oslo_config/cfg.py:2609
2026-05-18 00:41:54.027 168994 DEBUG oslo_service.service [req-c26c4de5-b327-492d-a61d-53f4a34e6cdc - - - - -] glance.rbd_ceph_conf = log_opt_values /usr/lib/python3/dist-packages/oslo_config/cfg.py:2609
2026-05-18 00:41:54.028 168994 DEBUG oslo_service.service [req-c26c4de5-b327-492d-a61d-53f4a34e6cdc - - - - -] glance.rbd_connect_timeout = 5 log_opt_values /usr/lib/python3/dist-packages/oslo_config/cfg.py:2609
2026-05-18 00:41:54.028 168994 DEBUG oslo_service.service [req-c26c4de5-b327-492d-a61d-53f4a34e6cdc - - - - -] glance.rbd_pool = log_opt_values /usr/lib/python3/dist-packages/oslo_config/cfg.py:2609
2026-05-18 00:41:54.028 168994 DEBUG oslo_service.service [req-c26c4de5-b327-492d-a61d-53f4a34e6cdc - - - - -] glance.rbd_user = log_opt_values /usr/lib/python3/dist-packages/oslo_config/cfg.py:2609
2026-05-18 00:41:54.028 168994 DEBUG oslo_service.service [req-c26c4de5-b327-492d-a61d-53f4a34e6cdc - - - - -] glance.region_name = None log_opt_values /usr/lib/python3/dist-packages/oslo_config/cfg.py:2609
2026-05-18 00:41:54.028 168994 DEBUG oslo_service.service [req-c26c4de5-b327-492d-a61d-53f4a34e6cdc - - - - -] glance.service_name = None log_opt_values /usr/lib/python3/dist-packages/oslo_config/cfg.py:2609
2026-05-18 00:41:54.028 168994 DEBUG oslo_service.service [req-c26c4de5-b327-492d-a61d-53f4a34e6cdc - - - - -] glance.service_type = image log_opt_values /usr/lib/python3/dist-packages/oslo_config/cfg.py:2609
2026-05-18 00:41:54.029 168994 DEBUG oslo_service.service [req-c26c4de5-b327-492d-a61d-53f4a34e6cdc - - - - -] glance.split_loggers = False log_opt_values /usr/lib/python3/dist-packages/oslo_config/cfg.py:2609
2026-05-18 00:41:54.029 168994 DEBUG oslo_service.service [req-c26c4de5-b327-492d-a61d-53f4a34e6cdc - - - - -] glance.status_code_retries = None log_opt_values /usr/lib/python3/dist-packages/oslo_config/cfg.py:2609
2026-05-18 00:41:54.029 168994 DEBUG oslo_service.service [req-c26c4de5-b327-492d-a61d-53f4a34e6cdc - - - - -] glance.status_code_retry_delay = None log_opt_values /usr/lib/python3/dist-packages/oslo_config/cfg.py:2609
2026-05-18 00:41:54.029 168994 DEBUG oslo_service.service [req-c26c4de5-b327-492d-a61d-53f4a34e6cdc - - - - -] glance.timeout = None log_opt_values /usr/lib/python3/dist-packages/oslo_config/cfg.py:2609
2026-05-18 00:41:54.029 168994 DEBUG oslo_service.service [req-c26c4de5-b327-492d-a61d-53f4a34e6cdc - - - - -] glance.valid_interfaces = ['internal', 'public'] log_opt_values /usr/lib/python3/dist-packages/oslo_config/cfg.py:2609
2026-05-18 00:41:54.029 168994 DEBUG oslo_service.service [req-c26c4de5-b327-492d-a61d-53f4a34e6cdc - - - - -] glance.verify_glance_signatures = False log_opt_values /usr/lib/python3/dist-packages/oslo_config/cfg.py:2609
2026-05-18 00:41:54.030 169417 DEBUG oslo_messaging._drivers.amqpdriver [-] AMQPListener connection timeout poll /usr/lib/python3/dist-packages/oslo_messaging/_drivers/amqpdriver.py:360
2026-05-18 00:41:54.030 168994 DEBUG oslo_service.service [req-c26c4de5-b327-492d-a61d-53f4a34e6cdc - - - - -] glance.version = None log_opt_values /usr/lib/python3/dist-packages/oslo_config/cfg.py:2609
2026-05-18 00:41:54.030 169417 DEBUG oslo_messaging._drivers.amqpdriver [-] Listener is running poll /usr/lib/python3/dist-packages/oslo_messaging/_drivers/amqpdriver.py:343
2026-05-18 00:41:54.030 169417 DEBUG oslo_messaging._drivers.amqpdriver [-] AMQPListener connection consume poll /usr/lib/python3/dist-packages/oslo_messaging/_drivers/amqpdriver.py:357
2026-05-18 00:41:54.030 168994 DEBUG oslo_service.service [req-c26c4de5-b327-492d-a61d-53f4a34e6cdc - - - - -] guestfs.debug = False log_opt_values /usr/lib/python3/dist-packages/oslo_config/cfg.py:2609
2026-05-18 00:41:54.030 168994 DEBUG oslo_service.service [req-c26c4de5-b327-492d-a61d-53f4a34e6cdc - - - - -] hyperv.config_drive_cdrom = False log_opt_values /usr/lib/python3/dist-packages/oslo_config/cfg.py:2609
2026-05-18 00:41:54.030 168994 DEBUG oslo_service.service [req-c26c4de5-b327-492d-a61d-53f4a34e6cdc - - - - -] hyperv.config_drive_inject_password = False log_opt_values /usr/lib/python3/dist-packages/oslo_config/cfg.py:2609
2026-05-18 00:41:54.030 168994 DEBUG oslo_service.service [req-c26c4de5-b327-492d-a61d-53f4a34e6cdc - - - - -] hyperv.dynamic_memory_ratio = 1.0 log_opt_values /usr/lib/python3/dist-packages/oslo_config/cfg.py:2609
2026-05-18 00:41:54.031 168994 DEBUG oslo_service.service [req-c26c4de5-b327-492d-a61d-53f4a34e6cdc - - - - -] hyperv.enable_instance_metrics_collection = False log_opt_values /usr/lib/python3/dist-packages/oslo_config/cfg.py:2609
2026-05-18 00:41:54.031 168994 DEBUG oslo_service.service [req-c26c4de5-b327-492d-a61d-53f4a34e6cdc - - - - -] hyperv.enable_remotefx = False log_opt_values /usr/lib/python3/dist-packages/oslo_config/cfg.py:2609
2026-05-18 00:41:54.031 168994 DEBUG oslo_service.service [req-c26c4de5-b327-492d-a61d-53f4a34e6cdc - - - - -] hyperv.instances_path_share = log_opt_values /usr/lib/python3/dist-packages/oslo_config/cfg.py:2609
2026-05-18 00:41:54.031 168994 DEBUG oslo_service.service [req-c26c4de5-b327-492d-a61d-53f4a34e6cdc - - - - -] hyperv.iscsi_initiator_list = [] log_opt_values /usr/lib/python3/dist-packages/oslo_config/cfg.py:2609
2026-05-18 00:41:54.031 168994 DEBUG oslo_service.service [req-c26c4de5-b327-492d-a61d-53f4a34e6cdc - - - - -] hyperv.limit_cpu_features = False log_opt_values /usr/lib/python3/dist-packages/oslo_config/cfg.py:2609
2026-05-18 00:41:54.032 168994 DEBUG oslo_service.service [req-c26c4de5-b327-492d-a61d-53f4a34e6cdc - - - - -] hyperv.mounted_disk_query_retry_count = 10 log_opt_values /usr/lib/python3/dist-packages/oslo_config/cfg.py:2609
2026-05-18 00:41:54.032 168994 DEBUG oslo_service.service [req-c26c4de5-b327-492d-a61d-53f4a34e6cdc - - - - -] hyperv.mounted_disk_query_retry_interval = 5 log_opt_values /usr/lib/python3/dist-packages/oslo_config/cfg.py:2609
2026-05-18 00:41:54.032 168994 DEBUG oslo_service.service [req-c26c4de5-b327-492d-a61d-53f4a34e6cdc - - - - -] hyperv.power_state_check_timeframe = 60 log_opt_values /usr/lib/python3/dist-packages/oslo_config/cfg.py:2609
2026-05-18 00:41:54.032 168994 DEBUG oslo_service.service [req-c26c4de5-b327-492d-a61d-53f4a34e6cdc - - - - -] hyperv.power_state_event_polling_interval = 2 log_opt_values /usr/lib/python3/dist-packages/oslo_config/cfg.py:2609
2026-05-18 00:41:54.032 168994 DEBUG oslo_service.service [req-c26c4de5-b327-492d-a61d-53f4a34e6cdc - - - - -] hyperv.qemu_img_cmd = qemu-img.exe log_opt_values /usr/lib/python3/dist-packages/oslo_config/cfg.py:2609
2026-05-18 00:41:54.032 168994 DEBUG oslo_service.service [req-c26c4de5-b327-492d-a61d-53f4a34e6cdc - - - - -] hyperv.use_multipath_io = False log_opt_values /usr/lib/python3/dist-packages/oslo_config/cfg.py:2609
2026-05-18 00:41:54.033 168994 DEBUG oslo_service.service [req-c26c4de5-b327-492d-a61d-53f4a34e6cdc - - - - -] hyperv.volume_attach_retry_count = 10 log_opt_values /usr/lib/python3/dist-packages/oslo_config/cfg.py:2609
2026-05-18 00:41:54.033 168994 DEBUG oslo_service.service [req-c26c4de5-b327-492d-a61d-53f4a34e6cdc - - - - -] hyperv.volume_attach_retry_interval = 5 log_opt_values /usr/lib/python3/dist-packages/oslo_config/cfg.py:2609
2026-05-18 00:41:54.033 168994 DEBUG oslo_service.service [req-c26c4de5-b327-492d-a61d-53f4a34e6cdc - - - - -] hyperv.vswitch_name = None log_opt_values /usr/lib/python3/dist-packages/oslo_config/cfg.py:2609
2026-05-18 00:41:54.033 168994 DEBUG oslo_service.service [req-c26c4de5-b327-492d-a61d-53f4a34e6cdc - - - - -] hyperv.wait_soft_reboot_seconds = 60 log_opt_values /usr/lib/python3/dist-packages/oslo_config/cfg.py:2609
2026-05-18 00:41:54.033 168994 DEBUG oslo_service.service [req-c26c4de5-b327-492d-a61d-53f4a34e6cdc - - - - -] mks.enabled = False log_opt_values /usr/lib/python3/dist-packages/oslo_config/cfg.py:2609
2026-05-18 00:41:54.034 168994 DEBUG oslo_service.service [req-c26c4de5-b327-492d-a61d-53f4a34e6cdc - - - - -] mks.mksproxy_base_url = http://127.0.0.1:6090/ log_opt_values /usr/lib/python3/dist-packages/oslo_config/cfg.py:2609
2026-05-18 00:41:54.034 168994 DEBUG oslo_service.service [req-c26c4de5-b327-492d-a61d-53f4a34e6cdc - - - - -] image_cache.manager_interval = 2400 log_opt_values /usr/lib/python3/dist-packages/oslo_config/cfg.py:2609
2026-05-18 00:41:54.034 168994 DEBUG oslo_service.service [req-c26c4de5-b327-492d-a61d-53f4a34e6cdc - - - - -] image_cache.precache_concurrency = 1 log_opt_values /usr/lib/python3/dist-packages/oslo_config/cfg.py:2609
2026-05-18 00:41:54.034 168994 DEBUG oslo_service.service [req-c26c4de5-b327-492d-a61d-53f4a34e6cdc - - - - -] image_cache.remove_unused_base_images = True log_opt_values /usr/lib/python3/dist-packages/oslo_config/cfg.py:2609
2026-05-18 00:41:54.035 168994 DEBUG oslo_service.service [req-c26c4de5-b327-492d-a61d-53f4a34e6cdc - - - - -] image_cache.remove_unused_original_minimum_age_seconds = 86400 log_opt_values /usr/lib/python3/dist-packages/oslo_config/cfg.py:2609
2026-05-18 00:41:54.035 168994 DEBUG oslo_service.service [req-c26c4de5-b327-492d-a61d-53f4a34e6cdc - - - - -] image_cache.remove_unused_resized_minimum_age_seconds = 3600 log_opt_values /usr/lib/python3/dist-packages/oslo_config/cfg.py:2609
2026-05-18 00:41:54.035 168994 DEBUG oslo_service.service [req-c26c4de5-b327-492d-a61d-53f4a34e6cdc - - - - -] image_cache.subdirectory_name = _base log_opt_values /usr/lib/python3/dist-packages/oslo_config/cfg.py:2609
2026-05-18 00:41:54.035 168994 DEBUG oslo_service.service [req-c26c4de5-b327-492d-a61d-53f4a34e6cdc - - - - -] ironic.api_max_retries = 60 log_opt_values /usr/lib/python3/dist-packages/oslo_config/cfg.py:2609
2026-05-18 00:41:54.035 168994 DEBUG oslo_service.service [req-c26c4de5-b327-492d-a61d-53f4a34e6cdc - - - - -] ironic.api_retry_interval = 2 log_opt_values /usr/lib/python3/dist-packages/oslo_config/cfg.py:2609
2026-05-18 00:41:54.036 168994 DEBUG oslo_service.service [req-c26c4de5-b327-492d-a61d-53f4a34e6cdc - - - - -] ironic.auth_section = None log_opt_values /usr/lib/python3/dist-packages/oslo_config/cfg.py:2609
2026-05-18 00:41:54.036 168994 DEBUG oslo_service.service [req-c26c4de5-b327-492d-a61d-53f4a34e6cdc - - - - -] ironic.auth_type = None log_opt_values /usr/lib/python3/dist-packages/oslo_config/cfg.py:2609
2026-05-18 00:41:54.036 168994 DEBUG oslo_service.service [req-c26c4de5-b327-492d-a61d-53f4a34e6cdc - - - - -] ironic.cafile = None log_opt_values /usr/lib/python3/dist-packages/oslo_config/cfg.py:2609
2026-05-18 00:41:54.036 168994 DEBUG oslo_service.service [req-c26c4de5-b327-492d-a61d-53f4a34e6cdc - - - - -] ironic.certfile = None log_opt_values /usr/lib/python3/dist-packages/oslo_config/cfg.py:2609
2026-05-18 00:41:54.036 168994 DEBUG oslo_service.service [req-c26c4de5-b327-492d-a61d-53f4a34e6cdc - - - - -] ironic.collect_timing = False log_opt_values /usr/lib/python3/dist-packages/oslo_config/cfg.py:2609
2026-05-18 00:41:54.036 168994 DEBUG oslo_service.service [req-c26c4de5-b327-492d-a61d-53f4a34e6cdc - - - - -] ironic.connect_retries = None log_opt_values /usr/lib/python3/dist-packages/oslo_config/cfg.py:2609
2026-05-18 00:41:54.037 168994 DEBUG oslo_service.service [req-c26c4de5-b327-492d-a61d-53f4a34e6cdc - - - - -] ironic.connect_retry_delay = None log_opt_values /usr/lib/python3/dist-packages/oslo_config/cfg.py:2609
2026-05-18 00:41:54.037 168994 DEBUG oslo_service.service [req-c26c4de5-b327-492d-a61d-53f4a34e6cdc - - - - -] ironic.endpoint_override = None log_opt_values /usr/lib/python3/dist-packages/oslo_config/cfg.py:2609
2026-05-18 00:41:54.037 168994 DEBUG oslo_service.service [req-c26c4de5-b327-492d-a61d-53f4a34e6cdc - - - - -] ironic.insecure = False log_opt_values /usr/lib/python3/dist-packages/oslo_config/cfg.py:2609
2026-05-18 00:41:54.037 168994 DEBUG oslo_service.service [req-c26c4de5-b327-492d-a61d-53f4a34e6cdc - - - - -] ironic.keyfile = None log_opt_values /usr/lib/python3/dist-packages/oslo_config/cfg.py:2609
2026-05-18 00:41:54.037 168994 DEBUG oslo_service.service [req-c26c4de5-b327-492d-a61d-53f4a34e6cdc - - - - -] ironic.max_version = None log_opt_values /usr/lib/python3/dist-packages/oslo_config/cfg.py:2609
2026-05-18 00:41:54.038 168994 DEBUG oslo_service.service [req-c26c4de5-b327-492d-a61d-53f4a34e6cdc - - - - -] ironic.min_version = None log_opt_values /usr/lib/python3/dist-packages/oslo_config/cfg.py:2609
2026-05-18 00:41:54.038 168994 DEBUG oslo_service.service [req-c26c4de5-b327-492d-a61d-53f4a34e6cdc - - - - -] ironic.partition_key = None log_opt_values /usr/lib/python3/dist-packages/oslo_config/cfg.py:2609
