2026-05-18 00:39:09.352 133094 DEBUG oslo_service.service [req-20f94340-ab42-4b3a-826f-74854cdd1023 - - - - -] cinder.certfile = None log_opt_values /usr/lib/python3/dist-packages/oslo_config/cfg.py:2609
2026-05-18 00:39:09.352 133094 DEBUG oslo_service.service [req-20f94340-ab42-4b3a-826f-74854cdd1023 - - - - -] cinder.collect_timing = False log_opt_values /usr/lib/python3/dist-packages/oslo_config/cfg.py:2609
2026-05-18 00:39:09.353 133094 DEBUG oslo_service.service [req-20f94340-ab42-4b3a-826f-74854cdd1023 - - - - -] cinder.cross_az_attach = True log_opt_values /usr/lib/python3/dist-packages/oslo_config/cfg.py:2609
2026-05-18 00:39:09.353 133094 DEBUG oslo_service.service [req-20f94340-ab42-4b3a-826f-74854cdd1023 - - - - -] cinder.debug = False log_opt_values /usr/lib/python3/dist-packages/oslo_config/cfg.py:2609
2026-05-18 00:39:09.354 133094 DEBUG oslo_service.service [req-20f94340-ab42-4b3a-826f-74854cdd1023 - - - - -] cinder.endpoint_template = None log_opt_values /usr/lib/python3/dist-packages/oslo_config/cfg.py:2609
2026-05-18 00:39:09.354 133094 DEBUG oslo_service.service [req-20f94340-ab42-4b3a-826f-74854cdd1023 - - - - -] cinder.http_retries = 3 log_opt_values /usr/lib/python3/dist-packages/oslo_config/cfg.py:2609
2026-05-18 00:39:09.354 133094 DEBUG oslo_service.service [req-20f94340-ab42-4b3a-826f-74854cdd1023 - - - - -] cinder.insecure = False log_opt_values /usr/lib/python3/dist-packages/oslo_config/cfg.py:2609
2026-05-18 00:39:09.354 133094 DEBUG oslo_service.service [req-20f94340-ab42-4b3a-826f-74854cdd1023 - - - - -] cinder.keyfile = None log_opt_values /usr/lib/python3/dist-packages/oslo_config/cfg.py:2609
2026-05-18 00:39:09.355 133094 DEBUG oslo_service.service [req-20f94340-ab42-4b3a-826f-74854cdd1023 - - - - -] cinder.os_region_name = None log_opt_values /usr/lib/python3/dist-packages/oslo_config/cfg.py:2609
2026-05-18 00:39:09.355 133094 DEBUG oslo_service.service [req-20f94340-ab42-4b3a-826f-74854cdd1023 - - - - -] cinder.split_loggers = False log_opt_values /usr/lib/python3/dist-packages/oslo_config/cfg.py:2609
2026-05-18 00:39:09.355 133094 DEBUG oslo_service.service [req-20f94340-ab42-4b3a-826f-74854cdd1023 - - - - -] cinder.timeout = None log_opt_values /usr/lib/python3/dist-packages/oslo_config/cfg.py:2609
2026-05-18 00:39:09.355 133094 DEBUG oslo_service.service [req-20f94340-ab42-4b3a-826f-74854cdd1023 - - - - -] compute.consecutive_build_service_disable_threshold = 10 log_opt_values /usr/lib/python3/dist-packages/oslo_config/cfg.py:2609
2026-05-18 00:39:09.355 133094 DEBUG oslo_service.service [req-20f94340-ab42-4b3a-826f-74854cdd1023 - - - - -] compute.cpu_dedicated_set = None log_opt_values /usr/lib/python3/dist-packages/oslo_config/cfg.py:2609
2026-05-18 00:39:09.355 133094 DEBUG oslo_service.service [req-20f94340-ab42-4b3a-826f-74854cdd1023 - - - - -] compute.cpu_shared_set = None log_opt_values /usr/lib/python3/dist-packages/oslo_config/cfg.py:2609
2026-05-18 00:39:09.356 133094 DEBUG oslo_service.service [req-20f94340-ab42-4b3a-826f-74854cdd1023 - - - - -] compute.image_type_exclude_list = [] log_opt_values /usr/lib/python3/dist-packages/oslo_config/cfg.py:2609
2026-05-18 00:39:09.356 133094 DEBUG oslo_service.service [req-20f94340-ab42-4b3a-826f-74854cdd1023 - - - - -] compute.live_migration_wait_for_vif_plug = True log_opt_values /usr/lib/python3/dist-packages/oslo_config/cfg.py:2609
2026-05-18 00:39:09.356 133094 DEBUG oslo_service.service [req-20f94340-ab42-4b3a-826f-74854cdd1023 - - - - -] compute.max_concurrent_disk_ops = 0 log_opt_values /usr/lib/python3/dist-packages/oslo_config/cfg.py:2609
2026-05-18 00:39:09.356 133094 DEBUG oslo_service.service [req-20f94340-ab42-4b3a-826f-74854cdd1023 - - - - -] compute.max_disk_devices_to_attach = -1 log_opt_values /usr/lib/python3/dist-packages/oslo_config/cfg.py:2609
2026-05-18 00:39:09.356 133094 DEBUG oslo_service.service [req-20f94340-ab42-4b3a-826f-74854cdd1023 - - - - -] compute.packing_host_numa_cells_allocation_strategy = True log_opt_values /usr/lib/python3/dist-packages/oslo_config/cfg.py:2609
2026-05-18 00:39:09.357 133094 DEBUG oslo_service.service [req-20f94340-ab42-4b3a-826f-74854cdd1023 - - - - -] compute.provider_config_location = /etc/nova/provider_config/ log_opt_values /usr/lib/python3/dist-packages/oslo_config/cfg.py:2609
2026-05-18 00:39:09.357 133094 DEBUG oslo_service.service [req-20f94340-ab42-4b3a-826f-74854cdd1023 - - - - -] compute.resource_provider_association_refresh = 300 log_opt_values /usr/lib/python3/dist-packages/oslo_config/cfg.py:2609
2026-05-18 00:39:09.357 133094 DEBUG oslo_service.service [req-20f94340-ab42-4b3a-826f-74854cdd1023 - - - - -] compute.shutdown_retry_interval = 10 log_opt_values /usr/lib/python3/dist-packages/oslo_config/cfg.py:2609
2026-05-18 00:39:09.357 133094 DEBUG oslo_service.service [req-20f94340-ab42-4b3a-826f-74854cdd1023 - - - - -] compute.vmdk_allowed_types = ['streamOptimized', 'monolithicSparse'] log_opt_values /usr/lib/python3/dist-packages/oslo_config/cfg.py:2609
2026-05-18 00:39:09.357 133094 DEBUG oslo_service.service [req-20f94340-ab42-4b3a-826f-74854cdd1023 - - - - -] conductor.workers = 4 log_opt_values /usr/lib/python3/dist-packages/oslo_config/cfg.py:2609
2026-05-18 00:39:09.358 133094 DEBUG oslo_service.service [req-20f94340-ab42-4b3a-826f-74854cdd1023 - - - - -] console.allowed_origins = [] log_opt_values /usr/lib/python3/dist-packages/oslo_config/cfg.py:2609
2026-05-18 00:39:09.358 133094 DEBUG oslo_service.service [req-20f94340-ab42-4b3a-826f-74854cdd1023 - - - - -] console.ssl_ciphers = None log_opt_values /usr/lib/python3/dist-packages/oslo_config/cfg.py:2609
2026-05-18 00:39:09.358 133094 DEBUG oslo_service.service [req-20f94340-ab42-4b3a-826f-74854cdd1023 - - - - -] console.ssl_minimum_version = default log_opt_values /usr/lib/python3/dist-packages/oslo_config/cfg.py:2609
2026-05-18 00:39:09.358 133094 DEBUG oslo_service.service [req-20f94340-ab42-4b3a-826f-74854cdd1023 - - - - -] consoleauth.token_ttl = 600 log_opt_values /usr/lib/python3/dist-packages/oslo_config/cfg.py:2609
2026-05-18 00:39:09.358 133094 DEBUG oslo_service.service [req-20f94340-ab42-4b3a-826f-74854cdd1023 - - - - -] cyborg.cafile = None log_opt_values /usr/lib/python3/dist-packages/oslo_config/cfg.py:2609
2026-05-18 00:39:09.360 133094 DEBUG oslo_service.service [req-20f94340-ab42-4b3a-826f-74854cdd1023 - - - - -] cyborg.certfile = None log_opt_values /usr/lib/python3/dist-packages/oslo_config/cfg.py:2609
2026-05-18 00:39:09.360 133094 DEBUG oslo_service.service [req-20f94340-ab42-4b3a-826f-74854cdd1023 - - - - -] cyborg.collect_timing = False log_opt_values /usr/lib/python3/dist-packages/oslo_config/cfg.py:2609
2026-05-18 00:39:09.360 133094 DEBUG oslo_service.service [req-20f94340-ab42-4b3a-826f-74854cdd1023 - - - - -] cyborg.connect_retries = None log_opt_values /usr/lib/python3/dist-packages/oslo_config/cfg.py:2609
2026-05-18 00:39:09.360 133094 DEBUG oslo_service.service [req-20f94340-ab42-4b3a-826f-74854cdd1023 - - - - -] cyborg.connect_retry_delay = None log_opt_values /usr/lib/python3/dist-packages/oslo_config/cfg.py:2609
2026-05-18 00:39:09.361 133094 DEBUG oslo_service.service [req-20f94340-ab42-4b3a-826f-74854cdd1023 - - - - -] cyborg.endpoint_override = None log_opt_values /usr/lib/python3/dist-packages/oslo_config/cfg.py:2609
2026-05-18 00:39:09.361 133094 DEBUG oslo_service.service [req-20f94340-ab42-4b3a-826f-74854cdd1023 - - - - -] cyborg.insecure = False log_opt_values /usr/lib/python3/dist-packages/oslo_config/cfg.py:2609
2026-05-18 00:39:09.361 133094 DEBUG oslo_service.service [req-20f94340-ab42-4b3a-826f-74854cdd1023 - - - - -] cyborg.keyfile = None log_opt_values /usr/lib/python3/dist-packages/oslo_config/cfg.py:2609
2026-05-18 00:39:09.361 133094 DEBUG oslo_service.service [req-20f94340-ab42-4b3a-826f-74854cdd1023 - - - - -] cyborg.max_version = None log_opt_values /usr/lib/python3/dist-packages/oslo_config/cfg.py:2609
2026-05-18 00:39:09.361 133094 DEBUG oslo_service.service [req-20f94340-ab42-4b3a-826f-74854cdd1023 - - - - -] cyborg.min_version = None log_opt_values /usr/lib/python3/dist-packages/oslo_config/cfg.py:2609
2026-05-18 00:39:09.361 133094 DEBUG oslo_service.service [req-20f94340-ab42-4b3a-826f-74854cdd1023 - - - - -] cyborg.region_name = None log_opt_values /usr/lib/python3/dist-packages/oslo_config/cfg.py:2609
2026-05-18 00:39:09.362 133094 DEBUG oslo_service.service [req-20f94340-ab42-4b3a-826f-74854cdd1023 - - - - -] cyborg.service_name = None log_opt_values /usr/lib/python3/dist-packages/oslo_config/cfg.py:2609
2026-05-18 00:39:09.362 133094 DEBUG oslo_service.service [req-20f94340-ab42-4b3a-826f-74854cdd1023 - - - - -] cyborg.service_type = accelerator log_opt_values /usr/lib/python3/dist-packages/oslo_config/cfg.py:2609
2026-05-18 00:39:09.362 134081 DEBUG oslo_messaging._drivers.amqpdriver [-] Listener is running poll /usr/lib/python3/dist-packages/oslo_messaging/_drivers/amqpdriver.py:343
2026-05-18 00:39:09.368 134081 DEBUG oslo_messaging._drivers.amqpdriver [-] AMQPListener connection consume poll /usr/lib/python3/dist-packages/oslo_messaging/_drivers/amqpdriver.py:357
2026-05-18 00:39:09.368 133094 DEBUG oslo_service.service [req-20f94340-ab42-4b3a-826f-74854cdd1023 - - - - -] cyborg.split_loggers = False log_opt_values /usr/lib/python3/dist-packages/oslo_config/cfg.py:2609
2026-05-18 00:39:09.364 134087 DEBUG oslo_messaging._drivers.amqpdriver [-] Listener is running poll /usr/lib/python3/dist-packages/oslo_messaging/_drivers/amqpdriver.py:343
2026-05-18 00:39:09.368 133094 DEBUG oslo_service.service [req-20f94340-ab42-4b3a-826f-74854cdd1023 - - - - -] cyborg.status_code_retries = None log_opt_values /usr/lib/python3/dist-packages/oslo_config/cfg.py:2609
2026-05-18 00:39:09.368 133094 DEBUG oslo_service.service [req-20f94340-ab42-4b3a-826f-74854cdd1023 - - - - -] cyborg.status_code_retry_delay = None log_opt_values /usr/lib/python3/dist-packages/oslo_config/cfg.py:2609
2026-05-18 00:39:09.368 134087 DEBUG oslo_messaging._drivers.amqpdriver [-] AMQPListener connection consume poll /usr/lib/python3/dist-packages/oslo_messaging/_drivers/amqpdriver.py:357
2026-05-18 00:39:09.369 133094 DEBUG oslo_service.service [req-20f94340-ab42-4b3a-826f-74854cdd1023 - - - - -] cyborg.timeout = None log_opt_values /usr/lib/python3/dist-packages/oslo_config/cfg.py:2609
2026-05-18 00:39:09.369 133094 DEBUG oslo_service.service [req-20f94340-ab42-4b3a-826f-74854cdd1023 - - - - -] cyborg.valid_interfaces = ['internal', 'public'] log_opt_values /usr/lib/python3/dist-packages/oslo_config/cfg.py:2609
2026-05-18 00:39:09.369 133094 DEBUG oslo_service.service [req-20f94340-ab42-4b3a-826f-74854cdd1023 - - - - -] cyborg.version = None log_opt_values /usr/lib/python3/dist-packages/oslo_config/cfg.py:2609
2026-05-18 00:39:09.369 133094 DEBUG oslo_service.service [req-20f94340-ab42-4b3a-826f-74854cdd1023 - - - - -] database.backend = sqlalchemy log_opt_values /usr/lib/python3/dist-packages/oslo_config/cfg.py:2609
2026-05-18 00:39:09.370 133094 DEBUG oslo_service.service [req-20f94340-ab42-4b3a-826f-74854cdd1023 - - - - -] database.connection = **** log_opt_values /usr/lib/python3/dist-packages/oslo_config/cfg.py:2609
2026-05-18 00:39:09.370 133094 DEBUG oslo_service.service [req-20f94340-ab42-4b3a-826f-74854cdd1023 - - - - -] database.connection_debug = 0 log_opt_values /usr/lib/python3/dist-packages/oslo_config/cfg.py:2609
2026-05-18 00:39:09.369 134079 DEBUG oslo_messaging._drivers.amqpdriver [-] Listener is running poll /usr/lib/python3/dist-packages/oslo_messaging/_drivers/amqpdriver.py:343
2026-05-18 00:39:09.371 133094 DEBUG oslo_service.service [req-20f94340-ab42-4b3a-826f-74854cdd1023 - - - - -] database.connection_parameters = log_opt_values /usr/lib/python3/dist-packages/oslo_config/cfg.py:2609
2026-05-18 00:39:09.371 133094 DEBUG oslo_service.service [req-20f94340-ab42-4b3a-826f-74854cdd1023 - - - - -] database.connection_recycle_time = 3600 log_opt_values /usr/lib/python3/dist-packages/oslo_config/cfg.py:2609
2026-05-18 00:39:09.371 133094 DEBUG oslo_service.service [req-20f94340-ab42-4b3a-826f-74854cdd1023 - - - - -] database.connection_trace = False log_opt_values /usr/lib/python3/dist-packages/oslo_config/cfg.py:2609
2026-05-18 00:39:09.371 133094 DEBUG oslo_service.service [req-20f94340-ab42-4b3a-826f-74854cdd1023 - - - - -] database.db_inc_retry_interval = True log_opt_values /usr/lib/python3/dist-packages/oslo_config/cfg.py:2609
2026-05-18 00:39:09.372 133094 DEBUG oslo_service.service [req-20f94340-ab42-4b3a-826f-74854cdd1023 - - - - -] database.db_max_retries = 20 log_opt_values /usr/lib/python3/dist-packages/oslo_config/cfg.py:2609
2026-05-18 00:39:09.372 133094 DEBUG oslo_service.service [req-20f94340-ab42-4b3a-826f-74854cdd1023 - - - - -] database.db_max_retry_interval = 10 log_opt_values /usr/lib/python3/dist-packages/oslo_config/cfg.py:2609
2026-05-18 00:39:09.372 133094 DEBUG oslo_service.service [req-20f94340-ab42-4b3a-826f-74854cdd1023 - - - - -] database.db_retry_interval = 1 log_opt_values /usr/lib/python3/dist-packages/oslo_config/cfg.py:2609
2026-05-18 00:39:09.371 134079 DEBUG oslo_messaging._drivers.amqpdriver [-] AMQPListener connection consume poll /usr/lib/python3/dist-packages/oslo_messaging/_drivers/amqpdriver.py:357
2026-05-18 00:39:09.372 133094 DEBUG oslo_service.service [req-20f94340-ab42-4b3a-826f-74854cdd1023 - - - - -] database.max_overflow = 50 log_opt_values /usr/lib/python3/dist-packages/oslo_config/cfg.py:2609
2026-05-18 00:39:09.372 133094 DEBUG oslo_service.service [req-20f94340-ab42-4b3a-826f-74854cdd1023 - - - - -] database.max_pool_size = 4 log_opt_values /usr/lib/python3/dist-packages/oslo_config/cfg.py:2609
2026-05-18 00:39:09.373 133094 DEBUG oslo_service.service [req-20f94340-ab42-4b3a-826f-74854cdd1023 - - - - -] database.max_retries = 10 log_opt_values /usr/lib/python3/dist-packages/oslo_config/cfg.py:2609
2026-05-18 00:39:09.373 133094 DEBUG oslo_service.service [req-20f94340-ab42-4b3a-826f-74854cdd1023 - - - - -] database.mysql_enable_ndb = False log_opt_values /usr/lib/python3/dist-packages/oslo_config/cfg.py:2609
2026-05-18 00:39:09.373 133094 DEBUG oslo_service.service [req-20f94340-ab42-4b3a-826f-74854cdd1023 - - - - -] database.mysql_sql_mode = TRADITIONAL log_opt_values /usr/lib/python3/dist-packages/oslo_config/cfg.py:2609
2026-05-18 00:39:09.373 134079 DEBUG nova.service [req-1fb8a450-cfaa-4904-9029-a0851616fa8d - - - - -] Join ServiceGroup membership for this service scheduler start /usr/lib/python3/dist-packages/nova/service.py:199
2026-05-18 00:39:09.374 133094 DEBUG oslo_service.service [req-20f94340-ab42-4b3a-826f-74854cdd1023 - - - - -] database.pool_timeout = None log_opt_values /usr/lib/python3/dist-packages/oslo_config/cfg.py:2609
2026-05-18 00:39:09.370 134081 DEBUG nova.service [req-df469722-1a62-4c66-a0e1-a87fdb2d80f4 - - - - -] Join ServiceGroup membership for this service scheduler start /usr/lib/python3/dist-packages/nova/service.py:199
2026-05-18 00:39:09.375 133094 DEBUG oslo_service.service [req-20f94340-ab42-4b3a-826f-74854cdd1023 - - - - -] database.retry_interval = 10 log_opt_values /usr/lib/python3/dist-packages/oslo_config/cfg.py:2609
2026-05-18 00:39:09.374 134087 DEBUG nova.service [req-f0e83227-0b9b-48b0-877f-978b36d03073 - - - - -] Join ServiceGroup membership for this service scheduler start /usr/lib/python3/dist-packages/nova/service.py:199
2026-05-18 00:39:09.375 133094 DEBUG oslo_service.service [req-20f94340-ab42-4b3a-826f-74854cdd1023 - - - - -] database.slave_connection = **** log_opt_values /usr/lib/python3/dist-packages/oslo_config/cfg.py:2609
2026-05-18 00:39:09.375 134087 DEBUG nova.servicegroup.drivers.db [req-f0e83227-0b9b-48b0-877f-978b36d03073 - - - - -] DB_Driver: join new ServiceGroup member juju-d787f6-0-lxd-7 to the scheduler group, service = join /usr/lib/python3/dist-packages/nova/servicegroup/drivers/db.py:44
2026-05-18 00:39:09.375 133094 DEBUG oslo_service.service [req-20f94340-ab42-4b3a-826f-74854cdd1023 - - - - -] database.sqlite_synchronous = True log_opt_values /usr/lib/python3/dist-packages/oslo_config/cfg.py:2609
2026-05-18 00:39:09.375 133094 DEBUG oslo_service.service [req-20f94340-ab42-4b3a-826f-74854cdd1023 - - - - -] database.use_db_reconnect = False log_opt_values /usr/lib/python3/dist-packages/oslo_config/cfg.py:2609
2026-05-18 00:39:09.375 134081 DEBUG nova.servicegroup.drivers.db [req-df469722-1a62-4c66-a0e1-a87fdb2d80f4 - - - - -] DB_Driver: join new ServiceGroup member juju-d787f6-0-lxd-7 to the scheduler group, service = join /usr/lib/python3/dist-packages/nova/servicegroup/drivers/db.py:44
2026-05-18 00:39:09.376 133094 DEBUG oslo_service.service [req-20f94340-ab42-4b3a-826f-74854cdd1023 - - - - -] api_database.backend = sqlalchemy log_opt_values /usr/lib/python3/dist-packages/oslo_config/cfg.py:2609
2026-05-18 00:39:09.375 134079 DEBUG nova.servicegroup.drivers.db [req-1fb8a450-cfaa-4904-9029-a0851616fa8d - - - - -] DB_Driver: join new ServiceGroup member juju-d787f6-0-lxd-7 to the scheduler group, service = join /usr/lib/python3/dist-packages/nova/servicegroup/drivers/db.py:44
2026-05-18 00:39:09.376 133094 DEBUG oslo_service.service [req-20f94340-ab42-4b3a-826f-74854cdd1023 - - - - -] api_database.connection = **** log_opt_values /usr/lib/python3/dist-packages/oslo_config/cfg.py:2609
2026-05-18 00:39:09.376 133094 DEBUG oslo_service.service [req-20f94340-ab42-4b3a-826f-74854cdd1023 - - - - -] api_database.connection_debug = 0 log_opt_values /usr/lib/python3/dist-packages/oslo_config/cfg.py:2609
2026-05-18 00:39:09.376 133094 DEBUG oslo_service.service [req-20f94340-ab42-4b3a-826f-74854cdd1023 - - - - -] api_database.connection_parameters = log_opt_values /usr/lib/python3/dist-packages/oslo_config/cfg.py:2609
2026-05-18 00:39:09.376 133094 DEBUG oslo_service.service [req-20f94340-ab42-4b3a-826f-74854cdd1023 - - - - -] api_database.connection_recycle_time = 3600 log_opt_values /usr/lib/python3/dist-packages/oslo_config/cfg.py:2609
2026-05-18 00:39:09.377 133094 DEBUG oslo_service.service [req-20f94340-ab42-4b3a-826f-74854cdd1023 - - - - -] api_database.connection_trace = False log_opt_values /usr/lib/python3/dist-packages/oslo_config/cfg.py:2609
2026-05-18 00:39:09.378 133094 DEBUG oslo_service.service [req-20f94340-ab42-4b3a-826f-74854cdd1023 - - - - -] api_database.db_inc_retry_interval = True log_opt_values /usr/lib/python3/dist-packages/oslo_config/cfg.py:2609
2026-05-18 00:39:09.378 134080 DEBUG oslo_messaging._drivers.amqpdriver [-] Listener is running poll /usr/lib/python3/dist-packages/oslo_messaging/_drivers/amqpdriver.py:343
2026-05-18 00:39:09.378 134081 DEBUG oslo_messaging._drivers.amqpdriver [-] AMQPListener connection timeout poll /usr/lib/python3/dist-packages/oslo_messaging/_drivers/amqpdriver.py:360
2026-05-18 00:39:09.378 133094 DEBUG oslo_service.service [req-20f94340-ab42-4b3a-826f-74854cdd1023 - - - - -] api_database.db_max_retries = 20 log_opt_values /usr/lib/python3/dist-packages/oslo_config/cfg.py:2609
2026-05-18 00:39:09.378 134080 DEBUG oslo_messaging._drivers.amqpdriver [-] AMQPListener connection consume poll /usr/lib/python3/dist-packages/oslo_messaging/_drivers/amqpdriver.py:357
2026-05-18 00:39:09.378 134081 DEBUG oslo_messaging._drivers.amqpdriver [-] Listener is running poll /usr/lib/python3/dist-packages/oslo_messaging/_drivers/amqpdriver.py:343
2026-05-18 00:39:09.378 134081 DEBUG oslo_messaging._drivers.amqpdriver [-] AMQPListener connection consume poll /usr/lib/python3/dist-packages/oslo_messaging/_drivers/amqpdriver.py:357
2026-05-18 00:39:09.378 133094 DEBUG oslo_service.service [req-20f94340-ab42-4b3a-826f-74854cdd1023 - - - - -] api_database.db_max_retry_interval = 10 log_opt_values /usr/lib/python3/dist-packages/oslo_config/cfg.py:2609
2026-05-18 00:39:09.379 134079 DEBUG oslo_messaging._drivers.amqpdriver [-] AMQPListener connection timeout poll /usr/lib/python3/dist-packages/oslo_messaging/_drivers/amqpdriver.py:360
2026-05-18 00:39:09.379 134087 DEBUG oslo_messaging._drivers.amqpdriver [-] AMQPListener connection timeout poll /usr/lib/python3/dist-packages/oslo_messaging/_drivers/amqpdriver.py:360
2026-05-18 00:39:09.379 134087 DEBUG oslo_messaging._drivers.amqpdriver [-] Listener is running poll /usr/lib/python3/dist-packages/oslo_messaging/_drivers/amqpdriver.py:343
2026-05-18 00:39:09.379 134079 DEBUG oslo_messaging._drivers.amqpdriver [-] Listener is running poll /usr/lib/python3/dist-packages/oslo_messaging/_drivers/amqpdriver.py:343
2026-05-18 00:39:09.379 134080 DEBUG nova.service [req-0625aee6-2e51-4bb5-850a-6733bfe01a10 - - - - -] Join ServiceGroup membership for this service scheduler start /usr/lib/python3/dist-packages/nova/service.py:199
2026-05-18 00:39:09.379 134087 DEBUG oslo_messaging._drivers.amqpdriver [-] AMQPListener connection consume poll /usr/lib/python3/dist-packages/oslo_messaging/_drivers/amqpdriver.py:357
2026-05-18 00:39:09.380 134079 DEBUG oslo_messaging._drivers.amqpdriver [-] AMQPListener connection consume poll /usr/lib/python3/dist-packages/oslo_messaging/_drivers/amqpdriver.py:357
2026-05-18 00:39:09.379 133094 DEBUG oslo_service.service [req-20f94340-ab42-4b3a-826f-74854cdd1023 - - - - -] api_database.db_retry_interval = 1 log_opt_values /usr/lib/python3/dist-packages/oslo_config/cfg.py:2609
2026-05-18 00:39:09.380 134080 DEBUG nova.servicegroup.drivers.db [req-0625aee6-2e51-4bb5-850a-6733bfe01a10 - - - - -] DB_Driver: join new ServiceGroup member juju-d787f6-0-lxd-7 to the scheduler group, service = join /usr/lib/python3/dist-packages/nova/servicegroup/drivers/db.py:44
2026-05-18 00:39:09.380 133094 DEBUG oslo_service.service [req-20f94340-ab42-4b3a-826f-74854cdd1023 - - - - -] api_database.max_overflow = 50 log_opt_values /usr/lib/python3/dist-packages/oslo_config/cfg.py:2609
2026-05-18 00:39:09.380 133094 DEBUG oslo_service.service [req-20f94340-ab42-4b3a-826f-74854cdd1023 - - - - -] api_database.max_pool_size = 4 log_opt_values /usr/lib/python3/dist-packages/oslo_config/cfg.py:2609
2026-05-18 00:39:09.380 133094 DEBUG oslo_service.service [req-20f94340-ab42-4b3a-826f-74854cdd1023 - - - - -] api_database.max_retries = 10 log_opt_values /usr/lib/python3/dist-packages/oslo_config/cfg.py:2609
2026-05-18 00:39:09.382 133094 DEBUG oslo_service.service [req-20f94340-ab42-4b3a-826f-74854cdd1023 - - - - -] api_database.mysql_enable_ndb = False log_opt_values /usr/lib/python3/dist-packages/oslo_config/cfg.py:2609
2026-05-18 00:39:09.382 133094 DEBUG oslo_service.service [req-20f94340-ab42-4b3a-826f-74854cdd1023 - - - - -] api_database.mysql_sql_mode = TRADITIONAL log_opt_values /usr/lib/python3/dist-packages/oslo_config/cfg.py:2609
2026-05-18 00:39:09.382 134080 DEBUG oslo_messaging._drivers.amqpdriver [-] AMQPListener connection timeout poll /usr/lib/python3/dist-packages/oslo_messaging/_drivers/amqpdriver.py:360
2026-05-18 00:39:09.382 133094 DEBUG oslo_service.service [req-20f94340-ab42-4b3a-826f-74854cdd1023 - - - - -] api_database.pool_timeout = None log_opt_values /usr/lib/python3/dist-packages/oslo_config/cfg.py:2609
2026-05-18 00:39:09.383 133094 DEBUG oslo_service.service [req-20f94340-ab42-4b3a-826f-74854cdd1023 - - - - -] api_database.retry_interval = 10 log_opt_values /usr/lib/python3/dist-packages/oslo_config/cfg.py:2609
2026-05-18 00:39:09.382 134080 DEBUG oslo_messaging._drivers.amqpdriver [-] Listener is running poll /usr/lib/python3/dist-packages/oslo_messaging/_drivers/amqpdriver.py:343
2026-05-18 00:39:09.383 134080 DEBUG oslo_messaging._drivers.amqpdriver [-] AMQPListener connection consume poll /usr/lib/python3/dist-packages/oslo_messaging/_drivers/amqpdriver.py:357
2026-05-18 00:39:09.383 133094 DEBUG oslo_service.service [req-20f94340-ab42-4b3a-826f-74854cdd1023 - - - - -] api_database.slave_connection = **** log_opt_values /usr/lib/python3/dist-packages/oslo_config/cfg.py:2609
2026-05-18 00:39:09.384 133094 DEBUG oslo_service.service [req-20f94340-ab42-4b3a-826f-74854cdd1023 - - - - -] api_database.sqlite_synchronous = True log_opt_values /usr/lib/python3/dist-packages/oslo_config/cfg.py:2609
2026-05-18 00:39:09.384 133094 DEBUG oslo_service.service [req-20f94340-ab42-4b3a-826f-74854cdd1023 - - - - -] devices.enabled_mdev_types = [] log_opt_values /usr/lib/python3/dist-packages/oslo_config/cfg.py:2609
2026-05-18 00:39:09.385 133094 DEBUG oslo_service.service [req-20f94340-ab42-4b3a-826f-74854cdd1023 - - - - -] ephemeral_storage_encryption.cipher = aes-xts-plain64 log_opt_values /usr/lib/python3/dist-packages/oslo_config/cfg.py:2609
2026-05-18 00:39:09.385 133094 DEBUG oslo_service.service [req-20f94340-ab42-4b3a-826f-74854cdd1023 - - - - -] ephemeral_storage_encryption.enabled = False log_opt_values /usr/lib/python3/dist-packages/oslo_config/cfg.py:2609
2026-05-18 00:39:09.385 133094 DEBUG oslo_service.service [req-20f94340-ab42-4b3a-826f-74854cdd1023 - - - - -] ephemeral_storage_encryption.key_size = 512 log_opt_values /usr/lib/python3/dist-packages/oslo_config/cfg.py:2609
2026-05-18 00:39:09.386 133094 WARNING oslo_config.cfg [req-20f94340-ab42-4b3a-826f-74854cdd1023 - - - - -] Deprecated: Option "api_servers" from group "glance" is deprecated for removal ( Support for image service configuration via standard keystoneauth1 Adapter options was added in the 17.0.0 Queens release. The api_servers option was retained temporarily to allow consumers time to cut over to a real load balancing solution. ). Its value may be silently ignored in the future.
2026-05-18 00:39:09.386 133094 DEBUG oslo_service.service [req-20f94340-ab42-4b3a-826f-74854cdd1023 - - - - -] glance.api_servers = ['http://252.241.217.68:9292'] log_opt_values /usr/lib/python3/dist-packages/oslo_config/cfg.py:2609
2026-05-18 00:39:09.388 133094 DEBUG oslo_service.service [req-20f94340-ab42-4b3a-826f-74854cdd1023 - - - - -] glance.cafile = None log_opt_values /usr/lib/python3/dist-packages/oslo_config/cfg.py:2609
2026-05-18 00:39:09.388 133094 DEBUG oslo_service.service [req-20f94340-ab42-4b3a-826f-74854cdd1023 - - - - -] glance.certfile = None log_opt_values /usr/lib/python3/dist-packages/oslo_config/cfg.py:2609
2026-05-18 00:39:09.388 133094 DEBUG oslo_service.service [req-20f94340-ab42-4b3a-826f-74854cdd1023 - - - - -] glance.collect_timing = False log_opt_values /usr/lib/python3/dist-packages/oslo_config/cfg.py:2609
2026-05-18 00:39:09.388 133094 DEBUG oslo_service.service [req-20f94340-ab42-4b3a-826f-74854cdd1023 - - - - -] glance.connect_retries = None log_opt_values /usr/lib/python3/dist-packages/oslo_config/cfg.py:2609
2026-05-18 00:39:09.389 133094 DEBUG oslo_service.service [req-20f94340-ab42-4b3a-826f-74854cdd1023 - - - - -] glance.connect_retry_delay = None log_opt_values /usr/lib/python3/dist-packages/oslo_config/cfg.py:2609
2026-05-18 00:39:09.389 133094 DEBUG oslo_service.service [req-20f94340-ab42-4b3a-826f-74854cdd1023 - - - - -] glance.debug = False log_opt_values /usr/lib/python3/dist-packages/oslo_config/cfg.py:2609
2026-05-18 00:39:09.389 133094 DEBUG oslo_service.service [req-20f94340-ab42-4b3a-826f-74854cdd1023 - - - - -] glance.default_trusted_certificate_ids = [] log_opt_values /usr/lib/python3/dist-packages/oslo_config/cfg.py:2609
2026-05-18 00:39:09.389 133094 DEBUG oslo_service.service [req-20f94340-ab42-4b3a-826f-74854cdd1023 - - - - -] glance.enable_certificate_validation = False log_opt_values /usr/lib/python3/dist-packages/oslo_config/cfg.py:2609
2026-05-18 00:39:09.389 133094 DEBUG oslo_service.service [req-20f94340-ab42-4b3a-826f-74854cdd1023 - - - - -] glance.enable_rbd_download = False log_opt_values /usr/lib/python3/dist-packages/oslo_config/cfg.py:2609
2026-05-18 00:39:09.390 133094 DEBUG oslo_service.service [req-20f94340-ab42-4b3a-826f-74854cdd1023 - - - - -] glance.endpoint_override = None log_opt_values /usr/lib/python3/dist-packages/oslo_config/cfg.py:2609
2026-05-18 00:39:09.390 133094 DEBUG oslo_service.service [req-20f94340-ab42-4b3a-826f-74854cdd1023 - - - - -] glance.insecure = False log_opt_values /usr/lib/python3/dist-packages/oslo_config/cfg.py:2609
2026-05-18 00:39:09.390 133094 DEBUG oslo_service.service [req-20f94340-ab42-4b3a-826f-74854cdd1023 - - - - -] glance.keyfile = None log_opt_values /usr/lib/python3/dist-packages/oslo_config/cfg.py:2609
2026-05-18 00:39:09.390 133094 DEBUG oslo_service.service [req-20f94340-ab42-4b3a-826f-74854cdd1023 - - - - -] glance.max_version = None log_opt_values /usr/lib/python3/dist-packages/oslo_config/cfg.py:2609
2026-05-18 00:39:09.391 133094 DEBUG oslo_service.service [req-20f94340-ab42-4b3a-826f-74854cdd1023 - - - - -] glance.min_version = None log_opt_values /usr/lib/python3/dist-packages/oslo_config/cfg.py:2609
2026-05-18 00:39:09.391 133094 DEBUG oslo_service.service [req-20f94340-ab42-4b3a-826f-74854cdd1023 - - - - -] glance.num_retries = 3 log_opt_values /usr/lib/python3/dist-packages/oslo_config/cfg.py:2609
2026-05-18 00:39:09.392 133094 DEBUG oslo_service.service [req-20f94340-ab42-4b3a-826f-74854cdd1023 - - - - -] glance.rbd_ceph_conf = log_opt_values /usr/lib/python3/dist-packages/oslo_config/cfg.py:2609
2026-05-18 00:39:09.392 133094 DEBUG oslo_service.service [req-20f94340-ab42-4b3a-826f-74854cdd1023 - - - - -] glance.rbd_connect_timeout = 5 log_opt_values /usr/lib/python3/dist-packages/oslo_config/cfg.py:2609
2026-05-18 00:39:09.393 133094 DEBUG oslo_service.service [req-20f94340-ab42-4b3a-826f-74854cdd1023 - - - - -] glance.rbd_pool = log_opt_values /usr/lib/python3/dist-packages/oslo_config/cfg.py:2609
2026-05-18 00:39:09.393 133094 DEBUG oslo_service.service [req-20f94340-ab42-4b3a-826f-74854cdd1023 - - - - -] glance.rbd_user = log_opt_values /usr/lib/python3/dist-packages/oslo_config/cfg.py:2609
2026-05-18 00:39:09.393 133094 DEBUG oslo_service.service [req-20f94340-ab42-4b3a-826f-74854cdd1023 - - - - -] glance.region_name = None log_opt_values /usr/lib/python3/dist-packages/oslo_config/cfg.py:2609
2026-05-18 00:39:09.393 133094 DEBUG oslo_service.service [req-20f94340-ab42-4b3a-826f-74854cdd1023 - - - - -] glance.service_name = None log_opt_values /usr/lib/python3/dist-packages/oslo_config/cfg.py:2609
2026-05-18 00:39:09.394 133094 DEBUG oslo_service.service [req-20f94340-ab42-4b3a-826f-74854cdd1023 - - - - -] glance.service_type = image log_opt_values /usr/lib/python3/dist-packages/oslo_config/cfg.py:2609
2026-05-18 00:39:09.394 133094 DEBUG oslo_service.service [req-20f94340-ab42-4b3a-826f-74854cdd1023 - - - - -] glance.split_loggers = False log_opt_values /usr/lib/python3/dist-packages/oslo_config/cfg.py:2609
2026-05-18 00:39:09.394 133094 DEBUG oslo_service.service [req-20f94340-ab42-4b3a-826f-74854cdd1023 - - - - -] glance.status_code_retries = None log_opt_values /usr/lib/python3/dist-packages/oslo_config/cfg.py:2609
2026-05-18 00:39:09.394 133094 DEBUG oslo_service.service [req-20f94340-ab42-4b3a-826f-74854cdd1023 - - - - -] glance.status_code_retry_delay = None log_opt_values /usr/lib/python3/dist-packages/oslo_config/cfg.py:2609
2026-05-18 00:39:09.395 133094 DEBUG oslo_service.service [req-20f94340-ab42-4b3a-826f-74854cdd1023 - - - - -] glance.timeout = None log_opt_values /usr/lib/python3/dist-packages/oslo_config/cfg.py:2609
2026-05-18 00:39:09.396 133094 DEBUG oslo_service.service [req-20f94340-ab42-4b3a-826f-74854cdd1023 - - - - -] glance.valid_interfaces = ['internal', 'public'] log_opt_values /usr/lib/python3/dist-packages/oslo_config/cfg.py:2609
2026-05-18 00:39:09.396 133094 DEBUG oslo_service.service [req-20f94340-ab42-4b3a-826f-74854cdd1023 - - - - -] glance.verify_glance_signatures = False log_opt_values /usr/lib/python3/dist-packages/oslo_config/cfg.py:2609
2026-05-18 00:39:09.396 133094 DEBUG oslo_service.service [req-20f94340-ab42-4b3a-826f-74854cdd1023 - - - - -] glance.version = None log_opt_values /usr/lib/python3/dist-packages/oslo_config/cfg.py:2609
2026-05-18 00:39:09.396 133094 DEBUG oslo_service.service [req-20f94340-ab42-4b3a-826f-74854cdd1023 - - - - -] guestfs.debug = False log_opt_values /usr/lib/python3/dist-packages/oslo_config/cfg.py:2609
2026-05-18 00:39:09.397 133094 DEBUG oslo_service.service [req-20f94340-ab42-4b3a-826f-74854cdd1023 - - - - -] hyperv.config_drive_cdrom = False log_opt_values /usr/lib/python3/dist-packages/oslo_config/cfg.py:2609
2026-05-18 00:39:09.397 133094 DEBUG oslo_service.service [req-20f94340-ab42-4b3a-826f-74854cdd1023 - - - - -] hyperv.config_drive_inject_password = False log_opt_values /usr/lib/python3/dist-packages/oslo_config/cfg.py:2609
2026-05-18 00:39:09.397 133094 DEBUG oslo_service.service [req-20f94340-ab42-4b3a-826f-74854cdd1023 - - - - -] hyperv.dynamic_memory_ratio = 1.0 log_opt_values /usr/lib/python3/dist-packages/oslo_config/cfg.py:2609
2026-05-18 00:39:09.397 133094 DEBUG oslo_service.service [req-20f94340-ab42-4b3a-826f-74854cdd1023 - - - - -] hyperv.enable_instance_metrics_collection = False log_opt_values /usr/lib/python3/dist-packages/oslo_config/cfg.py:2609
2026-05-18 00:39:09.397 133094 DEBUG oslo_service.service [req-20f94340-ab42-4b3a-826f-74854cdd1023 - - - - -] hyperv.enable_remotefx = False log_opt_values /usr/lib/python3/dist-packages/oslo_config/cfg.py:2609
2026-05-18 00:39:09.398 133094 DEBUG oslo_service.service [req-20f94340-ab42-4b3a-826f-74854cdd1023 - - - - -] hyperv.instances_path_share = log_opt_values /usr/lib/python3/dist-packages/oslo_config/cfg.py:2609
2026-05-18 00:39:09.399 133094 DEBUG oslo_service.service [req-20f94340-ab42-4b3a-826f-74854cdd1023 - - - - -] hyperv.iscsi_initiator_list = [] log_opt_values /usr/lib/python3/dist-packages/oslo_config/cfg.py:2609
2026-05-18 00:39:09.399 133094 DEBUG oslo_service.service [req-20f94340-ab42-4b3a-826f-74854cdd1023 - - - - -] hyperv.limit_cpu_features = False log_opt_values /usr/lib/python3/dist-packages/oslo_config/cfg.py:2609
2026-05-18 00:39:09.399 133094 DEBUG oslo_service.service [req-20f94340-ab42-4b3a-826f-74854cdd1023 - - - - -] hyperv.mounted_disk_query_retry_count = 10 log_opt_values /usr/lib/python3/dist-packages/oslo_config/cfg.py:2609
2026-05-18 00:39:09.399 133094 DEBUG oslo_service.service [req-20f94340-ab42-4b3a-826f-74854cdd1023 - - - - -] hyperv.mounted_disk_query_retry_interval = 5 log_opt_values /usr/lib/python3/dist-packages/oslo_config/cfg.py:2609
2026-05-18 00:39:09.399 133094 DEBUG oslo_service.service [req-20f94340-ab42-4b3a-826f-74854cdd1023 - - - - -] hyperv.power_state_check_timeframe = 60 log_opt_values /usr/lib/python3/dist-packages/oslo_config/cfg.py:2609
2026-05-18 00:39:09.400 133094 DEBUG oslo_service.service [req-20f94340-ab42-4b3a-826f-74854cdd1023 - - - - -] hyperv.power_state_event_polling_interval = 2 log_opt_values /usr/lib/python3/dist-packages/oslo_config/cfg.py:2609
2026-05-18 00:39:09.400 133094 DEBUG oslo_service.service [req-20f94340-ab42-4b3a-826f-74854cdd1023 - - - - -] hyperv.qemu_img_cmd = qemu-img.exe log_opt_values /usr/lib/python3/dist-packages/oslo_config/cfg.py:2609
2026-05-18 00:39:09.400 133094 DEBUG oslo_service.service [req-20f94340-ab42-4b3a-826f-74854cdd1023 - - - - -] hyperv.use_multipath_io = False log_opt_values /usr/lib/python3/dist-packages/oslo_config/cfg.py:2609
2026-05-18 00:39:09.400 133094 DEBUG oslo_service.service [req-20f94340-ab42-4b3a-826f-74854cdd1023 - - - - -] hyperv.volume_attach_retry_count = 10 log_opt_values /usr/lib/python3/dist-packages/oslo_config/cfg.py:2609
2026-05-18 00:39:09.400 133094 DEBUG oslo_service.service [req-20f94340-ab42-4b3a-826f-74854cdd1023 - - - - -] hyperv.volume_attach_retry_interval = 5 log_opt_values /usr/lib/python3/dist-packages/oslo_config/cfg.py:2609
2026-05-18 00:39:09.400 133094 DEBUG oslo_service.service [req-20f94340-ab42-4b3a-826f-74854cdd1023 - - - - -] hyperv.vswitch_name = None log_opt_values /usr/lib/python3/dist-packages/oslo_config/cfg.py:2609
2026-05-18 00:39:09.400 133094 DEBUG oslo_service.service [req-20f94340-ab42-4b3a-826f-74854cdd1023 - - - - -] hyperv.wait_soft_reboot_seconds = 60 log_opt_values /usr/lib/python3/dist-packages/oslo_config/cfg.py:2609
2026-05-18 00:39:09.401 133094 DEBUG oslo_service.service [req-20f94340-ab42-4b3a-826f-74854cdd1023 - - - - -] mks.enabled = False log_opt_values /usr/lib/python3/dist-packages/oslo_config/cfg.py:2609
2026-05-18 00:39:09.401 133094 DEBUG oslo_service.service [req-20f94340-ab42-4b3a-826f-74854cdd1023 - - - - -] mks.mksproxy_base_url = http://127.0.0.1:6090/ log_opt_values /usr/lib/python3/dist-packages/oslo_config/cfg.py:2609
2026-05-18 00:39:09.401 133094 DEBUG oslo_service.service [req-20f94340-ab42-4b3a-826f-74854cdd1023 - - - - -] image_cache.manager_interval = 2400 log_opt_values /usr/lib/python3/dist-packages/oslo_config/cfg.py:2609
2026-05-18 00:39:09.403 133094 DEBUG oslo_service.service [req-20f94340-ab42-4b3a-826f-74854cdd1023 - - - - -] image_cache.precache_concurrency = 1 log_opt_values /usr/lib/python3/dist-packages/oslo_config/cfg.py:2609
2026-05-18 00:39:09.403 133094 DEBUG oslo_service.service [req-20f94340-ab42-4b3a-826f-74854cdd1023 - - - - -] image_cache.remove_unused_base_images = True log_opt_values /usr/lib/python3/dist-packages/oslo_config/cfg.py:2609
2026-05-18 00:39:09.403 133094 DEBUG oslo_service.service [req-20f94340-ab42-4b3a-826f-74854cdd1023 - - - - -] image_cache.remove_unused_original_minimum_age_seconds = 86400 log_opt_values /usr/lib/python3/dist-packages/oslo_config/cfg.py:2609
2026-05-18 00:39:09.403 133094 DEBUG oslo_service.service [req-20f94340-ab42-4b3a-826f-74854cdd1023 - - - - -] image_cache.remove_unused_resized_minimum_age_seconds = 3600 log_opt_values /usr/lib/python3/dist-packages/oslo_config/cfg.py:2609
2026-05-18 00:39:09.404 133094 DEBUG oslo_service.service [req-20f94340-ab42-4b3a-826f-74854cdd1023 - - - - -] image_cache.subdirectory_name = _base log_opt_values /usr/lib/python3/dist-packages/oslo_config/cfg.py:2609
2026-05-18 00:39:09.404 133094 DEBUG oslo_service.service [req-20f94340-ab42-4b3a-826f-74854cdd1023 - - - - -] ironic.api_max_retries = 60 log_opt_values /usr/lib/python3/dist-packages/oslo_config/cfg.py:2609
2026-05-18 00:39:09.404 133094 DEBUG oslo_service.service [req-20f94340-ab42-4b3a-826f-74854cdd1023 - - - - -] ironic.api_retry_interval = 2 log_opt_values /usr/lib/python3/dist-packages/oslo_config/cfg.py:2609
2026-05-18 00:39:09.405 133094 DEBUG oslo_service.service [req-20f94340-ab42-4b3a-826f-74854cdd1023 - - - - -] ironic.auth_section = None log_opt_values /usr/lib/python3/dist-packages/oslo_config/cfg.py:2609
2026-05-18 00:39:09.405 133094 DEBUG oslo_service.service [req-20f94340-ab42-4b3a-826f-74854cdd1023 - - - - -] ironic.auth_type = None log_opt_values /usr/lib/python3/dist-packages/oslo_config/cfg.py:2609
2026-05-18 00:39:09.405 133094 DEBUG oslo_service.service [req-20f94340-ab42-4b3a-826f-74854cdd1023 - - - - -] ironic.cafile = None log_opt_values /usr/lib/python3/dist-packages/oslo_config/cfg.py:2609
2026-05-18 00:39:09.405 133094 DEBUG oslo_service.service [req-20f94340-ab42-4b3a-826f-74854cdd1023 - - - - -] ironic.certfile = None log_opt_values /usr/lib/python3/dist-packages/oslo_config/cfg.py:2609
2026-05-18 00:39:09.405 133094 DEBUG oslo_service.service [req-20f94340-ab42-4b3a-826f-74854cdd1023 - - - - -] ironic.collect_timing = False log_opt_values /usr/lib/python3/dist-packages/oslo_config/cfg.py:2609
2026-05-18 00:39:09.406 133094 DEBUG oslo_service.service [req-20f94340-ab42-4b3a-826f-74854cdd1023 - - - - -] ironic.connect_retries = None log_opt_values /usr/lib/python3/dist-packages/oslo_config/cfg.py:2609
2026-05-18 00:39:09.407 133094 DEBUG oslo_service.service [req-20f94340-ab42-4b3a-826f-74854cdd1023 - - - - -] ironic.connect_retry_delay = None log_opt_values /usr/lib/python3/dist-packages/oslo_config/cfg.py:2609
2026-05-18 00:39:09.407 133094 DEBUG oslo_service.service [req-20f94340-ab42-4b3a-826f-74854cdd1023 - - - - -] ironic.endpoint_override = None log_opt_values /usr/lib/python3/dist-packages/oslo_config/cfg.py:2609
2026-05-18 00:39:09.407 133094 DEBUG oslo_service.service [req-20f94340-ab42-4b3a-826f-74854cdd1023 - - - - -] ironic.insecure = False log_opt_values /usr/lib/python3/dist-packages/oslo_config/cfg.py:2609
2026-05-18 00:39:09.407 133094 DEBUG oslo_service.service [req-20f94340-ab42-4b3a-826f-74854cdd1023 - - - - -] ironic.keyfile = None log_opt_values /usr/lib/python3/dist-packages/oslo_config/cfg.py:2609
2026-05-18 00:39:09.408 133094 DEBUG oslo_service.service [req-20f94340-ab42-4b3a-826f-74854cdd1023 - - - - -] ironic.max_version = None log_opt_values /usr/lib/python3/dist-packages/oslo_config/cfg.py:2609
2026-05-18 00:39:09.408 133094 DEBUG oslo_service.service [req-20f94340-ab42-4b3a-826f-74854cdd1023 - - - - -] ironic.min_version = None log_opt_values /usr/lib/python3/dist-packages/oslo_config/cfg.py:2609
2026-05-18 00:39:09.408 133094 DEBUG oslo_service.service [req-20f94340-ab42-4b3a-826f-74854cdd1023 - - - - -] ironic.partition_key = None log_opt_values /usr/lib/python3/dist-packages/oslo_config/cfg.py:2609
2026-05-18 00:39:09.408 133094 DEBUG oslo_service.service [req-20f94340-ab42-4b3a-826f-74854cdd1023 - - - - -] ironic.peer_list = [] log_opt_values /usr/lib/python3/dist-packages/oslo_config/cfg.py:2609
2026-05-18 00:39:09.408 133094 DEBUG oslo_service.service [req-20f94340-ab42-4b3a-826f-74854cdd1023 - - - - -] ironic.region_name = None log_opt_values /usr/lib/python3/dist-packages/oslo_config/cfg.py:2609
2026-05-18 00:39:09.408 133094 DEBUG oslo_service.service [req-20f94340-ab42-4b3a-826f-74854cdd1023 - - - - -] ironic.serial_console_state_timeout = 10 log_opt_values /usr/lib/python3/dist-packages/oslo_config/cfg.py:2609
2026-05-18 00:39:09.409 133094 DEBUG oslo_service.service [req-20f94340-ab42-4b3a-826f-74854cdd1023 - - - - -] ironic.service_name = None log_opt_values /usr/lib/python3/dist-packages/oslo_config/cfg.py:2609
2026-05-18 00:39:09.409 133094 DEBUG oslo_service.service [req-20f94340-ab42-4b3a-826f-74854cdd1023 - - - - -] ironic.service_type = baremetal log_opt_values /usr/lib/python3/dist-packages/oslo_config/cfg.py:2609
2026-05-18 00:39:09.411 133094 DEBUG oslo_service.service [req-20f94340-ab42-4b3a-826f-74854cdd1023 - - - - -] ironic.split_loggers = False log_opt_values /usr/lib/python3/dist-packages/oslo_config/cfg.py:2609
2026-05-18 00:39:09.411 133094 DEBUG oslo_service.service [req-20f94340-ab42-4b3a-826f-74854cdd1023 - - - - -] ironic.status_code_retries = None log_opt_values /usr/lib/python3/dist-packages/oslo_config/cfg.py:2609
2026-05-18 00:39:09.413 133094 DEBUG oslo_service.service [req-20f94340-ab42-4b3a-826f-74854cdd1023 - - - - -] ironic.status_code_retry_delay = None log_opt_values /usr/lib/python3/dist-packages/oslo_config/cfg.py:2609
2026-05-18 00:39:09.413 133094 DEBUG oslo_service.service [req-20f94340-ab42-4b3a-826f-74854cdd1023 - - - - -] ironic.timeout = None log_opt_values /usr/lib/python3/dist-packages/oslo_config/cfg.py:2609
2026-05-18 00:39:09.413 133094 DEBUG oslo_service.service [req-20f94340-ab42-4b3a-826f-74854cdd1023 - - - - -] ironic.valid_interfaces = ['internal', 'public'] log_opt_values /usr/lib/python3/dist-packages/oslo_config/cfg.py:2609
2026-05-18 00:39:09.413 133094 DEBUG oslo_service.service [req-20f94340-ab42-4b3a-826f-74854cdd1023 - - - - -] ironic.version = None log_opt_values /usr/lib/python3/dist-packages/oslo_config/cfg.py:2609
2026-05-18 00:39:09.414 133094 DEBUG oslo_service.service [req-20f94340-ab42-4b3a-826f-74854cdd1023 - - - - -] key_manager.backend = barbican log_opt_values /usr/lib/python3/dist-packages/oslo_config/cfg.py:2609
2026-05-18 00:39:09.414 133094 DEBUG oslo_service.service [req-20f94340-ab42-4b3a-826f-74854cdd1023 - - - - -] key_manager.fixed_key = **** log_opt_values /usr/lib/python3/dist-packages/oslo_config/cfg.py:2609
2026-05-18 00:39:09.414 133094 DEBUG oslo_service.service [req-20f94340-ab42-4b3a-826f-74854cdd1023 - - - - -] barbican.auth_endpoint = http://localhost/identity/v3 log_opt_values /usr/lib/python3/dist-packages/oslo_config/cfg.py:2609
2026-05-18 00:39:09.414 133094 DEBUG oslo_service.service [req-20f94340-ab42-4b3a-826f-74854cdd1023 - - - - -] barbican.barbican_api_version = None log_opt_values /usr/lib/python3/dist-packages/oslo_config/cfg.py:2609
2026-05-18 00:39:09.414 133094 DEBUG oslo_service.service [req-20f94340-ab42-4b3a-826f-74854cdd1023 - - - - -] barbican.barbican_endpoint = None log_opt_values /usr/lib/python3/dist-packages/oslo_config/cfg.py:2609
2026-05-18 00:39:09.415 133094 DEBUG oslo_service.service [req-20f94340-ab42-4b3a-826f-74854cdd1023 - - - - -] barbican.barbican_endpoint_type = public log_opt_values /usr/lib/python3/dist-packages/oslo_config/cfg.py:2609
2026-05-18 00:39:09.415 133094 DEBUG oslo_service.service [req-20f94340-ab42-4b3a-826f-74854cdd1023 - - - - -] barbican.barbican_region_name = None log_opt_values /usr/lib/python3/dist-packages/oslo_config/cfg.py:2609
2026-05-18 00:39:09.415 133094 DEBUG oslo_service.service [req-20f94340-ab42-4b3a-826f-74854cdd1023 - - - - -] barbican.cafile = None log_opt_values /usr/lib/python3/dist-packages/oslo_config/cfg.py:2609
2026-05-18 00:39:09.415 133094 DEBUG oslo_service.service [req-20f94340-ab42-4b3a-826f-74854cdd1023 - - - - -] barbican.certfile = None log_opt_values /usr/lib/python3/dist-packages/oslo_config/cfg.py:2609
2026-05-18 00:39:09.415 133094 DEBUG oslo_service.service [req-20f94340-ab42-4b3a-826f-74854cdd1023 - - - - -] barbican.collect_timing = False log_opt_values /usr/lib/python3/dist-packages/oslo_config/cfg.py:2609
2026-05-18 00:39:09.416 133094 DEBUG oslo_service.service [req-20f94340-ab42-4b3a-826f-74854cdd1023 - - - - -] barbican.insecure = False log_opt_values /usr/lib/python3/dist-packages/oslo_config/cfg.py:2609
2026-05-18 00:39:09.417 133094 DEBUG oslo_service.service [req-20f94340-ab42-4b3a-826f-74854cdd1023 - - - - -] barbican.keyfile = None log_opt_values /usr/lib/python3/dist-packages/oslo_config/cfg.py:2609
2026-05-18 00:39:09.417 133094 DEBUG oslo_service.service [req-20f94340-ab42-4b3a-826f-74854cdd1023 - - - - -] barbican.number_of_retries = 60 log_opt_values /usr/lib/python3/dist-packages/oslo_config/cfg.py:2609
2026-05-18 00:39:09.417 133094 DEBUG oslo_service.service [req-20f94340-ab42-4b3a-826f-74854cdd1023 - - - - -] barbican.retry_delay = 1 log_opt_values /usr/lib/python3/dist-packages/oslo_config/cfg.py:2609
2026-05-18 00:39:09.417 133094 DEBUG oslo_service.service [req-20f94340-ab42-4b3a-826f-74854cdd1023 - - - - -] barbican.send_service_user_token = False log_opt_values /usr/lib/python3/dist-packages/oslo_config/cfg.py:2609
2026-05-18 00:39:09.417 133094 DEBUG oslo_service.service [req-20f94340-ab42-4b3a-826f-74854cdd1023 - - - - -] barbican.split_loggers = False log_opt_values /usr/lib/python3/dist-packages/oslo_config/cfg.py:2609
2026-05-18 00:39:09.418 133094 DEBUG oslo_service.service [req-20f94340-ab42-4b3a-826f-74854cdd1023 - - - - -] barbican.timeout = None log_opt_values /usr/lib/python3/dist-packages/oslo_config/cfg.py:2609
2026-05-18 00:39:09.418 133094 DEBUG oslo_service.service [req-20f94340-ab42-4b3a-826f-74854cdd1023 - - - - -] barbican.verify_ssl = True log_opt_values /usr/lib/python3/dist-packages/oslo_config/cfg.py:2609
2026-05-18 00:39:09.418 133094 DEBUG oslo_service.service [req-20f94340-ab42-4b3a-826f-74854cdd1023 - - - - -] barbican.verify_ssl_path = None log_opt_values /usr/lib/python3/dist-packages/oslo_config/cfg.py:2609
2026-05-18 00:39:09.418 133094 DEBUG oslo_service.service [req-20f94340-ab42-4b3a-826f-74854cdd1023 - - - - -] barbican_service_user.auth_section = None log_opt_values /usr/lib/python3/dist-packages/oslo_config/cfg.py:2609
2026-05-18 00:39:09.418 133094 DEBUG oslo_service.service [req-20f94340-ab42-4b3a-826f-74854cdd1023 - - - - -] barbican_service_user.auth_type = None log_opt_values /usr/lib/python3/dist-packages/oslo_config/cfg.py:2609
2026-05-18 00:39:09.419 133094 DEBUG oslo_service.service [req-20f94340-ab42-4b3a-826f-74854cdd1023 - - - - -] barbican_service_user.cafile = None log_opt_values /usr/lib/python3/dist-packages/oslo_config/cfg.py:2609
2026-05-18 00:39:09.419 133094 DEBUG oslo_service.service [req-20f94340-ab42-4b3a-826f-74854cdd1023 - - - - -] barbican_service_user.certfile = None log_opt_values /usr/lib/python3/dist-packages/oslo_config/cfg.py:2609
2026-05-18 00:39:09.419 133094 DEBUG oslo_service.service [req-20f94340-ab42-4b3a-826f-74854cdd1023 - - - - -] barbican_service_user.collect_timing = False log_opt_values /usr/lib/python3/dist-packages/oslo_config/cfg.py:2609
2026-05-18 00:39:09.419 133094 DEBUG oslo_service.service [req-20f94340-ab42-4b3a-826f-74854cdd1023 - - - - -] barbican_service_user.insecure = False log_opt_values /usr/lib/python3/dist-packages/oslo_config/cfg.py:2609
2026-05-18 00:39:09.420 133094 DEBUG oslo_service.service [req-20f94340-ab42-4b3a-826f-74854cdd1023 - - - - -] barbican_service_user.keyfile = None log_opt_values /usr/lib/python3/dist-packages/oslo_config/cfg.py:2609
2026-05-18 00:39:09.420 133094 DEBUG oslo_service.service [req-20f94340-ab42-4b3a-826f-74854cdd1023 - - - - -] barbican_service_user.split_loggers = False log_opt_values /usr/lib/python3/dist-packages/oslo_config/cfg.py:2609
2026-05-18 00:39:09.421 133094 DEBUG oslo_service.service [req-20f94340-ab42-4b3a-826f-74854cdd1023 - - - - -] barbican_service_user.timeout = None log_opt_values /usr/lib/python3/dist-packages/oslo_config/cfg.py:2609
2026-05-18 00:39:09.421 133094 DEBUG oslo_service.service [req-20f94340-ab42-4b3a-826f-74854cdd1023 - - - - -] vault.approle_role_id = None log_opt_values /usr/lib/python3/dist-packages/oslo_config/cfg.py:2609
2026-05-18 00:39:09.421 133094 DEBUG oslo_service.service [req-20f94340-ab42-4b3a-826f-74854cdd1023 - - - - -] vault.approle_secret_id = None log_opt_values /usr/lib/python3/dist-packages/oslo_config/cfg.py:2609
2026-05-18 00:39:09.421 133094 DEBUG oslo_service.service [req-20f94340-ab42-4b3a-826f-74854cdd1023 - - - - -] vault.cafile = None log_opt_values /usr/lib/python3/dist-packages/oslo_config/cfg.py:2609
2026-05-18 00:39:09.422 133094 DEBUG oslo_service.service [req-20f94340-ab42-4b3a-826f-74854cdd1023 - - - - -] vault.certfile = None log_opt_values /usr/lib/python3/dist-packages/oslo_config/cfg.py:2609
