2026-05-14 01:58:17.848 67562 DEBUG oslo_service.service [-] clients_monasca.insecure = None log_opt_values /usr/lib/python3/dist-packages/oslo_config/cfg.py:2609
2026-05-14 01:58:17.848 67562 DEBUG oslo_service.service [-] clients_monasca.key_file = None log_opt_values /usr/lib/python3/dist-packages/oslo_config/cfg.py:2609
2026-05-14 01:58:17.849 67562 DEBUG oslo_service.service [-] clients_neutron.ca_file = None log_opt_values /usr/lib/python3/dist-packages/oslo_config/cfg.py:2609
2026-05-14 01:58:17.849 67562 DEBUG oslo_service.service [-] clients_neutron.cert_file = None log_opt_values /usr/lib/python3/dist-packages/oslo_config/cfg.py:2609
2026-05-14 01:58:17.849 67562 DEBUG oslo_service.service [-] clients_neutron.endpoint_type = None log_opt_values /usr/lib/python3/dist-packages/oslo_config/cfg.py:2609
2026-05-14 01:58:17.849 67562 DEBUG oslo_service.service [-] clients_neutron.insecure = None log_opt_values /usr/lib/python3/dist-packages/oslo_config/cfg.py:2609
2026-05-14 01:58:17.849 67562 DEBUG oslo_service.service [-] clients_neutron.key_file = None log_opt_values /usr/lib/python3/dist-packages/oslo_config/cfg.py:2609
2026-05-14 01:58:17.850 67562 DEBUG oslo_service.service [-] clients_nova.ca_file = None log_opt_values /usr/lib/python3/dist-packages/oslo_config/cfg.py:2609
2026-05-14 01:58:17.850 67562 DEBUG oslo_service.service [-] clients_nova.cert_file = None log_opt_values /usr/lib/python3/dist-packages/oslo_config/cfg.py:2609
2026-05-14 01:58:17.850 67562 DEBUG oslo_service.service [-] clients_nova.endpoint_type = None log_opt_values /usr/lib/python3/dist-packages/oslo_config/cfg.py:2609
2026-05-14 01:58:17.850 67562 DEBUG oslo_service.service [-] clients_nova.http_log_debug = False log_opt_values /usr/lib/python3/dist-packages/oslo_config/cfg.py:2609
2026-05-14 01:58:17.851 67562 DEBUG oslo_service.service [-] clients_nova.insecure = None log_opt_values /usr/lib/python3/dist-packages/oslo_config/cfg.py:2609
2026-05-14 01:58:17.851 67562 DEBUG oslo_service.service [-] clients_nova.key_file = None log_opt_values /usr/lib/python3/dist-packages/oslo_config/cfg.py:2609
2026-05-14 01:58:17.856 67562 DEBUG oslo_service.service [-] clients_octavia.ca_file = None log_opt_values /usr/lib/python3/dist-packages/oslo_config/cfg.py:2609
2026-05-14 01:58:17.856 67562 DEBUG oslo_service.service [-] clients_octavia.cert_file = None log_opt_values /usr/lib/python3/dist-packages/oslo_config/cfg.py:2609
2026-05-14 01:58:17.857 67562 DEBUG oslo_service.service [-] clients_octavia.endpoint_type = None log_opt_values /usr/lib/python3/dist-packages/oslo_config/cfg.py:2609
2026-05-14 01:58:17.857 67562 DEBUG oslo_service.service [-] clients_octavia.insecure = None log_opt_values /usr/lib/python3/dist-packages/oslo_config/cfg.py:2609
2026-05-14 01:58:17.859 67562 DEBUG oslo_service.service [-] clients_octavia.key_file = None log_opt_values /usr/lib/python3/dist-packages/oslo_config/cfg.py:2609
2026-05-14 01:58:17.859 67562 DEBUG oslo_service.service [-] clients_sahara.ca_file = None log_opt_values /usr/lib/python3/dist-packages/oslo_config/cfg.py:2609
2026-05-14 01:58:17.859 67562 DEBUG oslo_service.service [-] clients_sahara.cert_file = None log_opt_values /usr/lib/python3/dist-packages/oslo_config/cfg.py:2609
2026-05-14 01:58:17.859 67562 DEBUG oslo_service.service [-] clients_sahara.endpoint_type = None log_opt_values /usr/lib/python3/dist-packages/oslo_config/cfg.py:2609
2026-05-14 01:58:17.859 67562 DEBUG oslo_service.service [-] clients_sahara.insecure = None log_opt_values /usr/lib/python3/dist-packages/oslo_config/cfg.py:2609
2026-05-14 01:58:17.859 67562 DEBUG oslo_service.service [-] clients_sahara.key_file = None log_opt_values /usr/lib/python3/dist-packages/oslo_config/cfg.py:2609
2026-05-14 01:58:17.860 67562 DEBUG oslo_service.service [-] clients_senlin.ca_file = None log_opt_values /usr/lib/python3/dist-packages/oslo_config/cfg.py:2609
2026-05-14 01:58:17.861 67562 DEBUG oslo_service.service [-] clients_senlin.cert_file = None log_opt_values /usr/lib/python3/dist-packages/oslo_config/cfg.py:2609
2026-05-14 01:58:17.861 67562 DEBUG oslo_service.service [-] clients_senlin.endpoint_type = None log_opt_values /usr/lib/python3/dist-packages/oslo_config/cfg.py:2609
2026-05-14 01:58:17.861 67562 DEBUG oslo_service.service [-] clients_senlin.insecure = None log_opt_values /usr/lib/python3/dist-packages/oslo_config/cfg.py:2609
2026-05-14 01:58:17.861 67562 DEBUG oslo_service.service [-] clients_senlin.key_file = None log_opt_values /usr/lib/python3/dist-packages/oslo_config/cfg.py:2609
2026-05-14 01:58:17.862 67562 DEBUG oslo_service.service [-] clients_swift.ca_file = None log_opt_values /usr/lib/python3/dist-packages/oslo_config/cfg.py:2609
2026-05-14 01:58:17.862 67562 DEBUG oslo_service.service [-] clients_swift.cert_file = None log_opt_values /usr/lib/python3/dist-packages/oslo_config/cfg.py:2609
2026-05-14 01:58:17.862 67562 DEBUG oslo_service.service [-] clients_swift.endpoint_type = None log_opt_values /usr/lib/python3/dist-packages/oslo_config/cfg.py:2609
2026-05-14 01:58:17.862 67562 DEBUG oslo_service.service [-] clients_swift.insecure = None log_opt_values /usr/lib/python3/dist-packages/oslo_config/cfg.py:2609
2026-05-14 01:58:17.862 67562 DEBUG oslo_service.service [-] clients_swift.key_file = None log_opt_values /usr/lib/python3/dist-packages/oslo_config/cfg.py:2609
2026-05-14 01:58:17.862 67562 DEBUG oslo_service.service [-] clients_trove.ca_file = None log_opt_values /usr/lib/python3/dist-packages/oslo_config/cfg.py:2609
2026-05-14 01:58:17.862 67562 DEBUG oslo_service.service [-] clients_trove.cert_file = None log_opt_values /usr/lib/python3/dist-packages/oslo_config/cfg.py:2609
2026-05-14 01:58:17.862 67562 DEBUG oslo_service.service [-] clients_trove.endpoint_type = None log_opt_values /usr/lib/python3/dist-packages/oslo_config/cfg.py:2609
2026-05-14 01:58:17.863 67562 DEBUG oslo_service.service [-] clients_trove.insecure = None log_opt_values /usr/lib/python3/dist-packages/oslo_config/cfg.py:2609
2026-05-14 01:58:17.863 67562 DEBUG oslo_service.service [-] clients_trove.key_file = None log_opt_values /usr/lib/python3/dist-packages/oslo_config/cfg.py:2609
2026-05-14 01:58:17.863 67562 DEBUG oslo_service.service [-] clients_vitrage.ca_file = None log_opt_values /usr/lib/python3/dist-packages/oslo_config/cfg.py:2609
2026-05-14 01:58:17.863 67562 DEBUG oslo_service.service [-] clients_vitrage.cert_file = None log_opt_values /usr/lib/python3/dist-packages/oslo_config/cfg.py:2609
2026-05-14 01:58:17.863 67562 DEBUG oslo_service.service [-] clients_vitrage.endpoint_type = None log_opt_values /usr/lib/python3/dist-packages/oslo_config/cfg.py:2609
2026-05-14 01:58:17.863 67562 DEBUG oslo_service.service [-] clients_vitrage.insecure = None log_opt_values /usr/lib/python3/dist-packages/oslo_config/cfg.py:2609
2026-05-14 01:58:17.863 67562 DEBUG oslo_service.service [-] clients_vitrage.key_file = None log_opt_values /usr/lib/python3/dist-packages/oslo_config/cfg.py:2609
2026-05-14 01:58:17.864 67562 DEBUG oslo_service.service [-] clients_zaqar.ca_file = None log_opt_values /usr/lib/python3/dist-packages/oslo_config/cfg.py:2609
2026-05-14 01:58:17.864 67562 DEBUG oslo_service.service [-] clients_zaqar.cert_file = None log_opt_values /usr/lib/python3/dist-packages/oslo_config/cfg.py:2609
2026-05-14 01:58:17.864 67562 DEBUG oslo_service.service [-] clients_zaqar.endpoint_type = None log_opt_values /usr/lib/python3/dist-packages/oslo_config/cfg.py:2609
2026-05-14 01:58:17.864 67562 DEBUG oslo_service.service [-] clients_zaqar.insecure = None log_opt_values /usr/lib/python3/dist-packages/oslo_config/cfg.py:2609
2026-05-14 01:58:17.864 67562 DEBUG oslo_service.service [-] clients_zaqar.key_file = None log_opt_values /usr/lib/python3/dist-packages/oslo_config/cfg.py:2609
2026-05-14 01:58:17.864 67562 DEBUG oslo_service.service [-] database.backend = sqlalchemy log_opt_values /usr/lib/python3/dist-packages/oslo_config/cfg.py:2609
2026-05-14 01:58:17.864 67562 DEBUG oslo_service.service [-] database.connection = **** log_opt_values /usr/lib/python3/dist-packages/oslo_config/cfg.py:2609
2026-05-14 01:58:17.865 67562 DEBUG oslo_service.service [-] database.connection_debug = 0 log_opt_values /usr/lib/python3/dist-packages/oslo_config/cfg.py:2609
2026-05-14 01:58:17.865 67562 DEBUG oslo_service.service [-] database.connection_parameters = log_opt_values /usr/lib/python3/dist-packages/oslo_config/cfg.py:2609
2026-05-14 01:58:17.865 67562 DEBUG oslo_service.service [-] database.connection_recycle_time = 3600 log_opt_values /usr/lib/python3/dist-packages/oslo_config/cfg.py:2609
2026-05-14 01:58:17.865 67562 DEBUG oslo_service.service [-] database.connection_trace = False log_opt_values /usr/lib/python3/dist-packages/oslo_config/cfg.py:2609
2026-05-14 01:58:17.865 67562 DEBUG oslo_service.service [-] database.db_inc_retry_interval = True log_opt_values /usr/lib/python3/dist-packages/oslo_config/cfg.py:2609
2026-05-14 01:58:17.865 67562 DEBUG oslo_service.service [-] database.db_max_retries = 20 log_opt_values /usr/lib/python3/dist-packages/oslo_config/cfg.py:2609
2026-05-14 01:58:17.866 67562 DEBUG oslo_service.service [-] database.db_max_retry_interval = 10 log_opt_values /usr/lib/python3/dist-packages/oslo_config/cfg.py:2609
2026-05-14 01:58:17.866 67562 DEBUG oslo_service.service [-] database.db_retry_interval = 1 log_opt_values /usr/lib/python3/dist-packages/oslo_config/cfg.py:2609
2026-05-14 01:58:17.866 67562 DEBUG oslo_service.service [-] database.max_overflow = 50 log_opt_values /usr/lib/python3/dist-packages/oslo_config/cfg.py:2609
2026-05-14 01:58:17.866 67562 DEBUG oslo_service.service [-] database.max_pool_size = 5 log_opt_values /usr/lib/python3/dist-packages/oslo_config/cfg.py:2609
2026-05-14 01:58:17.866 67562 DEBUG oslo_service.service [-] database.max_retries = 10 log_opt_values /usr/lib/python3/dist-packages/oslo_config/cfg.py:2609
2026-05-14 01:58:17.866 67562 DEBUG oslo_service.service [-] database.mysql_enable_ndb = False log_opt_values /usr/lib/python3/dist-packages/oslo_config/cfg.py:2609
2026-05-14 01:58:17.866 67562 DEBUG oslo_service.service [-] database.mysql_sql_mode = TRADITIONAL log_opt_values /usr/lib/python3/dist-packages/oslo_config/cfg.py:2609
2026-05-14 01:58:17.867 67562 DEBUG oslo_service.service [-] database.pool_timeout = None log_opt_values /usr/lib/python3/dist-packages/oslo_config/cfg.py:2609
2026-05-14 01:58:17.867 67562 DEBUG oslo_service.service [-] database.retry_interval = 10 log_opt_values /usr/lib/python3/dist-packages/oslo_config/cfg.py:2609
2026-05-14 01:58:17.867 67562 DEBUG oslo_service.service [-] database.slave_connection = **** log_opt_values /usr/lib/python3/dist-packages/oslo_config/cfg.py:2609
2026-05-14 01:58:17.867 67562 DEBUG oslo_service.service [-] database.sqlite_synchronous = True log_opt_values /usr/lib/python3/dist-packages/oslo_config/cfg.py:2609
2026-05-14 01:58:17.867 67562 DEBUG oslo_service.service [-] database.use_db_reconnect = False log_opt_values /usr/lib/python3/dist-packages/oslo_config/cfg.py:2609
2026-05-14 01:58:17.867 67562 DEBUG oslo_service.service [-] oslo_messaging_metrics.metrics_buffer_size = 1000 log_opt_values /usr/lib/python3/dist-packages/oslo_config/cfg.py:2609
2026-05-14 01:58:17.867 67562 DEBUG oslo_service.service [-] oslo_messaging_metrics.metrics_enabled = False log_opt_values /usr/lib/python3/dist-packages/oslo_config/cfg.py:2609
2026-05-14 01:58:17.867 67562 DEBUG oslo_service.service [-] oslo_messaging_metrics.metrics_process_name = log_opt_values /usr/lib/python3/dist-packages/oslo_config/cfg.py:2609
2026-05-14 01:58:17.868 67562 DEBUG oslo_service.service [-] oslo_messaging_metrics.metrics_socket_file = /var/tmp/metrics_collector.sock log_opt_values /usr/lib/python3/dist-packages/oslo_config/cfg.py:2609
2026-05-14 01:58:17.868 67562 DEBUG oslo_service.service [-] oslo_messaging_metrics.metrics_thread_stop_timeout = 10 log_opt_values /usr/lib/python3/dist-packages/oslo_config/cfg.py:2609
2026-05-14 01:58:17.868 67562 DEBUG oslo_service.service [-] oslo_policy.enforce_new_defaults = False log_opt_values /usr/lib/python3/dist-packages/oslo_config/cfg.py:2609
2026-05-14 01:58:17.868 67562 DEBUG oslo_service.service [-] oslo_policy.enforce_scope = False log_opt_values /usr/lib/python3/dist-packages/oslo_config/cfg.py:2609
2026-05-14 01:58:17.868 67562 DEBUG oslo_service.service [-] oslo_policy.policy_default_rule = default log_opt_values /usr/lib/python3/dist-packages/oslo_config/cfg.py:2609
2026-05-14 01:58:17.868 67562 DEBUG oslo_service.service [-] oslo_policy.policy_dirs = ['policy.d'] log_opt_values /usr/lib/python3/dist-packages/oslo_config/cfg.py:2609
2026-05-14 01:58:17.868 67562 DEBUG oslo_service.service [-] oslo_policy.policy_file = policy.yaml log_opt_values /usr/lib/python3/dist-packages/oslo_config/cfg.py:2609
2026-05-14 01:58:17.869 67562 DEBUG oslo_service.service [-] oslo_policy.remote_content_type = application/x-www-form-urlencoded log_opt_values /usr/lib/python3/dist-packages/oslo_config/cfg.py:2609
2026-05-14 01:58:17.869 67562 DEBUG oslo_service.service [-] oslo_policy.remote_ssl_ca_crt_file = None log_opt_values /usr/lib/python3/dist-packages/oslo_config/cfg.py:2609
2026-05-14 01:58:17.869 67562 DEBUG oslo_service.service [-] oslo_policy.remote_ssl_client_crt_file = None log_opt_values /usr/lib/python3/dist-packages/oslo_config/cfg.py:2609
2026-05-14 01:58:17.869 67562 DEBUG oslo_service.service [-] oslo_policy.remote_ssl_client_key_file = None log_opt_values /usr/lib/python3/dist-packages/oslo_config/cfg.py:2609
2026-05-14 01:58:17.869 67562 DEBUG oslo_service.service [-] oslo_policy.remote_ssl_verify_server_crt = False log_opt_values /usr/lib/python3/dist-packages/oslo_config/cfg.py:2609
2026-05-14 01:58:17.869 67562 DEBUG oslo_service.service [-] trustee.auth_section = None log_opt_values /usr/lib/python3/dist-packages/oslo_config/cfg.py:2609
2026-05-14 01:58:17.870 67562 WARNING oslo_config.cfg [-] Deprecated: Option "auth_plugin" from group "trustee" is deprecated. Use option "auth_type" from group "trustee".
2026-05-14 01:58:17.870 67562 DEBUG oslo_service.service [-] trustee.auth_type = password log_opt_values /usr/lib/python3/dist-packages/oslo_config/cfg.py:2609
2026-05-14 01:58:17.870 67562 DEBUG oslo_service.service [-] oslo_versionedobjects.fatal_exception_format_errors = False log_opt_values /usr/lib/python3/dist-packages/oslo_config/cfg.py:2609
2026-05-14 01:58:17.870 67562 DEBUG oslo_service.service [-] oslo_messaging_rabbit.amqp_auto_delete = False log_opt_values /usr/lib/python3/dist-packages/oslo_config/cfg.py:2609
2026-05-14 01:58:17.870 67562 DEBUG oslo_service.service [-] oslo_messaging_rabbit.amqp_durable_queues = False log_opt_values /usr/lib/python3/dist-packages/oslo_config/cfg.py:2609
2026-05-14 01:58:17.871 67562 DEBUG oslo_service.service [-] oslo_messaging_rabbit.conn_pool_min_size = 2 log_opt_values /usr/lib/python3/dist-packages/oslo_config/cfg.py:2609
2026-05-14 01:58:17.871 67562 DEBUG oslo_service.service [-] oslo_messaging_rabbit.conn_pool_ttl = 1200 log_opt_values /usr/lib/python3/dist-packages/oslo_config/cfg.py:2609
2026-05-14 01:58:17.871 67562 DEBUG oslo_service.service [-] oslo_messaging_rabbit.direct_mandatory_flag = True log_opt_values /usr/lib/python3/dist-packages/oslo_config/cfg.py:2609
2026-05-14 01:58:17.871 67562 DEBUG oslo_service.service [-] oslo_messaging_rabbit.enable_cancel_on_failover = False log_opt_values /usr/lib/python3/dist-packages/oslo_config/cfg.py:2609
2026-05-14 01:58:17.871 67562 DEBUG oslo_service.service [-] oslo_messaging_rabbit.heartbeat_in_pthread = False log_opt_values /usr/lib/python3/dist-packages/oslo_config/cfg.py:2609
2026-05-14 01:58:17.871 67562 DEBUG oslo_service.service [-] oslo_messaging_rabbit.heartbeat_rate = 2 log_opt_values /usr/lib/python3/dist-packages/oslo_config/cfg.py:2609
2026-05-14 01:58:17.871 67562 DEBUG oslo_service.service [-] oslo_messaging_rabbit.heartbeat_timeout_threshold = 60 log_opt_values /usr/lib/python3/dist-packages/oslo_config/cfg.py:2609
2026-05-14 01:58:17.871 67562 DEBUG oslo_service.service [-] oslo_messaging_rabbit.kombu_compression = None log_opt_values /usr/lib/python3/dist-packages/oslo_config/cfg.py:2609
2026-05-14 01:58:17.871 67562 DEBUG oslo_service.service [-] oslo_messaging_rabbit.kombu_failover_strategy = round-robin log_opt_values /usr/lib/python3/dist-packages/oslo_config/cfg.py:2609
2026-05-14 01:58:17.872 67562 DEBUG oslo_service.service [-] oslo_messaging_rabbit.kombu_missing_consumer_retry_timeout = 60 log_opt_values /usr/lib/python3/dist-packages/oslo_config/cfg.py:2609
2026-05-14 01:58:17.872 67562 DEBUG oslo_service.service [-] oslo_messaging_rabbit.kombu_reconnect_delay = 1.0 log_opt_values /usr/lib/python3/dist-packages/oslo_config/cfg.py:2609
2026-05-14 01:58:17.872 67562 DEBUG oslo_service.service [-] oslo_messaging_rabbit.rabbit_ha_queues = False log_opt_values /usr/lib/python3/dist-packages/oslo_config/cfg.py:2609
2026-05-14 01:58:17.872 67562 DEBUG oslo_service.service [-] oslo_messaging_rabbit.rabbit_interval_max = 30 log_opt_values /usr/lib/python3/dist-packages/oslo_config/cfg.py:2609
2026-05-14 01:58:17.872 67562 DEBUG oslo_service.service [-] oslo_messaging_rabbit.rabbit_login_method = AMQPLAIN log_opt_values /usr/lib/python3/dist-packages/oslo_config/cfg.py:2609
2026-05-14 01:58:17.872 67562 DEBUG oslo_service.service [-] oslo_messaging_rabbit.rabbit_qos_prefetch_count = 0 log_opt_values /usr/lib/python3/dist-packages/oslo_config/cfg.py:2609
2026-05-14 01:58:17.872 67562 DEBUG oslo_service.service [-] oslo_messaging_rabbit.rabbit_quorum_queue = False log_opt_values /usr/lib/python3/dist-packages/oslo_config/cfg.py:2609
2026-05-14 01:58:17.873 67562 DEBUG oslo_service.service [-] oslo_messaging_rabbit.rabbit_retry_backoff = 2 log_opt_values /usr/lib/python3/dist-packages/oslo_config/cfg.py:2609
2026-05-14 01:58:17.873 67562 DEBUG oslo_service.service [-] oslo_messaging_rabbit.rabbit_retry_interval = 1 log_opt_values /usr/lib/python3/dist-packages/oslo_config/cfg.py:2609
2026-05-14 01:58:17.873 67562 DEBUG oslo_service.service [-] oslo_messaging_rabbit.rabbit_transient_queues_ttl = 1800 log_opt_values /usr/lib/python3/dist-packages/oslo_config/cfg.py:2609
2026-05-14 01:58:17.873 67562 DEBUG oslo_service.service [-] oslo_messaging_rabbit.rpc_conn_pool_size = 30 log_opt_values /usr/lib/python3/dist-packages/oslo_config/cfg.py:2609
2026-05-14 01:58:17.873 67562 DEBUG oslo_service.service [-] oslo_messaging_rabbit.ssl = False log_opt_values /usr/lib/python3/dist-packages/oslo_config/cfg.py:2609
2026-05-14 01:58:17.873 67562 DEBUG oslo_service.service [-] oslo_messaging_rabbit.ssl_ca_file = log_opt_values /usr/lib/python3/dist-packages/oslo_config/cfg.py:2609
2026-05-14 01:58:17.873 67562 DEBUG oslo_service.service [-] oslo_messaging_rabbit.ssl_cert_file = log_opt_values /usr/lib/python3/dist-packages/oslo_config/cfg.py:2609
2026-05-14 01:58:17.873 67562 DEBUG oslo_service.service [-] oslo_messaging_rabbit.ssl_key_file = log_opt_values /usr/lib/python3/dist-packages/oslo_config/cfg.py:2609
2026-05-14 01:58:17.874 67562 DEBUG oslo_service.service [-] oslo_messaging_rabbit.ssl_version = log_opt_values /usr/lib/python3/dist-packages/oslo_config/cfg.py:2609
2026-05-14 01:58:17.874 67562 DEBUG oslo_service.service [-] oslo_messaging_notifications.driver = [] log_opt_values /usr/lib/python3/dist-packages/oslo_config/cfg.py:2609
2026-05-14 01:58:17.874 67562 DEBUG oslo_service.service [-] oslo_messaging_notifications.retry = -1 log_opt_values /usr/lib/python3/dist-packages/oslo_config/cfg.py:2609
2026-05-14 01:58:17.874 67562 DEBUG oslo_service.service [-] oslo_messaging_notifications.topics = ['notifications'] log_opt_values /usr/lib/python3/dist-packages/oslo_config/cfg.py:2609
2026-05-14 01:58:17.874 67562 DEBUG oslo_service.service [-] oslo_messaging_notifications.transport_url = **** log_opt_values /usr/lib/python3/dist-packages/oslo_config/cfg.py:2609
2026-05-14 01:58:17.874 67562 DEBUG oslo_service.service [-] cache.backend = dogpile.cache.null log_opt_values /usr/lib/python3/dist-packages/oslo_config/cfg.py:2609
2026-05-14 01:58:17.875 67562 DEBUG oslo_service.service [-] cache.backend_argument = **** log_opt_values /usr/lib/python3/dist-packages/oslo_config/cfg.py:2609
2026-05-14 01:58:17.875 67562 DEBUG oslo_service.service [-] cache.config_prefix = cache.oslo log_opt_values /usr/lib/python3/dist-packages/oslo_config/cfg.py:2609
2026-05-14 01:58:17.875 67562 DEBUG oslo_service.service [-] cache.debug_cache_backend = False log_opt_values /usr/lib/python3/dist-packages/oslo_config/cfg.py:2609
2026-05-14 01:58:17.875 67562 DEBUG oslo_service.service [-] cache.enabled = False log_opt_values /usr/lib/python3/dist-packages/oslo_config/cfg.py:2609
2026-05-14 01:58:17.875 67562 DEBUG oslo_service.service [-] cache.expiration_time = 600 log_opt_values /usr/lib/python3/dist-packages/oslo_config/cfg.py:2609
2026-05-14 01:58:17.875 67562 DEBUG oslo_service.service [-] cache.memcache_dead_retry = 300 log_opt_values /usr/lib/python3/dist-packages/oslo_config/cfg.py:2609
2026-05-14 01:58:17.875 67562 DEBUG oslo_service.service [-] cache.memcache_pool_connection_get_timeout = 10 log_opt_values /usr/lib/python3/dist-packages/oslo_config/cfg.py:2609
2026-05-14 01:58:17.876 67562 DEBUG oslo_service.service [-] cache.memcache_pool_flush_on_reconnect = False log_opt_values /usr/lib/python3/dist-packages/oslo_config/cfg.py:2609
2026-05-14 01:58:17.876 67562 DEBUG oslo_service.service [-] cache.memcache_pool_maxsize = 10 log_opt_values /usr/lib/python3/dist-packages/oslo_config/cfg.py:2609
2026-05-14 01:58:17.876 67562 DEBUG oslo_service.service [-] cache.memcache_pool_unused_timeout = 60 log_opt_values /usr/lib/python3/dist-packages/oslo_config/cfg.py:2609
2026-05-14 01:58:17.877 67562 DEBUG oslo_service.service [-] cache.memcache_servers = ['localhost:11211'] log_opt_values /usr/lib/python3/dist-packages/oslo_config/cfg.py:2609
2026-05-14 01:58:17.877 67562 DEBUG oslo_service.service [-] cache.memcache_socket_timeout = 1.0 log_opt_values /usr/lib/python3/dist-packages/oslo_config/cfg.py:2609
2026-05-14 01:58:17.877 67562 DEBUG oslo_service.service [-] cache.proxies = [] log_opt_values /usr/lib/python3/dist-packages/oslo_config/cfg.py:2609
2026-05-14 01:58:17.877 67562 DEBUG oslo_service.service [-] cache.tls_allowed_ciphers = None log_opt_values /usr/lib/python3/dist-packages/oslo_config/cfg.py:2609
2026-05-14 01:58:17.877 67562 DEBUG oslo_service.service [-] cache.tls_cafile = None log_opt_values /usr/lib/python3/dist-packages/oslo_config/cfg.py:2609
2026-05-14 01:58:17.877 67562 DEBUG oslo_service.service [-] cache.tls_certfile = None log_opt_values /usr/lib/python3/dist-packages/oslo_config/cfg.py:2609
2026-05-14 01:58:17.877 67562 DEBUG oslo_service.service [-] cache.tls_enabled = False log_opt_values /usr/lib/python3/dist-packages/oslo_config/cfg.py:2609
2026-05-14 01:58:17.877 67562 DEBUG oslo_service.service [-] cache.tls_keyfile = None log_opt_values /usr/lib/python3/dist-packages/oslo_config/cfg.py:2609
2026-05-14 01:58:17.877 67562 DEBUG oslo_service.service [-] constraint_validation_cache.caching = True log_opt_values /usr/lib/python3/dist-packages/oslo_config/cfg.py:2609
2026-05-14 01:58:17.878 67562 DEBUG oslo_service.service [-] constraint_validation_cache.expiration_time = 60 log_opt_values /usr/lib/python3/dist-packages/oslo_config/cfg.py:2609
2026-05-14 01:58:17.878 67562 DEBUG oslo_service.service [-] service_extension_cache.caching = True log_opt_values /usr/lib/python3/dist-packages/oslo_config/cfg.py:2609
2026-05-14 01:58:17.878 67562 DEBUG oslo_service.service [-] service_extension_cache.expiration_time = 3600 log_opt_values /usr/lib/python3/dist-packages/oslo_config/cfg.py:2609
2026-05-14 01:58:17.878 67562 DEBUG oslo_service.service [-] resource_finder_cache.caching = True log_opt_values /usr/lib/python3/dist-packages/oslo_config/cfg.py:2609
2026-05-14 01:58:17.878 67562 DEBUG oslo_service.service [-] resource_finder_cache.expiration_time = 3600 log_opt_values /usr/lib/python3/dist-packages/oslo_config/cfg.py:2609
2026-05-14 01:58:17.878 67562 DEBUG oslo_service.service [-] yaql.limit_iterators = 200 log_opt_values /usr/lib/python3/dist-packages/oslo_config/cfg.py:2609
2026-05-14 01:58:17.878 67562 DEBUG oslo_service.service [-] yaql.memory_quota = 10000 log_opt_values /usr/lib/python3/dist-packages/oslo_config/cfg.py:2609
2026-05-14 01:58:17.878 67562 DEBUG oslo_service.service [-] ******************************************************************************** log_opt_values /usr/lib/python3/dist-packages/oslo_config/cfg.py:2613
2026-05-14 01:58:17.894 67788 DEBUG oslo_db.sqlalchemy.engines [req-8219be03-ea02-4df2-9033-ead283dbf0ce - - - - -] MySQL server mode set to STRICT_TRANS_TABLES,STRICT_ALL_TABLES,NO_ZERO_IN_DATE,NO_ZERO_DATE,ERROR_FOR_DIVISION_BY_ZERO,TRADITIONAL,NO_ENGINE_SUBSTITUTION _check_effective_sql_mode /usr/lib/python3/dist-packages/oslo_db/sqlalchemy/engines.py:314
2026-05-14 01:58:17.901 67787 DEBUG oslo_db.sqlalchemy.engines [req-b7a12337-cab7-4633-ba5f-40b8ea237e97 - - - - -] MySQL server mode set to STRICT_TRANS_TABLES,STRICT_ALL_TABLES,NO_ZERO_IN_DATE,NO_ZERO_DATE,ERROR_FOR_DIVISION_BY_ZERO,TRADITIONAL,NO_ENGINE_SUBSTITUTION _check_effective_sql_mode /usr/lib/python3/dist-packages/oslo_db/sqlalchemy/engines.py:314
2026-05-14 01:58:17.921 67790 DEBUG oslo_db.sqlalchemy.engines [req-e4996d87-7771-41a2-baf1-d29e55e83d3d - - - - -] MySQL server mode set to STRICT_TRANS_TABLES,STRICT_ALL_TABLES,NO_ZERO_IN_DATE,NO_ZERO_DATE,ERROR_FOR_DIVISION_BY_ZERO,TRADITIONAL,NO_ENGINE_SUBSTITUTION _check_effective_sql_mode /usr/lib/python3/dist-packages/oslo_db/sqlalchemy/engines.py:314
2026-05-14 01:58:17.935 67789 DEBUG oslo_db.sqlalchemy.engines [req-e6eebd54-9fa0-46f2-a28a-260a066d93bf - - - - -] MySQL server mode set to STRICT_TRANS_TABLES,STRICT_ALL_TABLES,NO_ZERO_IN_DATE,NO_ZERO_DATE,ERROR_FOR_DIVISION_BY_ZERO,TRADITIONAL,NO_ENGINE_SUBSTITUTION _check_effective_sql_mode /usr/lib/python3/dist-packages/oslo_db/sqlalchemy/engines.py:314
2026-05-14 01:58:17.953 67788 DEBUG heat.engine.service [req-8219be03-ea02-4df2-9033-ead283dbf0ce - - - - -] Service 184c9b78-3f1a-45dd-9d24-4fcf36ab5a19 was aborted service_manage_cleanup /usr/lib/python3/dist-packages/heat/engine/service.py:2391
2026-05-14 01:58:17.972 67787 DEBUG heat.engine.service [req-b7a12337-cab7-4633-ba5f-40b8ea237e97 - - - - -] Service 184c9b78-3f1a-45dd-9d24-4fcf36ab5a19 was aborted service_manage_cleanup /usr/lib/python3/dist-packages/heat/engine/service.py:2391
2026-05-14 01:58:17.982 67790 DEBUG heat.engine.service [req-e4996d87-7771-41a2-baf1-d29e55e83d3d - - - - -] Service 184c9b78-3f1a-45dd-9d24-4fcf36ab5a19 was aborted service_manage_cleanup /usr/lib/python3/dist-packages/heat/engine/service.py:2391
2026-05-14 01:58:17.985 67787 DEBUG heat.engine.service [req-b7a12337-cab7-4633-ba5f-40b8ea237e97 - - - - -] Service 246d47bd-15b4-4efe-b763-bbe2ff21e53e was aborted service_manage_cleanup /usr/lib/python3/dist-packages/heat/engine/service.py:2391
2026-05-14 01:58:17.986 67788 DEBUG heat.engine.service [req-8219be03-ea02-4df2-9033-ead283dbf0ce - - - - -] Service 246d47bd-15b4-4efe-b763-bbe2ff21e53e was aborted service_manage_cleanup /usr/lib/python3/dist-packages/heat/engine/service.py:2391
2026-05-14 01:58:17.993 67790 DEBUG heat.engine.service [req-e4996d87-7771-41a2-baf1-d29e55e83d3d - - - - -] Service 246d47bd-15b4-4efe-b763-bbe2ff21e53e was aborted service_manage_cleanup /usr/lib/python3/dist-packages/heat/engine/service.py:2391
2026-05-14 01:58:17.997 67787 DEBUG heat.engine.service [req-b7a12337-cab7-4633-ba5f-40b8ea237e97 - - - - -] Service 455a037e-0ac1-4055-aa94-d7b6b18d5212 was aborted service_manage_cleanup /usr/lib/python3/dist-packages/heat/engine/service.py:2391
2026-05-14 01:58:17.998 67788 DEBUG heat.engine.service [req-8219be03-ea02-4df2-9033-ead283dbf0ce - - - - -] Service 455a037e-0ac1-4055-aa94-d7b6b18d5212 was aborted service_manage_cleanup /usr/lib/python3/dist-packages/heat/engine/service.py:2391
2026-05-14 01:58:18.000 67790 DEBUG heat.engine.service [req-e4996d87-7771-41a2-baf1-d29e55e83d3d - - - - -] Service 455a037e-0ac1-4055-aa94-d7b6b18d5212 was aborted service_manage_cleanup /usr/lib/python3/dist-packages/heat/engine/service.py:2391
2026-05-14 01:58:18.007 67789 DEBUG heat.engine.service [req-e6eebd54-9fa0-46f2-a28a-260a066d93bf - - - - -] Service 455a037e-0ac1-4055-aa94-d7b6b18d5212 was aborted service_manage_cleanup /usr/lib/python3/dist-packages/heat/engine/service.py:2391
2026-05-14 01:58:18.014 67788 DEBUG heat.engine.service [req-8219be03-ea02-4df2-9033-ead283dbf0ce - - - - -] Service 57eed873-9625-4f12-8d79-36fcd407b2e0 was aborted service_manage_cleanup /usr/lib/python3/dist-packages/heat/engine/service.py:2391
2026-05-14 01:58:18.014 67787 DEBUG heat.engine.service [req-b7a12337-cab7-4633-ba5f-40b8ea237e97 - - - - -] Service 57eed873-9625-4f12-8d79-36fcd407b2e0 was aborted service_manage_cleanup /usr/lib/python3/dist-packages/heat/engine/service.py:2391
2026-05-14 01:58:18.014 67790 DEBUG heat.engine.service [req-e4996d87-7771-41a2-baf1-d29e55e83d3d - - - - -] Service 57eed873-9625-4f12-8d79-36fcd407b2e0 was aborted service_manage_cleanup /usr/lib/python3/dist-packages/heat/engine/service.py:2391
2026-05-14 01:58:18.026 67790 DEBUG heat.engine.service [req-e4996d87-7771-41a2-baf1-d29e55e83d3d - - - - -] Service 65d32611-03e0-4f2b-b79f-1198d1c56a94 was aborted service_manage_cleanup /usr/lib/python3/dist-packages/heat/engine/service.py:2391
2026-05-14 01:58:18.027 67787 DEBUG heat.engine.service [req-b7a12337-cab7-4633-ba5f-40b8ea237e97 - - - - -] Service 65d32611-03e0-4f2b-b79f-1198d1c56a94 was aborted service_manage_cleanup /usr/lib/python3/dist-packages/heat/engine/service.py:2391
2026-05-14 01:58:18.028 67788 DEBUG heat.engine.service [req-8219be03-ea02-4df2-9033-ead283dbf0ce - - - - -] Service 65d32611-03e0-4f2b-b79f-1198d1c56a94 was aborted service_manage_cleanup /usr/lib/python3/dist-packages/heat/engine/service.py:2391
2026-05-14 01:58:18.029 67789 DEBUG heat.engine.service [req-e6eebd54-9fa0-46f2-a28a-260a066d93bf - - - - -] Service 57eed873-9625-4f12-8d79-36fcd407b2e0 was aborted service_manage_cleanup /usr/lib/python3/dist-packages/heat/engine/service.py:2391
2026-05-14 01:58:18.037 67789 DEBUG heat.engine.service [req-e6eebd54-9fa0-46f2-a28a-260a066d93bf - - - - -] Service 65d32611-03e0-4f2b-b79f-1198d1c56a94 was aborted service_manage_cleanup /usr/lib/python3/dist-packages/heat/engine/service.py:2391
2026-05-14 01:58:18.040 67790 DEBUG heat.engine.service [req-e4996d87-7771-41a2-baf1-d29e55e83d3d - - - - -] Service 8b45a8ed-35e3-4dd1-861e-0a754dd1ee8e was aborted service_manage_cleanup /usr/lib/python3/dist-packages/heat/engine/service.py:2391
2026-05-14 01:58:18.041 67787 DEBUG heat.engine.service [req-b7a12337-cab7-4633-ba5f-40b8ea237e97 - - - - -] Service 8b45a8ed-35e3-4dd1-861e-0a754dd1ee8e was aborted service_manage_cleanup /usr/lib/python3/dist-packages/heat/engine/service.py:2391
2026-05-14 01:58:18.042 67788 DEBUG heat.engine.service [req-8219be03-ea02-4df2-9033-ead283dbf0ce - - - - -] Service 8b45a8ed-35e3-4dd1-861e-0a754dd1ee8e was aborted service_manage_cleanup /usr/lib/python3/dist-packages/heat/engine/service.py:2391
2026-05-14 01:58:18.043 67789 DEBUG heat.engine.service [req-e6eebd54-9fa0-46f2-a28a-260a066d93bf - - - - -] Service 8b45a8ed-35e3-4dd1-861e-0a754dd1ee8e was aborted service_manage_cleanup /usr/lib/python3/dist-packages/heat/engine/service.py:2391
2026-05-14 01:58:18.063 67790 DEBUG heat.engine.service [req-e4996d87-7771-41a2-baf1-d29e55e83d3d - - - - -] Service cce1b23a-2ea4-4693-adaa-69f1ebece007 was aborted service_manage_cleanup /usr/lib/python3/dist-packages/heat/engine/service.py:2391
2026-05-14 01:58:18.063 67787 DEBUG heat.engine.service [req-b7a12337-cab7-4633-ba5f-40b8ea237e97 - - - - -] Service cce1b23a-2ea4-4693-adaa-69f1ebece007 was aborted service_manage_cleanup /usr/lib/python3/dist-packages/heat/engine/service.py:2391
2026-05-14 01:58:18.065 67788 DEBUG heat.engine.service [req-8219be03-ea02-4df2-9033-ead283dbf0ce - - - - -] Service cce1b23a-2ea4-4693-adaa-69f1ebece007 was aborted service_manage_cleanup /usr/lib/python3/dist-packages/heat/engine/service.py:2391
2026-05-14 01:58:18.066 67789 DEBUG heat.engine.service [req-e6eebd54-9fa0-46f2-a28a-260a066d93bf - - - - -] Service cce1b23a-2ea4-4693-adaa-69f1ebece007 was aborted service_manage_cleanup /usr/lib/python3/dist-packages/heat/engine/service.py:2391
2026-05-14 01:58:18.080 67790 DEBUG heat.engine.service [req-e4996d87-7771-41a2-baf1-d29e55e83d3d - - - - -] Service e7c5ee20-917d-49f7-9f5c-a8255eaed828 was aborted service_manage_cleanup /usr/lib/python3/dist-packages/heat/engine/service.py:2391
2026-05-14 01:58:18.081 67787 DEBUG heat.engine.service [req-b7a12337-cab7-4633-ba5f-40b8ea237e97 - - - - -] Service e7c5ee20-917d-49f7-9f5c-a8255eaed828 was aborted service_manage_cleanup /usr/lib/python3/dist-packages/heat/engine/service.py:2391
2026-05-14 01:58:18.083 67788 DEBUG heat.engine.service [req-8219be03-ea02-4df2-9033-ead283dbf0ce - - - - -] Service e7c5ee20-917d-49f7-9f5c-a8255eaed828 was aborted service_manage_cleanup /usr/lib/python3/dist-packages/heat/engine/service.py:2391
2026-05-14 01:58:18.083 67789 DEBUG heat.engine.service [req-e6eebd54-9fa0-46f2-a28a-260a066d93bf - - - - -] Service e7c5ee20-917d-49f7-9f5c-a8255eaed828 was aborted service_manage_cleanup /usr/lib/python3/dist-packages/heat/engine/service.py:2391
2026-05-14 01:58:18.119 67787 DEBUG heat.engine.service [req-8d1fb88a-9aea-4679-bc49-0ffa262fbdbf - - - - -] Service 45bc2577-5e5f-49b3-9825-148916416569 is started service_manage_report /usr/lib/python3/dist-packages/heat/engine/service.py:2363
2026-05-14 01:58:18.126 67789 DEBUG heat.engine.service [req-4702c638-fada-4320-aef0-71e38c87a52f - - - - -] Service 22b0ba26-796c-4340-84b4-03ef7943609c is started service_manage_report /usr/lib/python3/dist-packages/heat/engine/service.py:2363
2026-05-14 01:58:18.128 67788 DEBUG heat.engine.service [req-9f214e7c-6e1b-4c1c-845d-ce10c8baf4d4 - - - - -] Service 0066329a-aa33-4745-ac36-b1b7bbebc985 is started service_manage_report /usr/lib/python3/dist-packages/heat/engine/service.py:2363
2026-05-14 01:58:18.133 67790 DEBUG heat.engine.service [req-99f15140-afa2-4ddf-9aa9-2408c7cab9ab - - - - -] Service bdebabdc-6bbd-4f8e-9fd5-3b9d2c875c01 is started service_manage_report /usr/lib/python3/dist-packages/heat/engine/service.py:2363
2026-05-14 01:58:18.135 67787 DEBUG heat.engine.service [req-8d1fb88a-9aea-4679-bc49-0ffa262fbdbf - - - - -] Service 45bc2577-5e5f-49b3-9825-148916416569 is updated service_manage_report /usr/lib/python3/dist-packages/heat/engine/service.py:2370
2026-05-14 01:58:18.142 67788 DEBUG heat.engine.service [req-9f214e7c-6e1b-4c1c-845d-ce10c8baf4d4 - - - - -] Service 0066329a-aa33-4745-ac36-b1b7bbebc985 is updated service_manage_report /usr/lib/python3/dist-packages/heat/engine/service.py:2370
2026-05-14 01:58:18.147 67789 DEBUG heat.engine.service [req-4702c638-fada-4320-aef0-71e38c87a52f - - - - -] Service 22b0ba26-796c-4340-84b4-03ef7943609c is updated service_manage_report /usr/lib/python3/dist-packages/heat/engine/service.py:2370
2026-05-14 01:58:18.153 67790 DEBUG heat.engine.service [req-99f15140-afa2-4ddf-9aa9-2408c7cab9ab - - - - -] Service bdebabdc-6bbd-4f8e-9fd5-3b9d2c875c01 is updated service_manage_report /usr/lib/python3/dist-packages/heat/engine/service.py:2370
2026-05-14 01:59:18.110 67787 DEBUG heat.engine.service [req-127d5cd0-3362-4a8e-ac3e-302978a16999 - - - - -] Service 45bc2577-5e5f-49b3-9825-148916416569 is updated service_manage_report /usr/lib/python3/dist-packages/heat/engine/service.py:2370
2026-05-14 01:59:18.113 67789 DEBUG heat.engine.service [req-68de9f44-ce8e-49da-af10-dc6635f0709f - - - - -] Service 22b0ba26-796c-4340-84b4-03ef7943609c is updated service_manage_report /usr/lib/python3/dist-packages/heat/engine/service.py:2370
2026-05-14 01:59:18.124 67788 DEBUG heat.engine.service [req-d1a065e6-9360-4e3a-be07-e285b3095b85 - - - - -] Service 0066329a-aa33-4745-ac36-b1b7bbebc985 is updated service_manage_report /usr/lib/python3/dist-packages/heat/engine/service.py:2370
2026-05-14 01:59:18.128 67790 DEBUG heat.engine.service [req-f5643bc2-19ca-4abd-ac65-b3e2ae54a135 - - - - -] Service bdebabdc-6bbd-4f8e-9fd5-3b9d2c875c01 is updated service_manage_report /usr/lib/python3/dist-packages/heat/engine/service.py:2370
2026-05-14 01:59:55.125 67789 DEBUG heat.engine.service [-] Attempting to stop engine service... _stop_rpc_server /usr/lib/python3/dist-packages/heat/engine/service.py:437
2026-05-14 01:59:55.125 67788 DEBUG heat.engine.service [-] Attempting to stop engine service... _stop_rpc_server /usr/lib/python3/dist-packages/heat/engine/service.py:437
2026-05-14 01:59:55.125 67787 DEBUG heat.engine.service [-] Attempting to stop engine service... _stop_rpc_server /usr/lib/python3/dist-packages/heat/engine/service.py:437
2026-05-14 01:59:55.126 67790 DEBUG heat.engine.service [-] Attempting to stop engine service... _stop_rpc_server /usr/lib/python3/dist-packages/heat/engine/service.py:437
2026-05-14 01:59:55.134 67562 INFO oslo_service.service [-] Caught SIGTERM, stopping children
2026-05-14 01:59:55.139 67562 DEBUG oslo_concurrency.lockutils [-] Acquired lock "singleton_lock" lock /usr/lib/python3/dist-packages/oslo_concurrency/lockutils.py:294
2026-05-14 01:59:55.139 67562 DEBUG oslo_concurrency.lockutils [-] Releasing lock "singleton_lock" lock /usr/lib/python3/dist-packages/oslo_concurrency/lockutils.py:312
2026-05-14 01:59:55.139 67562 DEBUG oslo_service.service [-] Stop services. stop /usr/lib/python3/dist-packages/oslo_service/service.py:695
2026-05-14 01:59:55.140 67562 INFO heat.engine.service [-] All threads were gone, terminating engine
2026-05-14 01:59:55.140 67562 DEBUG oslo_service.service [-] Killing children. stop /usr/lib/python3/dist-packages/oslo_service/service.py:700
2026-05-14 01:59:55.154 67562 INFO oslo_service.service [-] Waiting on 4 children to exit
2026-05-14 01:59:55.154 67562 INFO oslo_service.service [-] Child 67788 killed by signal 15
2026-05-14 01:59:55.154 67562 INFO oslo_service.service [-] Child 67789 killed by signal 15
2026-05-14 01:59:55.155 67562 INFO oslo_service.service [-] Child 67787 killed by signal 15
2026-05-14 01:59:55.159 67562 INFO oslo_service.service [-] Child 67790 killed by signal 15
2026-05-14 01:59:57.571 70586 DEBUG oslo_concurrency.lockutils [-] Lock "context-manager" acquired by "neutron_lib.db.api._create_context_manager" :: waited 0.000s inner /usr/lib/python3/dist-packages/oslo_concurrency/lockutils.py:386
2026-05-14 01:59:57.572 70586 DEBUG oslo_concurrency.lockutils [-] Lock "context-manager" "released" by "neutron_lib.db.api._create_context_manager" :: held 0.001s inner /usr/lib/python3/dist-packages/oslo_concurrency/lockutils.py:400
2026-05-14 02:00:00.166 70586 WARNING heat.engine.environment [-] OS::Aodh::Alarm is DEPRECATED. Theshold alarm relies on ceilometer-api and has been deprecated in aodh since Ocata. Use OS::Aodh::GnocchiAggregationByResourcesAlarm instead.
2026-05-14 02:00:00.167 70586 WARNING heat.engine.environment [-] OS::Aodh::CombinationAlarm is HIDDEN. OS::Aodh::CombinationAlarm is deprecated and has been removed from Aodh, use OS::Aodh::CompositeAlarm instead.
2026-05-14 02:00:00.167 70586 WARNING heat.engine.environment [-] OS::Designate::Domain is HIDDEN. This resource has been removed, use OS::Designate::Zone instead.
2026-05-14 02:00:00.168 70586 WARNING heat.engine.environment [-] OS::Designate::Record is HIDDEN. This resource has been removed, use OS::Designate::RecordSet instead.
2026-05-14 02:00:00.168 70586 WARNING heat.engine.environment [-] OS::Glance::Image is DEPRECATED. Creating a Glance Image based on an existing URL location requires the Glance v1 API, which is deprecated.
2026-05-14 02:00:00.168 70586 WARNING heat.engine.environment [-] OS::Heat::HARestarter is HIDDEN. The HARestarter resource type has been removed. Existing stacks containing HARestarter resources can still be used, but the HARestarter resource will be a placeholder that does nothing.
2026-05-14 02:00:00.168 70586 WARNING heat.engine.environment [-] OS::Heat::SoftwareDeployments is HIDDEN. Please use OS::Heat::SoftwareDeploymentGroup instead.
2026-05-14 02:00:00.168 70586 WARNING heat.engine.environment [-] OS::Heat::StructuredDeployments is HIDDEN. Please use OS::Heat::StructuredDeploymentGroup instead.
2026-05-14 02:00:00.168 70586 WARNING heat.engine.environment [-] OS::Magnum::Bay is HIDDEN. Please use OS::Magnum::Cluster instead.
2026-05-14 02:00:00.169 70586 WARNING heat.engine.environment [-] OS::Magnum::BayModel is HIDDEN. Please use OS::Magnum::ClusterTemplate instead.
2026-05-14 02:00:00.169 70586 WARNING heat.engine.environment [-] OS::Neutron::ExtraRoute is UNSUPPORTED. Use this resource at your own risk.
2026-05-14 02:00:00.169 70586 WARNING heat.engine.environment [-] OS::Neutron::HealthMonitor is HIDDEN. Use LBaaS V2 instead.
2026-05-14 02:00:00.169 70586 WARNING heat.engine.environment [-] OS::Neutron::Pool is HIDDEN. Use LBaaS V2 instead.
2026-05-14 02:00:00.169 70586 WARNING heat.engine.environment [-] OS::Neutron::PoolMember is HIDDEN. Use LBaaS V2 instead.
2026-05-14 02:00:00.169 70586 WARNING heat.engine.environment [-] OS::Neutron::LoadBalancer is HIDDEN. Use LBaaS V2 instead.
2026-05-14 02:00:00.170 70586 WARNING heat.engine.environment [-] OS::Neutron::RouterGateway is HIDDEN. Use the `external_gateway_info` property in the router resource to set up the gateway.
2026-05-14 02:00:00.170 70586 WARNING heat.engine.environment [-] OS::Nova::FloatingIP is HIDDEN. Please use OS::Neutron::FloatingIP instead.
2026-05-14 02:00:00.170 70586 WARNING heat.engine.environment [-] OS::Nova::FloatingIPAssociation is HIDDEN. Please use OS::Neutron::FloatingIPAssociation instead.
2026-05-14 02:00:00.172 70586 INFO heat.engine.environment [-] Loading /etc/heat/environment.d/default.yaml
2026-05-14 02:00:00.174 70586 INFO heat.engine.environment [-] Registered: [Plugin](User:False) AWS::AutoScaling::AutoScalingGroup ->
2026-05-14 02:00:00.175 70586 INFO heat.engine.environment [-] Registered: [Plugin](User:False) AWS::AutoScaling::LaunchConfiguration ->
2026-05-14 02:00:00.175 70586 INFO heat.engine.environment [-] Registered: [Plugin](User:False) AWS::AutoScaling::ScalingPolicy ->
2026-05-14 02:00:00.175 70586 INFO heat.engine.environment [-] Registered: [Plugin](User:False) AWS::CloudFormation::Stack ->
2026-05-14 02:00:00.175 70586 INFO heat.engine.environment [-] Registered: [Plugin](User:False) AWS::CloudFormation::WaitCondition ->
2026-05-14 02:00:00.175 70586 INFO heat.engine.environment [-] Registered: [Plugin](User:False) AWS::CloudFormation::WaitConditionHandle ->
2026-05-14 02:00:00.175 70586 INFO heat.engine.environment [-] Registered: [Plugin](User:False) AWS::EC2::EIP ->
2026-05-14 02:00:00.175 70586 INFO heat.engine.environment [-] Registered: [Plugin](User:False) AWS::EC2::EIPAssociation ->
2026-05-14 02:00:00.175 70586 INFO heat.engine.environment [-] Registered: [Plugin](User:False) AWS::EC2::Instance ->
2026-05-14 02:00:00.175 70586 INFO heat.engine.environment [-] Registered: [Plugin](User:False) AWS::EC2::InternetGateway ->
2026-05-14 02:00:00.175 70586 INFO heat.engine.environment [-] Registered: [Plugin](User:False) AWS::EC2::VPCGatewayAttachment ->
2026-05-14 02:00:00.176 70586 INFO heat.engine.environment [-] Registered: [Plugin](User:False) AWS::EC2::NetworkInterface ->
2026-05-14 02:00:00.176 70586 INFO heat.engine.environment [-] Registered: [Plugin](User:False) AWS::EC2::RouteTable ->
2026-05-14 02:00:00.176 70586 INFO heat.engine.environment [-] Registered: [Plugin](User:False) AWS::EC2::SubnetRouteTableAssociation ->
2026-05-14 02:00:00.176 70586 INFO heat.engine.environment [-] Registered: [Plugin](User:False) AWS::EC2::SecurityGroup ->
2026-05-14 02:00:00.176 70586 INFO heat.engine.environment [-] Registered: [Plugin](User:False) AWS::EC2::Subnet ->
2026-05-14 02:00:00.176 70586 INFO heat.engine.environment [-] Registered: [Plugin](User:False) AWS::EC2::Volume ->
2026-05-14 02:00:00.176 70586 INFO heat.engine.environment [-] Registered: [Plugin](User:False) AWS::EC2::VolumeAttachment ->
2026-05-14 02:00:00.176 70586 INFO heat.engine.environment [-] Registered: [Plugin](User:False) AWS::EC2::VPC ->
2026-05-14 02:00:00.176 70586 INFO heat.engine.environment [-] Registered: [Plugin](User:False) AWS::IAM::User ->
2026-05-14 02:00:00.176 70586 INFO heat.engine.environment [-] Registered: [Plugin](User:False) AWS::IAM::AccessKey ->
2026-05-14 02:00:00.176 70586 INFO heat.engine.environment [-] Registered: [Plugin](User:False) AWS::ElasticLoadBalancing::LoadBalancer ->
2026-05-14 02:00:00.176 70586 INFO heat.engine.environment [-] Registered: [Plugin](User:False) AWS::S3::Bucket ->
2026-05-14 02:00:00.177 70586 INFO heat.engine.environment [-] Registered: [Plugin](User:False) OS::Aodh::Alarm ->
2026-05-14 02:00:00.177 70586 INFO heat.engine.environment [-] Registered: [Plugin](User:False) OS::Aodh::CombinationAlarm ->
2026-05-14 02:00:00.177 70586 INFO heat.engine.environment [-] Registered: [Plugin](User:False) OS::Aodh::EventAlarm ->
2026-05-14 02:00:00.177 70586 INFO heat.engine.environment [-] Registered: [Plugin](User:False) OS::Aodh::LBMemberHealthAlarm ->
2026-05-14 02:00:00.177 70586 INFO heat.engine.environment [-] Registered: [Plugin](User:False) OS::Aodh::CompositeAlarm ->
2026-05-14 02:00:00.177 70586 INFO heat.engine.environment [-] Registered: [Plugin](User:False) OS::Aodh::GnocchiResourcesAlarm ->
2026-05-14 02:00:00.177 70586 INFO heat.engine.environment [-] Registered: [Plugin](User:False) OS::Aodh::GnocchiAggregationByMetricsAlarm ->
2026-05-14 02:00:00.177 70586 INFO heat.engine.environment [-] Registered: [Plugin](User:False) OS::Aodh::GnocchiAggregationByResourcesAlarm ->
2026-05-14 02:00:00.177 70586 INFO heat.engine.environment [-] Registered: [Plugin](User:False) OS::Barbican::GenericContainer ->
2026-05-14 02:00:00.177 70586 INFO heat.engine.environment [-] Registered: [Plugin](User:False) OS::Barbican::CertificateContainer ->
2026-05-14 02:00:00.177 70586 INFO heat.engine.environment [-] Registered: [Plugin](User:False) OS::Barbican::RSAContainer ->
2026-05-14 02:00:00.178 70586 INFO heat.engine.environment [-] Registered: [Plugin](User:False) OS::Barbican::Order ->
2026-05-14 02:00:00.178 70586 INFO heat.engine.environment [-] Registered: [Plugin](User:False) OS::Barbican::Secret ->
2026-05-14 02:00:00.178 70586 INFO heat.engine.environment [-] Registered: [Plugin](User:False) OS::Blazar::Host ->
2026-05-14 02:00:00.178 70586 INFO heat.engine.environment [-] Registered: [Plugin](User:False) OS::Blazar::Lease ->
2026-05-14 02:00:00.178 70586 INFO heat.engine.environment [-] Registered: [Plugin](User:False) OS::Cinder::EncryptedVolumeType ->
2026-05-14 02:00:00.178 70586 INFO heat.engine.environment [-] Registered: [Plugin](User:False) OS::Cinder::QoSSpecs ->
2026-05-14 02:00:00.178 70586 INFO heat.engine.environment [-] Registered: [Plugin](User:False) OS::Cinder::QoSAssociation ->
2026-05-14 02:00:00.178 70586 INFO heat.engine.environment [-] Registered: [Plugin](User:False) OS::Cinder::Quota ->
2026-05-14 02:00:00.178 70586 INFO heat.engine.environment [-] Registered: [Plugin](User:False) OS::Cinder::Volume ->
2026-05-14 02:00:00.178 70586 INFO heat.engine.environment [-] Registered: [Plugin](User:False) OS::Cinder::VolumeAttachment ->
2026-05-14 02:00:00.178 70586 INFO heat.engine.environment [-] Registered: [Plugin](User:False) OS::Cinder::VolumeType ->
2026-05-14 02:00:00.178 70586 INFO heat.engine.environment [-] Registered: [Plugin](User:False) OS::Designate::Domain ->
2026-05-14 02:00:00.179 70586 INFO heat.engine.environment [-] Registered: [Plugin](User:False) OS::Designate::Record ->
2026-05-14 02:00:00.179 70586 INFO heat.engine.environment [-] Registered: [Plugin](User:False) OS::Designate::RecordSet ->
2026-05-14 02:00:00.179 70586 INFO heat.engine.environment [-] Registered: [Plugin](User:False) OS::Designate::Zone ->
2026-05-14 02:00:00.179 70586 INFO heat.engine.environment [-] Registered: [Plugin](User:False) OS::Glance::Image ->
2026-05-14 02:00:00.179 70586 INFO heat.engine.environment [-] Registered: [Plugin](User:False) OS::Glance::WebImage ->
2026-05-14 02:00:00.179 70586 INFO heat.engine.environment [-] Registered: [Plugin](User:False) OS::Heat::AccessPolicy ->
2026-05-14 02:00:00.179 70586 INFO heat.engine.environment [-] Registered: [Plugin](User:False) OS::Heat::AutoScalingGroup ->
2026-05-14 02:00:00.179 70586 INFO heat.engine.environment [-] Registered: [Plugin](User:False) OS::Heat::CloudConfig ->
2026-05-14 02:00:00.179 70586 INFO heat.engine.environment [-] Registered: [Plugin](User:False) OS::Heat::Delay ->
2026-05-14 02:00:00.179 70586 INFO heat.engine.environment [-] Registered: [Plugin](User:False) OS::Heat::DeployedServer ->
2026-05-14 02:00:00.179 70586 INFO heat.engine.environment [-] Registered: [Plugin](User:False) OS::Heat::HARestarter ->
2026-05-14 02:00:00.179 70586 INFO heat.engine.environment [-] Registered: [Plugin](User:False) OS::Heat::InstanceGroup ->
2026-05-14 02:00:00.180 70586 INFO heat.engine.environment [-] Registered: [Plugin](User:False) OS::Heat::MultipartMime ->
2026-05-14 02:00:00.180 70586 INFO heat.engine.environment [-] Registered: [Plugin](User:False) OS::Heat::None ->
2026-05-14 02:00:00.180 70586 INFO heat.engine.environment [-] Registered: [Plugin](User:False) OS::Heat::RandomString ->
2026-05-14 02:00:00.180 70586 INFO heat.engine.environment [-] Registered: [Plugin](User:False) OS::Heat::Stack ->
2026-05-14 02:00:00.180 70586 INFO heat.engine.environment [-] Registered: [Plugin](User:False) OS::Heat::ResourceChain ->
2026-05-14 02:00:00.180 70586 INFO heat.engine.environment [-] Registered: [Plugin](User:False) OS::Heat::ResourceGroup ->
