2026-05-14 01:23:26.714 37834 DEBUG heat.engine.service [req-62d6eae7-7ede-4884-8f64-69057ea7a503 - - - - -] Service e7c5ee20-917d-49f7-9f5c-a8255eaed828 is updated service_manage_report /usr/lib/python3/dist-packages/heat/engine/service.py:2370
2026-05-14 01:23:26.737 37835 DEBUG heat.engine.service [req-c4ddb676-801a-44de-ae9e-b9cfa5c808b8 - - - - -] Service 57eed873-9625-4f12-8d79-36fcd407b2e0 is updated service_manage_report /usr/lib/python3/dist-packages/heat/engine/service.py:2370
2026-05-14 01:24:26.641 37833 DEBUG heat.engine.service [req-50bdb13e-df3d-4268-8f0d-b70825ca3bab - - - - -] Service 184c9b78-3f1a-45dd-9d24-4fcf36ab5a19 is updated service_manage_report /usr/lib/python3/dist-packages/heat/engine/service.py:2370
2026-05-14 01:24:26.719 37832 DEBUG heat.engine.service [req-2a2271ea-c8f2-4f07-b925-0945cce43780 - - - - -] Service 246d47bd-15b4-4efe-b763-bbe2ff21e53e is updated service_manage_report /usr/lib/python3/dist-packages/heat/engine/service.py:2370
2026-05-14 01:24:26.725 37834 DEBUG heat.engine.service [req-3aad6650-1781-425e-aaf2-699bc0aed4a9 - - - - -] Service e7c5ee20-917d-49f7-9f5c-a8255eaed828 is updated service_manage_report /usr/lib/python3/dist-packages/heat/engine/service.py:2370
2026-05-14 01:24:26.732 37835 DEBUG heat.engine.service [req-57c154b4-16de-4ae8-81a9-536564e962ec - - - - -] Service 57eed873-9625-4f12-8d79-36fcd407b2e0 is updated service_manage_report /usr/lib/python3/dist-packages/heat/engine/service.py:2370
2026-05-14 01:25:26.636 37833 DEBUG heat.engine.service [req-2908f6a5-2c19-48ad-b1c7-3767c6a27eec - - - - -] Service 184c9b78-3f1a-45dd-9d24-4fcf36ab5a19 is updated service_manage_report /usr/lib/python3/dist-packages/heat/engine/service.py:2370
2026-05-14 01:25:26.717 37832 DEBUG heat.engine.service [req-6a9c4288-ffd2-455e-b8f8-92b7a0a2fc3e - - - - -] Service 246d47bd-15b4-4efe-b763-bbe2ff21e53e is updated service_manage_report /usr/lib/python3/dist-packages/heat/engine/service.py:2370
2026-05-14 01:25:26.720 37834 DEBUG heat.engine.service [req-9be3c8aa-2fec-463a-bba7-17b4dc7e2ebd - - - - -] Service e7c5ee20-917d-49f7-9f5c-a8255eaed828 is updated service_manage_report /usr/lib/python3/dist-packages/heat/engine/service.py:2370
2026-05-14 01:25:26.737 37835 DEBUG heat.engine.service [req-9deb3c0f-49fa-4090-89c7-a188516e4d2a - - - - -] Service 57eed873-9625-4f12-8d79-36fcd407b2e0 is updated service_manage_report /usr/lib/python3/dist-packages/heat/engine/service.py:2370
2026-05-14 01:26:26.642 37833 DEBUG heat.engine.service [req-c3905f9c-72c8-4a23-93c6-c5bbd3731a81 - - - - -] Service 184c9b78-3f1a-45dd-9d24-4fcf36ab5a19 is updated service_manage_report /usr/lib/python3/dist-packages/heat/engine/service.py:2370
2026-05-14 01:26:26.714 37832 DEBUG heat.engine.service [req-f7a6a960-6456-44b0-9caa-69e4cbfa5480 - - - - -] Service 246d47bd-15b4-4efe-b763-bbe2ff21e53e is updated service_manage_report /usr/lib/python3/dist-packages/heat/engine/service.py:2370
2026-05-14 01:26:26.718 37834 DEBUG heat.engine.service [req-9c0c52ac-9ca0-424a-96a1-276f0328d120 - - - - -] Service e7c5ee20-917d-49f7-9f5c-a8255eaed828 is updated service_manage_report /usr/lib/python3/dist-packages/heat/engine/service.py:2370
2026-05-14 01:26:26.745 37835 DEBUG heat.engine.service [req-bb59f875-3b93-4c85-941e-a22e11c05d0d - - - - -] Service 57eed873-9625-4f12-8d79-36fcd407b2e0 is updated service_manage_report /usr/lib/python3/dist-packages/heat/engine/service.py:2370
2026-05-14 01:27:26.637 37833 DEBUG heat.engine.service [req-9db34fd7-f3df-4795-9c51-e984d6af12b9 - - - - -] Service 184c9b78-3f1a-45dd-9d24-4fcf36ab5a19 is updated service_manage_report /usr/lib/python3/dist-packages/heat/engine/service.py:2370
2026-05-14 01:27:26.711 37832 DEBUG heat.engine.service [req-4fb2a142-34f8-4184-9cee-82444cc4fef7 - - - - -] Service 246d47bd-15b4-4efe-b763-bbe2ff21e53e is updated service_manage_report /usr/lib/python3/dist-packages/heat/engine/service.py:2370
2026-05-14 01:27:26.713 37834 DEBUG heat.engine.service [req-d60e32af-a465-4d39-af06-805a8f3cbfd9 - - - - -] Service e7c5ee20-917d-49f7-9f5c-a8255eaed828 is updated service_manage_report /usr/lib/python3/dist-packages/heat/engine/service.py:2370
2026-05-14 01:27:26.740 37835 DEBUG heat.engine.service [req-2d037c69-bfcf-4cf4-bcba-38a304fc49c0 - - - - -] Service 57eed873-9625-4f12-8d79-36fcd407b2e0 is updated service_manage_report /usr/lib/python3/dist-packages/heat/engine/service.py:2370
2026-05-14 01:28:26.649 37833 DEBUG heat.engine.service [req-3e9659eb-892f-4244-bb14-27412a6511a0 - - - - -] Service 184c9b78-3f1a-45dd-9d24-4fcf36ab5a19 is updated service_manage_report /usr/lib/python3/dist-packages/heat/engine/service.py:2370
2026-05-14 01:28:26.710 37832 DEBUG heat.engine.service [req-7df77b20-3496-4d55-ae94-11aee17d7b3e - - - - -] Service 246d47bd-15b4-4efe-b763-bbe2ff21e53e is updated service_manage_report /usr/lib/python3/dist-packages/heat/engine/service.py:2370
2026-05-14 01:28:26.713 37834 DEBUG heat.engine.service [req-aaff0366-9fa3-44a5-bccb-807eb3c73c5d - - - - -] Service e7c5ee20-917d-49f7-9f5c-a8255eaed828 is updated service_manage_report /usr/lib/python3/dist-packages/heat/engine/service.py:2370
2026-05-14 01:28:26.736 37835 DEBUG heat.engine.service [req-ad1e84c6-3e4f-4539-b016-fa1d6f0f54c8 - - - - -] Service 57eed873-9625-4f12-8d79-36fcd407b2e0 is updated service_manage_report /usr/lib/python3/dist-packages/heat/engine/service.py:2370
2026-05-14 01:29:26.645 37833 DEBUG heat.engine.service [req-01a99af7-4f9c-4a5a-9173-f09b8d449fe2 - - - - -] Service 184c9b78-3f1a-45dd-9d24-4fcf36ab5a19 is updated service_manage_report /usr/lib/python3/dist-packages/heat/engine/service.py:2370
2026-05-14 01:29:26.706 37832 DEBUG heat.engine.service [req-78595e40-fcb3-46f7-90f6-26e82a0c0d08 - - - - -] Service 246d47bd-15b4-4efe-b763-bbe2ff21e53e is updated service_manage_report /usr/lib/python3/dist-packages/heat/engine/service.py:2370
2026-05-14 01:29:26.711 37834 DEBUG heat.engine.service [req-5601cfab-7b77-402e-ae4d-3742810db37c - - - - -] Service e7c5ee20-917d-49f7-9f5c-a8255eaed828 is updated service_manage_report /usr/lib/python3/dist-packages/heat/engine/service.py:2370
2026-05-14 01:29:26.741 37835 DEBUG heat.engine.service [req-66bb246a-2364-4b48-a14b-1817495f21fd - - - - -] Service 57eed873-9625-4f12-8d79-36fcd407b2e0 is updated service_manage_report /usr/lib/python3/dist-packages/heat/engine/service.py:2370
2026-05-14 01:30:26.642 37833 DEBUG heat.engine.service [req-056a3d53-f063-4d85-a793-93f484db5076 - - - - -] Service 184c9b78-3f1a-45dd-9d24-4fcf36ab5a19 is updated service_manage_report /usr/lib/python3/dist-packages/heat/engine/service.py:2370
2026-05-14 01:30:26.710 37834 DEBUG heat.engine.service [req-96740ee8-de74-44e5-a630-3771c386186b - - - - -] Service e7c5ee20-917d-49f7-9f5c-a8255eaed828 is updated service_manage_report /usr/lib/python3/dist-packages/heat/engine/service.py:2370
2026-05-14 01:30:26.712 37832 DEBUG heat.engine.service [req-d9d9dc85-cc63-4be7-add1-6774895ba745 - - - - -] Service 246d47bd-15b4-4efe-b763-bbe2ff21e53e is updated service_manage_report /usr/lib/python3/dist-packages/heat/engine/service.py:2370
2026-05-14 01:30:26.745 37835 DEBUG heat.engine.service [req-d1ec4596-31f3-49e8-906b-e8d997516a85 - - - - -] Service 57eed873-9625-4f12-8d79-36fcd407b2e0 is updated service_manage_report /usr/lib/python3/dist-packages/heat/engine/service.py:2370
2026-05-14 01:31:26.638 37833 DEBUG heat.engine.service [req-a227fa0c-a720-4a64-a482-4ec731fb3d7e - - - - -] Service 184c9b78-3f1a-45dd-9d24-4fcf36ab5a19 is updated service_manage_report /usr/lib/python3/dist-packages/heat/engine/service.py:2370
2026-05-14 01:31:26.708 37834 DEBUG heat.engine.service [req-66f28ac4-b77c-48bc-8511-4665d90b806e - - - - -] Service e7c5ee20-917d-49f7-9f5c-a8255eaed828 is updated service_manage_report /usr/lib/python3/dist-packages/heat/engine/service.py:2370
2026-05-14 01:31:26.720 37832 DEBUG heat.engine.service [req-53bc1664-2670-4308-8a50-bcbdc48130be - - - - -] Service 246d47bd-15b4-4efe-b763-bbe2ff21e53e is updated service_manage_report /usr/lib/python3/dist-packages/heat/engine/service.py:2370
2026-05-14 01:31:26.750 37835 DEBUG heat.engine.service [req-f91508fb-9b96-483c-b935-6455d5108a0f - - - - -] Service 57eed873-9625-4f12-8d79-36fcd407b2e0 is updated service_manage_report /usr/lib/python3/dist-packages/heat/engine/service.py:2370
2026-05-14 01:32:26.638 37833 DEBUG heat.engine.service [req-853c785a-5b0f-4c4b-a17f-6447f5df1454 - - - - -] Service 184c9b78-3f1a-45dd-9d24-4fcf36ab5a19 is updated service_manage_report /usr/lib/python3/dist-packages/heat/engine/service.py:2370
2026-05-14 01:32:26.704 37834 DEBUG heat.engine.service [req-89b97905-e319-4255-9d31-c30822dee280 - - - - -] Service e7c5ee20-917d-49f7-9f5c-a8255eaed828 is updated service_manage_report /usr/lib/python3/dist-packages/heat/engine/service.py:2370
2026-05-14 01:32:26.719 37832 DEBUG heat.engine.service [req-edde07a6-7187-4358-8ae7-9112cc332b9f - - - - -] Service 246d47bd-15b4-4efe-b763-bbe2ff21e53e is updated service_manage_report /usr/lib/python3/dist-packages/heat/engine/service.py:2370
2026-05-14 01:32:26.757 37835 DEBUG heat.engine.service [req-9c777190-27dc-4f66-b554-f47ddf729d42 - - - - -] Service 57eed873-9625-4f12-8d79-36fcd407b2e0 is updated service_manage_report /usr/lib/python3/dist-packages/heat/engine/service.py:2370
2026-05-14 01:33:26.637 37833 DEBUG heat.engine.service [req-6b97b077-d9ec-4ba3-bb9c-e8d0db20e6d9 - - - - -] Service 184c9b78-3f1a-45dd-9d24-4fcf36ab5a19 is updated service_manage_report /usr/lib/python3/dist-packages/heat/engine/service.py:2370
2026-05-14 01:33:26.701 37834 DEBUG heat.engine.service [req-4fba196a-d369-451b-9b56-ad782fec1cce - - - - -] Service e7c5ee20-917d-49f7-9f5c-a8255eaed828 is updated service_manage_report /usr/lib/python3/dist-packages/heat/engine/service.py:2370
2026-05-14 01:33:26.716 37832 DEBUG heat.engine.service [req-c72f4f49-c183-4bda-9578-ee48352a1c3f - - - - -] Service 246d47bd-15b4-4efe-b763-bbe2ff21e53e is updated service_manage_report /usr/lib/python3/dist-packages/heat/engine/service.py:2370
2026-05-14 01:33:26.754 37835 DEBUG heat.engine.service [req-9bbd44b0-4e50-46f9-95c7-a9c5fc61977d - - - - -] Service 57eed873-9625-4f12-8d79-36fcd407b2e0 is updated service_manage_report /usr/lib/python3/dist-packages/heat/engine/service.py:2370
2026-05-14 01:34:26.636 37833 DEBUG heat.engine.service [req-76c7b2c1-5b96-4886-98b2-44f549012d41 - - - - -] Service 184c9b78-3f1a-45dd-9d24-4fcf36ab5a19 is updated service_manage_report /usr/lib/python3/dist-packages/heat/engine/service.py:2370
2026-05-14 01:34:26.698 37834 DEBUG heat.engine.service [req-248854dc-0450-4ab5-97ae-9a480e25e4fc - - - - -] Service e7c5ee20-917d-49f7-9f5c-a8255eaed828 is updated service_manage_report /usr/lib/python3/dist-packages/heat/engine/service.py:2370
2026-05-14 01:34:26.712 37832 DEBUG heat.engine.service [req-9a9fef33-ce51-44c7-b08d-7f2861d4d2af - - - - -] Service 246d47bd-15b4-4efe-b763-bbe2ff21e53e is updated service_manage_report /usr/lib/python3/dist-packages/heat/engine/service.py:2370
2026-05-14 01:34:26.750 37835 DEBUG heat.engine.service [req-b5cdec30-e436-431a-b376-deb5def39c31 - - - - -] Service 57eed873-9625-4f12-8d79-36fcd407b2e0 is updated service_manage_report /usr/lib/python3/dist-packages/heat/engine/service.py:2370
2026-05-14 01:35:26.631 37833 DEBUG heat.engine.service [req-4596690e-9833-4233-a10f-8e639155b182 - - - - -] Service 184c9b78-3f1a-45dd-9d24-4fcf36ab5a19 is updated service_manage_report /usr/lib/python3/dist-packages/heat/engine/service.py:2370
2026-05-14 01:35:26.696 37834 DEBUG heat.engine.service [req-4c5cbe9d-79b4-4845-8f9d-24e97bdd5ec3 - - - - -] Service e7c5ee20-917d-49f7-9f5c-a8255eaed828 is updated service_manage_report /usr/lib/python3/dist-packages/heat/engine/service.py:2370
2026-05-14 01:35:26.720 37832 DEBUG heat.engine.service [req-95996199-aa1f-4bf6-8135-9fc4089611d2 - - - - -] Service 246d47bd-15b4-4efe-b763-bbe2ff21e53e is updated service_manage_report /usr/lib/python3/dist-packages/heat/engine/service.py:2370
2026-05-14 01:35:26.756 37835 DEBUG heat.engine.service [req-c2208a2e-7a2e-4f5b-adcf-5694817c9cf4 - - - - -] Service 57eed873-9625-4f12-8d79-36fcd407b2e0 is updated service_manage_report /usr/lib/python3/dist-packages/heat/engine/service.py:2370
2026-05-14 01:36:26.639 37833 DEBUG heat.engine.service [req-8fcdc803-20af-4f19-a5ea-8874048b317f - - - - -] Service 184c9b78-3f1a-45dd-9d24-4fcf36ab5a19 is updated service_manage_report /usr/lib/python3/dist-packages/heat/engine/service.py:2370
2026-05-14 01:36:26.696 37834 DEBUG heat.engine.service [req-06d4b081-416a-44b8-b41f-93d3d66c7e38 - - - - -] Service e7c5ee20-917d-49f7-9f5c-a8255eaed828 is updated service_manage_report /usr/lib/python3/dist-packages/heat/engine/service.py:2370
2026-05-14 01:36:26.721 37832 DEBUG heat.engine.service [req-b936fa87-2c7c-4ca8-b3aa-f8e77612b8b5 - - - - -] Service 246d47bd-15b4-4efe-b763-bbe2ff21e53e is updated service_manage_report /usr/lib/python3/dist-packages/heat/engine/service.py:2370
2026-05-14 01:36:26.755 37835 DEBUG heat.engine.service [req-8a606a2c-14da-4c69-999f-655c3b51286a - - - - -] Service 57eed873-9625-4f12-8d79-36fcd407b2e0 is updated service_manage_report /usr/lib/python3/dist-packages/heat/engine/service.py:2370
2026-05-14 01:37:26.626 37833 DEBUG heat.engine.service [req-1f8db3ff-791a-4f7c-ad92-86c1efe5bf80 - - - - -] Service 184c9b78-3f1a-45dd-9d24-4fcf36ab5a19 is updated service_manage_report /usr/lib/python3/dist-packages/heat/engine/service.py:2370
2026-05-14 01:37:26.691 37834 DEBUG heat.engine.service [req-ed0ca23c-7186-495a-b6d0-c9e915de3a7e - - - - -] Service e7c5ee20-917d-49f7-9f5c-a8255eaed828 is updated service_manage_report /usr/lib/python3/dist-packages/heat/engine/service.py:2370
2026-05-14 01:37:26.714 37832 DEBUG heat.engine.service [req-cbc82538-01ec-40ab-9daa-f366eed17b69 - - - - -] Service 246d47bd-15b4-4efe-b763-bbe2ff21e53e is updated service_manage_report /usr/lib/python3/dist-packages/heat/engine/service.py:2370
2026-05-14 01:37:26.750 37835 DEBUG heat.engine.service [req-68ca3574-5540-4437-b977-771620111e74 - - - - -] Service 57eed873-9625-4f12-8d79-36fcd407b2e0 is updated service_manage_report /usr/lib/python3/dist-packages/heat/engine/service.py:2370
2026-05-14 01:38:26.623 37833 DEBUG heat.engine.service [req-cb75f93c-8c07-4e86-8f76-cbf4d62a53c6 - - - - -] Service 184c9b78-3f1a-45dd-9d24-4fcf36ab5a19 is updated service_manage_report /usr/lib/python3/dist-packages/heat/engine/service.py:2370
2026-05-14 01:38:26.695 37834 DEBUG heat.engine.service [req-dc3a2326-69e3-44c3-ab6f-9ce815d24778 - - - - -] Service e7c5ee20-917d-49f7-9f5c-a8255eaed828 is updated service_manage_report /usr/lib/python3/dist-packages/heat/engine/service.py:2370
2026-05-14 01:38:26.719 37832 DEBUG heat.engine.service [req-cf05a7de-ba63-4c94-b939-1c614b30b6b0 - - - - -] Service 246d47bd-15b4-4efe-b763-bbe2ff21e53e is updated service_manage_report /usr/lib/python3/dist-packages/heat/engine/service.py:2370
2026-05-14 01:38:26.748 37835 DEBUG heat.engine.service [req-38c15eeb-4b45-459c-ac8b-beb355653343 - - - - -] Service 57eed873-9625-4f12-8d79-36fcd407b2e0 is updated service_manage_report /usr/lib/python3/dist-packages/heat/engine/service.py:2370
2026-05-14 01:39:26.619 37833 DEBUG heat.engine.service [req-7e1b4f8e-d8dc-49c5-9c53-e4392fa8ea17 - - - - -] Service 184c9b78-3f1a-45dd-9d24-4fcf36ab5a19 is updated service_manage_report /usr/lib/python3/dist-packages/heat/engine/service.py:2370
2026-05-14 01:39:26.700 37834 DEBUG heat.engine.service [req-1436df97-c8c3-4289-8cdb-336f7e356792 - - - - -] Service e7c5ee20-917d-49f7-9f5c-a8255eaed828 is updated service_manage_report /usr/lib/python3/dist-packages/heat/engine/service.py:2370
2026-05-14 01:39:26.725 37832 DEBUG heat.engine.service [req-6c0acfac-dae2-4473-a3bc-c248d2f93535 - - - - -] Service 246d47bd-15b4-4efe-b763-bbe2ff21e53e is updated service_manage_report /usr/lib/python3/dist-packages/heat/engine/service.py:2370
2026-05-14 01:39:26.743 37835 DEBUG heat.engine.service [req-710515f2-3ba2-4b81-b933-8d92971d7fb6 - - - - -] Service 57eed873-9625-4f12-8d79-36fcd407b2e0 is updated service_manage_report /usr/lib/python3/dist-packages/heat/engine/service.py:2370
2026-05-14 01:40:26.616 37833 DEBUG heat.engine.service [req-a0330b13-0049-4f6c-9446-6a0f983b650e - - - - -] Service 184c9b78-3f1a-45dd-9d24-4fcf36ab5a19 is updated service_manage_report /usr/lib/python3/dist-packages/heat/engine/service.py:2370
2026-05-14 01:40:26.704 37834 DEBUG heat.engine.service [req-64c395e9-f377-4cdc-beb4-f93940caebc2 - - - - -] Service e7c5ee20-917d-49f7-9f5c-a8255eaed828 is updated service_manage_report /usr/lib/python3/dist-packages/heat/engine/service.py:2370
2026-05-14 01:40:26.733 37832 DEBUG heat.engine.service [req-3079b4af-86cf-4a54-bb70-e9b3be340b34 - - - - -] Service 246d47bd-15b4-4efe-b763-bbe2ff21e53e is updated service_manage_report /usr/lib/python3/dist-packages/heat/engine/service.py:2370
2026-05-14 01:40:26.746 37835 DEBUG heat.engine.service [req-bf4b50bd-efa4-4cb6-ac89-b61b1b92f314 - - - - -] Service 57eed873-9625-4f12-8d79-36fcd407b2e0 is updated service_manage_report /usr/lib/python3/dist-packages/heat/engine/service.py:2370
2026-05-14 01:41:26.614 37833 DEBUG heat.engine.service [req-03d57ad3-2663-4afe-af57-3d80fabf7686 - - - - -] Service 184c9b78-3f1a-45dd-9d24-4fcf36ab5a19 is updated service_manage_report /usr/lib/python3/dist-packages/heat/engine/service.py:2370
2026-05-14 01:41:26.709 37834 DEBUG heat.engine.service [req-bd0d9ee7-00c3-4d83-addf-e4c400adfebb - - - - -] Service e7c5ee20-917d-49f7-9f5c-a8255eaed828 is updated service_manage_report /usr/lib/python3/dist-packages/heat/engine/service.py:2370
2026-05-14 01:41:26.730 37832 DEBUG heat.engine.service [req-d393e063-e428-4db2-abcc-d7ee339aae70 - - - - -] Service 246d47bd-15b4-4efe-b763-bbe2ff21e53e is updated service_manage_report /usr/lib/python3/dist-packages/heat/engine/service.py:2370
2026-05-14 01:41:26.752 37835 DEBUG heat.engine.service [req-30d0632f-fcc3-43a4-95a8-ef34e95a3a9e - - - - -] Service 57eed873-9625-4f12-8d79-36fcd407b2e0 is updated service_manage_report /usr/lib/python3/dist-packages/heat/engine/service.py:2370
2026-05-14 01:42:26.608 37833 DEBUG heat.engine.service [req-6028f97c-b42c-4dd3-af45-eba4a12f93f7 - - - - -] Service 184c9b78-3f1a-45dd-9d24-4fcf36ab5a19 is updated service_manage_report /usr/lib/python3/dist-packages/heat/engine/service.py:2370
2026-05-14 01:42:26.714 37834 DEBUG heat.engine.service [req-aa0ccdc3-5e59-499c-9c69-305c95b518a6 - - - - -] Service e7c5ee20-917d-49f7-9f5c-a8255eaed828 is updated service_manage_report /usr/lib/python3/dist-packages/heat/engine/service.py:2370
2026-05-14 01:42:26.726 37832 DEBUG heat.engine.service [req-c0e387cf-3249-452d-946b-e27570d192ca - - - - -] Service 246d47bd-15b4-4efe-b763-bbe2ff21e53e is updated service_manage_report /usr/lib/python3/dist-packages/heat/engine/service.py:2370
2026-05-14 01:42:26.758 37835 DEBUG heat.engine.service [req-b5454646-1a97-434a-b99a-49ed066802c7 - - - - -] Service 57eed873-9625-4f12-8d79-36fcd407b2e0 is updated service_manage_report /usr/lib/python3/dist-packages/heat/engine/service.py:2370
2026-05-14 01:43:26.617 37833 DEBUG heat.engine.service [req-e4d47942-d2fa-4b50-a406-df34f175cb4d - - - - -] Service 184c9b78-3f1a-45dd-9d24-4fcf36ab5a19 is updated service_manage_report /usr/lib/python3/dist-packages/heat/engine/service.py:2370
2026-05-14 01:43:26.721 37834 DEBUG heat.engine.service [req-a8348c47-78ab-461d-a372-ada56f4fe420 - - - - -] Service e7c5ee20-917d-49f7-9f5c-a8255eaed828 is updated service_manage_report /usr/lib/python3/dist-packages/heat/engine/service.py:2370
2026-05-14 01:43:26.731 37832 DEBUG heat.engine.service [req-e9d30fc0-0f33-4cfb-b529-e953e3a0f8c8 - - - - -] Service 246d47bd-15b4-4efe-b763-bbe2ff21e53e is updated service_manage_report /usr/lib/python3/dist-packages/heat/engine/service.py:2370
2026-05-14 01:43:26.753 37835 DEBUG heat.engine.service [req-278c5f3b-eb01-46a3-8f2f-d662c3f66f2d - - - - -] Service 57eed873-9625-4f12-8d79-36fcd407b2e0 is updated service_manage_report /usr/lib/python3/dist-packages/heat/engine/service.py:2370
2026-05-14 01:44:26.615 37833 DEBUG heat.engine.service [req-8c0fc544-45c3-4cbe-9185-4dc4a84354ae - - - - -] Service 184c9b78-3f1a-45dd-9d24-4fcf36ab5a19 is updated service_manage_report /usr/lib/python3/dist-packages/heat/engine/service.py:2370
2026-05-14 01:44:26.718 37834 DEBUG heat.engine.service [req-4ffffe25-3ed0-440a-b26c-4ea668fba4ca - - - - -] Service e7c5ee20-917d-49f7-9f5c-a8255eaed828 is updated service_manage_report /usr/lib/python3/dist-packages/heat/engine/service.py:2370
2026-05-14 01:44:26.735 37832 DEBUG heat.engine.service [req-cc3875b1-59c0-4a32-a1a0-584ac8566abf - - - - -] Service 246d47bd-15b4-4efe-b763-bbe2ff21e53e is updated service_manage_report /usr/lib/python3/dist-packages/heat/engine/service.py:2370
2026-05-14 01:44:26.758 37835 DEBUG heat.engine.service [req-f09a7ae1-38b0-40f0-b21b-d1df60010f48 - - - - -] Service 57eed873-9625-4f12-8d79-36fcd407b2e0 is updated service_manage_report /usr/lib/python3/dist-packages/heat/engine/service.py:2370
2026-05-14 01:45:26.609 37833 DEBUG heat.engine.service [req-f746d00c-38f6-438c-baa5-897538df6936 - - - - -] Service 184c9b78-3f1a-45dd-9d24-4fcf36ab5a19 is updated service_manage_report /usr/lib/python3/dist-packages/heat/engine/service.py:2370
2026-05-14 01:45:26.712 37834 DEBUG heat.engine.service [req-049778a1-b3f5-4cd2-89dd-7f6fdf90bb84 - - - - -] Service e7c5ee20-917d-49f7-9f5c-a8255eaed828 is updated service_manage_report /usr/lib/python3/dist-packages/heat/engine/service.py:2370
2026-05-14 01:45:26.739 37832 DEBUG heat.engine.service [req-6d914e14-f5b6-462f-b694-154898e4bbd6 - - - - -] Service 246d47bd-15b4-4efe-b763-bbe2ff21e53e is updated service_manage_report /usr/lib/python3/dist-packages/heat/engine/service.py:2370
2026-05-14 01:45:26.770 37835 DEBUG heat.engine.service [req-243ffde4-33d1-49ce-906f-6a4cfe49d427 - - - - -] Service 57eed873-9625-4f12-8d79-36fcd407b2e0 is updated service_manage_report /usr/lib/python3/dist-packages/heat/engine/service.py:2370
2026-05-14 01:46:26.617 37833 DEBUG heat.engine.service [req-6a6c1910-9af6-4a35-883c-74a6f07e9590 - - - - -] Service 184c9b78-3f1a-45dd-9d24-4fcf36ab5a19 is updated service_manage_report /usr/lib/python3/dist-packages/heat/engine/service.py:2370
2026-05-14 01:46:26.716 37834 DEBUG heat.engine.service [req-84c0bdb6-a8b2-426c-93b0-78be743640ef - - - - -] Service e7c5ee20-917d-49f7-9f5c-a8255eaed828 is updated service_manage_report /usr/lib/python3/dist-packages/heat/engine/service.py:2370
2026-05-14 01:46:26.747 37832 DEBUG heat.engine.service [req-e9c991af-252b-4b1e-ac8f-822aed23b414 - - - - -] Service 246d47bd-15b4-4efe-b763-bbe2ff21e53e is updated service_manage_report /usr/lib/python3/dist-packages/heat/engine/service.py:2370
2026-05-14 01:46:26.765 37835 DEBUG heat.engine.service [req-d4f86e5e-cf0f-4ecb-8d5f-34148c85bf18 - - - - -] Service 57eed873-9625-4f12-8d79-36fcd407b2e0 is updated service_manage_report /usr/lib/python3/dist-packages/heat/engine/service.py:2370
2026-05-14 01:47:26.615 37833 DEBUG heat.engine.service [req-c3fa861c-4b81-4b1d-83e4-79b34642d231 - - - - -] Service 184c9b78-3f1a-45dd-9d24-4fcf36ab5a19 is updated service_manage_report /usr/lib/python3/dist-packages/heat/engine/service.py:2370
2026-05-14 01:47:26.730 37834 DEBUG heat.engine.service [req-a4687ed3-c0da-499e-a279-1ec44d479866 - - - - -] Service e7c5ee20-917d-49f7-9f5c-a8255eaed828 is updated service_manage_report /usr/lib/python3/dist-packages/heat/engine/service.py:2370
2026-05-14 01:47:26.743 37832 DEBUG heat.engine.service [req-031ac7ca-ea0e-4f7f-91ea-0125c3134ade - - - - -] Service 246d47bd-15b4-4efe-b763-bbe2ff21e53e is updated service_manage_report /usr/lib/python3/dist-packages/heat/engine/service.py:2370
2026-05-14 01:47:26.770 37835 DEBUG heat.engine.service [req-46d3d677-93ae-460b-96f5-1bb6892a2326 - - - - -] Service 57eed873-9625-4f12-8d79-36fcd407b2e0 is updated service_manage_report /usr/lib/python3/dist-packages/heat/engine/service.py:2370
2026-05-14 01:48:26.612 37833 DEBUG heat.engine.service [req-08d34b38-0967-44b2-b9e7-f707328e8a2f - - - - -] Service 184c9b78-3f1a-45dd-9d24-4fcf36ab5a19 is updated service_manage_report /usr/lib/python3/dist-packages/heat/engine/service.py:2370
2026-05-14 01:48:26.726 37834 DEBUG heat.engine.service [req-5e371fc4-3506-4e5d-8cad-98134a4165c2 - - - - -] Service e7c5ee20-917d-49f7-9f5c-a8255eaed828 is updated service_manage_report /usr/lib/python3/dist-packages/heat/engine/service.py:2370
2026-05-14 01:48:26.740 37832 DEBUG heat.engine.service [req-8974b51d-361c-4d35-96b0-166379e7152d - - - - -] Service 246d47bd-15b4-4efe-b763-bbe2ff21e53e is updated service_manage_report /usr/lib/python3/dist-packages/heat/engine/service.py:2370
2026-05-14 01:48:26.777 37835 DEBUG heat.engine.service [req-28bd7f53-44ae-4fe7-98d6-907a3442c665 - - - - -] Service 57eed873-9625-4f12-8d79-36fcd407b2e0 is updated service_manage_report /usr/lib/python3/dist-packages/heat/engine/service.py:2370
2026-05-14 01:49:26.608 37833 DEBUG heat.engine.service [req-6333e43b-d688-4914-9f37-ca1b010a305f - - - - -] Service 184c9b78-3f1a-45dd-9d24-4fcf36ab5a19 is updated service_manage_report /usr/lib/python3/dist-packages/heat/engine/service.py:2370
2026-05-14 01:49:26.731 37834 DEBUG heat.engine.service [req-85466425-3e6c-49c5-bbce-91f3cf3356d4 - - - - -] Service e7c5ee20-917d-49f7-9f5c-a8255eaed828 is updated service_manage_report /usr/lib/python3/dist-packages/heat/engine/service.py:2370
2026-05-14 01:49:26.740 37832 DEBUG heat.engine.service [req-f82fcc0d-aa61-4450-9764-b82d17cc16fd - - - - -] Service 246d47bd-15b4-4efe-b763-bbe2ff21e53e is updated service_manage_report /usr/lib/python3/dist-packages/heat/engine/service.py:2370
2026-05-14 01:49:26.773 37835 DEBUG heat.engine.service [req-0d8fd9da-6a7e-4443-8b26-f5a47c3687d1 - - - - -] Service 57eed873-9625-4f12-8d79-36fcd407b2e0 is updated service_manage_report /usr/lib/python3/dist-packages/heat/engine/service.py:2370
2026-05-14 01:50:26.605 37833 DEBUG heat.engine.service [req-24a61aec-41ae-4378-b721-dff57f9cdff3 - - - - -] Service 184c9b78-3f1a-45dd-9d24-4fcf36ab5a19 is updated service_manage_report /usr/lib/python3/dist-packages/heat/engine/service.py:2370
2026-05-14 01:50:26.744 37834 DEBUG heat.engine.service [req-30634942-d035-44d8-9dba-e78ac597dc6b - - - - -] Service e7c5ee20-917d-49f7-9f5c-a8255eaed828 is updated service_manage_report /usr/lib/python3/dist-packages/heat/engine/service.py:2370
2026-05-14 01:50:26.746 37832 DEBUG heat.engine.service [req-565f4dee-a554-408b-9d34-073d3002974b - - - - -] Service 246d47bd-15b4-4efe-b763-bbe2ff21e53e is updated service_manage_report /usr/lib/python3/dist-packages/heat/engine/service.py:2370
2026-05-14 01:50:26.769 37835 DEBUG heat.engine.service [req-ebbf4d3b-32fa-4601-8183-e45951f95166 - - - - -] Service 57eed873-9625-4f12-8d79-36fcd407b2e0 is updated service_manage_report /usr/lib/python3/dist-packages/heat/engine/service.py:2370
2026-05-14 01:51:26.604 37833 DEBUG heat.engine.service [req-30a9e9fd-365f-486b-b892-57237f4a414d - - - - -] Service 184c9b78-3f1a-45dd-9d24-4fcf36ab5a19 is updated service_manage_report /usr/lib/python3/dist-packages/heat/engine/service.py:2370
2026-05-14 01:51:26.731 37832 DEBUG heat.engine.service [req-c1aad677-a934-4bf2-9026-d4487b234f76 - - - - -] Service 246d47bd-15b4-4efe-b763-bbe2ff21e53e is updated service_manage_report /usr/lib/python3/dist-packages/heat/engine/service.py:2370
2026-05-14 01:51:26.741 37834 DEBUG heat.engine.service [req-d445dda9-fa1d-49ee-8c86-2d90b13041f0 - - - - -] Service e7c5ee20-917d-49f7-9f5c-a8255eaed828 is updated service_manage_report /usr/lib/python3/dist-packages/heat/engine/service.py:2370
2026-05-14 01:51:26.776 37835 DEBUG heat.engine.service [req-2f427cf5-98b8-45f2-a9b3-99200ddc632d - - - - -] Service 57eed873-9625-4f12-8d79-36fcd407b2e0 is updated service_manage_report /usr/lib/python3/dist-packages/heat/engine/service.py:2370
2026-05-14 01:52:26.600 37833 DEBUG heat.engine.service [req-24ad6ecc-a06c-41c6-90cf-723325504621 - - - - -] Service 184c9b78-3f1a-45dd-9d24-4fcf36ab5a19 is updated service_manage_report /usr/lib/python3/dist-packages/heat/engine/service.py:2370
2026-05-14 01:52:26.737 37832 DEBUG heat.engine.service [req-6661e237-dd4f-4cb6-a993-acf6e7ae438e - - - - -] Service 246d47bd-15b4-4efe-b763-bbe2ff21e53e is updated service_manage_report /usr/lib/python3/dist-packages/heat/engine/service.py:2370
2026-05-14 01:52:26.739 37834 DEBUG heat.engine.service [req-9bb08eaf-dea0-4365-b38d-00525d692b94 - - - - -] Service e7c5ee20-917d-49f7-9f5c-a8255eaed828 is updated service_manage_report /usr/lib/python3/dist-packages/heat/engine/service.py:2370
2026-05-14 01:52:26.774 37835 DEBUG heat.engine.service [req-76ba15a6-332c-4123-8334-016513e88246 - - - - -] Service 57eed873-9625-4f12-8d79-36fcd407b2e0 is updated service_manage_report /usr/lib/python3/dist-packages/heat/engine/service.py:2370
2026-05-14 01:53:26.648 37833 DEBUG heat.engine.service [req-e66df7d8-a676-4311-bf2e-524bdfaf13a5 - - - - -] Service 184c9b78-3f1a-45dd-9d24-4fcf36ab5a19 is updated service_manage_report /usr/lib/python3/dist-packages/heat/engine/service.py:2370
2026-05-14 01:53:26.830 37835 DEBUG heat.engine.service [req-60a46919-10dd-4d4b-ab67-612839c03e74 - - - - -] Service 57eed873-9625-4f12-8d79-36fcd407b2e0 is updated service_manage_report /usr/lib/python3/dist-packages/heat/engine/service.py:2370
2026-05-14 01:53:26.831 37832 DEBUG heat.engine.service [req-d152c831-3521-46f9-8547-b2288cac64d7 - - - - -] Service 246d47bd-15b4-4efe-b763-bbe2ff21e53e is updated service_manage_report /usr/lib/python3/dist-packages/heat/engine/service.py:2370
2026-05-14 01:53:26.859 37834 DEBUG heat.engine.service [req-4f7c6392-4ef4-4fd7-b74c-6578a06e2477 - - - - -] Service e7c5ee20-917d-49f7-9f5c-a8255eaed828 is updated service_manage_report /usr/lib/python3/dist-packages/heat/engine/service.py:2370
2026-05-14 01:54:26.602 37833 DEBUG heat.engine.service [req-8ef24f64-0635-4e67-a5b9-7272d23c3f1a - - - - -] Service 184c9b78-3f1a-45dd-9d24-4fcf36ab5a19 is updated service_manage_report /usr/lib/python3/dist-packages/heat/engine/service.py:2370
2026-05-14 01:54:26.762 37834 DEBUG heat.engine.service [req-0d630258-ed39-4599-a1aa-d19fb514e956 - - - - -] Service e7c5ee20-917d-49f7-9f5c-a8255eaed828 is updated service_manage_report /usr/lib/python3/dist-packages/heat/engine/service.py:2370
2026-05-14 01:54:26.776 37832 DEBUG heat.engine.service [req-8e6d855e-dc5d-43b0-82af-fae96f79168d - - - - -] Service 246d47bd-15b4-4efe-b763-bbe2ff21e53e is updated service_manage_report /usr/lib/python3/dist-packages/heat/engine/service.py:2370
2026-05-14 01:54:26.822 37835 DEBUG heat.engine.service [req-74ed4995-96ff-4d7f-971a-3ea5f933559a - - - - -] Service 57eed873-9625-4f12-8d79-36fcd407b2e0 is updated service_manage_report /usr/lib/python3/dist-packages/heat/engine/service.py:2370
2026-05-14 01:55:06.023 37834 DEBUG heat.engine.service [-] Attempting to stop engine service... _stop_rpc_server /usr/lib/python3/dist-packages/heat/engine/service.py:437
2026-05-14 01:55:06.023 37835 DEBUG heat.engine.service [-] Attempting to stop engine service... _stop_rpc_server /usr/lib/python3/dist-packages/heat/engine/service.py:437
2026-05-14 01:55:06.024 37833 DEBUG heat.engine.service [-] Attempting to stop engine service... _stop_rpc_server /usr/lib/python3/dist-packages/heat/engine/service.py:437
2026-05-14 01:55:06.023 37832 DEBUG heat.engine.service [-] Attempting to stop engine service... _stop_rpc_server /usr/lib/python3/dist-packages/heat/engine/service.py:437
2026-05-14 01:55:06.028 37615 INFO oslo_service.service [-] Caught SIGTERM, stopping children
2026-05-14 01:55:06.029 37615 DEBUG oslo_concurrency.lockutils [-] Acquired lock "singleton_lock" lock /usr/lib/python3/dist-packages/oslo_concurrency/lockutils.py:294
2026-05-14 01:55:06.029 37615 DEBUG oslo_concurrency.lockutils [-] Releasing lock "singleton_lock" lock /usr/lib/python3/dist-packages/oslo_concurrency/lockutils.py:312
2026-05-14 01:55:06.029 37615 DEBUG oslo_service.service [-] Stop services. stop /usr/lib/python3/dist-packages/oslo_service/service.py:695
2026-05-14 01:55:06.029 37615 INFO heat.engine.service [-] All threads were gone, terminating engine
2026-05-14 01:55:06.030 37615 DEBUG oslo_service.service [-] Killing children. stop /usr/lib/python3/dist-packages/oslo_service/service.py:700
2026-05-14 01:55:06.030 37615 INFO oslo_service.service [-] Waiting on 4 children to exit
2026-05-14 01:55:06.041 37615 INFO oslo_service.service [-] Child 37833 killed by signal 15
2026-05-14 01:55:06.043 37615 INFO oslo_service.service [-] Child 37832 killed by signal 15
2026-05-14 01:55:06.043 37615 INFO oslo_service.service [-] Child 37834 killed by signal 15
2026-05-14 01:55:06.044 37615 INFO oslo_service.service [-] Child 37835 killed by signal 15
2026-05-14 01:55:08.410 64546 DEBUG oslo_concurrency.lockutils [-] Lock "context-manager" acquired by "neutron_lib.db.api._create_context_manager" :: waited 0.000s inner /usr/lib/python3/dist-packages/oslo_concurrency/lockutils.py:386
2026-05-14 01:55:08.410 64546 DEBUG oslo_concurrency.lockutils [-] Lock "context-manager" "released" by "neutron_lib.db.api._create_context_manager" :: held 0.001s inner /usr/lib/python3/dist-packages/oslo_concurrency/lockutils.py:400
2026-05-14 01:55:08.736 64546 WARNING heat.engine.environment [-] OS::Aodh::Alarm is DEPRECATED. Theshold alarm relies on ceilometer-api and has been deprecated in aodh since Ocata. Use OS::Aodh::GnocchiAggregationByResourcesAlarm instead.
2026-05-14 01:55:08.737 64546 WARNING heat.engine.environment [-] OS::Aodh::CombinationAlarm is HIDDEN. OS::Aodh::CombinationAlarm is deprecated and has been removed from Aodh, use OS::Aodh::CompositeAlarm instead.
2026-05-14 01:55:08.737 64546 WARNING heat.engine.environment [-] OS::Designate::Domain is HIDDEN. This resource has been removed, use OS::Designate::Zone instead.
2026-05-14 01:55:08.737 64546 WARNING heat.engine.environment [-] OS::Designate::Record is HIDDEN. This resource has been removed, use OS::Designate::RecordSet instead.
2026-05-14 01:55:08.738 64546 WARNING heat.engine.environment [-] OS::Glance::Image is DEPRECATED. Creating a Glance Image based on an existing URL location requires the Glance v1 API, which is deprecated.
2026-05-14 01:55:08.738 64546 WARNING heat.engine.environment [-] OS::Heat::HARestarter is HIDDEN. The HARestarter resource type has been removed. Existing stacks containing HARestarter resources can still be used, but the HARestarter resource will be a placeholder that does nothing.
2026-05-14 01:55:08.738 64546 WARNING heat.engine.environment [-] OS::Heat::SoftwareDeployments is HIDDEN. Please use OS::Heat::SoftwareDeploymentGroup instead.
2026-05-14 01:55:08.739 64546 WARNING heat.engine.environment [-] OS::Heat::StructuredDeployments is HIDDEN. Please use OS::Heat::StructuredDeploymentGroup instead.
2026-05-14 01:55:08.739 64546 WARNING heat.engine.environment [-] OS::Magnum::Bay is HIDDEN. Please use OS::Magnum::Cluster instead.
2026-05-14 01:55:08.739 64546 WARNING heat.engine.environment [-] OS::Magnum::BayModel is HIDDEN. Please use OS::Magnum::ClusterTemplate instead.
2026-05-14 01:55:08.740 64546 WARNING heat.engine.environment [-] OS::Neutron::ExtraRoute is UNSUPPORTED. Use this resource at your own risk.
2026-05-14 01:55:08.740 64546 WARNING heat.engine.environment [-] OS::Neutron::HealthMonitor is HIDDEN. Use LBaaS V2 instead.
2026-05-14 01:55:08.740 64546 WARNING heat.engine.environment [-] OS::Neutron::Pool is HIDDEN. Use LBaaS V2 instead.
2026-05-14 01:55:08.741 64546 WARNING heat.engine.environment [-] OS::Neutron::PoolMember is HIDDEN. Use LBaaS V2 instead.
2026-05-14 01:55:08.741 64546 WARNING heat.engine.environment [-] OS::Neutron::LoadBalancer is HIDDEN. Use LBaaS V2 instead.
2026-05-14 01:55:08.741 64546 WARNING heat.engine.environment [-] OS::Neutron::RouterGateway is HIDDEN. Use the `external_gateway_info` property in the router resource to set up the gateway.
2026-05-14 01:55:08.742 64546 WARNING heat.engine.environment [-] OS::Nova::FloatingIP is HIDDEN. Please use OS::Neutron::FloatingIP instead.
2026-05-14 01:55:08.742 64546 WARNING heat.engine.environment [-] OS::Nova::FloatingIPAssociation is HIDDEN. Please use OS::Neutron::FloatingIPAssociation instead.
2026-05-14 01:55:08.744 64546 INFO heat.engine.environment [-] Loading /etc/heat/environment.d/default.yaml
2026-05-14 01:55:08.746 64546 INFO heat.engine.environment [-] Registered: [Plugin](User:False) AWS::AutoScaling::AutoScalingGroup ->
2026-05-14 01:55:08.746 64546 INFO heat.engine.environment [-] Registered: [Plugin](User:False) AWS::AutoScaling::LaunchConfiguration ->
2026-05-14 01:55:08.746 64546 INFO heat.engine.environment [-] Registered: [Plugin](User:False) AWS::AutoScaling::ScalingPolicy ->
2026-05-14 01:55:08.746 64546 INFO heat.engine.environment [-] Registered: [Plugin](User:False) AWS::CloudFormation::Stack ->
2026-05-14 01:55:08.746 64546 INFO heat.engine.environment [-] Registered: [Plugin](User:False) AWS::CloudFormation::WaitCondition ->
2026-05-14 01:55:08.746 64546 INFO heat.engine.environment [-] Registered: [Plugin](User:False) AWS::CloudFormation::WaitConditionHandle ->
2026-05-14 01:55:08.747 64546 INFO heat.engine.environment [-] Registered: [Plugin](User:False) AWS::EC2::EIP ->
2026-05-14 01:55:08.747 64546 INFO heat.engine.environment [-] Registered: [Plugin](User:False) AWS::EC2::EIPAssociation ->
2026-05-14 01:55:08.747 64546 INFO heat.engine.environment [-] Registered: [Plugin](User:False) AWS::EC2::Instance ->
2026-05-14 01:55:08.747 64546 INFO heat.engine.environment [-] Registered: [Plugin](User:False) AWS::EC2::InternetGateway ->
2026-05-14 01:55:08.747 64546 INFO heat.engine.environment [-] Registered: [Plugin](User:False) AWS::EC2::VPCGatewayAttachment ->
2026-05-14 01:55:08.747 64546 INFO heat.engine.environment [-] Registered: [Plugin](User:False) AWS::EC2::NetworkInterface ->
2026-05-14 01:55:08.747 64546 INFO heat.engine.environment [-] Registered: [Plugin](User:False) AWS::EC2::RouteTable ->
2026-05-14 01:55:08.748 64546 INFO heat.engine.environment [-] Registered: [Plugin](User:False) AWS::EC2::SubnetRouteTableAssociation ->
2026-05-14 01:55:08.748 64546 INFO heat.engine.environment [-] Registered: [Plugin](User:False) AWS::EC2::SecurityGroup ->
2026-05-14 01:55:08.748 64546 INFO heat.engine.environment [-] Registered: [Plugin](User:False) AWS::EC2::Subnet ->
2026-05-14 01:55:08.748 64546 INFO heat.engine.environment [-] Registered: [Plugin](User:False) AWS::EC2::Volume ->
2026-05-14 01:55:08.748 64546 INFO heat.engine.environment [-] Registered: [Plugin](User:False) AWS::EC2::VolumeAttachment ->
2026-05-14 01:55:08.748 64546 INFO heat.engine.environment [-] Registered: [Plugin](User:False) AWS::EC2::VPC ->
2026-05-14 01:55:08.748 64546 INFO heat.engine.environment [-] Registered: [Plugin](User:False) AWS::IAM::User ->
2026-05-14 01:55:08.749 64546 INFO heat.engine.environment [-] Registered: [Plugin](User:False) AWS::IAM::AccessKey ->
2026-05-14 01:55:08.749 64546 INFO heat.engine.environment [-] Registered: [Plugin](User:False) AWS::ElasticLoadBalancing::LoadBalancer ->
2026-05-14 01:55:08.749 64546 INFO heat.engine.environment [-] Registered: [Plugin](User:False) AWS::S3::Bucket ->
2026-05-14 01:55:08.749 64546 INFO heat.engine.environment [-] Registered: [Plugin](User:False) OS::Aodh::Alarm ->
2026-05-14 01:55:08.749 64546 INFO heat.engine.environment [-] Registered: [Plugin](User:False) OS::Aodh::CombinationAlarm ->
2026-05-14 01:55:08.749 64546 INFO heat.engine.environment [-] Registered: [Plugin](User:False) OS::Aodh::EventAlarm ->
2026-05-14 01:55:08.750 64546 INFO heat.engine.environment [-] Registered: [Plugin](User:False) OS::Aodh::LBMemberHealthAlarm ->
2026-05-14 01:55:08.750 64546 INFO heat.engine.environment [-] Registered: [Plugin](User:False) OS::Aodh::CompositeAlarm ->
2026-05-14 01:55:08.750 64546 INFO heat.engine.environment [-] Registered: [Plugin](User:False) OS::Aodh::GnocchiResourcesAlarm ->
2026-05-14 01:55:08.750 64546 INFO heat.engine.environment [-] Registered: [Plugin](User:False) OS::Aodh::GnocchiAggregationByMetricsAlarm ->
2026-05-14 01:55:08.750 64546 INFO heat.engine.environment [-] Registered: [Plugin](User:False) OS::Aodh::GnocchiAggregationByResourcesAlarm ->
2026-05-14 01:55:08.750 64546 INFO heat.engine.environment [-] Registered: [Plugin](User:False) OS::Barbican::GenericContainer ->
2026-05-14 01:55:08.750 64546 INFO heat.engine.environment [-] Registered: [Plugin](User:False) OS::Barbican::CertificateContainer ->
2026-05-14 01:55:08.751 64546 INFO heat.engine.environment [-] Registered: [Plugin](User:False) OS::Barbican::RSAContainer ->
2026-05-14 01:55:08.751 64546 INFO heat.engine.environment [-] Registered: [Plugin](User:False) OS::Barbican::Order ->
2026-05-14 01:55:08.751 64546 INFO heat.engine.environment [-] Registered: [Plugin](User:False) OS::Barbican::Secret ->
2026-05-14 01:55:08.751 64546 INFO heat.engine.environment [-] Registered: [Plugin](User:False) OS::Blazar::Host ->
2026-05-14 01:55:08.751 64546 INFO heat.engine.environment [-] Registered: [Plugin](User:False) OS::Blazar::Lease ->
2026-05-14 01:55:08.751 64546 INFO heat.engine.environment [-] Registered: [Plugin](User:False) OS::Cinder::EncryptedVolumeType ->
2026-05-14 01:55:08.751 64546 INFO heat.engine.environment [-] Registered: [Plugin](User:False) OS::Cinder::QoSSpecs ->
2026-05-14 01:55:08.752 64546 INFO heat.engine.environment [-] Registered: [Plugin](User:False) OS::Cinder::QoSAssociation ->
2026-05-14 01:55:08.752 64546 INFO heat.engine.environment [-] Registered: [Plugin](User:False) OS::Cinder::Quota ->
2026-05-14 01:55:08.752 64546 INFO heat.engine.environment [-] Registered: [Plugin](User:False) OS::Cinder::Volume ->
2026-05-14 01:55:08.752 64546 INFO heat.engine.environment [-] Registered: [Plugin](User:False) OS::Cinder::VolumeAttachment ->
2026-05-14 01:55:08.752 64546 INFO heat.engine.environment [-] Registered: [Plugin](User:False) OS::Cinder::VolumeType ->
2026-05-14 01:55:08.752 64546 INFO heat.engine.environment [-] Registered: [Plugin](User:False) OS::Designate::Domain ->
2026-05-14 01:55:08.753 64546 INFO heat.engine.environment [-] Registered: [Plugin](User:False) OS::Designate::Record ->
2026-05-14 01:55:08.753 64546 INFO heat.engine.environment [-] Registered: [Plugin](User:False) OS::Designate::RecordSet ->
2026-05-14 01:55:08.753 64546 INFO heat.engine.environment [-] Registered: [Plugin](User:False) OS::Designate::Zone ->
2026-05-14 01:55:08.753 64546 INFO heat.engine.environment [-] Registered: [Plugin](User:False) OS::Glance::Image ->
2026-05-14 01:55:08.753 64546 INFO heat.engine.environment [-] Registered: [Plugin](User:False) OS::Glance::WebImage ->
2026-05-14 01:55:08.753 64546 INFO heat.engine.environment [-] Registered: [Plugin](User:False) OS::Heat::AccessPolicy ->
2026-05-14 01:55:08.753 64546 INFO heat.engine.environment [-] Registered: [Plugin](User:False) OS::Heat::AutoScalingGroup ->
2026-05-14 01:55:08.754 64546 INFO heat.engine.environment [-] Registered: [Plugin](User:False) OS::Heat::CloudConfig ->
2026-05-14 01:55:08.754 64546 INFO heat.engine.environment [-] Registered: [Plugin](User:False) OS::Heat::Delay ->
2026-05-14 01:55:08.754 64546 INFO heat.engine.environment [-] Registered: [Plugin](User:False) OS::Heat::DeployedServer ->
2026-05-14 01:55:08.754 64546 INFO heat.engine.environment [-] Registered: [Plugin](User:False) OS::Heat::HARestarter ->
2026-05-14 01:55:08.754 64546 INFO heat.engine.environment [-] Registered: [Plugin](User:False) OS::Heat::InstanceGroup ->
2026-05-14 01:55:08.754 64546 INFO heat.engine.environment [-] Registered: [Plugin](User:False) OS::Heat::MultipartMime ->
2026-05-14 01:55:08.754 64546 INFO heat.engine.environment [-] Registered: [Plugin](User:False) OS::Heat::None ->
2026-05-14 01:55:08.755 64546 INFO heat.engine.environment [-] Registered: [Plugin](User:False) OS::Heat::RandomString ->
2026-05-14 01:55:08.755 64546 INFO heat.engine.environment [-] Registered: [Plugin](User:False) OS::Heat::Stack ->
2026-05-14 01:55:08.755 64546 INFO heat.engine.environment [-] Registered: [Plugin](User:False) OS::Heat::ResourceChain ->
2026-05-14 01:55:08.755 64546 INFO heat.engine.environment [-] Registered: [Plugin](User:False) OS::Heat::ResourceGroup ->
2026-05-14 01:55:08.755 64546 INFO heat.engine.environment [-] Registered: [Plugin](User:False) OS::Heat::ScalingPolicy ->
2026-05-14 01:55:08.756 64546 INFO heat.engine.environment [-] Registered: [Plugin](User:False) OS::Heat::SoftwareComponent ->
2026-05-14 01:55:08.756 64546 INFO heat.engine.environment [-] Registered: [Plugin](User:False) OS::Heat::SoftwareConfig ->
2026-05-14 01:55:08.756 64546 INFO heat.engine.environment [-] Registered: [Plugin](User:False) OS::Heat::SoftwareDeployment ->
2026-05-14 01:55:08.756 64546 INFO heat.engine.environment [-] Registered: [Plugin](User:False) OS::Heat::SoftwareDeploymentGroup ->
2026-05-14 01:55:08.756 64546 INFO heat.engine.environment [-] Registered: [Plugin](User:False) OS::Heat::SoftwareDeployments ->
2026-05-14 01:55:08.756 64546 INFO heat.engine.environment [-] Registered: [Plugin](User:False) OS::Heat::StructuredConfig ->
2026-05-14 01:55:08.756 64546 INFO heat.engine.environment [-] Registered: [Plugin](User:False) OS::Heat::StructuredDeployment ->
2026-05-14 01:55:08.757 64546 INFO heat.engine.environment [-] Registered: [Plugin](User:False) OS::Heat::StructuredDeploymentGroup ->
2026-05-14 01:55:08.757 64546 INFO heat.engine.environment [-] Registered: [Plugin](User:False) OS::Heat::StructuredDeployments ->
2026-05-14 01:55:08.757 64546 INFO heat.engine.environment [-] Registered: [Plugin](User:False) OS::Heat::SwiftSignal ->
2026-05-14 01:55:08.757 64546 INFO heat.engine.environment [-] Registered: [Plugin](User:False) OS::Heat::SwiftSignalHandle ->
2026-05-14 01:55:08.757 64546 INFO heat.engine.environment [-] Registered: [Plugin](User:False) OS::Heat::TestResource ->
2026-05-14 01:55:08.757 64546 INFO heat.engine.environment [-] Registered: [Plugin](User:False) OS::Heat::Value ->
2026-05-14 01:55:08.757 64546 INFO heat.engine.environment [-] Registered: [Plugin](User:False) OS::Heat::WaitCondition ->
2026-05-14 01:55:08.757 64546 INFO heat.engine.environment [-] Registered: [Plugin](User:False) OS::Heat::WaitConditionHandle ->
2026-05-14 01:55:08.757 64546 INFO heat.engine.environment [-] Registered: [Plugin](User:False) OS::Heat::UpdateWaitConditionHandle ->
2026-05-14 01:55:08.757 64546 INFO heat.engine.environment [-] Registered: [Plugin](User:False) OS::Ironic::Port ->
2026-05-14 01:55:08.758 64546 INFO heat.engine.environment [-] Registered: [Plugin](User:False) OS::Keystone::Domain ->
2026-05-14 01:55:08.758 64546 INFO heat.engine.environment [-] Registered: [Plugin](User:False) OS::Keystone::Endpoint ->
2026-05-14 01:55:08.758 64546 INFO heat.engine.environment [-] Registered: [Plugin](User:False) OS::Keystone::Group ->
2026-05-14 01:55:08.758 64546 INFO heat.engine.environment [-] Registered: [Plugin](User:False) OS::Keystone::Project ->
2026-05-14 01:55:08.758 64546 INFO heat.engine.environment [-] Registered: [Plugin](User:False) OS::Keystone::Region ->
2026-05-14 01:55:08.758 64546 INFO heat.engine.environment [-] Registered: [Plugin](User:False) OS::Keystone::Role ->
2026-05-14 01:55:08.758 64546 INFO heat.engine.environment [-] Registered: [Plugin](User:False) OS::Keystone::UserRoleAssignment ->
2026-05-14 01:55:08.759 64546 INFO heat.engine.environment [-] Registered: [Plugin](User:False) OS::Keystone::GroupRoleAssignment ->
2026-05-14 01:55:08.759 64546 INFO heat.engine.environment [-] Registered: [Plugin](User:False) OS::Keystone::Service ->
2026-05-14 01:55:08.759 64546 INFO heat.engine.environment [-] Registered: [Plugin](User:False) OS::Keystone::User ->
2026-05-14 01:55:08.759 64546 INFO heat.engine.environment [-] Registered: [Plugin](User:False) OS::Magnum::Bay ->
2026-05-14 01:55:08.759 64546 INFO heat.engine.environment [-] Registered: [Plugin](User:False) OS::Magnum::BayModel ->
2026-05-14 01:55:08.759 64546 INFO heat.engine.environment [-] Registered: [Plugin](User:False) OS::Magnum::Cluster ->
2026-05-14 01:55:08.759 64546 INFO heat.engine.environment [-] Registered: [Plugin](User:False) OS::Magnum::ClusterTemplate ->
2026-05-14 01:55:08.759 64546 INFO heat.engine.environment [-] Registered: [Plugin](User:False) OS::Manila::SecurityService ->
2026-05-14 01:55:08.760 64546 INFO heat.engine.environment [-] Registered: [Plugin](User:False) OS::Manila::Share ->
2026-05-14 01:55:08.760 64546 INFO heat.engine.environment [-] Registered: [Plugin](User:False) OS::Manila::ShareNetwork ->
2026-05-14 01:55:08.760 64546 INFO heat.engine.environment [-] Registered: [Plugin](User:False) OS::Manila::ShareType ->
2026-05-14 01:55:08.760 64546 INFO heat.engine.environment [-] Registered: [Plugin](User:False) OS::Mistral::CronTrigger ->
2026-05-14 01:55:08.760 64546 INFO heat.engine.environment [-] Registered: [Plugin](User:False) OS::Mistral::ExternalResource ->
2026-05-14 01:55:08.760 64546 INFO heat.engine.environment [-] Registered: [Plugin](User:False) OS::Mistral::Workflow ->
2026-05-14 01:55:08.760 64546 INFO heat.engine.environment [-] Registered: [Plugin](User:False) OS::Monasca::AlarmDefinition ->
2026-05-14 01:55:08.760 64546 INFO heat.engine.environment [-] Registered: [Plugin](User:False) OS::Monasca::Notification ->
2026-05-14 01:55:08.761 64546 INFO heat.engine.environment [-] Registered: [Plugin](User:False) OS::Neutron::AddressScope ->
2026-05-14 01:55:08.761 64546 INFO heat.engine.environment [-] Registered: [Plugin](User:False) OS::Neutron::ExtraRoute ->
2026-05-14 01:55:08.761 64546 INFO heat.engine.environment [-] Registered: [Plugin](User:False) OS::Neutron::ExtraRouteSet ->
