2026-05-14 02:00:21.924 72174 DEBUG oslo_service.service [-] trustee.auth_section = None log_opt_values /usr/lib/python3/dist-packages/oslo_config/cfg.py:2609
2026-05-14 02:00:21.925 72174 WARNING oslo_config.cfg [-] Deprecated: Option "auth_plugin" from group "trustee" is deprecated. Use option "auth_type" from group "trustee".
2026-05-14 02:00:21.925 72174 DEBUG oslo_service.service [-] trustee.auth_type = password log_opt_values /usr/lib/python3/dist-packages/oslo_config/cfg.py:2609
2026-05-14 02:00:21.925 72174 DEBUG oslo_service.service [-] oslo_versionedobjects.fatal_exception_format_errors = False log_opt_values /usr/lib/python3/dist-packages/oslo_config/cfg.py:2609
2026-05-14 02:00:21.925 72174 DEBUG oslo_service.service [-] oslo_messaging_rabbit.amqp_auto_delete = False log_opt_values /usr/lib/python3/dist-packages/oslo_config/cfg.py:2609
2026-05-14 02:00:21.926 72174 DEBUG oslo_service.service [-] oslo_messaging_rabbit.amqp_durable_queues = False log_opt_values /usr/lib/python3/dist-packages/oslo_config/cfg.py:2609
2026-05-14 02:00:21.926 72174 DEBUG oslo_service.service [-] oslo_messaging_rabbit.conn_pool_min_size = 2 log_opt_values /usr/lib/python3/dist-packages/oslo_config/cfg.py:2609
2026-05-14 02:00:21.926 72174 DEBUG oslo_service.service [-] oslo_messaging_rabbit.conn_pool_ttl = 1200 log_opt_values /usr/lib/python3/dist-packages/oslo_config/cfg.py:2609
2026-05-14 02:00:21.927 72174 DEBUG oslo_service.service [-] oslo_messaging_rabbit.direct_mandatory_flag = True log_opt_values /usr/lib/python3/dist-packages/oslo_config/cfg.py:2609
2026-05-14 02:00:21.930 72174 DEBUG oslo_service.service [-] oslo_messaging_rabbit.enable_cancel_on_failover = False log_opt_values /usr/lib/python3/dist-packages/oslo_config/cfg.py:2609
2026-05-14 02:00:21.930 72174 DEBUG oslo_service.service [-] oslo_messaging_rabbit.heartbeat_in_pthread = False log_opt_values /usr/lib/python3/dist-packages/oslo_config/cfg.py:2609
2026-05-14 02:00:21.930 72174 DEBUG oslo_service.service [-] oslo_messaging_rabbit.heartbeat_rate = 2 log_opt_values /usr/lib/python3/dist-packages/oslo_config/cfg.py:2609
2026-05-14 02:00:21.930 72174 DEBUG oslo_service.service [-] oslo_messaging_rabbit.heartbeat_timeout_threshold = 60 log_opt_values /usr/lib/python3/dist-packages/oslo_config/cfg.py:2609
2026-05-14 02:00:21.931 72174 DEBUG oslo_service.service [-] oslo_messaging_rabbit.kombu_compression = None log_opt_values /usr/lib/python3/dist-packages/oslo_config/cfg.py:2609
2026-05-14 02:00:21.931 72174 DEBUG oslo_service.service [-] oslo_messaging_rabbit.kombu_failover_strategy = round-robin log_opt_values /usr/lib/python3/dist-packages/oslo_config/cfg.py:2609
2026-05-14 02:00:21.931 72174 DEBUG oslo_service.service [-] oslo_messaging_rabbit.kombu_missing_consumer_retry_timeout = 60 log_opt_values /usr/lib/python3/dist-packages/oslo_config/cfg.py:2609
2026-05-14 02:00:21.931 72174 DEBUG oslo_service.service [-] oslo_messaging_rabbit.kombu_reconnect_delay = 1.0 log_opt_values /usr/lib/python3/dist-packages/oslo_config/cfg.py:2609
2026-05-14 02:00:21.932 72174 DEBUG oslo_service.service [-] oslo_messaging_rabbit.rabbit_ha_queues = False log_opt_values /usr/lib/python3/dist-packages/oslo_config/cfg.py:2609
2026-05-14 02:00:21.932 72174 DEBUG oslo_service.service [-] oslo_messaging_rabbit.rabbit_interval_max = 30 log_opt_values /usr/lib/python3/dist-packages/oslo_config/cfg.py:2609
2026-05-14 02:00:21.932 72174 DEBUG oslo_service.service [-] oslo_messaging_rabbit.rabbit_login_method = AMQPLAIN log_opt_values /usr/lib/python3/dist-packages/oslo_config/cfg.py:2609
2026-05-14 02:00:21.932 72174 DEBUG oslo_service.service [-] oslo_messaging_rabbit.rabbit_qos_prefetch_count = 0 log_opt_values /usr/lib/python3/dist-packages/oslo_config/cfg.py:2609
2026-05-14 02:00:21.932 72174 DEBUG oslo_service.service [-] oslo_messaging_rabbit.rabbit_quorum_queue = False log_opt_values /usr/lib/python3/dist-packages/oslo_config/cfg.py:2609
2026-05-14 02:00:21.933 72174 DEBUG oslo_service.service [-] oslo_messaging_rabbit.rabbit_retry_backoff = 2 log_opt_values /usr/lib/python3/dist-packages/oslo_config/cfg.py:2609
2026-05-14 02:00:21.933 72174 DEBUG oslo_service.service [-] oslo_messaging_rabbit.rabbit_retry_interval = 1 log_opt_values /usr/lib/python3/dist-packages/oslo_config/cfg.py:2609
2026-05-14 02:00:21.933 72174 DEBUG oslo_service.service [-] oslo_messaging_rabbit.rabbit_transient_queues_ttl = 1800 log_opt_values /usr/lib/python3/dist-packages/oslo_config/cfg.py:2609
2026-05-14 02:00:21.935 72174 DEBUG oslo_service.service [-] oslo_messaging_rabbit.rpc_conn_pool_size = 30 log_opt_values /usr/lib/python3/dist-packages/oslo_config/cfg.py:2609
2026-05-14 02:00:21.936 72174 DEBUG oslo_service.service [-] oslo_messaging_rabbit.ssl = False log_opt_values /usr/lib/python3/dist-packages/oslo_config/cfg.py:2609
2026-05-14 02:00:21.936 72174 DEBUG oslo_service.service [-] oslo_messaging_rabbit.ssl_ca_file = log_opt_values /usr/lib/python3/dist-packages/oslo_config/cfg.py:2609
2026-05-14 02:00:21.936 72174 DEBUG oslo_service.service [-] oslo_messaging_rabbit.ssl_cert_file = log_opt_values /usr/lib/python3/dist-packages/oslo_config/cfg.py:2609
2026-05-14 02:00:21.937 72174 DEBUG oslo_service.service [-] oslo_messaging_rabbit.ssl_key_file = log_opt_values /usr/lib/python3/dist-packages/oslo_config/cfg.py:2609
2026-05-14 02:00:21.937 72174 DEBUG oslo_service.service [-] oslo_messaging_rabbit.ssl_version = log_opt_values /usr/lib/python3/dist-packages/oslo_config/cfg.py:2609
2026-05-14 02:00:21.937 72174 DEBUG oslo_service.service [-] oslo_messaging_notifications.driver = [] log_opt_values /usr/lib/python3/dist-packages/oslo_config/cfg.py:2609
2026-05-14 02:00:21.937 72174 DEBUG oslo_service.service [-] oslo_messaging_notifications.retry = -1 log_opt_values /usr/lib/python3/dist-packages/oslo_config/cfg.py:2609
2026-05-14 02:00:21.938 72174 DEBUG oslo_service.service [-] oslo_messaging_notifications.topics = ['notifications'] log_opt_values /usr/lib/python3/dist-packages/oslo_config/cfg.py:2609
2026-05-14 02:00:21.938 72174 DEBUG oslo_service.service [-] oslo_messaging_notifications.transport_url = **** log_opt_values /usr/lib/python3/dist-packages/oslo_config/cfg.py:2609
2026-05-14 02:00:21.938 72174 DEBUG oslo_service.service [-] cache.backend = dogpile.cache.null log_opt_values /usr/lib/python3/dist-packages/oslo_config/cfg.py:2609
2026-05-14 02:00:21.940 72174 DEBUG oslo_service.service [-] cache.backend_argument = **** log_opt_values /usr/lib/python3/dist-packages/oslo_config/cfg.py:2609
2026-05-14 02:00:21.940 72174 DEBUG oslo_service.service [-] cache.config_prefix = cache.oslo log_opt_values /usr/lib/python3/dist-packages/oslo_config/cfg.py:2609
2026-05-14 02:00:21.941 72174 DEBUG oslo_service.service [-] cache.debug_cache_backend = False log_opt_values /usr/lib/python3/dist-packages/oslo_config/cfg.py:2609
2026-05-14 02:00:21.941 72174 DEBUG oslo_service.service [-] cache.enabled = False log_opt_values /usr/lib/python3/dist-packages/oslo_config/cfg.py:2609
2026-05-14 02:00:21.941 72174 DEBUG oslo_service.service [-] cache.expiration_time = 600 log_opt_values /usr/lib/python3/dist-packages/oslo_config/cfg.py:2609
2026-05-14 02:00:21.942 72174 DEBUG oslo_service.service [-] cache.memcache_dead_retry = 300 log_opt_values /usr/lib/python3/dist-packages/oslo_config/cfg.py:2609
2026-05-14 02:00:21.942 72174 DEBUG oslo_service.service [-] cache.memcache_pool_connection_get_timeout = 10 log_opt_values /usr/lib/python3/dist-packages/oslo_config/cfg.py:2609
2026-05-14 02:00:21.943 72174 DEBUG oslo_service.service [-] cache.memcache_pool_flush_on_reconnect = False log_opt_values /usr/lib/python3/dist-packages/oslo_config/cfg.py:2609
2026-05-14 02:00:21.944 72174 DEBUG oslo_service.service [-] cache.memcache_pool_maxsize = 10 log_opt_values /usr/lib/python3/dist-packages/oslo_config/cfg.py:2609
2026-05-14 02:00:21.945 72174 DEBUG oslo_service.service [-] cache.memcache_pool_unused_timeout = 60 log_opt_values /usr/lib/python3/dist-packages/oslo_config/cfg.py:2609
2026-05-14 02:00:21.946 72174 DEBUG oslo_service.service [-] cache.memcache_servers = ['localhost:11211'] log_opt_values /usr/lib/python3/dist-packages/oslo_config/cfg.py:2609
2026-05-14 02:00:21.947 72174 DEBUG oslo_service.service [-] cache.memcache_socket_timeout = 1.0 log_opt_values /usr/lib/python3/dist-packages/oslo_config/cfg.py:2609
2026-05-14 02:00:21.948 72174 DEBUG oslo_service.service [-] cache.proxies = [] log_opt_values /usr/lib/python3/dist-packages/oslo_config/cfg.py:2609
2026-05-14 02:00:21.948 72174 DEBUG oslo_service.service [-] cache.tls_allowed_ciphers = None log_opt_values /usr/lib/python3/dist-packages/oslo_config/cfg.py:2609
2026-05-14 02:00:21.949 72174 DEBUG oslo_service.service [-] cache.tls_cafile = None log_opt_values /usr/lib/python3/dist-packages/oslo_config/cfg.py:2609
2026-05-14 02:00:21.950 72174 DEBUG oslo_service.service [-] cache.tls_certfile = None log_opt_values /usr/lib/python3/dist-packages/oslo_config/cfg.py:2609
2026-05-14 02:00:21.951 72421 DEBUG oslo_db.sqlalchemy.engines [req-f1f77295-c56c-4fd1-ac0f-7691221cc65b - - - - -] MySQL server mode set to STRICT_TRANS_TABLES,STRICT_ALL_TABLES,NO_ZERO_IN_DATE,NO_ZERO_DATE,ERROR_FOR_DIVISION_BY_ZERO,TRADITIONAL,NO_ENGINE_SUBSTITUTION _check_effective_sql_mode /usr/lib/python3/dist-packages/oslo_db/sqlalchemy/engines.py:314
2026-05-14 02:00:21.950 72174 DEBUG oslo_service.service [-] cache.tls_enabled = False log_opt_values /usr/lib/python3/dist-packages/oslo_config/cfg.py:2609
2026-05-14 02:00:21.953 72174 DEBUG oslo_service.service [-] cache.tls_keyfile = None log_opt_values /usr/lib/python3/dist-packages/oslo_config/cfg.py:2609
2026-05-14 02:00:21.956 72174 DEBUG oslo_service.service [-] constraint_validation_cache.caching = True log_opt_values /usr/lib/python3/dist-packages/oslo_config/cfg.py:2609
2026-05-14 02:00:21.960 72174 DEBUG oslo_service.service [-] constraint_validation_cache.expiration_time = 60 log_opt_values /usr/lib/python3/dist-packages/oslo_config/cfg.py:2609
2026-05-14 02:00:21.961 72174 DEBUG oslo_service.service [-] service_extension_cache.caching = True log_opt_values /usr/lib/python3/dist-packages/oslo_config/cfg.py:2609
2026-05-14 02:00:21.961 72174 DEBUG oslo_service.service [-] service_extension_cache.expiration_time = 3600 log_opt_values /usr/lib/python3/dist-packages/oslo_config/cfg.py:2609
2026-05-14 02:00:21.961 72174 DEBUG oslo_service.service [-] resource_finder_cache.caching = True log_opt_values /usr/lib/python3/dist-packages/oslo_config/cfg.py:2609
2026-05-14 02:00:21.968 72174 DEBUG oslo_service.service [-] resource_finder_cache.expiration_time = 3600 log_opt_values /usr/lib/python3/dist-packages/oslo_config/cfg.py:2609
2026-05-14 02:00:21.968 72174 DEBUG oslo_service.service [-] yaql.limit_iterators = 200 log_opt_values /usr/lib/python3/dist-packages/oslo_config/cfg.py:2609
2026-05-14 02:00:21.968 72174 DEBUG oslo_service.service [-] yaql.memory_quota = 10000 log_opt_values /usr/lib/python3/dist-packages/oslo_config/cfg.py:2609
2026-05-14 02:00:21.968 72174 DEBUG oslo_service.service [-] ******************************************************************************** log_opt_values /usr/lib/python3/dist-packages/oslo_config/cfg.py:2613
2026-05-14 02:00:21.968 72422 DEBUG oslo_db.sqlalchemy.engines [req-b7be1cbd-a8b0-4a41-a199-69b6b79f6ffd - - - - -] MySQL server mode set to STRICT_TRANS_TABLES,STRICT_ALL_TABLES,NO_ZERO_IN_DATE,NO_ZERO_DATE,ERROR_FOR_DIVISION_BY_ZERO,TRADITIONAL,NO_ENGINE_SUBSTITUTION _check_effective_sql_mode /usr/lib/python3/dist-packages/oslo_db/sqlalchemy/engines.py:314
2026-05-14 02:00:21.969 72423 DEBUG oslo_db.sqlalchemy.engines [req-e78b6aa1-b3e1-490a-b982-69ab16f06d45 - - - - -] MySQL server mode set to STRICT_TRANS_TABLES,STRICT_ALL_TABLES,NO_ZERO_IN_DATE,NO_ZERO_DATE,ERROR_FOR_DIVISION_BY_ZERO,TRADITIONAL,NO_ENGINE_SUBSTITUTION _check_effective_sql_mode /usr/lib/python3/dist-packages/oslo_db/sqlalchemy/engines.py:314
2026-05-14 02:00:21.990 72420 DEBUG heat.engine.service [req-94fb4ed5-7675-452d-b776-f196cd9b0410 - - - - -] Service 1371ecff-c53c-454e-9f37-9d71b98216ac is started service_manage_report /usr/lib/python3/dist-packages/heat/engine/service.py:2363
2026-05-14 02:00:22.063 72420 DEBUG heat.engine.service [req-94fb4ed5-7675-452d-b776-f196cd9b0410 - - - - -] Service 1371ecff-c53c-454e-9f37-9d71b98216ac is updated service_manage_report /usr/lib/python3/dist-packages/heat/engine/service.py:2370
2026-05-14 02:00:22.080 72422 DEBUG heat.engine.service [req-79b20a83-8566-432f-8a53-ea5a6e4c4f3d - - - - -] Service 1d7add78-cdcb-4dd6-b51a-db95bfc94e5a is started service_manage_report /usr/lib/python3/dist-packages/heat/engine/service.py:2363
2026-05-14 02:00:22.100 72421 DEBUG heat.engine.service [req-7cd5c009-391c-4a3f-b3a9-77c75a5d27d1 - - - - -] Service 3a98158f-6e57-450b-833b-16f6043c8d09 is started service_manage_report /usr/lib/python3/dist-packages/heat/engine/service.py:2363
2026-05-14 02:00:22.140 72423 DEBUG heat.engine.service [req-9d15ee78-d432-4988-a164-e79eb73ee59c - - - - -] Service d4446dfc-b907-4e48-a04f-72e7cc3d06fc is started service_manage_report /usr/lib/python3/dist-packages/heat/engine/service.py:2363
2026-05-14 02:00:22.150 72422 DEBUG heat.engine.service [req-79b20a83-8566-432f-8a53-ea5a6e4c4f3d - - - - -] Service 1d7add78-cdcb-4dd6-b51a-db95bfc94e5a is updated service_manage_report /usr/lib/python3/dist-packages/heat/engine/service.py:2370
2026-05-14 02:00:22.154 72421 DEBUG heat.engine.service [req-7cd5c009-391c-4a3f-b3a9-77c75a5d27d1 - - - - -] Service 3a98158f-6e57-450b-833b-16f6043c8d09 is updated service_manage_report /usr/lib/python3/dist-packages/heat/engine/service.py:2370
2026-05-14 02:00:22.176 72423 DEBUG heat.engine.service [req-9d15ee78-d432-4988-a164-e79eb73ee59c - - - - -] Service d4446dfc-b907-4e48-a04f-72e7cc3d06fc is updated service_manage_report /usr/lib/python3/dist-packages/heat/engine/service.py:2370
2026-05-14 02:01:21.955 72420 DEBUG heat.engine.service [req-5bd6d2dc-5874-4164-8295-0c6f6a725a3f - - - - -] Service 1371ecff-c53c-454e-9f37-9d71b98216ac is updated service_manage_report /usr/lib/python3/dist-packages/heat/engine/service.py:2370
2026-05-14 02:01:22.062 72422 DEBUG heat.engine.service [req-08eaa66a-fbde-4633-9928-b699eaaa013f - - - - -] Service 1d7add78-cdcb-4dd6-b51a-db95bfc94e5a is updated service_manage_report /usr/lib/python3/dist-packages/heat/engine/service.py:2370
2026-05-14 02:01:22.064 72421 DEBUG heat.engine.service [req-42bd9537-705b-4f4c-a905-dd4f7d8488ae - - - - -] Service 3a98158f-6e57-450b-833b-16f6043c8d09 is updated service_manage_report /usr/lib/python3/dist-packages/heat/engine/service.py:2370
2026-05-14 02:01:22.086 72423 DEBUG heat.engine.service [req-774ae673-8eb9-4cbd-b6f3-7089d139fc61 - - - - -] Service d4446dfc-b907-4e48-a04f-72e7cc3d06fc is updated service_manage_report /usr/lib/python3/dist-packages/heat/engine/service.py:2370
2026-05-14 02:02:21.951 72420 DEBUG heat.engine.service [req-8b47c306-ae54-4294-93ff-e8ba7895ec51 - - - - -] Service 1371ecff-c53c-454e-9f37-9d71b98216ac is updated service_manage_report /usr/lib/python3/dist-packages/heat/engine/service.py:2370
2026-05-14 02:02:22.058 72422 DEBUG heat.engine.service [req-1a89666d-5163-4260-a0f5-a508a8fbf4f4 - - - - -] Service 1d7add78-cdcb-4dd6-b51a-db95bfc94e5a is updated service_manage_report /usr/lib/python3/dist-packages/heat/engine/service.py:2370
2026-05-14 02:02:22.061 72421 DEBUG heat.engine.service [req-3926bf2b-9f9e-4188-85d6-1c92eaad5fcd - - - - -] Service 3a98158f-6e57-450b-833b-16f6043c8d09 is updated service_manage_report /usr/lib/python3/dist-packages/heat/engine/service.py:2370
2026-05-14 02:02:22.080 72423 DEBUG heat.engine.service [req-f6e929eb-b73d-4e8d-a8f3-34fdccd89050 - - - - -] Service d4446dfc-b907-4e48-a04f-72e7cc3d06fc is updated service_manage_report /usr/lib/python3/dist-packages/heat/engine/service.py:2370
2026-05-14 02:03:21.948 72420 DEBUG heat.engine.service [req-cbee08e8-7a7d-4ab8-8bb7-d77ae75e8f5f - - - - -] Service 1371ecff-c53c-454e-9f37-9d71b98216ac is updated service_manage_report /usr/lib/python3/dist-packages/heat/engine/service.py:2370
2026-05-14 02:03:22.056 72421 DEBUG heat.engine.service [req-58dd2e93-1786-4a50-8f8d-3908fa4ccac5 - - - - -] Service 3a98158f-6e57-450b-833b-16f6043c8d09 is updated service_manage_report /usr/lib/python3/dist-packages/heat/engine/service.py:2370
2026-05-14 02:03:22.064 72422 DEBUG heat.engine.service [req-ea89cc74-338e-4707-886f-7599031748f6 - - - - -] Service 1d7add78-cdcb-4dd6-b51a-db95bfc94e5a is updated service_manage_report /usr/lib/python3/dist-packages/heat/engine/service.py:2370
2026-05-14 02:03:22.086 72423 DEBUG heat.engine.service [req-1f99aecc-caa7-4801-97cb-4190f7e37f75 - - - - -] Service d4446dfc-b907-4e48-a04f-72e7cc3d06fc is updated service_manage_report /usr/lib/python3/dist-packages/heat/engine/service.py:2370
2026-05-14 02:04:21.944 72420 DEBUG heat.engine.service [req-8c4b615d-ebf1-4bb5-a13b-ee1c67763fc0 - - - - -] Service 1371ecff-c53c-454e-9f37-9d71b98216ac is updated service_manage_report /usr/lib/python3/dist-packages/heat/engine/service.py:2370
2026-05-14 02:04:22.056 72421 DEBUG heat.engine.service [req-423d5ce8-8cd2-4f7f-b3cc-f02b47cc5e46 - - - - -] Service 3a98158f-6e57-450b-833b-16f6043c8d09 is updated service_manage_report /usr/lib/python3/dist-packages/heat/engine/service.py:2370
2026-05-14 02:04:22.061 72422 DEBUG heat.engine.service [req-863cee5e-23cb-443a-ab2c-5bb034b90102 - - - - -] Service 1d7add78-cdcb-4dd6-b51a-db95bfc94e5a is updated service_manage_report /usr/lib/python3/dist-packages/heat/engine/service.py:2370
2026-05-14 02:04:22.093 72423 DEBUG heat.engine.service [req-a2ec69be-0fb7-4bbd-8e84-98aec09a724f - - - - -] Service d4446dfc-b907-4e48-a04f-72e7cc3d06fc is updated service_manage_report /usr/lib/python3/dist-packages/heat/engine/service.py:2370
2026-05-14 02:05:21.943 72420 DEBUG heat.engine.service [req-aa95a91c-63f8-407c-9c14-edafe2785878 - - - - -] Service 1371ecff-c53c-454e-9f37-9d71b98216ac is updated service_manage_report /usr/lib/python3/dist-packages/heat/engine/service.py:2370
2026-05-14 02:05:22.054 72421 DEBUG heat.engine.service [req-e74d80fe-38f6-4b88-be90-f357ae06e39c - - - - -] Service 3a98158f-6e57-450b-833b-16f6043c8d09 is updated service_manage_report /usr/lib/python3/dist-packages/heat/engine/service.py:2370
2026-05-14 02:05:22.057 72422 DEBUG heat.engine.service [req-ef5a216e-e82c-4e79-9bcf-00cc8cdb456f - - - - -] Service 1d7add78-cdcb-4dd6-b51a-db95bfc94e5a is updated service_manage_report /usr/lib/python3/dist-packages/heat/engine/service.py:2370
2026-05-14 02:05:22.091 72423 DEBUG heat.engine.service [req-d6a33f37-b417-4e9d-86dd-771d660ea038 - - - - -] Service d4446dfc-b907-4e48-a04f-72e7cc3d06fc is updated service_manage_report /usr/lib/python3/dist-packages/heat/engine/service.py:2370
2026-05-14 02:06:21.940 72420 DEBUG heat.engine.service [req-75a627cc-9efc-44bd-b431-8bf616bba894 - - - - -] Service 1371ecff-c53c-454e-9f37-9d71b98216ac is updated service_manage_report /usr/lib/python3/dist-packages/heat/engine/service.py:2370
2026-05-14 02:06:22.054 72421 DEBUG heat.engine.service [req-199ddaf8-ca85-4f6d-89e0-b2b02c982c08 - - - - -] Service 3a98158f-6e57-450b-833b-16f6043c8d09 is updated service_manage_report /usr/lib/python3/dist-packages/heat/engine/service.py:2370
2026-05-14 02:06:22.059 72422 DEBUG heat.engine.service [req-ed847291-9348-4179-aa18-f188a855a608 - - - - -] Service 1d7add78-cdcb-4dd6-b51a-db95bfc94e5a is updated service_manage_report /usr/lib/python3/dist-packages/heat/engine/service.py:2370
2026-05-14 02:06:22.092 72423 DEBUG heat.engine.service [req-755c1314-ae81-4a1e-99c7-b460d46e34cc - - - - -] Service d4446dfc-b907-4e48-a04f-72e7cc3d06fc is updated service_manage_report /usr/lib/python3/dist-packages/heat/engine/service.py:2370
2026-05-14 02:07:21.936 72420 DEBUG heat.engine.service [req-8babdf8d-7a52-4853-98f9-c6ebe5c9a82b - - - - -] Service 1371ecff-c53c-454e-9f37-9d71b98216ac is updated service_manage_report /usr/lib/python3/dist-packages/heat/engine/service.py:2370
2026-05-14 02:07:22.052 72421 DEBUG heat.engine.service [req-67690425-502a-4bc9-8c04-79c8dc1c5e79 - - - - -] Service 3a98158f-6e57-450b-833b-16f6043c8d09 is updated service_manage_report /usr/lib/python3/dist-packages/heat/engine/service.py:2370
2026-05-14 02:07:22.053 72422 DEBUG heat.engine.service [req-2567f46e-1155-458c-9247-3f4dbe4279a8 - - - - -] Service 1d7add78-cdcb-4dd6-b51a-db95bfc94e5a is updated service_manage_report /usr/lib/python3/dist-packages/heat/engine/service.py:2370
2026-05-14 02:07:22.091 72423 DEBUG heat.engine.service [req-64273932-e7c7-4e22-a802-78ffa89a6ed6 - - - - -] Service d4446dfc-b907-4e48-a04f-72e7cc3d06fc is updated service_manage_report /usr/lib/python3/dist-packages/heat/engine/service.py:2370
2026-05-14 02:08:21.938 72420 DEBUG heat.engine.service [req-b0d3365f-8140-4ebc-bc0e-b2652e970645 - - - - -] Service 1371ecff-c53c-454e-9f37-9d71b98216ac is updated service_manage_report /usr/lib/python3/dist-packages/heat/engine/service.py:2370
2026-05-14 02:08:22.050 72421 DEBUG heat.engine.service [req-cf3c9747-1e2f-4d2b-a49e-aa56720db214 - - - - -] Service 3a98158f-6e57-450b-833b-16f6043c8d09 is updated service_manage_report /usr/lib/python3/dist-packages/heat/engine/service.py:2370
2026-05-14 02:08:22.061 72422 DEBUG heat.engine.service [req-68200ae1-deac-40f9-b4d8-4875e73464c9 - - - - -] Service 1d7add78-cdcb-4dd6-b51a-db95bfc94e5a is updated service_manage_report /usr/lib/python3/dist-packages/heat/engine/service.py:2370
2026-05-14 02:08:22.086 72423 DEBUG heat.engine.service [req-e2d35c5c-6b93-4ff3-bf4e-1718f81b720f - - - - -] Service d4446dfc-b907-4e48-a04f-72e7cc3d06fc is updated service_manage_report /usr/lib/python3/dist-packages/heat/engine/service.py:2370
2026-05-14 02:09:21.934 72420 DEBUG heat.engine.service [req-04a659e6-02d1-48a4-8a71-86041536d392 - - - - -] Service 1371ecff-c53c-454e-9f37-9d71b98216ac is updated service_manage_report /usr/lib/python3/dist-packages/heat/engine/service.py:2370
2026-05-14 02:09:22.046 72421 DEBUG heat.engine.service [req-bcf2b86f-adc6-4825-b53e-959a80ccf310 - - - - -] Service 3a98158f-6e57-450b-833b-16f6043c8d09 is updated service_manage_report /usr/lib/python3/dist-packages/heat/engine/service.py:2370
2026-05-14 02:09:22.054 72422 DEBUG heat.engine.service [req-6d636237-e9b1-4fa6-951b-2f2971a0876b - - - - -] Service 1d7add78-cdcb-4dd6-b51a-db95bfc94e5a is updated service_manage_report /usr/lib/python3/dist-packages/heat/engine/service.py:2370
2026-05-14 02:09:22.091 72423 DEBUG heat.engine.service [req-09bd798e-b06f-4345-9b0a-4839f1a8246c - - - - -] Service d4446dfc-b907-4e48-a04f-72e7cc3d06fc is updated service_manage_report /usr/lib/python3/dist-packages/heat/engine/service.py:2370
2026-05-14 02:10:21.931 72420 DEBUG heat.engine.service [req-09b647d0-b857-497f-bf84-94d0ffb12692 - - - - -] Service 1371ecff-c53c-454e-9f37-9d71b98216ac is updated service_manage_report /usr/lib/python3/dist-packages/heat/engine/service.py:2370
2026-05-14 02:10:22.042 72421 DEBUG heat.engine.service [req-27e7239b-6816-432d-a85a-ae6785abf667 - - - - -] Service 3a98158f-6e57-450b-833b-16f6043c8d09 is updated service_manage_report /usr/lib/python3/dist-packages/heat/engine/service.py:2370
2026-05-14 02:10:22.087 72422 DEBUG heat.engine.service [req-99bc49d0-6cae-4106-8021-ffd8e5427fe2 - - - - -] Service 1d7add78-cdcb-4dd6-b51a-db95bfc94e5a is updated service_manage_report /usr/lib/python3/dist-packages/heat/engine/service.py:2370
2026-05-14 02:10:22.106 72423 DEBUG heat.engine.service [req-b0b90056-76c0-49ad-b763-d8713f72baf6 - - - - -] Service d4446dfc-b907-4e48-a04f-72e7cc3d06fc is updated service_manage_report /usr/lib/python3/dist-packages/heat/engine/service.py:2370
2026-05-14 02:11:21.927 72420 DEBUG heat.engine.service [req-e1fdde3f-b6d4-473f-b40d-1a54b166316e - - - - -] Service 1371ecff-c53c-454e-9f37-9d71b98216ac is updated service_manage_report /usr/lib/python3/dist-packages/heat/engine/service.py:2370
2026-05-14 02:11:22.040 72421 DEBUG heat.engine.service [req-2b3776e4-81c3-43f5-9a22-041efe676ec8 - - - - -] Service 3a98158f-6e57-450b-833b-16f6043c8d09 is updated service_manage_report /usr/lib/python3/dist-packages/heat/engine/service.py:2370
2026-05-14 02:11:22.062 72422 DEBUG heat.engine.service [req-a5f3c17b-75d1-4990-8db5-03c5462b922b - - - - -] Service 1d7add78-cdcb-4dd6-b51a-db95bfc94e5a is updated service_manage_report /usr/lib/python3/dist-packages/heat/engine/service.py:2370
2026-05-14 02:11:22.103 72423 DEBUG heat.engine.service [req-9c39a25c-e3a3-468b-a555-83f078eb5085 - - - - -] Service d4446dfc-b907-4e48-a04f-72e7cc3d06fc is updated service_manage_report /usr/lib/python3/dist-packages/heat/engine/service.py:2370
2026-05-14 02:12:21.928 72420 DEBUG heat.engine.service [req-a5ae825e-55b8-405d-97f0-d860afb58bbc - - - - -] Service 1371ecff-c53c-454e-9f37-9d71b98216ac is updated service_manage_report /usr/lib/python3/dist-packages/heat/engine/service.py:2370
2026-05-14 02:12:22.035 72421 DEBUG heat.engine.service [req-339372bf-1503-4046-a91d-d0ec025ee67f - - - - -] Service 3a98158f-6e57-450b-833b-16f6043c8d09 is updated service_manage_report /usr/lib/python3/dist-packages/heat/engine/service.py:2370
2026-05-14 02:12:22.065 72422 DEBUG heat.engine.service [req-d4cb3900-5b33-4411-9ab8-8f3f31f1e136 - - - - -] Service 1d7add78-cdcb-4dd6-b51a-db95bfc94e5a is updated service_manage_report /usr/lib/python3/dist-packages/heat/engine/service.py:2370
2026-05-14 02:12:22.104 72423 DEBUG heat.engine.service [req-82180650-7b3f-4931-9090-eedab820eeac - - - - -] Service d4446dfc-b907-4e48-a04f-72e7cc3d06fc is updated service_manage_report /usr/lib/python3/dist-packages/heat/engine/service.py:2370
2026-05-14 02:13:21.925 72420 DEBUG heat.engine.service [req-13fd9f7e-0c13-4028-8f7e-2c1160b38818 - - - - -] Service 1371ecff-c53c-454e-9f37-9d71b98216ac is updated service_manage_report /usr/lib/python3/dist-packages/heat/engine/service.py:2370
2026-05-14 02:13:22.044 72421 DEBUG heat.engine.service [req-3e8cbad0-5695-4c8c-8d36-b917b6ccc392 - - - - -] Service 3a98158f-6e57-450b-833b-16f6043c8d09 is updated service_manage_report /usr/lib/python3/dist-packages/heat/engine/service.py:2370
2026-05-14 02:13:22.062 72422 DEBUG heat.engine.service [req-7c3720ad-f19e-480d-bc76-a0b6ee883eac - - - - -] Service 1d7add78-cdcb-4dd6-b51a-db95bfc94e5a is updated service_manage_report /usr/lib/python3/dist-packages/heat/engine/service.py:2370
2026-05-14 02:13:22.098 72423 DEBUG heat.engine.service [req-324c769f-2976-48a7-8bea-7fb332785caa - - - - -] Service d4446dfc-b907-4e48-a04f-72e7cc3d06fc is updated service_manage_report /usr/lib/python3/dist-packages/heat/engine/service.py:2370
2026-05-14 02:14:21.921 72420 DEBUG heat.engine.service [req-b3b33586-b52a-4a28-a161-f6964758b75c - - - - -] Service 1371ecff-c53c-454e-9f37-9d71b98216ac is updated service_manage_report /usr/lib/python3/dist-packages/heat/engine/service.py:2370
2026-05-14 02:14:22.040 72421 DEBUG heat.engine.service [req-9a70a3a4-1ccd-4930-90b0-b0beff387d54 - - - - -] Service 3a98158f-6e57-450b-833b-16f6043c8d09 is updated service_manage_report /usr/lib/python3/dist-packages/heat/engine/service.py:2370
2026-05-14 02:14:22.058 72422 DEBUG heat.engine.service [req-50552da7-c6c3-4073-80be-f2c498161f33 - - - - -] Service 1d7add78-cdcb-4dd6-b51a-db95bfc94e5a is updated service_manage_report /usr/lib/python3/dist-packages/heat/engine/service.py:2370
2026-05-14 02:14:22.106 72423 DEBUG heat.engine.service [req-82924bb2-496b-4e0a-b727-6a764539fc88 - - - - -] Service d4446dfc-b907-4e48-a04f-72e7cc3d06fc is updated service_manage_report /usr/lib/python3/dist-packages/heat/engine/service.py:2370
2026-05-14 02:15:21.927 72420 DEBUG heat.engine.service [req-2444cd5c-65bd-453e-9003-66999f8a0ee7 - - - - -] Service 1371ecff-c53c-454e-9f37-9d71b98216ac is updated service_manage_report /usr/lib/python3/dist-packages/heat/engine/service.py:2370
2026-05-14 02:15:22.044 72421 DEBUG heat.engine.service [req-bb2ed696-ac59-4a7c-9359-1862670f47d0 - - - - -] Service 3a98158f-6e57-450b-833b-16f6043c8d09 is updated service_manage_report /usr/lib/python3/dist-packages/heat/engine/service.py:2370
2026-05-14 02:15:22.055 72422 DEBUG heat.engine.service [req-b6c8c868-1596-4884-9eab-9335e18867fb - - - - -] Service 1d7add78-cdcb-4dd6-b51a-db95bfc94e5a is updated service_manage_report /usr/lib/python3/dist-packages/heat/engine/service.py:2370
2026-05-14 02:15:22.102 72423 DEBUG heat.engine.service [req-5f964c1a-700d-467d-a4f2-e750f67ffcab - - - - -] Service d4446dfc-b907-4e48-a04f-72e7cc3d06fc is updated service_manage_report /usr/lib/python3/dist-packages/heat/engine/service.py:2370
2026-05-14 02:16:21.923 72420 DEBUG heat.engine.service [req-749e835f-7a4d-4f3c-b44f-79e95dce1819 - - - - -] Service 1371ecff-c53c-454e-9f37-9d71b98216ac is updated service_manage_report /usr/lib/python3/dist-packages/heat/engine/service.py:2370
2026-05-14 02:16:22.260 72422 DEBUG heat.engine.service [req-f55cfd76-98d5-45bb-9376-9509ccfcffbc - - - - -] Service 1d7add78-cdcb-4dd6-b51a-db95bfc94e5a is updated service_manage_report /usr/lib/python3/dist-packages/heat/engine/service.py:2370
2026-05-14 02:16:22.335 72421 DEBUG heat.engine.service [req-b3c79e4f-77d9-4465-8c6a-f9e65df92593 - - - - -] Service 3a98158f-6e57-450b-833b-16f6043c8d09 is updated service_manage_report /usr/lib/python3/dist-packages/heat/engine/service.py:2370
2026-05-14 02:16:22.335 72423 DEBUG heat.engine.service [req-cecf4598-96d9-4a7a-a7a0-e52b867e8361 - - - - -] Service d4446dfc-b907-4e48-a04f-72e7cc3d06fc is updated service_manage_report /usr/lib/python3/dist-packages/heat/engine/service.py:2370
2026-05-14 02:17:21.920 72420 DEBUG heat.engine.service [req-5e2a1275-a114-48ee-8b0d-4723ed868b1b - - - - -] Service 1371ecff-c53c-454e-9f37-9d71b98216ac is updated service_manage_report /usr/lib/python3/dist-packages/heat/engine/service.py:2370
2026-05-14 02:17:22.052 72421 DEBUG heat.engine.service [req-39c31edd-3a96-421a-9a9f-b0f64117d22a - - - - -] Service 3a98158f-6e57-450b-833b-16f6043c8d09 is updated service_manage_report /usr/lib/python3/dist-packages/heat/engine/service.py:2370
2026-05-14 02:17:22.056 72422 DEBUG heat.engine.service [req-8d60bad1-d6a8-4c1a-92b4-c7688e64456e - - - - -] Service 1d7add78-cdcb-4dd6-b51a-db95bfc94e5a is updated service_manage_report /usr/lib/python3/dist-packages/heat/engine/service.py:2370
2026-05-14 02:17:22.102 72423 DEBUG heat.engine.service [req-0db06996-379e-44fc-85b0-11bb4b542c28 - - - - -] Service d4446dfc-b907-4e48-a04f-72e7cc3d06fc is updated service_manage_report /usr/lib/python3/dist-packages/heat/engine/service.py:2370
2026-05-14 02:18:21.920 72420 DEBUG heat.engine.service [req-f34f8395-f803-4541-82b8-1b12e6128948 - - - - -] Service 1371ecff-c53c-454e-9f37-9d71b98216ac is updated service_manage_report /usr/lib/python3/dist-packages/heat/engine/service.py:2370
2026-05-14 02:18:22.054 72422 DEBUG heat.engine.service [req-b2cf2eb0-db52-4130-9aff-7dbc4719fd70 - - - - -] Service 1d7add78-cdcb-4dd6-b51a-db95bfc94e5a is updated service_manage_report /usr/lib/python3/dist-packages/heat/engine/service.py:2370
2026-05-14 02:18:22.056 72421 DEBUG heat.engine.service [req-89f79a82-541d-4bfc-a16c-95d8e1958870 - - - - -] Service 3a98158f-6e57-450b-833b-16f6043c8d09 is updated service_manage_report /usr/lib/python3/dist-packages/heat/engine/service.py:2370
2026-05-14 02:18:22.099 72423 DEBUG heat.engine.service [req-05d819e1-34e8-4c42-b50e-ed2731d2d558 - - - - -] Service d4446dfc-b907-4e48-a04f-72e7cc3d06fc is updated service_manage_report /usr/lib/python3/dist-packages/heat/engine/service.py:2370
2026-05-14 02:19:21.916 72420 DEBUG heat.engine.service [req-a491fb13-be4d-405d-98eb-5bc48c706770 - - - - -] Service 1371ecff-c53c-454e-9f37-9d71b98216ac is updated service_manage_report /usr/lib/python3/dist-packages/heat/engine/service.py:2370
2026-05-14 02:19:22.052 72422 DEBUG heat.engine.service [req-82ad6a6e-3ad9-4650-852e-6e67370a0c53 - - - - -] Service 1d7add78-cdcb-4dd6-b51a-db95bfc94e5a is updated service_manage_report /usr/lib/python3/dist-packages/heat/engine/service.py:2370
2026-05-14 02:19:22.053 72421 DEBUG heat.engine.service [req-87c0b532-2943-4415-891b-25ed72af83c6 - - - - -] Service 3a98158f-6e57-450b-833b-16f6043c8d09 is updated service_manage_report /usr/lib/python3/dist-packages/heat/engine/service.py:2370
2026-05-14 02:19:22.101 72423 DEBUG heat.engine.service [req-cef18d8f-fd27-4107-a380-cd64cd9ae23c - - - - -] Service d4446dfc-b907-4e48-a04f-72e7cc3d06fc is updated service_manage_report /usr/lib/python3/dist-packages/heat/engine/service.py:2370
2026-05-14 02:20:21.914 72420 DEBUG heat.engine.service [req-9ea9f667-e06c-41db-910a-80fb45760d0e - - - - -] Service 1371ecff-c53c-454e-9f37-9d71b98216ac is updated service_manage_report /usr/lib/python3/dist-packages/heat/engine/service.py:2370
2026-05-14 02:20:22.054 72422 DEBUG heat.engine.service [req-be0fd1e3-3024-4a75-b358-8c051d141c12 - - - - -] Service 1d7add78-cdcb-4dd6-b51a-db95bfc94e5a is updated service_manage_report /usr/lib/python3/dist-packages/heat/engine/service.py:2370
2026-05-14 02:20:22.055 72421 DEBUG heat.engine.service [req-8424b42c-19c4-498f-a1b4-d0d3157d3cf7 - - - - -] Service 3a98158f-6e57-450b-833b-16f6043c8d09 is updated service_manage_report /usr/lib/python3/dist-packages/heat/engine/service.py:2370
2026-05-14 02:20:22.099 72423 DEBUG heat.engine.service [req-c510f54a-5f87-4a73-ae56-942d47abeba1 - - - - -] Service d4446dfc-b907-4e48-a04f-72e7cc3d06fc is updated service_manage_report /usr/lib/python3/dist-packages/heat/engine/service.py:2370
2026-05-14 02:21:21.916 72420 DEBUG heat.engine.service [req-76810a9e-0705-4044-9d11-3258858e756e - - - - -] Service 1371ecff-c53c-454e-9f37-9d71b98216ac is updated service_manage_report /usr/lib/python3/dist-packages/heat/engine/service.py:2370
2026-05-14 02:21:22.050 72422 DEBUG heat.engine.service [req-ca3b2366-59eb-4a5e-a554-15f960de7be7 - - - - -] Service 1d7add78-cdcb-4dd6-b51a-db95bfc94e5a is updated service_manage_report /usr/lib/python3/dist-packages/heat/engine/service.py:2370
2026-05-14 02:21:22.057 72421 DEBUG heat.engine.service [req-738d6647-ab90-49c8-81bb-20d920ce07b8 - - - - -] Service 3a98158f-6e57-450b-833b-16f6043c8d09 is updated service_manage_report /usr/lib/python3/dist-packages/heat/engine/service.py:2370
2026-05-14 02:21:22.098 72423 DEBUG heat.engine.service [req-5b0e2bba-44ea-46a2-b7b1-db6301d19beb - - - - -] Service d4446dfc-b907-4e48-a04f-72e7cc3d06fc is updated service_manage_report /usr/lib/python3/dist-packages/heat/engine/service.py:2370