2026-05-11 02:04:49.003 7 DEBUG oslo_service.service [-] ml2_type_vxlan.vxlan_group = None log_opt_values /var/lib/kolla/venv/lib/python3.6/site-packages/oslo_config/cfg.py:2611
2026-05-11 02:04:49.003 7 DEBUG oslo_service.service [-] database.backend = sqlalchemy log_opt_values /var/lib/kolla/venv/lib/python3.6/site-packages/oslo_config/cfg.py:2611
2026-05-11 02:04:49.004 7 DEBUG oslo_service.service [-] database.connection = **** log_opt_values /var/lib/kolla/venv/lib/python3.6/site-packages/oslo_config/cfg.py:2611
2026-05-11 02:04:49.004 7 DEBUG oslo_service.service [-] database.connection_debug = 0 log_opt_values /var/lib/kolla/venv/lib/python3.6/site-packages/oslo_config/cfg.py:2611
2026-05-11 02:04:49.004 7 DEBUG oslo_service.service [-] database.connection_parameters = log_opt_values /var/lib/kolla/venv/lib/python3.6/site-packages/oslo_config/cfg.py:2611
2026-05-11 02:04:49.004 7 DEBUG oslo_service.service [-] database.connection_recycle_time = 10 log_opt_values /var/lib/kolla/venv/lib/python3.6/site-packages/oslo_config/cfg.py:2611
2026-05-11 02:04:49.004 7 DEBUG oslo_service.service [-] database.connection_trace = False log_opt_values /var/lib/kolla/venv/lib/python3.6/site-packages/oslo_config/cfg.py:2611
2026-05-11 02:04:49.004 7 DEBUG oslo_service.service [-] database.db_inc_retry_interval = True log_opt_values /var/lib/kolla/venv/lib/python3.6/site-packages/oslo_config/cfg.py:2611
2026-05-11 02:04:49.004 7 DEBUG oslo_service.service [-] database.db_max_retries = 20 log_opt_values /var/lib/kolla/venv/lib/python3.6/site-packages/oslo_config/cfg.py:2611
2026-05-11 02:04:49.004 7 DEBUG oslo_service.service [-] database.db_max_retry_interval = 10 log_opt_values /var/lib/kolla/venv/lib/python3.6/site-packages/oslo_config/cfg.py:2611
2026-05-11 02:04:49.004 7 DEBUG oslo_service.service [-] database.db_retry_interval = 1 log_opt_values /var/lib/kolla/venv/lib/python3.6/site-packages/oslo_config/cfg.py:2611
2026-05-11 02:04:49.004 7 DEBUG oslo_service.service [-] database.max_overflow = 50 log_opt_values /var/lib/kolla/venv/lib/python3.6/site-packages/oslo_config/cfg.py:2611
2026-05-11 02:04:49.004 7 DEBUG oslo_service.service [-] database.max_pool_size = 1 log_opt_values /var/lib/kolla/venv/lib/python3.6/site-packages/oslo_config/cfg.py:2611
2026-05-11 02:04:49.004 7 DEBUG oslo_service.service [-] database.max_retries = -1 log_opt_values /var/lib/kolla/venv/lib/python3.6/site-packages/oslo_config/cfg.py:2611
2026-05-11 02:04:49.004 7 DEBUG oslo_service.service [-] database.mysql_enable_ndb = False log_opt_values /var/lib/kolla/venv/lib/python3.6/site-packages/oslo_config/cfg.py:2611
2026-05-11 02:04:49.004 7 DEBUG oslo_service.service [-] database.mysql_sql_mode = TRADITIONAL log_opt_values /var/lib/kolla/venv/lib/python3.6/site-packages/oslo_config/cfg.py:2611
2026-05-11 02:04:49.004 7 DEBUG oslo_service.service [-] database.pool_timeout = None log_opt_values /var/lib/kolla/venv/lib/python3.6/site-packages/oslo_config/cfg.py:2611
2026-05-11 02:04:49.004 7 DEBUG oslo_service.service [-] database.retry_interval = 10 log_opt_values /var/lib/kolla/venv/lib/python3.6/site-packages/oslo_config/cfg.py:2611
2026-05-11 02:04:49.004 7 DEBUG oslo_service.service [-] database.slave_connection = **** log_opt_values /var/lib/kolla/venv/lib/python3.6/site-packages/oslo_config/cfg.py:2611
2026-05-11 02:04:49.005 7 DEBUG oslo_service.service [-] database.sqlite_synchronous = True log_opt_values /var/lib/kolla/venv/lib/python3.6/site-packages/oslo_config/cfg.py:2611
2026-05-11 02:04:49.005 7 DEBUG oslo_service.service [-] database.use_db_reconnect = False log_opt_values /var/lib/kolla/venv/lib/python3.6/site-packages/oslo_config/cfg.py:2611
2026-05-11 02:04:49.005 7 DEBUG oslo_service.service [-] ******************************************************************************** log_opt_values /var/lib/kolla/venv/lib/python3.6/site-packages/oslo_config/cfg.py:2613
2026-05-11 02:04:49.005 25 DEBUG neutron.services.l3_router.l3_router_plugin [-] neutron.services.l3_router.l3_router_plugin.L3RouterPlugin method start_rpc_listeners called with arguments () {} wrapper /var/lib/kolla/venv/lib/python3.6/site-packages/oslo_log/helpers.py:66
2026-05-11 02:04:49.013 24 DEBUG neutron.services.l3_router.l3_router_plugin [-] neutron.services.l3_router.l3_router_plugin.L3RouterPlugin method start_rpc_listeners called with arguments () {} wrapper /var/lib/kolla/venv/lib/python3.6/site-packages/oslo_log/helpers.py:66
2026-05-11 02:04:50.266 22 DEBUG neutron.wsgi [-] (22) accepted ('10.0.0.41', 45026) server /var/lib/kolla/venv/lib/python3.6/site-packages/eventlet/wsgi.py:1004
2026-05-11 02:04:50.275 22 INFO neutron.wsgi [-] 10.0.0.41 "GET / HTTP/1.1" status: 200 len: 227 time: 0.0064678
2026-05-11 02:04:54.056 23 DEBUG neutron.api.rpc.handlers.dhcp_rpc [req-a2f603a0-50f4-4b3e-8a69-df1ac2f5fe26 - - - - -] get_active_networks_info from cn-jenkins-deploy-platform-ansible-os-5766-1 get_active_networks_info /var/lib/kolla/venv/lib/python3.6/site-packages/neutron/api/rpc/handlers/dhcp_rpc.py:159
2026-05-11 02:04:54.089 26 DEBUG neutron_lib.callbacks.manager [req-707e0663-c6c8-461e-b85e-805df09c9431 - - - - -] Publish callbacks ['neutron.services.segments.db._update_segment_host_mapping_for_agent-8767595588928', 'neutron.services.l3_router.l3_router_plugin.DVRResourceOperationHandler.create_fip_agent_gw_ports-981949'] for agent (d1e4cc7e-404b-4a08-b15c-a1972d5520e9), after_create _notify_loop /var/lib/kolla/venv/lib/python3.6/site-packages/neutron_lib/callbacks/manager.py:177
2026-05-11 02:04:54.108 23 DEBUG neutron.scheduler.dhcp_agent_scheduler [req-a2f603a0-50f4-4b3e-8a69-df1ac2f5fe26 - - - - -] No non-hosted networks auto_schedule_networks /var/lib/kolla/venv/lib/python3.6/site-packages/neutron/scheduler/dhcp_agent_scheduler.py:60
2026-05-11 02:05:16.926 27 DEBUG neutron_lib.callbacks.manager [req-32a546a7-4fb7-4e6c-9dc5-224db9a4a353 - - - - -] Publish callbacks ['neutron.services.segments.db._update_segment_host_mapping_for_agent-8767595588928', 'neutron.services.l3_router.l3_router_plugin.DVRResourceOperationHandler.create_fip_agent_gw_ports-981949'] for agent (4c4a5566-b30e-4bb7-beb0-740f383c2af0), after_create _notify_loop /var/lib/kolla/venv/lib/python3.6/site-packages/neutron_lib/callbacks/manager.py:177
2026-05-11 02:05:20.334 22 DEBUG neutron.wsgi [-] (22) accepted ('10.0.0.41', 46250) server /var/lib/kolla/venv/lib/python3.6/site-packages/eventlet/wsgi.py:1004
2026-05-11 02:05:20.339 22 INFO neutron.wsgi [-] 10.0.0.41 "GET / HTTP/1.1" status: 200 len: 227 time: 0.0036585
2026-05-11 02:05:24.074 28 DEBUG neutron_lib.callbacks.manager [req-7629c90f-b13e-4d11-8f15-c00446243adc - - - - -] Publish callbacks ['neutron.services.segments.db._update_segment_host_mapping_for_agent-8767595588928', 'neutron.plugins.ml2.plugin.Ml2Plugin._retry_binding_revived_agents--9223372036852696998'] for agent (d1e4cc7e-404b-4a08-b15c-a1972d5520e9), after_update _notify_loop /var/lib/kolla/venv/lib/python3.6/site-packages/neutron_lib/callbacks/manager.py:177
2026-05-11 02:05:31.975 29 DEBUG neutron.db.agents_db [req-d1d05382-a2eb-4bcc-afac-2520662213e0 - - - - -] Agent healthcheck: found 2 active agents agent_health_check /var/lib/kolla/venv/lib/python3.6/site-packages/neutron/db/agents_db.py:318
2026-05-11 02:05:46.885 23 DEBUG neutron_lib.callbacks.manager [req-32a546a7-4fb7-4e6c-9dc5-224db9a4a353 - - - - -] Publish callbacks ['neutron.services.segments.db._update_segment_host_mapping_for_agent-8767595588928', 'neutron.plugins.ml2.plugin.Ml2Plugin._retry_binding_revived_agents--9223372036852696998'] for agent (4c4a5566-b30e-4bb7-beb0-740f383c2af0), after_update _notify_loop /var/lib/kolla/venv/lib/python3.6/site-packages/neutron_lib/callbacks/manager.py:177
2026-05-11 02:05:50.388 22 DEBUG neutron.wsgi [-] (22) accepted ('10.0.0.41', 56108) server /var/lib/kolla/venv/lib/python3.6/site-packages/eventlet/wsgi.py:1004
2026-05-11 02:05:50.393 22 INFO neutron.wsgi [-] 10.0.0.41 "GET / HTTP/1.1" status: 200 len: 227 time: 0.0030589
2026-05-11 02:05:54.077 25 DEBUG neutron_lib.callbacks.manager [req-b3cb4255-fd04-4bce-bef9-d7927cadbcaf - - - - -] Publish callbacks ['neutron.services.segments.db._update_segment_host_mapping_for_agent-8767595588928', 'neutron.plugins.ml2.plugin.Ml2Plugin._retry_binding_revived_agents--9223372036852696998'] for agent (d1e4cc7e-404b-4a08-b15c-a1972d5520e9), after_update _notify_loop /var/lib/kolla/venv/lib/python3.6/site-packages/neutron_lib/callbacks/manager.py:177
2026-05-11 02:06:08.977 29 DEBUG neutron.db.agents_db [req-d1d05382-a2eb-4bcc-afac-2520662213e0 - - - - -] Agent healthcheck: found 2 active agents agent_health_check /var/lib/kolla/venv/lib/python3.6/site-packages/neutron/db/agents_db.py:318
2026-05-11 02:06:16.900 24 DEBUG neutron_lib.callbacks.manager [req-32a546a7-4fb7-4e6c-9dc5-224db9a4a353 - - - - -] Publish callbacks ['neutron.services.segments.db._update_segment_host_mapping_for_agent-8767595588928', 'neutron.plugins.ml2.plugin.Ml2Plugin._retry_binding_revived_agents--9223372036852696998'] for agent (4c4a5566-b30e-4bb7-beb0-740f383c2af0), after_update _notify_loop /var/lib/kolla/venv/lib/python3.6/site-packages/neutron_lib/callbacks/manager.py:177
2026-05-11 02:06:20.442 22 DEBUG neutron.wsgi [-] (22) accepted ('10.0.0.41', 35244) server /var/lib/kolla/venv/lib/python3.6/site-packages/eventlet/wsgi.py:1004
2026-05-11 02:06:20.447 22 INFO neutron.wsgi [-] 10.0.0.41 "GET / HTTP/1.1" status: 200 len: 227 time: 0.0030556
2026-05-11 02:06:24.052 26 DEBUG neutron_lib.callbacks.manager [req-3979891c-9e64-419a-9d7c-d169b1f41cc9 - - - - -] Publish callbacks ['neutron.services.segments.db._update_segment_host_mapping_for_agent-8767595588928', 'neutron.plugins.ml2.plugin.Ml2Plugin._retry_binding_revived_agents--9223372036852696998'] for agent (d1e4cc7e-404b-4a08-b15c-a1972d5520e9), after_update _notify_loop /var/lib/kolla/venv/lib/python3.6/site-packages/neutron_lib/callbacks/manager.py:177
2026-05-11 02:06:45.977 29 DEBUG neutron.db.agents_db [req-d1d05382-a2eb-4bcc-afac-2520662213e0 - - - - -] Agent healthcheck: found 2 active agents agent_health_check /var/lib/kolla/venv/lib/python3.6/site-packages/neutron/db/agents_db.py:318
2026-05-11 02:06:46.883 27 DEBUG neutron_lib.callbacks.manager [req-32a546a7-4fb7-4e6c-9dc5-224db9a4a353 - - - - -] Publish callbacks ['neutron.services.segments.db._update_segment_host_mapping_for_agent-8767595588928', 'neutron.plugins.ml2.plugin.Ml2Plugin._retry_binding_revived_agents--9223372036852696998'] for agent (4c4a5566-b30e-4bb7-beb0-740f383c2af0), after_update _notify_loop /var/lib/kolla/venv/lib/python3.6/site-packages/neutron_lib/callbacks/manager.py:177
2026-05-11 02:06:50.496 22 DEBUG neutron.wsgi [-] (22) accepted ('10.0.0.41', 50144) server /var/lib/kolla/venv/lib/python3.6/site-packages/eventlet/wsgi.py:1004
2026-05-11 02:06:50.501 22 INFO neutron.wsgi [-] 10.0.0.41 "GET / HTTP/1.1" status: 200 len: 227 time: 0.0035868
2026-05-11 02:06:54.053 28 DEBUG neutron_lib.callbacks.manager [req-fdab20e8-3668-4468-a623-75c8a54ddf3b - - - - -] Publish callbacks ['neutron.services.segments.db._update_segment_host_mapping_for_agent-8767595588928', 'neutron.plugins.ml2.plugin.Ml2Plugin._retry_binding_revived_agents--9223372036852696998'] for agent (d1e4cc7e-404b-4a08-b15c-a1972d5520e9), after_update _notify_loop /var/lib/kolla/venv/lib/python3.6/site-packages/neutron_lib/callbacks/manager.py:177
2026-05-11 02:07:16.885 23 DEBUG neutron_lib.callbacks.manager [req-32a546a7-4fb7-4e6c-9dc5-224db9a4a353 - - - - -] Publish callbacks ['neutron.services.segments.db._update_segment_host_mapping_for_agent-8767595588928', 'neutron.plugins.ml2.plugin.Ml2Plugin._retry_binding_revived_agents--9223372036852696998'] for agent (4c4a5566-b30e-4bb7-beb0-740f383c2af0), after_update _notify_loop /var/lib/kolla/venv/lib/python3.6/site-packages/neutron_lib/callbacks/manager.py:177
2026-05-11 02:07:20.560 22 DEBUG neutron.wsgi [-] (22) accepted ('10.0.0.41', 44054) server /var/lib/kolla/venv/lib/python3.6/site-packages/eventlet/wsgi.py:1004
2026-05-11 02:07:20.567 22 INFO neutron.wsgi [-] 10.0.0.41 "GET / HTTP/1.1" status: 200 len: 227 time: 0.0057168
2026-05-11 02:07:22.980 29 DEBUG neutron.db.agents_db [req-d1d05382-a2eb-4bcc-afac-2520662213e0 - - - - -] Agent healthcheck: found 2 active agents agent_health_check /var/lib/kolla/venv/lib/python3.6/site-packages/neutron/db/agents_db.py:318
2026-05-11 02:07:24.058 25 DEBUG neutron_lib.callbacks.manager [req-55c49b6e-bc6b-476f-93f3-c7de2825d279 - - - - -] Publish callbacks ['neutron.services.segments.db._update_segment_host_mapping_for_agent-8767595588928', 'neutron.plugins.ml2.plugin.Ml2Plugin._retry_binding_revived_agents--9223372036852696998'] for agent (d1e4cc7e-404b-4a08-b15c-a1972d5520e9), after_update _notify_loop /var/lib/kolla/venv/lib/python3.6/site-packages/neutron_lib/callbacks/manager.py:177
2026-05-11 02:07:46.891 24 DEBUG neutron_lib.callbacks.manager [req-32a546a7-4fb7-4e6c-9dc5-224db9a4a353 - - - - -] Publish callbacks ['neutron.services.segments.db._update_segment_host_mapping_for_agent-8767595588928', 'neutron.plugins.ml2.plugin.Ml2Plugin._retry_binding_revived_agents--9223372036852696998'] for agent (4c4a5566-b30e-4bb7-beb0-740f383c2af0), after_update _notify_loop /var/lib/kolla/venv/lib/python3.6/site-packages/neutron_lib/callbacks/manager.py:177
2026-05-11 02:07:50.618 22 DEBUG neutron.wsgi [-] (22) accepted ('10.0.0.41', 36088) server /var/lib/kolla/venv/lib/python3.6/site-packages/eventlet/wsgi.py:1004
2026-05-11 02:07:50.623 22 INFO neutron.wsgi [-] 10.0.0.41 "GET / HTTP/1.1" status: 200 len: 227 time: 0.0032725
2026-05-11 02:07:54.050 26 DEBUG neutron_lib.callbacks.manager [req-335d96a9-2156-4030-bdcd-ef7b7a20328b - - - - -] Publish callbacks ['neutron.services.segments.db._update_segment_host_mapping_for_agent-8767595588928', 'neutron.plugins.ml2.plugin.Ml2Plugin._retry_binding_revived_agents--9223372036852696998'] for agent (d1e4cc7e-404b-4a08-b15c-a1972d5520e9), after_update _notify_loop /var/lib/kolla/venv/lib/python3.6/site-packages/neutron_lib/callbacks/manager.py:177
2026-05-11 02:07:59.979 29 DEBUG neutron.db.agents_db [req-d1d05382-a2eb-4bcc-afac-2520662213e0 - - - - -] Agent healthcheck: found 2 active agents agent_health_check /var/lib/kolla/venv/lib/python3.6/site-packages/neutron/db/agents_db.py:318
2026-05-11 02:08:16.892 27 DEBUG neutron_lib.callbacks.manager [req-32a546a7-4fb7-4e6c-9dc5-224db9a4a353 - - - - -] Publish callbacks ['neutron.services.segments.db._update_segment_host_mapping_for_agent-8767595588928', 'neutron.plugins.ml2.plugin.Ml2Plugin._retry_binding_revived_agents--9223372036852696998'] for agent (4c4a5566-b30e-4bb7-beb0-740f383c2af0), after_update _notify_loop /var/lib/kolla/venv/lib/python3.6/site-packages/neutron_lib/callbacks/manager.py:177
2026-05-11 02:08:20.674 22 DEBUG neutron.wsgi [-] (22) accepted ('10.0.0.41', 51742) server /var/lib/kolla/venv/lib/python3.6/site-packages/eventlet/wsgi.py:1004
2026-05-11 02:08:20.679 22 INFO neutron.wsgi [-] 10.0.0.41 "GET / HTTP/1.1" status: 200 len: 227 time: 0.0030005
2026-05-11 02:08:24.052 28 DEBUG neutron_lib.callbacks.manager [req-169e39ce-042a-4c2c-9e15-026ac94a8e77 - - - - -] Publish callbacks ['neutron.services.segments.db._update_segment_host_mapping_for_agent-8767595588928', 'neutron.plugins.ml2.plugin.Ml2Plugin._retry_binding_revived_agents--9223372036852696998'] for agent (d1e4cc7e-404b-4a08-b15c-a1972d5520e9), after_update _notify_loop /var/lib/kolla/venv/lib/python3.6/site-packages/neutron_lib/callbacks/manager.py:177
2026-05-11 02:08:36.979 29 DEBUG neutron.db.agents_db [req-d1d05382-a2eb-4bcc-afac-2520662213e0 - - - - -] Agent healthcheck: found 2 active agents agent_health_check /var/lib/kolla/venv/lib/python3.6/site-packages/neutron/db/agents_db.py:318
2026-05-11 02:08:46.896 23 DEBUG neutron_lib.callbacks.manager [req-32a546a7-4fb7-4e6c-9dc5-224db9a4a353 - - - - -] Publish callbacks ['neutron.services.segments.db._update_segment_host_mapping_for_agent-8767595588928', 'neutron.plugins.ml2.plugin.Ml2Plugin._retry_binding_revived_agents--9223372036852696998'] for agent (4c4a5566-b30e-4bb7-beb0-740f383c2af0), after_update _notify_loop /var/lib/kolla/venv/lib/python3.6/site-packages/neutron_lib/callbacks/manager.py:177
2026-05-11 02:08:50.731 22 DEBUG neutron.wsgi [-] (22) accepted ('10.0.0.41', 59990) server /var/lib/kolla/venv/lib/python3.6/site-packages/eventlet/wsgi.py:1004
2026-05-11 02:08:50.737 22 INFO neutron.wsgi [-] 10.0.0.41 "GET / HTTP/1.1" status: 200 len: 227 time: 0.0045846
2026-05-11 02:08:54.052 25 DEBUG neutron_lib.callbacks.manager [req-2574cedc-570f-4635-9f6b-d5bfd8a27930 - - - - -] Publish callbacks ['neutron.services.segments.db._update_segment_host_mapping_for_agent-8767595588928', 'neutron.plugins.ml2.plugin.Ml2Plugin._retry_binding_revived_agents--9223372036852696998'] for agent (d1e4cc7e-404b-4a08-b15c-a1972d5520e9), after_update _notify_loop /var/lib/kolla/venv/lib/python3.6/site-packages/neutron_lib/callbacks/manager.py:177
2026-05-11 02:09:13.982 29 DEBUG neutron.db.agents_db [req-d1d05382-a2eb-4bcc-afac-2520662213e0 - - - - -] Agent healthcheck: found 2 active agents agent_health_check /var/lib/kolla/venv/lib/python3.6/site-packages/neutron/db/agents_db.py:318
2026-05-11 02:09:16.898 24 DEBUG neutron_lib.callbacks.manager [req-32a546a7-4fb7-4e6c-9dc5-224db9a4a353 - - - - -] Publish callbacks ['neutron.services.segments.db._update_segment_host_mapping_for_agent-8767595588928', 'neutron.plugins.ml2.plugin.Ml2Plugin._retry_binding_revived_agents--9223372036852696998'] for agent (4c4a5566-b30e-4bb7-beb0-740f383c2af0), after_update _notify_loop /var/lib/kolla/venv/lib/python3.6/site-packages/neutron_lib/callbacks/manager.py:177
2026-05-11 02:09:20.790 22 DEBUG neutron.wsgi [-] (22) accepted ('10.0.0.41', 40794) server /var/lib/kolla/venv/lib/python3.6/site-packages/eventlet/wsgi.py:1004
2026-05-11 02:09:20.794 22 INFO neutron.wsgi [-] 10.0.0.41 "GET / HTTP/1.1" status: 200 len: 227 time: 0.0033798
2026-05-11 02:09:24.053 26 DEBUG neutron_lib.callbacks.manager [req-7fc44467-c558-4a5a-8ff1-604fed46d727 - - - - -] Publish callbacks ['neutron.services.segments.db._update_segment_host_mapping_for_agent-8767595588928', 'neutron.plugins.ml2.plugin.Ml2Plugin._retry_binding_revived_agents--9223372036852696998'] for agent (d1e4cc7e-404b-4a08-b15c-a1972d5520e9), after_update _notify_loop /var/lib/kolla/venv/lib/python3.6/site-packages/neutron_lib/callbacks/manager.py:177
2026-05-11 02:09:46.901 27 DEBUG neutron_lib.callbacks.manager [req-32a546a7-4fb7-4e6c-9dc5-224db9a4a353 - - - - -] Publish callbacks ['neutron.services.segments.db._update_segment_host_mapping_for_agent-8767595588928', 'neutron.plugins.ml2.plugin.Ml2Plugin._retry_binding_revived_agents--9223372036852696998'] for agent (4c4a5566-b30e-4bb7-beb0-740f383c2af0), after_update _notify_loop /var/lib/kolla/venv/lib/python3.6/site-packages/neutron_lib/callbacks/manager.py:177
2026-05-11 02:09:50.846 22 DEBUG neutron.wsgi [-] (22) accepted ('10.0.0.41', 47280) server /var/lib/kolla/venv/lib/python3.6/site-packages/eventlet/wsgi.py:1004
2026-05-11 02:09:50.852 22 INFO neutron.wsgi [-] 10.0.0.41 "GET / HTTP/1.1" status: 200 len: 227 time: 0.0038273
2026-05-11 02:09:50.982 29 DEBUG neutron.db.agents_db [req-d1d05382-a2eb-4bcc-afac-2520662213e0 - - - - -] Agent healthcheck: found 2 active agents agent_health_check /var/lib/kolla/venv/lib/python3.6/site-packages/neutron/db/agents_db.py:318
2026-05-11 02:09:54.056 28 DEBUG neutron_lib.callbacks.manager [req-fcfed417-327e-448d-b4ce-f238b574806c - - - - -] Publish callbacks ['neutron.services.segments.db._update_segment_host_mapping_for_agent-8767595588928', 'neutron.plugins.ml2.plugin.Ml2Plugin._retry_binding_revived_agents--9223372036852696998'] for agent (d1e4cc7e-404b-4a08-b15c-a1972d5520e9), after_update _notify_loop /var/lib/kolla/venv/lib/python3.6/site-packages/neutron_lib/callbacks/manager.py:177
2026-05-11 02:10:16.920 23 DEBUG neutron_lib.callbacks.manager [req-32a546a7-4fb7-4e6c-9dc5-224db9a4a353 - - - - -] Publish callbacks ['neutron.services.segments.db._update_segment_host_mapping_for_agent-8767595588928', 'neutron.plugins.ml2.plugin.Ml2Plugin._retry_binding_revived_agents--9223372036852696998'] for agent (4c4a5566-b30e-4bb7-beb0-740f383c2af0), after_update _notify_loop /var/lib/kolla/venv/lib/python3.6/site-packages/neutron_lib/callbacks/manager.py:177
2026-05-11 02:10:20.915 22 DEBUG neutron.wsgi [-] (22) accepted ('10.0.0.41', 41900) server /var/lib/kolla/venv/lib/python3.6/site-packages/eventlet/wsgi.py:1004
2026-05-11 02:10:20.919 22 INFO neutron.wsgi [-] 10.0.0.41 "GET / HTTP/1.1" status: 200 len: 227 time: 0.0029182
2026-05-11 02:10:24.056 25 DEBUG neutron_lib.callbacks.manager [req-e394e521-efe4-4860-aac0-567d9e526597 - - - - -] Publish callbacks ['neutron.services.segments.db._update_segment_host_mapping_for_agent-8767595588928', 'neutron.plugins.ml2.plugin.Ml2Plugin._retry_binding_revived_agents--9223372036852696998'] for agent (d1e4cc7e-404b-4a08-b15c-a1972d5520e9), after_update _notify_loop /var/lib/kolla/venv/lib/python3.6/site-packages/neutron_lib/callbacks/manager.py:177
2026-05-11 02:10:27.979 29 DEBUG neutron.db.agents_db [req-d1d05382-a2eb-4bcc-afac-2520662213e0 - - - - -] Agent healthcheck: found 2 active agents agent_health_check /var/lib/kolla/venv/lib/python3.6/site-packages/neutron/db/agents_db.py:318
2026-05-11 02:10:46.910 24 DEBUG neutron_lib.callbacks.manager [req-32a546a7-4fb7-4e6c-9dc5-224db9a4a353 - - - - -] Publish callbacks ['neutron.services.segments.db._update_segment_host_mapping_for_agent-8767595588928', 'neutron.plugins.ml2.plugin.Ml2Plugin._retry_binding_revived_agents--9223372036852696998'] for agent (4c4a5566-b30e-4bb7-beb0-740f383c2af0), after_update _notify_loop /var/lib/kolla/venv/lib/python3.6/site-packages/neutron_lib/callbacks/manager.py:177
2026-05-11 02:10:50.970 22 DEBUG neutron.wsgi [-] (22) accepted ('10.0.0.41', 40734) server /var/lib/kolla/venv/lib/python3.6/site-packages/eventlet/wsgi.py:1004
2026-05-11 02:10:50.976 22 INFO neutron.wsgi [-] 10.0.0.41 "GET / HTTP/1.1" status: 200 len: 227 time: 0.0046117
2026-05-11 02:10:54.059 26 DEBUG neutron_lib.callbacks.manager [req-78dd7d90-82eb-45ce-8bd7-8ce59656f49c - - - - -] Publish callbacks ['neutron.services.segments.db._update_segment_host_mapping_for_agent-8767595588928', 'neutron.plugins.ml2.plugin.Ml2Plugin._retry_binding_revived_agents--9223372036852696998'] for agent (d1e4cc7e-404b-4a08-b15c-a1972d5520e9), after_update _notify_loop /var/lib/kolla/venv/lib/python3.6/site-packages/neutron_lib/callbacks/manager.py:177
2026-05-11 02:11:04.979 29 DEBUG neutron.db.agents_db [req-d1d05382-a2eb-4bcc-afac-2520662213e0 - - - - -] Agent healthcheck: found 2 active agents agent_health_check /var/lib/kolla/venv/lib/python3.6/site-packages/neutron/db/agents_db.py:318
2026-05-11 02:11:16.910 27 DEBUG neutron_lib.callbacks.manager [req-32a546a7-4fb7-4e6c-9dc5-224db9a4a353 - - - - -] Publish callbacks ['neutron.services.segments.db._update_segment_host_mapping_for_agent-8767595588928', 'neutron.plugins.ml2.plugin.Ml2Plugin._retry_binding_revived_agents--9223372036852696998'] for agent (4c4a5566-b30e-4bb7-beb0-740f383c2af0), after_update _notify_loop /var/lib/kolla/venv/lib/python3.6/site-packages/neutron_lib/callbacks/manager.py:177
2026-05-11 02:11:21.032 22 DEBUG neutron.wsgi [-] (22) accepted ('10.0.0.41', 37164) server /var/lib/kolla/venv/lib/python3.6/site-packages/eventlet/wsgi.py:1004
2026-05-11 02:11:21.037 22 INFO neutron.wsgi [-] 10.0.0.41 "GET / HTTP/1.1" status: 200 len: 227 time: 0.0030937
2026-05-11 02:11:24.058 28 DEBUG neutron_lib.callbacks.manager [req-c93d49d6-307a-46a6-ad50-2b5ed4732e1a - - - - -] Publish callbacks ['neutron.services.segments.db._update_segment_host_mapping_for_agent-8767595588928', 'neutron.plugins.ml2.plugin.Ml2Plugin._retry_binding_revived_agents--9223372036852696998'] for agent (d1e4cc7e-404b-4a08-b15c-a1972d5520e9), after_update _notify_loop /var/lib/kolla/venv/lib/python3.6/site-packages/neutron_lib/callbacks/manager.py:177
2026-05-11 02:11:41.978 29 DEBUG neutron.db.agents_db [req-d1d05382-a2eb-4bcc-afac-2520662213e0 - - - - -] Agent healthcheck: found 2 active agents agent_health_check /var/lib/kolla/venv/lib/python3.6/site-packages/neutron/db/agents_db.py:318
2026-05-11 02:11:46.914 23 DEBUG neutron_lib.callbacks.manager [req-32a546a7-4fb7-4e6c-9dc5-224db9a4a353 - - - - -] Publish callbacks ['neutron.services.segments.db._update_segment_host_mapping_for_agent-8767595588928', 'neutron.plugins.ml2.plugin.Ml2Plugin._retry_binding_revived_agents--9223372036852696998'] for agent (4c4a5566-b30e-4bb7-beb0-740f383c2af0), after_update _notify_loop /var/lib/kolla/venv/lib/python3.6/site-packages/neutron_lib/callbacks/manager.py:177
2026-05-11 02:11:51.092 22 DEBUG neutron.wsgi [-] (22) accepted ('10.0.0.41', 41184) server /var/lib/kolla/venv/lib/python3.6/site-packages/eventlet/wsgi.py:1004
2026-05-11 02:11:51.099 22 INFO neutron.wsgi [-] 10.0.0.41 "GET / HTTP/1.1" status: 200 len: 227 time: 0.0045846
2026-05-11 02:11:54.061 25 DEBUG neutron_lib.callbacks.manager [req-e72c59b3-a210-4faf-9fe5-62637045a428 - - - - -] Publish callbacks ['neutron.services.segments.db._update_segment_host_mapping_for_agent-8767595588928', 'neutron.plugins.ml2.plugin.Ml2Plugin._retry_binding_revived_agents--9223372036852696998'] for agent (d1e4cc7e-404b-4a08-b15c-a1972d5520e9), after_update _notify_loop /var/lib/kolla/venv/lib/python3.6/site-packages/neutron_lib/callbacks/manager.py:177
2026-05-11 02:12:16.917 24 DEBUG neutron_lib.callbacks.manager [req-32a546a7-4fb7-4e6c-9dc5-224db9a4a353 - - - - -] Publish callbacks ['neutron.services.segments.db._update_segment_host_mapping_for_agent-8767595588928', 'neutron.plugins.ml2.plugin.Ml2Plugin._retry_binding_revived_agents--9223372036852696998'] for agent (4c4a5566-b30e-4bb7-beb0-740f383c2af0), after_update _notify_loop /var/lib/kolla/venv/lib/python3.6/site-packages/neutron_lib/callbacks/manager.py:177
2026-05-11 02:12:18.977 29 DEBUG neutron.db.agents_db [req-d1d05382-a2eb-4bcc-afac-2520662213e0 - - - - -] Agent healthcheck: found 2 active agents agent_health_check /var/lib/kolla/venv/lib/python3.6/site-packages/neutron/db/agents_db.py:318
2026-05-11 02:12:21.152 22 DEBUG neutron.wsgi [-] (22) accepted ('10.0.0.41', 57202) server /var/lib/kolla/venv/lib/python3.6/site-packages/eventlet/wsgi.py:1004
2026-05-11 02:12:21.158 22 INFO neutron.wsgi [-] 10.0.0.41 "GET / HTTP/1.1" status: 200 len: 227 time: 0.0048594
2026-05-11 02:12:24.063 26 DEBUG neutron_lib.callbacks.manager [req-cddaff88-88a3-4044-a3af-85bf950158ba - - - - -] Publish callbacks ['neutron.services.segments.db._update_segment_host_mapping_for_agent-8767595588928', 'neutron.plugins.ml2.plugin.Ml2Plugin._retry_binding_revived_agents--9223372036852696998'] for agent (d1e4cc7e-404b-4a08-b15c-a1972d5520e9), after_update _notify_loop /var/lib/kolla/venv/lib/python3.6/site-packages/neutron_lib/callbacks/manager.py:177
2026-05-11 02:12:46.925 27 DEBUG neutron_lib.callbacks.manager [req-32a546a7-4fb7-4e6c-9dc5-224db9a4a353 - - - - -] Publish callbacks ['neutron.services.segments.db._update_segment_host_mapping_for_agent-8767595588928', 'neutron.plugins.ml2.plugin.Ml2Plugin._retry_binding_revived_agents--9223372036852696998'] for agent (4c4a5566-b30e-4bb7-beb0-740f383c2af0), after_update _notify_loop /var/lib/kolla/venv/lib/python3.6/site-packages/neutron_lib/callbacks/manager.py:177
2026-05-11 02:12:51.210 22 DEBUG neutron.wsgi [-] (22) accepted ('10.0.0.41', 58132) server /var/lib/kolla/venv/lib/python3.6/site-packages/eventlet/wsgi.py:1004
2026-05-11 02:12:51.215 22 INFO neutron.wsgi [-] 10.0.0.41 "GET / HTTP/1.1" status: 200 len: 227 time: 0.0029619
2026-05-11 02:12:54.064 28 DEBUG neutron_lib.callbacks.manager [req-19514faa-6fdf-4c20-b603-ab7283c03067 - - - - -] Publish callbacks ['neutron.services.segments.db._update_segment_host_mapping_for_agent-8767595588928', 'neutron.plugins.ml2.plugin.Ml2Plugin._retry_binding_revived_agents--9223372036852696998'] for agent (d1e4cc7e-404b-4a08-b15c-a1972d5520e9), after_update _notify_loop /var/lib/kolla/venv/lib/python3.6/site-packages/neutron_lib/callbacks/manager.py:177
2026-05-11 02:12:55.974 29 DEBUG neutron.db.agents_db [req-d1d05382-a2eb-4bcc-afac-2520662213e0 - - - - -] Agent healthcheck: found 2 active agents agent_health_check /var/lib/kolla/venv/lib/python3.6/site-packages/neutron/db/agents_db.py:318
2026-05-11 02:13:16.933 23 DEBUG neutron_lib.callbacks.manager [req-32a546a7-4fb7-4e6c-9dc5-224db9a4a353 - - - - -] Publish callbacks ['neutron.services.segments.db._update_segment_host_mapping_for_agent-8767595588928', 'neutron.plugins.ml2.plugin.Ml2Plugin._retry_binding_revived_agents--9223372036852696998'] for agent (4c4a5566-b30e-4bb7-beb0-740f383c2af0), after_update _notify_loop /var/lib/kolla/venv/lib/python3.6/site-packages/neutron_lib/callbacks/manager.py:177
2026-05-11 02:13:21.272 22 DEBUG neutron.wsgi [-] (22) accepted ('10.0.0.41', 34076) server /var/lib/kolla/venv/lib/python3.6/site-packages/eventlet/wsgi.py:1004
2026-05-11 02:13:21.276 22 INFO neutron.wsgi [-] 10.0.0.41 "GET / HTTP/1.1" status: 200 len: 227 time: 0.0029118
2026-05-11 02:13:24.064 25 DEBUG neutron_lib.callbacks.manager [req-0c3c44cc-c216-42b6-81cc-4ba0ace976b9 - - - - -] Publish callbacks ['neutron.services.segments.db._update_segment_host_mapping_for_agent-8767595588928', 'neutron.plugins.ml2.plugin.Ml2Plugin._retry_binding_revived_agents--9223372036852696998'] for agent (d1e4cc7e-404b-4a08-b15c-a1972d5520e9), after_update _notify_loop /var/lib/kolla/venv/lib/python3.6/site-packages/neutron_lib/callbacks/manager.py:177
2026-05-11 02:13:32.975 29 DEBUG neutron.db.agents_db [req-d1d05382-a2eb-4bcc-afac-2520662213e0 - - - - -] Agent healthcheck: found 2 active agents agent_health_check /var/lib/kolla/venv/lib/python3.6/site-packages/neutron/db/agents_db.py:318
2026-05-11 02:13:46.929 24 DEBUG neutron_lib.callbacks.manager [req-32a546a7-4fb7-4e6c-9dc5-224db9a4a353 - - - - -] Publish callbacks ['neutron.services.segments.db._update_segment_host_mapping_for_agent-8767595588928', 'neutron.plugins.ml2.plugin.Ml2Plugin._retry_binding_revived_agents--9223372036852696998'] for agent (4c4a5566-b30e-4bb7-beb0-740f383c2af0), after_update _notify_loop /var/lib/kolla/venv/lib/python3.6/site-packages/neutron_lib/callbacks/manager.py:177
2026-05-11 02:13:51.334 22 DEBUG neutron.wsgi [-] (22) accepted ('10.0.0.41', 52210) server /var/lib/kolla/venv/lib/python3.6/site-packages/eventlet/wsgi.py:1004
2026-05-11 02:13:51.339 22 INFO neutron.wsgi [-] 10.0.0.41 "GET / HTTP/1.1" status: 200 len: 227 time: 0.0029318
2026-05-11 02:13:54.064 26 DEBUG neutron_lib.callbacks.manager [req-fcf91d73-d25f-4d41-9d81-8bc20b118bf9 - - - - -] Publish callbacks ['neutron.services.segments.db._update_segment_host_mapping_for_agent-8767595588928', 'neutron.plugins.ml2.plugin.Ml2Plugin._retry_binding_revived_agents--9223372036852696998'] for agent (d1e4cc7e-404b-4a08-b15c-a1972d5520e9), after_update _notify_loop /var/lib/kolla/venv/lib/python3.6/site-packages/neutron_lib/callbacks/manager.py:177
2026-05-11 02:14:09.976 29 DEBUG neutron.db.agents_db [req-d1d05382-a2eb-4bcc-afac-2520662213e0 - - - - -] Agent healthcheck: found 2 active agents agent_health_check /var/lib/kolla/venv/lib/python3.6/site-packages/neutron/db/agents_db.py:318
2026-05-11 02:14:16.931 27 DEBUG neutron_lib.callbacks.manager [req-32a546a7-4fb7-4e6c-9dc5-224db9a4a353 - - - - -] Publish callbacks ['neutron.services.segments.db._update_segment_host_mapping_for_agent-8767595588928', 'neutron.plugins.ml2.plugin.Ml2Plugin._retry_binding_revived_agents--9223372036852696998'] for agent (4c4a5566-b30e-4bb7-beb0-740f383c2af0), after_update _notify_loop /var/lib/kolla/venv/lib/python3.6/site-packages/neutron_lib/callbacks/manager.py:177
2026-05-11 02:14:21.394 22 DEBUG neutron.wsgi [-] (22) accepted ('10.0.0.41', 48342) server /var/lib/kolla/venv/lib/python3.6/site-packages/eventlet/wsgi.py:1004
2026-05-11 02:14:21.399 22 INFO neutron.wsgi [-] 10.0.0.41 "GET / HTTP/1.1" status: 200 len: 227 time: 0.0036776
2026-05-11 02:14:24.070 28 DEBUG neutron_lib.callbacks.manager [req-00ed6ac4-c771-42e9-bf5d-03ad537e601d - - - - -] Publish callbacks ['neutron.services.segments.db._update_segment_host_mapping_for_agent-8767595588928', 'neutron.plugins.ml2.plugin.Ml2Plugin._retry_binding_revived_agents--9223372036852696998'] for agent (d1e4cc7e-404b-4a08-b15c-a1972d5520e9), after_update _notify_loop /var/lib/kolla/venv/lib/python3.6/site-packages/neutron_lib/callbacks/manager.py:177
2026-05-11 02:14:46.948 23 DEBUG neutron_lib.callbacks.manager [req-32a546a7-4fb7-4e6c-9dc5-224db9a4a353 - - - - -] Publish callbacks ['neutron.services.segments.db._update_segment_host_mapping_for_agent-8767595588928', 'neutron.plugins.ml2.plugin.Ml2Plugin._retry_binding_revived_agents--9223372036852696998'] for agent (4c4a5566-b30e-4bb7-beb0-740f383c2af0), after_update _notify_loop /var/lib/kolla/venv/lib/python3.6/site-packages/neutron_lib/callbacks/manager.py:177
2026-05-11 02:14:46.973 29 DEBUG neutron.db.agents_db [req-d1d05382-a2eb-4bcc-afac-2520662213e0 - - - - -] Agent healthcheck: found 2 active agents agent_health_check /var/lib/kolla/venv/lib/python3.6/site-packages/neutron/db/agents_db.py:318
2026-05-11 02:14:51.463 22 DEBUG neutron.wsgi [-] (22) accepted ('10.0.0.41', 33646) server /var/lib/kolla/venv/lib/python3.6/site-packages/eventlet/wsgi.py:1004
2026-05-11 02:14:51.468 22 INFO neutron.wsgi [-] 10.0.0.41 "GET / HTTP/1.1" status: 200 len: 227 time: 0.0039084
2026-05-11 02:14:54.064 25 DEBUG neutron_lib.callbacks.manager [req-43f21d80-1467-403e-b56c-b86fddb56d55 - - - - -] Publish callbacks ['neutron.services.segments.db._update_segment_host_mapping_for_agent-8767595588928', 'neutron.plugins.ml2.plugin.Ml2Plugin._retry_binding_revived_agents--9223372036852696998'] for agent (d1e4cc7e-404b-4a08-b15c-a1972d5520e9), after_update _notify_loop /var/lib/kolla/venv/lib/python3.6/site-packages/neutron_lib/callbacks/manager.py:177
2026-05-11 02:15:16.936 24 DEBUG neutron_lib.callbacks.manager [req-32a546a7-4fb7-4e6c-9dc5-224db9a4a353 - - - - -] Publish callbacks ['neutron.services.segments.db._update_segment_host_mapping_for_agent-8767595588928', 'neutron.plugins.ml2.plugin.Ml2Plugin._retry_binding_revived_agents--9223372036852696998'] for agent (4c4a5566-b30e-4bb7-beb0-740f383c2af0), after_update _notify_loop /var/lib/kolla/venv/lib/python3.6/site-packages/neutron_lib/callbacks/manager.py:177
2026-05-11 02:15:20.292 7 INFO oslo_service.service [-] Caught SIGTERM, stopping children
2026-05-11 02:15:20.293 7 DEBUG oslo_concurrency.lockutils [-] Acquired lock "singleton_lock" lock /var/lib/kolla/venv/lib/python3.6/site-packages/oslo_concurrency/lockutils.py:294
2026-05-11 02:15:20.293 7 DEBUG oslo_concurrency.lockutils [-] Releasing lock "singleton_lock" lock /var/lib/kolla/venv/lib/python3.6/site-packages/oslo_concurrency/lockutils.py:312
2026-05-11 02:15:20.293 7 DEBUG oslo_service.service [-] Stop services. stop /var/lib/kolla/venv/lib/python3.6/site-packages/oslo_service/service.py:695
2026-05-11 02:15:20.293 7 DEBUG neutron.service [-] calling RpcWorker stop() stop /var/lib/kolla/venv/lib/python3.6/site-packages/neutron/service.py:138
2026-05-11 02:15:20.294 7 DEBUG neutron.service [-] calling RpcWorker stop() stop /var/lib/kolla/venv/lib/python3.6/site-packages/neutron/service.py:138
2026-05-11 02:15:20.294 7 DEBUG oslo_service.service [-] Killing children. stop /var/lib/kolla/venv/lib/python3.6/site-packages/oslo_service/service.py:700
2026-05-11 02:15:20.294 7 INFO oslo_service.service [-] Waiting on 8 children to exit
2026-05-11 02:15:20.295 28 DEBUG neutron.service [-] calling RpcWorker stop() stop /var/lib/kolla/venv/lib/python3.6/site-packages/neutron/service.py:138
2026-05-11 02:15:20.295 29 DEBUG neutron.service [-] calling RpcWorker stop() stop /var/lib/kolla/venv/lib/python3.6/site-packages/neutron/service.py:138
2026-05-11 02:15:20.295 24 DEBUG neutron.service [-] calling RpcWorker stop() stop /var/lib/kolla/venv/lib/python3.6/site-packages/neutron/service.py:138
2026-05-11 02:15:20.296 27 DEBUG neutron.service [-] calling RpcWorker stop() stop /var/lib/kolla/venv/lib/python3.6/site-packages/neutron/service.py:138
2026-05-11 02:15:20.295 29 DEBUG neutron.service [-] calling stop on stop /var/lib/kolla/venv/lib/python3.6/site-packages/neutron/service.py:141
2026-05-11 02:15:20.298 26 DEBUG neutron.service [-] calling RpcWorker stop() stop /var/lib/kolla/venv/lib/python3.6/site-packages/neutron/service.py:138
2026-05-11 02:15:20.296 28 DEBUG neutron.service [-] calling stop on stop /var/lib/kolla/venv/lib/python3.6/site-packages/neutron/service.py:141
2026-05-11 02:15:20.296 24 DEBUG neutron.service [-] calling stop on stop /var/lib/kolla/venv/lib/python3.6/site-packages/neutron/service.py:141
2026-05-11 02:15:20.299 26 DEBUG neutron.service [-] calling stop on stop /var/lib/kolla/venv/lib/python3.6/site-packages/neutron/service.py:141
2026-05-11 02:15:20.303 22 INFO neutron.wsgi [-] (22) wsgi exited, is_accepting=True
2026-05-11 02:15:20.304 22 DEBUG oslo_concurrency.lockutils [req-2c5c5354-67da-47c4-ae85-706d553f5fb6 - - - - -] Acquired lock "singleton_lock" lock /var/lib/kolla/venv/lib/python3.6/site-packages/oslo_concurrency/lockutils.py:294
2026-05-11 02:15:20.304 22 DEBUG oslo_concurrency.lockutils [req-2c5c5354-67da-47c4-ae85-706d553f5fb6 - - - - -] Releasing lock "singleton_lock" lock /var/lib/kolla/venv/lib/python3.6/site-packages/oslo_concurrency/lockutils.py:312
2026-05-11 02:15:20.297 27 DEBUG neutron.service [-] calling stop on stop /var/lib/kolla/venv/lib/python3.6/site-packages/neutron/service.py:141
2026-05-11 02:15:20.307 25 DEBUG neutron.service [-] calling RpcWorker stop() stop /var/lib/kolla/venv/lib/python3.6/site-packages/neutron/service.py:138
2026-05-11 02:15:20.307 25 DEBUG neutron.service [-] calling stop on stop /var/lib/kolla/venv/lib/python3.6/site-packages/neutron/service.py:141
2026-05-11 02:15:20.315 7 INFO oslo_service.service [-] Child 22 exited with status 0
2026-05-11 02:15:20.316 23 DEBUG neutron.service [-] calling RpcWorker stop() stop /var/lib/kolla/venv/lib/python3.6/site-packages/neutron/service.py:138
2026-05-11 02:15:20.317 23 DEBUG neutron.service [-] calling stop on stop /var/lib/kolla/venv/lib/python3.6/site-packages/neutron/service.py:141
2026-05-11 02:15:23.960 23 DEBUG neutron.service [-] calling stop on stop /var/lib/kolla/venv/lib/python3.6/site-packages/neutron/service.py:141
2026-05-11 02:15:23.969 25 DEBUG neutron.service [-] calling stop on stop /var/lib/kolla/venv/lib/python3.6/site-packages/neutron/service.py:141
2026-05-11 02:15:23.971 26 DEBUG oslo_concurrency.lockutils [req-2c5c5354-67da-47c4-ae85-706d553f5fb6 - - - - -] Acquired lock "singleton_lock" lock /var/lib/kolla/venv/lib/python3.6/site-packages/oslo_concurrency/lockutils.py:294
2026-05-11 02:15:23.971 26 DEBUG oslo_concurrency.lockutils [req-2c5c5354-67da-47c4-ae85-706d553f5fb6 - - - - -] Releasing lock "singleton_lock" lock /var/lib/kolla/venv/lib/python3.6/site-packages/oslo_concurrency/lockutils.py:312
2026-05-11 02:15:23.972 26 DEBUG neutron.service [req-2c5c5354-67da-47c4-ae85-706d553f5fb6 - - - - -] calling RpcWorker wait() _wait /var/lib/kolla/venv/lib/python3.6/site-packages/neutron/service.py:128
2026-05-11 02:15:23.972 26 DEBUG neutron.service [req-2c5c5354-67da-47c4-ae85-706d553f5fb6 - - - - -] calling wait on _wait /var/lib/kolla/venv/lib/python3.6/site-packages/neutron/service.py:131
2026-05-11 02:15:23.979 23 DEBUG neutron.service [-] calling stop on stop /var/lib/kolla/venv/lib/python3.6/site-packages/neutron/service.py:141
2026-05-11 02:15:23.980 27 DEBUG oslo_concurrency.lockutils [req-2c5c5354-67da-47c4-ae85-706d553f5fb6 - - - - -] Acquired lock "singleton_lock" lock /var/lib/kolla/venv/lib/python3.6/site-packages/oslo_concurrency/lockutils.py:294
2026-05-11 02:15:23.981 27 DEBUG oslo_concurrency.lockutils [req-2c5c5354-67da-47c4-ae85-706d553f5fb6 - - - - -] Releasing lock "singleton_lock" lock /var/lib/kolla/venv/lib/python3.6/site-packages/oslo_concurrency/lockutils.py:312
2026-05-11 02:15:23.981 26 WARNING amqp [req-2c5c5354-67da-47c4-ae85-706d553f5fb6 - - - - -] Received method (60, 30) during closing channel 1. This method will be ignored
2026-05-11 02:15:23.982 27 DEBUG neutron.service [req-2c5c5354-67da-47c4-ae85-706d553f5fb6 - - - - -] calling RpcWorker wait() _wait /var/lib/kolla/venv/lib/python3.6/site-packages/neutron/service.py:128
2026-05-11 02:15:23.983 27 DEBUG neutron.service [req-2c5c5354-67da-47c4-ae85-706d553f5fb6 - - - - -] calling wait on _wait /var/lib/kolla/venv/lib/python3.6/site-packages/neutron/service.py:131
2026-05-11 02:15:23.983 26 DEBUG neutron.service [req-2c5c5354-67da-47c4-ae85-706d553f5fb6 - - - - -] returning from RpcWorker wait() _wait /var/lib/kolla/venv/lib/python3.6/site-packages/neutron/service.py:135
2026-05-11 02:15:23.984 28 DEBUG oslo_concurrency.lockutils [req-2c5c5354-67da-47c4-ae85-706d553f5fb6 - - - - -] Acquired lock "singleton_lock" lock /var/lib/kolla/venv/lib/python3.6/site-packages/oslo_concurrency/lockutils.py:294
2026-05-11 02:15:23.984 28 DEBUG oslo_concurrency.lockutils [req-2c5c5354-67da-47c4-ae85-706d553f5fb6 - - - - -] Releasing lock "singleton_lock" lock /var/lib/kolla/venv/lib/python3.6/site-packages/oslo_concurrency/lockutils.py:312
2026-05-11 02:15:23.984 28 DEBUG neutron.service [req-2c5c5354-67da-47c4-ae85-706d553f5fb6 - - - - -] calling RpcWorker wait() _wait /var/lib/kolla/venv/lib/python3.6/site-packages/neutron/service.py:128
2026-05-11 02:15:23.985 28 DEBUG neutron.service [req-2c5c5354-67da-47c4-ae85-706d553f5fb6 - - - - -] calling wait on _wait /var/lib/kolla/venv/lib/python3.6/site-packages/neutron/service.py:131
2026-05-11 02:15:23.992 7 INFO oslo_service.service [-] Child 26 exited with status 0
2026-05-11 02:15:23.995 24 DEBUG neutron.service [-] calling stop on stop /var/lib/kolla/venv/lib/python3.6/site-packages/neutron/service.py:141
2026-05-11 02:15:23.995 29 DEBUG oslo_concurrency.lockutils [req-2c5c5354-67da-47c4-ae85-706d553f5fb6 - - - - -] Acquired lock "singleton_lock" lock /var/lib/kolla/venv/lib/python3.6/site-packages/oslo_concurrency/lockutils.py:294
2026-05-11 02:15:23.995 29 DEBUG oslo_concurrency.lockutils [req-2c5c5354-67da-47c4-ae85-706d553f5fb6 - - - - -] Releasing lock "singleton_lock" lock /var/lib/kolla/venv/lib/python3.6/site-packages/oslo_concurrency/lockutils.py:312
2026-05-11 02:15:23.996 29 DEBUG neutron.service [req-2c5c5354-67da-47c4-ae85-706d553f5fb6 - - - - -] calling RpcWorker wait() _wait /var/lib/kolla/venv/lib/python3.6/site-packages/neutron/service.py:128
2026-05-11 02:15:23.997 29 DEBUG neutron.service [req-2c5c5354-67da-47c4-ae85-706d553f5fb6 - - - - -] calling wait on _wait /var/lib/kolla/venv/lib/python3.6/site-packages/neutron/service.py:131
2026-05-11 02:15:23.996 28 WARNING amqp [req-2c5c5354-67da-47c4-ae85-706d553f5fb6 - - - - -] Received method (60, 30) during closing channel 1. This method will be ignored
2026-05-11 02:15:23.999 28 DEBUG neutron.service [req-2c5c5354-67da-47c4-ae85-706d553f5fb6 - - - - -] returning from RpcWorker wait() _wait /var/lib/kolla/venv/lib/python3.6/site-packages/neutron/service.py:135
2026-05-11 02:15:23.999 27 WARNING amqp [req-2c5c5354-67da-47c4-ae85-706d553f5fb6 - - - - -] Received method (60, 30) during closing channel 1. This method will be ignored
2026-05-11 02:15:24.000 27 DEBUG neutron.service [req-2c5c5354-67da-47c4-ae85-706d553f5fb6 - - - - -] returning from RpcWorker wait() _wait /var/lib/kolla/venv/lib/python3.6/site-packages/neutron/service.py:135
2026-05-11 02:15:24.005 25 DEBUG neutron.service [-] calling stop on stop /var/lib/kolla/venv/lib/python3.6/site-packages/neutron/service.py:141
2026-05-11 02:15:24.005 29 WARNING amqp [req-2c5c5354-67da-47c4-ae85-706d553f5fb6 - - - - -] Received method (60, 30) during closing channel 1. This method will be ignored
2026-05-11 02:15:24.007 24 DEBUG neutron.service [-] calling stop on stop /var/lib/kolla/venv/lib/python3.6/site-packages/neutron/service.py:141
2026-05-11 02:15:24.007 23 DEBUG neutron.service [-] calling stop on stop /var/lib/kolla/venv/lib/python3.6/site-packages/neutron/service.py:141
2026-05-11 02:15:24.008 7 INFO oslo_service.service [-] Child 28 exited with status 0
2026-05-11 02:15:24.008 29 DEBUG neutron.service [req-2c5c5354-67da-47c4-ae85-706d553f5fb6 - - - - -] returning from RpcWorker wait() _wait /var/lib/kolla/venv/lib/python3.6/site-packages/neutron/service.py:135
2026-05-11 02:15:24.014 7 INFO oslo_service.service [-] Child 27 exited with status 0
2026-05-11 02:15:24.015 7 INFO oslo_service.service [-] Child 29 exited with status 0
2026-05-11 02:15:24.025 23 DEBUG oslo_concurrency.lockutils [req-2c5c5354-67da-47c4-ae85-706d553f5fb6 - - - - -] Acquired lock "singleton_lock" lock /var/lib/kolla/venv/lib/python3.6/site-packages/oslo_concurrency/lockutils.py:294
2026-05-11 02:15:24.026 23 DEBUG oslo_concurrency.lockutils [req-2c5c5354-67da-47c4-ae85-706d553f5fb6 - - - - -] Releasing lock "singleton_lock" lock /var/lib/kolla/venv/lib/python3.6/site-packages/oslo_concurrency/lockutils.py:312
2026-05-11 02:15:24.026 23 DEBUG neutron.service [req-2c5c5354-67da-47c4-ae85-706d553f5fb6 - - - - -] calling RpcWorker wait() _wait /var/lib/kolla/venv/lib/python3.6/site-packages/neutron/service.py:128
2026-05-11 02:15:24.027 23 DEBUG neutron.service [req-2c5c5354-67da-47c4-ae85-706d553f5fb6 - - - - -] calling wait on _wait /var/lib/kolla/venv/lib/python3.6/site-packages/neutron/service.py:131
2026-05-11 02:15:24.033 23 WARNING amqp [req-2c5c5354-67da-47c4-ae85-706d553f5fb6 - - - - -] Received method (60, 30) during closing channel 1. This method will be ignored
2026-05-11 02:15:24.035 23 DEBUG neutron.service [req-2c5c5354-67da-47c4-ae85-706d553f5fb6 - - - - -] calling wait on _wait /var/lib/kolla/venv/lib/python3.6/site-packages/neutron/service.py:131
2026-05-11 02:15:24.041 23 WARNING amqp [req-2c5c5354-67da-47c4-ae85-706d553f5fb6 - - - - -] Received method (60, 30) during closing channel 1. This method will be ignored
2026-05-11 02:15:24.044 23 DEBUG neutron.service [req-2c5c5354-67da-47c4-ae85-706d553f5fb6 - - - - -] calling wait on _wait /var/lib/kolla/venv/lib/python3.6/site-packages/neutron/service.py:131
2026-05-11 02:15:24.053 23 WARNING amqp [req-2c5c5354-67da-47c4-ae85-706d553f5fb6 - - - - -] Received method (60, 60) during closing channel 1. This method will be ignored
2026-05-11 02:15:24.054 23 WARNING amqp [req-2c5c5354-67da-47c4-ae85-706d553f5fb6 - - - - -] Received method (60, 30) during closing channel 1. This method will be ignored
2026-05-11 02:15:24.058 23 DEBUG neutron.service [req-2c5c5354-67da-47c4-ae85-706d553f5fb6 - - - - -] calling wait on _wait /var/lib/kolla/venv/lib/python3.6/site-packages/neutron/service.py:131
2026-05-11 02:15:24.060 25 DEBUG neutron.service [-] calling stop on stop /var/lib/kolla/venv/lib/python3.6/site-packages/neutron/service.py:141
2026-05-11 02:15:24.065 23 WARNING amqp [req-2c5c5354-67da-47c4-ae85-706d553f5fb6 - - - - -] Received method (60, 30) during closing channel 1. This method will be ignored
2026-05-11 02:15:24.067 23 DEBUG neutron.service [req-2c5c5354-67da-47c4-ae85-706d553f5fb6 - - - - -] returning from RpcWorker wait() _wait /var/lib/kolla/venv/lib/python3.6/site-packages/neutron/service.py:135
2026-05-11 02:15:24.072 25 DEBUG neutron_lib.callbacks.manager [req-84ae8c8d-9f1a-4f7a-8955-ae6ca4587775 - - - - -] Publish callbacks ['neutron.services.segments.db._update_segment_host_mapping_for_agent-8767595588928', 'neutron.plugins.ml2.plugin.Ml2Plugin._retry_binding_revived_agents--9223372036852696998'] for agent (d1e4cc7e-404b-4a08-b15c-a1972d5520e9), after_update _notify_loop /var/lib/kolla/venv/lib/python3.6/site-packages/neutron_lib/callbacks/manager.py:177
2026-05-11 02:15:24.077 7 INFO oslo_service.service [-] Child 23 exited with status 0
2026-05-11 02:15:25.129 24 DEBUG neutron.service [-] calling stop on stop /var/lib/kolla/venv/lib/python3.6/site-packages/neutron/service.py:141
2026-05-11 02:15:29.037 25 DEBUG oslo_concurrency.lockutils [req-2c5c5354-67da-47c4-ae85-706d553f5fb6 - - - - -] Acquired lock "singleton_lock" lock /var/lib/kolla/venv/lib/python3.6/site-packages/oslo_concurrency/lockutils.py:294
2026-05-11 02:15:29.039 25 DEBUG oslo_concurrency.lockutils [req-2c5c5354-67da-47c4-ae85-706d553f5fb6 - - - - -] Releasing lock "singleton_lock" lock /var/lib/kolla/venv/lib/python3.6/site-packages/oslo_concurrency/lockutils.py:312
2026-05-11 02:15:29.039 25 DEBUG neutron.service [req-2c5c5354-67da-47c4-ae85-706d553f5fb6 - - - - -] calling RpcWorker wait() _wait /var/lib/kolla/venv/lib/python3.6/site-packages/neutron/service.py:128
2026-05-11 02:15:29.040 25 DEBUG neutron.service [req-2c5c5354-67da-47c4-ae85-706d553f5fb6 - - - - -] calling wait on _wait /var/lib/kolla/venv/lib/python3.6/site-packages/neutron/service.py:131
2026-05-11 02:15:29.049 25 WARNING amqp [req-2c5c5354-67da-47c4-ae85-706d553f5fb6 - - - - -] Received method (60, 30) during closing channel 1. This method will be ignored
2026-05-11 02:15:29.051 25 DEBUG neutron.service [req-2c5c5354-67da-47c4-ae85-706d553f5fb6 - - - - -] calling wait on _wait /var/lib/kolla/venv/lib/python3.6/site-packages/neutron/service.py:131
2026-05-11 02:15:29.058 25 WARNING amqp [req-2c5c5354-67da-47c4-ae85-706d553f5fb6 - - - - -] Received method (60, 30) during closing channel 1. This method will be ignored
2026-05-11 02:15:29.061 25 DEBUG neutron.service [req-2c5c5354-67da-47c4-ae85-706d553f5fb6 - - - - -] calling wait on _wait /var/lib/kolla/venv/lib/python3.6/site-packages/neutron/service.py:131
2026-05-11 02:15:29.063 24 DEBUG oslo_concurrency.lockutils [req-2c5c5354-67da-47c4-ae85-706d553f5fb6 - - - - -] Acquired lock "singleton_lock" lock /var/lib/kolla/venv/lib/python3.6/site-packages/oslo_concurrency/lockutils.py:294
