2026-04-30 00:37:55.322 39811 DEBUG oslo_service.service [-] clients_neutron.ca_file = None log_opt_values /usr/lib/python3/dist-packages/oslo_config/cfg.py:2609
2026-04-30 00:37:55.322 39811 DEBUG oslo_service.service [-] clients_neutron.cert_file = None log_opt_values /usr/lib/python3/dist-packages/oslo_config/cfg.py:2609
2026-04-30 00:37:55.323 39811 DEBUG oslo_service.service [-] clients_neutron.endpoint_type = None log_opt_values /usr/lib/python3/dist-packages/oslo_config/cfg.py:2609
2026-04-30 00:37:55.323 39811 DEBUG oslo_service.service [-] clients_neutron.insecure = None log_opt_values /usr/lib/python3/dist-packages/oslo_config/cfg.py:2609
2026-04-30 00:37:55.324 39811 DEBUG oslo_service.service [-] clients_neutron.key_file = None log_opt_values /usr/lib/python3/dist-packages/oslo_config/cfg.py:2609
2026-04-30 00:37:55.324 39811 DEBUG oslo_service.service [-] clients_nova.ca_file = None log_opt_values /usr/lib/python3/dist-packages/oslo_config/cfg.py:2609
2026-04-30 00:37:55.325 39811 DEBUG oslo_service.service [-] clients_nova.cert_file = None log_opt_values /usr/lib/python3/dist-packages/oslo_config/cfg.py:2609
2026-04-30 00:37:55.325 39811 DEBUG oslo_service.service [-] clients_nova.endpoint_type = None log_opt_values /usr/lib/python3/dist-packages/oslo_config/cfg.py:2609
2026-04-30 00:37:55.326 39811 DEBUG oslo_service.service [-] clients_nova.http_log_debug = False log_opt_values /usr/lib/python3/dist-packages/oslo_config/cfg.py:2609
2026-04-30 00:37:55.326 39811 DEBUG oslo_service.service [-] clients_nova.insecure = None log_opt_values /usr/lib/python3/dist-packages/oslo_config/cfg.py:2609
2026-04-30 00:37:55.326 39811 DEBUG oslo_service.service [-] clients_nova.key_file = None log_opt_values /usr/lib/python3/dist-packages/oslo_config/cfg.py:2609
2026-04-30 00:37:55.326 39811 DEBUG oslo_service.service [-] clients_octavia.ca_file = None log_opt_values /usr/lib/python3/dist-packages/oslo_config/cfg.py:2609
2026-04-30 00:37:55.328 39811 DEBUG oslo_service.service [-] clients_octavia.cert_file = None log_opt_values /usr/lib/python3/dist-packages/oslo_config/cfg.py:2609
2026-04-30 00:37:55.328 39811 DEBUG oslo_service.service [-] clients_octavia.endpoint_type = None log_opt_values /usr/lib/python3/dist-packages/oslo_config/cfg.py:2609
2026-04-30 00:37:55.328 39811 DEBUG oslo_service.service [-] clients_octavia.insecure = None log_opt_values /usr/lib/python3/dist-packages/oslo_config/cfg.py:2609
2026-04-30 00:37:55.328 39811 DEBUG oslo_service.service [-] clients_octavia.key_file = None log_opt_values /usr/lib/python3/dist-packages/oslo_config/cfg.py:2609
2026-04-30 00:37:55.328 39811 DEBUG oslo_service.service [-] clients_sahara.ca_file = None log_opt_values /usr/lib/python3/dist-packages/oslo_config/cfg.py:2609
2026-04-30 00:37:55.329 39811 DEBUG oslo_service.service [-] clients_sahara.cert_file = None log_opt_values /usr/lib/python3/dist-packages/oslo_config/cfg.py:2609
2026-04-30 00:37:55.329 39811 DEBUG oslo_service.service [-] clients_sahara.endpoint_type = None log_opt_values /usr/lib/python3/dist-packages/oslo_config/cfg.py:2609
2026-04-30 00:37:55.329 39811 DEBUG oslo_service.service [-] clients_sahara.insecure = None log_opt_values /usr/lib/python3/dist-packages/oslo_config/cfg.py:2609
2026-04-30 00:37:55.329 39811 DEBUG oslo_service.service [-] clients_sahara.key_file = None log_opt_values /usr/lib/python3/dist-packages/oslo_config/cfg.py:2609
2026-04-30 00:37:55.329 39811 DEBUG oslo_service.service [-] clients_senlin.ca_file = None log_opt_values /usr/lib/python3/dist-packages/oslo_config/cfg.py:2609
2026-04-30 00:37:55.329 39811 DEBUG oslo_service.service [-] clients_senlin.cert_file = None log_opt_values /usr/lib/python3/dist-packages/oslo_config/cfg.py:2609
2026-04-30 00:37:55.329 39811 DEBUG oslo_service.service [-] clients_senlin.endpoint_type = None log_opt_values /usr/lib/python3/dist-packages/oslo_config/cfg.py:2609
2026-04-30 00:37:55.329 39811 DEBUG oslo_service.service [-] clients_senlin.insecure = None log_opt_values /usr/lib/python3/dist-packages/oslo_config/cfg.py:2609
2026-04-30 00:37:55.329 39811 DEBUG oslo_service.service [-] clients_senlin.key_file = None log_opt_values /usr/lib/python3/dist-packages/oslo_config/cfg.py:2609
2026-04-30 00:37:55.330 39811 DEBUG oslo_service.service [-] clients_swift.ca_file = None log_opt_values /usr/lib/python3/dist-packages/oslo_config/cfg.py:2609
2026-04-30 00:37:55.330 39811 DEBUG oslo_service.service [-] clients_swift.cert_file = None log_opt_values /usr/lib/python3/dist-packages/oslo_config/cfg.py:2609
2026-04-30 00:37:55.330 39811 DEBUG oslo_service.service [-] clients_swift.endpoint_type = None log_opt_values /usr/lib/python3/dist-packages/oslo_config/cfg.py:2609
2026-04-30 00:37:55.330 39811 DEBUG oslo_service.service [-] clients_swift.insecure = None log_opt_values /usr/lib/python3/dist-packages/oslo_config/cfg.py:2609
2026-04-30 00:37:55.330 39811 DEBUG oslo_service.service [-] clients_swift.key_file = None log_opt_values /usr/lib/python3/dist-packages/oslo_config/cfg.py:2609
2026-04-30 00:37:55.330 39811 DEBUG oslo_service.service [-] clients_trove.ca_file = None log_opt_values /usr/lib/python3/dist-packages/oslo_config/cfg.py:2609
2026-04-30 00:37:55.330 39811 DEBUG oslo_service.service [-] clients_trove.cert_file = None log_opt_values /usr/lib/python3/dist-packages/oslo_config/cfg.py:2609
2026-04-30 00:37:55.330 39811 DEBUG oslo_service.service [-] clients_trove.endpoint_type = None log_opt_values /usr/lib/python3/dist-packages/oslo_config/cfg.py:2609
2026-04-30 00:37:55.331 39811 DEBUG oslo_service.service [-] clients_trove.insecure = None log_opt_values /usr/lib/python3/dist-packages/oslo_config/cfg.py:2609
2026-04-30 00:37:55.331 39811 DEBUG oslo_service.service [-] clients_trove.key_file = None log_opt_values /usr/lib/python3/dist-packages/oslo_config/cfg.py:2609
2026-04-30 00:37:55.331 39811 DEBUG oslo_service.service [-] clients_vitrage.ca_file = None log_opt_values /usr/lib/python3/dist-packages/oslo_config/cfg.py:2609
2026-04-30 00:37:55.331 39811 DEBUG oslo_service.service [-] clients_vitrage.cert_file = None log_opt_values /usr/lib/python3/dist-packages/oslo_config/cfg.py:2609
2026-04-30 00:37:55.331 39811 DEBUG oslo_service.service [-] clients_vitrage.endpoint_type = None log_opt_values /usr/lib/python3/dist-packages/oslo_config/cfg.py:2609
2026-04-30 00:37:55.331 39811 DEBUG oslo_service.service [-] clients_vitrage.insecure = None log_opt_values /usr/lib/python3/dist-packages/oslo_config/cfg.py:2609
2026-04-30 00:37:55.331 39811 DEBUG oslo_service.service [-] clients_vitrage.key_file = None log_opt_values /usr/lib/python3/dist-packages/oslo_config/cfg.py:2609
2026-04-30 00:37:55.331 39811 DEBUG oslo_service.service [-] clients_zaqar.ca_file = None log_opt_values /usr/lib/python3/dist-packages/oslo_config/cfg.py:2609
2026-04-30 00:37:55.332 39811 DEBUG oslo_service.service [-] clients_zaqar.cert_file = None log_opt_values /usr/lib/python3/dist-packages/oslo_config/cfg.py:2609
2026-04-30 00:37:55.332 39811 DEBUG oslo_service.service [-] clients_zaqar.endpoint_type = None log_opt_values /usr/lib/python3/dist-packages/oslo_config/cfg.py:2609
2026-04-30 00:37:55.332 39811 DEBUG oslo_service.service [-] clients_zaqar.insecure = None log_opt_values /usr/lib/python3/dist-packages/oslo_config/cfg.py:2609
2026-04-30 00:37:55.333 39811 DEBUG oslo_service.service [-] clients_zaqar.key_file = None log_opt_values /usr/lib/python3/dist-packages/oslo_config/cfg.py:2609
2026-04-30 00:37:55.333 39811 DEBUG oslo_service.service [-] database.backend = sqlalchemy log_opt_values /usr/lib/python3/dist-packages/oslo_config/cfg.py:2609
2026-04-30 00:37:55.334 39811 DEBUG oslo_service.service [-] database.connection = **** log_opt_values /usr/lib/python3/dist-packages/oslo_config/cfg.py:2609
2026-04-30 00:37:55.336 39811 DEBUG oslo_service.service [-] database.connection_debug = 0 log_opt_values /usr/lib/python3/dist-packages/oslo_config/cfg.py:2609
2026-04-30 00:37:55.336 39811 DEBUG oslo_service.service [-] database.connection_parameters = log_opt_values /usr/lib/python3/dist-packages/oslo_config/cfg.py:2609
2026-04-30 00:37:55.336 39811 DEBUG oslo_service.service [-] database.connection_recycle_time = 3600 log_opt_values /usr/lib/python3/dist-packages/oslo_config/cfg.py:2609
2026-04-30 00:37:55.336 39811 DEBUG oslo_service.service [-] database.connection_trace = False log_opt_values /usr/lib/python3/dist-packages/oslo_config/cfg.py:2609
2026-04-30 00:37:55.337 39811 DEBUG oslo_service.service [-] database.db_inc_retry_interval = True log_opt_values /usr/lib/python3/dist-packages/oslo_config/cfg.py:2609
2026-04-30 00:37:55.337 39811 DEBUG oslo_service.service [-] database.db_max_retries = 20 log_opt_values /usr/lib/python3/dist-packages/oslo_config/cfg.py:2609
2026-04-30 00:37:55.337 39811 DEBUG oslo_service.service [-] database.db_max_retry_interval = 10 log_opt_values /usr/lib/python3/dist-packages/oslo_config/cfg.py:2609
2026-04-30 00:37:55.345 39811 DEBUG oslo_service.service [-] database.db_retry_interval = 1 log_opt_values /usr/lib/python3/dist-packages/oslo_config/cfg.py:2609
2026-04-30 00:37:55.347 39811 DEBUG oslo_service.service [-] database.max_overflow = 50 log_opt_values /usr/lib/python3/dist-packages/oslo_config/cfg.py:2609
2026-04-30 00:37:55.347 39811 DEBUG oslo_service.service [-] database.max_pool_size = 5 log_opt_values /usr/lib/python3/dist-packages/oslo_config/cfg.py:2609
2026-04-30 00:37:55.348 39811 DEBUG oslo_service.service [-] database.max_retries = 10 log_opt_values /usr/lib/python3/dist-packages/oslo_config/cfg.py:2609
2026-04-30 00:37:55.349 39811 DEBUG oslo_service.service [-] database.mysql_enable_ndb = False log_opt_values /usr/lib/python3/dist-packages/oslo_config/cfg.py:2609
2026-04-30 00:37:55.349 39811 DEBUG oslo_service.service [-] database.mysql_sql_mode = TRADITIONAL log_opt_values /usr/lib/python3/dist-packages/oslo_config/cfg.py:2609
2026-04-30 00:37:55.349 39811 DEBUG oslo_service.service [-] database.pool_timeout = None log_opt_values /usr/lib/python3/dist-packages/oslo_config/cfg.py:2609
2026-04-30 00:37:55.351 39811 DEBUG oslo_service.service [-] database.retry_interval = 10 log_opt_values /usr/lib/python3/dist-packages/oslo_config/cfg.py:2609
2026-04-30 00:37:55.351 39811 DEBUG oslo_service.service [-] database.slave_connection = **** log_opt_values /usr/lib/python3/dist-packages/oslo_config/cfg.py:2609
2026-04-30 00:37:55.351 39811 DEBUG oslo_service.service [-] database.sqlite_synchronous = True log_opt_values /usr/lib/python3/dist-packages/oslo_config/cfg.py:2609
2026-04-30 00:37:55.351 39811 DEBUG oslo_service.service [-] database.use_db_reconnect = False log_opt_values /usr/lib/python3/dist-packages/oslo_config/cfg.py:2609
2026-04-30 00:37:55.351 39811 DEBUG oslo_service.service [-] oslo_messaging_metrics.metrics_buffer_size = 1000 log_opt_values /usr/lib/python3/dist-packages/oslo_config/cfg.py:2609
2026-04-30 00:37:55.351 39811 DEBUG oslo_service.service [-] oslo_messaging_metrics.metrics_enabled = False log_opt_values /usr/lib/python3/dist-packages/oslo_config/cfg.py:2609
2026-04-30 00:37:55.352 39811 DEBUG oslo_service.service [-] oslo_messaging_metrics.metrics_process_name = log_opt_values /usr/lib/python3/dist-packages/oslo_config/cfg.py:2609
2026-04-30 00:37:55.352 39811 DEBUG oslo_service.service [-] oslo_messaging_metrics.metrics_socket_file = /var/tmp/metrics_collector.sock log_opt_values /usr/lib/python3/dist-packages/oslo_config/cfg.py:2609
2026-04-30 00:37:55.352 39811 DEBUG oslo_service.service [-] oslo_messaging_metrics.metrics_thread_stop_timeout = 10 log_opt_values /usr/lib/python3/dist-packages/oslo_config/cfg.py:2609
2026-04-30 00:37:55.352 39811 DEBUG oslo_service.service [-] oslo_policy.enforce_new_defaults = False log_opt_values /usr/lib/python3/dist-packages/oslo_config/cfg.py:2609
2026-04-30 00:37:55.352 39811 DEBUG oslo_service.service [-] oslo_policy.enforce_scope = False log_opt_values /usr/lib/python3/dist-packages/oslo_config/cfg.py:2609
2026-04-30 00:37:55.352 39811 DEBUG oslo_service.service [-] oslo_policy.policy_default_rule = default log_opt_values /usr/lib/python3/dist-packages/oslo_config/cfg.py:2609
2026-04-30 00:37:55.353 39811 DEBUG oslo_service.service [-] oslo_policy.policy_dirs = ['policy.d'] log_opt_values /usr/lib/python3/dist-packages/oslo_config/cfg.py:2609
2026-04-30 00:37:55.353 39811 DEBUG oslo_service.service [-] oslo_policy.policy_file = policy.yaml log_opt_values /usr/lib/python3/dist-packages/oslo_config/cfg.py:2609
2026-04-30 00:37:55.354 39811 DEBUG oslo_service.service [-] oslo_policy.remote_content_type = application/x-www-form-urlencoded log_opt_values /usr/lib/python3/dist-packages/oslo_config/cfg.py:2609
2026-04-30 00:37:55.354 39811 DEBUG oslo_service.service [-] oslo_policy.remote_ssl_ca_crt_file = None log_opt_values /usr/lib/python3/dist-packages/oslo_config/cfg.py:2609
2026-04-30 00:37:55.354 39811 DEBUG oslo_service.service [-] oslo_policy.remote_ssl_client_crt_file = None log_opt_values /usr/lib/python3/dist-packages/oslo_config/cfg.py:2609
2026-04-30 00:37:55.354 39811 DEBUG oslo_service.service [-] oslo_policy.remote_ssl_client_key_file = None log_opt_values /usr/lib/python3/dist-packages/oslo_config/cfg.py:2609
2026-04-30 00:37:55.354 39811 DEBUG oslo_service.service [-] oslo_policy.remote_ssl_verify_server_crt = False log_opt_values /usr/lib/python3/dist-packages/oslo_config/cfg.py:2609
2026-04-30 00:37:55.354 39811 DEBUG oslo_service.service [-] trustee.auth_section = None log_opt_values /usr/lib/python3/dist-packages/oslo_config/cfg.py:2609
2026-04-30 00:37:55.355 39811 WARNING oslo_config.cfg [-] Deprecated: Option "auth_plugin" from group "trustee" is deprecated. Use option "auth_type" from group "trustee".
2026-04-30 00:37:55.355 39811 DEBUG oslo_service.service [-] trustee.auth_type = password log_opt_values /usr/lib/python3/dist-packages/oslo_config/cfg.py:2609
2026-04-30 00:37:55.355 39811 DEBUG oslo_service.service [-] oslo_versionedobjects.fatal_exception_format_errors = False log_opt_values /usr/lib/python3/dist-packages/oslo_config/cfg.py:2609
2026-04-30 00:37:55.355 39811 DEBUG oslo_service.service [-] oslo_messaging_rabbit.amqp_auto_delete = False log_opt_values /usr/lib/python3/dist-packages/oslo_config/cfg.py:2609
2026-04-30 00:37:55.355 39811 DEBUG oslo_service.service [-] oslo_messaging_rabbit.amqp_durable_queues = False log_opt_values /usr/lib/python3/dist-packages/oslo_config/cfg.py:2609
2026-04-30 00:37:55.355 39811 DEBUG oslo_service.service [-] oslo_messaging_rabbit.conn_pool_min_size = 2 log_opt_values /usr/lib/python3/dist-packages/oslo_config/cfg.py:2609
2026-04-30 00:37:55.355 39811 DEBUG oslo_service.service [-] oslo_messaging_rabbit.conn_pool_ttl = 1200 log_opt_values /usr/lib/python3/dist-packages/oslo_config/cfg.py:2609
2026-04-30 00:37:55.356 39811 DEBUG oslo_service.service [-] oslo_messaging_rabbit.direct_mandatory_flag = True log_opt_values /usr/lib/python3/dist-packages/oslo_config/cfg.py:2609
2026-04-30 00:37:55.356 39811 DEBUG oslo_service.service [-] oslo_messaging_rabbit.enable_cancel_on_failover = False log_opt_values /usr/lib/python3/dist-packages/oslo_config/cfg.py:2609
2026-04-30 00:37:55.356 39811 DEBUG oslo_service.service [-] oslo_messaging_rabbit.heartbeat_in_pthread = False log_opt_values /usr/lib/python3/dist-packages/oslo_config/cfg.py:2609
2026-04-30 00:37:55.356 39811 DEBUG oslo_service.service [-] oslo_messaging_rabbit.heartbeat_rate = 2 log_opt_values /usr/lib/python3/dist-packages/oslo_config/cfg.py:2609
2026-04-30 00:37:55.356 39811 DEBUG oslo_service.service [-] oslo_messaging_rabbit.heartbeat_timeout_threshold = 60 log_opt_values /usr/lib/python3/dist-packages/oslo_config/cfg.py:2609
2026-04-30 00:37:55.356 39811 DEBUG oslo_service.service [-] oslo_messaging_rabbit.kombu_compression = None log_opt_values /usr/lib/python3/dist-packages/oslo_config/cfg.py:2609
2026-04-30 00:37:55.357 39811 DEBUG oslo_service.service [-] oslo_messaging_rabbit.kombu_failover_strategy = round-robin log_opt_values /usr/lib/python3/dist-packages/oslo_config/cfg.py:2609
2026-04-30 00:37:55.357 39811 DEBUG oslo_service.service [-] oslo_messaging_rabbit.kombu_missing_consumer_retry_timeout = 60 log_opt_values /usr/lib/python3/dist-packages/oslo_config/cfg.py:2609
2026-04-30 00:37:55.357 39811 DEBUG oslo_service.service [-] oslo_messaging_rabbit.kombu_reconnect_delay = 1.0 log_opt_values /usr/lib/python3/dist-packages/oslo_config/cfg.py:2609
2026-04-30 00:37:55.358 39811 DEBUG oslo_service.service [-] oslo_messaging_rabbit.rabbit_ha_queues = False log_opt_values /usr/lib/python3/dist-packages/oslo_config/cfg.py:2609
2026-04-30 00:37:55.358 39811 DEBUG oslo_service.service [-] oslo_messaging_rabbit.rabbit_interval_max = 30 log_opt_values /usr/lib/python3/dist-packages/oslo_config/cfg.py:2609
2026-04-30 00:37:55.358 39811 DEBUG oslo_service.service [-] oslo_messaging_rabbit.rabbit_login_method = AMQPLAIN log_opt_values /usr/lib/python3/dist-packages/oslo_config/cfg.py:2609
2026-04-30 00:37:55.358 39811 DEBUG oslo_service.service [-] oslo_messaging_rabbit.rabbit_qos_prefetch_count = 0 log_opt_values /usr/lib/python3/dist-packages/oslo_config/cfg.py:2609
2026-04-30 00:37:55.358 39811 DEBUG oslo_service.service [-] oslo_messaging_rabbit.rabbit_quorum_queue = False log_opt_values /usr/lib/python3/dist-packages/oslo_config/cfg.py:2609
2026-04-30 00:37:55.358 39811 DEBUG oslo_service.service [-] oslo_messaging_rabbit.rabbit_retry_backoff = 2 log_opt_values /usr/lib/python3/dist-packages/oslo_config/cfg.py:2609
2026-04-30 00:37:55.359 39811 DEBUG oslo_service.service [-] oslo_messaging_rabbit.rabbit_retry_interval = 1 log_opt_values /usr/lib/python3/dist-packages/oslo_config/cfg.py:2609
2026-04-30 00:37:55.359 39811 DEBUG oslo_service.service [-] oslo_messaging_rabbit.rabbit_transient_queues_ttl = 1800 log_opt_values /usr/lib/python3/dist-packages/oslo_config/cfg.py:2609
2026-04-30 00:37:55.359 39811 DEBUG oslo_service.service [-] oslo_messaging_rabbit.rpc_conn_pool_size = 30 log_opt_values /usr/lib/python3/dist-packages/oslo_config/cfg.py:2609
2026-04-30 00:37:55.360 39811 DEBUG oslo_service.service [-] oslo_messaging_rabbit.ssl = False log_opt_values /usr/lib/python3/dist-packages/oslo_config/cfg.py:2609
2026-04-30 00:37:55.360 39811 DEBUG oslo_service.service [-] oslo_messaging_rabbit.ssl_ca_file = log_opt_values /usr/lib/python3/dist-packages/oslo_config/cfg.py:2609
2026-04-30 00:37:55.361 39811 DEBUG oslo_service.service [-] oslo_messaging_rabbit.ssl_cert_file = log_opt_values /usr/lib/python3/dist-packages/oslo_config/cfg.py:2609
2026-04-30 00:37:55.361 39811 DEBUG oslo_service.service [-] oslo_messaging_rabbit.ssl_key_file = log_opt_values /usr/lib/python3/dist-packages/oslo_config/cfg.py:2609
2026-04-30 00:37:55.361 39811 DEBUG oslo_service.service [-] oslo_messaging_rabbit.ssl_version = log_opt_values /usr/lib/python3/dist-packages/oslo_config/cfg.py:2609
2026-04-30 00:37:55.361 39811 DEBUG oslo_service.service [-] oslo_messaging_notifications.driver = [] log_opt_values /usr/lib/python3/dist-packages/oslo_config/cfg.py:2609
2026-04-30 00:37:55.361 39811 DEBUG oslo_service.service [-] oslo_messaging_notifications.retry = -1 log_opt_values /usr/lib/python3/dist-packages/oslo_config/cfg.py:2609
2026-04-30 00:37:55.363 39811 DEBUG oslo_service.service [-] oslo_messaging_notifications.topics = ['notifications'] log_opt_values /usr/lib/python3/dist-packages/oslo_config/cfg.py:2609
2026-04-30 00:37:55.363 39811 DEBUG oslo_service.service [-] oslo_messaging_notifications.transport_url = **** log_opt_values /usr/lib/python3/dist-packages/oslo_config/cfg.py:2609
2026-04-30 00:37:55.363 39811 DEBUG oslo_service.service [-] cache.backend = dogpile.cache.null log_opt_values /usr/lib/python3/dist-packages/oslo_config/cfg.py:2609
2026-04-30 00:37:55.364 39811 DEBUG oslo_service.service [-] cache.backend_argument = **** log_opt_values /usr/lib/python3/dist-packages/oslo_config/cfg.py:2609
2026-04-30 00:37:55.364 39811 DEBUG oslo_service.service [-] cache.config_prefix = cache.oslo log_opt_values /usr/lib/python3/dist-packages/oslo_config/cfg.py:2609
2026-04-30 00:37:55.364 39811 DEBUG oslo_service.service [-] cache.debug_cache_backend = False log_opt_values /usr/lib/python3/dist-packages/oslo_config/cfg.py:2609
2026-04-30 00:37:55.364 39811 DEBUG oslo_service.service [-] cache.enabled = False log_opt_values /usr/lib/python3/dist-packages/oslo_config/cfg.py:2609
2026-04-30 00:37:55.364 39811 DEBUG oslo_service.service [-] cache.expiration_time = 600 log_opt_values /usr/lib/python3/dist-packages/oslo_config/cfg.py:2609
2026-04-30 00:37:55.365 39811 DEBUG oslo_service.service [-] cache.memcache_dead_retry = 300 log_opt_values /usr/lib/python3/dist-packages/oslo_config/cfg.py:2609
2026-04-30 00:37:55.365 39811 DEBUG oslo_service.service [-] cache.memcache_pool_connection_get_timeout = 10 log_opt_values /usr/lib/python3/dist-packages/oslo_config/cfg.py:2609
2026-04-30 00:37:55.365 39811 DEBUG oslo_service.service [-] cache.memcache_pool_flush_on_reconnect = False log_opt_values /usr/lib/python3/dist-packages/oslo_config/cfg.py:2609
2026-04-30 00:37:55.365 39811 DEBUG oslo_service.service [-] cache.memcache_pool_maxsize = 10 log_opt_values /usr/lib/python3/dist-packages/oslo_config/cfg.py:2609
2026-04-30 00:37:55.365 39811 DEBUG oslo_service.service [-] cache.memcache_pool_unused_timeout = 60 log_opt_values /usr/lib/python3/dist-packages/oslo_config/cfg.py:2609
2026-04-30 00:37:55.365 39811 DEBUG oslo_service.service [-] cache.memcache_servers = ['localhost:11211'] log_opt_values /usr/lib/python3/dist-packages/oslo_config/cfg.py:2609
2026-04-30 00:37:55.365 39811 DEBUG oslo_service.service [-] cache.memcache_socket_timeout = 1.0 log_opt_values /usr/lib/python3/dist-packages/oslo_config/cfg.py:2609
2026-04-30 00:37:55.365 39811 DEBUG oslo_service.service [-] cache.proxies = [] log_opt_values /usr/lib/python3/dist-packages/oslo_config/cfg.py:2609
2026-04-30 00:37:55.366 39811 DEBUG oslo_service.service [-] cache.tls_allowed_ciphers = None log_opt_values /usr/lib/python3/dist-packages/oslo_config/cfg.py:2609
2026-04-30 00:37:55.366 39811 DEBUG oslo_service.service [-] cache.tls_cafile = None log_opt_values /usr/lib/python3/dist-packages/oslo_config/cfg.py:2609
2026-04-30 00:37:55.367 39811 DEBUG oslo_service.service [-] cache.tls_certfile = None log_opt_values /usr/lib/python3/dist-packages/oslo_config/cfg.py:2609
2026-04-30 00:37:55.367 39811 DEBUG oslo_service.service [-] cache.tls_enabled = False log_opt_values /usr/lib/python3/dist-packages/oslo_config/cfg.py:2609
2026-04-30 00:37:55.368 39811 DEBUG oslo_service.service [-] cache.tls_keyfile = None log_opt_values /usr/lib/python3/dist-packages/oslo_config/cfg.py:2609
2026-04-30 00:37:55.368 39811 DEBUG oslo_service.service [-] constraint_validation_cache.caching = True log_opt_values /usr/lib/python3/dist-packages/oslo_config/cfg.py:2609
2026-04-30 00:37:55.368 39811 DEBUG oslo_service.service [-] constraint_validation_cache.expiration_time = 60 log_opt_values /usr/lib/python3/dist-packages/oslo_config/cfg.py:2609
2026-04-30 00:37:55.368 39811 DEBUG oslo_service.service [-] service_extension_cache.caching = True log_opt_values /usr/lib/python3/dist-packages/oslo_config/cfg.py:2609
2026-04-30 00:37:55.369 39811 DEBUG oslo_service.service [-] service_extension_cache.expiration_time = 3600 log_opt_values /usr/lib/python3/dist-packages/oslo_config/cfg.py:2609
2026-04-30 00:37:55.369 39811 DEBUG oslo_service.service [-] resource_finder_cache.caching = True log_opt_values /usr/lib/python3/dist-packages/oslo_config/cfg.py:2609
2026-04-30 00:37:55.369 39811 DEBUG oslo_service.service [-] resource_finder_cache.expiration_time = 3600 log_opt_values /usr/lib/python3/dist-packages/oslo_config/cfg.py:2609
2026-04-30 00:37:55.371 39811 DEBUG oslo_service.service [-] yaql.limit_iterators = 200 log_opt_values /usr/lib/python3/dist-packages/oslo_config/cfg.py:2609
2026-04-30 00:37:55.371 39811 DEBUG oslo_service.service [-] yaql.memory_quota = 10000 log_opt_values /usr/lib/python3/dist-packages/oslo_config/cfg.py:2609
2026-04-30 00:37:55.372 39811 DEBUG oslo_service.service [-] ******************************************************************************** log_opt_values /usr/lib/python3/dist-packages/oslo_config/cfg.py:2613
2026-04-30 00:37:55.376 40022 DEBUG oslo_db.sqlalchemy.engines [req-28bdc235-9c1e-48a8-b950-9216b4a69a80 - - - - -] MySQL server mode set to STRICT_TRANS_TABLES,STRICT_ALL_TABLES,NO_ZERO_IN_DATE,NO_ZERO_DATE,ERROR_FOR_DIVISION_BY_ZERO,TRADITIONAL,NO_ENGINE_SUBSTITUTION _check_effective_sql_mode /usr/lib/python3/dist-packages/oslo_db/sqlalchemy/engines.py:314
2026-04-30 00:37:55.405 40019 DEBUG oslo_db.sqlalchemy.engines [req-5192e57b-3fb3-4859-899c-6559eba8b101 - - - - -] MySQL server mode set to STRICT_TRANS_TABLES,STRICT_ALL_TABLES,NO_ZERO_IN_DATE,NO_ZERO_DATE,ERROR_FOR_DIVISION_BY_ZERO,TRADITIONAL,NO_ENGINE_SUBSTITUTION _check_effective_sql_mode /usr/lib/python3/dist-packages/oslo_db/sqlalchemy/engines.py:314
2026-04-30 00:37:55.416 40021 DEBUG oslo_db.sqlalchemy.engines [req-d9f86014-8a70-4f9b-bd02-c72382af0cca - - - - -] MySQL server mode set to STRICT_TRANS_TABLES,STRICT_ALL_TABLES,NO_ZERO_IN_DATE,NO_ZERO_DATE,ERROR_FOR_DIVISION_BY_ZERO,TRADITIONAL,NO_ENGINE_SUBSTITUTION _check_effective_sql_mode /usr/lib/python3/dist-packages/oslo_db/sqlalchemy/engines.py:314
2026-04-30 00:37:55.418 40020 DEBUG oslo_db.sqlalchemy.engines [req-48af8a48-2b9c-466e-ae10-1f3605a31c0e - - - - -] MySQL server mode set to STRICT_TRANS_TABLES,STRICT_ALL_TABLES,NO_ZERO_IN_DATE,NO_ZERO_DATE,ERROR_FOR_DIVISION_BY_ZERO,TRADITIONAL,NO_ENGINE_SUBSTITUTION _check_effective_sql_mode /usr/lib/python3/dist-packages/oslo_db/sqlalchemy/engines.py:314
2026-04-30 00:37:55.474 40022 DEBUG heat.engine.service [req-ec83d384-b26f-46e8-aa38-ffa75426f1fb - - - - -] Service 944303d8-3e0c-4196-983d-7aca009206ee is started service_manage_report /usr/lib/python3/dist-packages/heat/engine/service.py:2363
2026-04-30 00:37:55.506 40022 DEBUG heat.engine.service [req-ec83d384-b26f-46e8-aa38-ffa75426f1fb - - - - -] Service 944303d8-3e0c-4196-983d-7aca009206ee is updated service_manage_report /usr/lib/python3/dist-packages/heat/engine/service.py:2370
2026-04-30 00:37:55.550 40020 DEBUG heat.engine.service [req-ef2bc56b-4d83-4e7b-9fd0-339bb2206559 - - - - -] Service 02e35968-16a2-4a7e-ab39-9ff916150b88 is started service_manage_report /usr/lib/python3/dist-packages/heat/engine/service.py:2363
2026-04-30 00:37:55.572 40020 DEBUG heat.engine.service [req-ef2bc56b-4d83-4e7b-9fd0-339bb2206559 - - - - -] Service 02e35968-16a2-4a7e-ab39-9ff916150b88 is updated service_manage_report /usr/lib/python3/dist-packages/heat/engine/service.py:2370
2026-04-30 00:37:55.623 40021 DEBUG heat.engine.service [req-9510d54c-ca03-4b1f-8116-cca42e589e01 - - - - -] Service fb4bc521-c7b3-49cf-ab55-c5f170f640cc is started service_manage_report /usr/lib/python3/dist-packages/heat/engine/service.py:2363
2026-04-30 00:37:55.632 40019 DEBUG heat.engine.service [req-2c1e5955-e7de-4764-a780-82de9a57f8c2 - - - - -] Service 581449b6-e013-4211-9f50-0e8a17e2ba87 is started service_manage_report /usr/lib/python3/dist-packages/heat/engine/service.py:2363
2026-04-30 00:37:55.651 40019 DEBUG heat.engine.service [req-2c1e5955-e7de-4764-a780-82de9a57f8c2 - - - - -] Service 581449b6-e013-4211-9f50-0e8a17e2ba87 is updated service_manage_report /usr/lib/python3/dist-packages/heat/engine/service.py:2370
2026-04-30 00:37:55.653 40021 DEBUG heat.engine.service [req-9510d54c-ca03-4b1f-8116-cca42e589e01 - - - - -] Service fb4bc521-c7b3-49cf-ab55-c5f170f640cc is updated service_manage_report /usr/lib/python3/dist-packages/heat/engine/service.py:2370
2026-04-30 00:38:55.461 40022 DEBUG heat.engine.service [req-8a21e657-345d-4d1e-b8c6-5f6574d82163 - - - - -] Service 944303d8-3e0c-4196-983d-7aca009206ee is updated service_manage_report /usr/lib/python3/dist-packages/heat/engine/service.py:2370
2026-04-30 00:38:55.526 40020 DEBUG heat.engine.service [req-8644ad02-69b4-4bf3-b6fd-0b347cd5eb2d - - - - -] Service 02e35968-16a2-4a7e-ab39-9ff916150b88 is updated service_manage_report /usr/lib/python3/dist-packages/heat/engine/service.py:2370
2026-04-30 00:38:55.602 40019 DEBUG heat.engine.service [req-4b6475c8-333e-4cd3-93d5-a015821a3ae1 - - - - -] Service 581449b6-e013-4211-9f50-0e8a17e2ba87 is updated service_manage_report /usr/lib/python3/dist-packages/heat/engine/service.py:2370
2026-04-30 00:38:55.609 40021 DEBUG heat.engine.service [req-01a3c269-8c2f-41ae-ab48-14d9b4db1e35 - - - - -] Service fb4bc521-c7b3-49cf-ab55-c5f170f640cc is updated service_manage_report /usr/lib/python3/dist-packages/heat/engine/service.py:2370
2026-04-30 00:39:55.470 40022 DEBUG heat.engine.service [req-c7776c8b-988b-41f4-b736-764a91a9cd23 - - - - -] Service 944303d8-3e0c-4196-983d-7aca009206ee is updated service_manage_report /usr/lib/python3/dist-packages/heat/engine/service.py:2370
2026-04-30 00:39:55.532 40020 DEBUG heat.engine.service [req-715d17e4-cbe9-4faa-a133-031e4b303125 - - - - -] Service 02e35968-16a2-4a7e-ab39-9ff916150b88 is updated service_manage_report /usr/lib/python3/dist-packages/heat/engine/service.py:2370
2026-04-30 00:39:55.606 40019 DEBUG heat.engine.service [req-b501a281-4d04-4440-85a7-f386583ed563 - - - - -] Service 581449b6-e013-4211-9f50-0e8a17e2ba87 is updated service_manage_report /usr/lib/python3/dist-packages/heat/engine/service.py:2370
2026-04-30 00:39:55.609 40021 DEBUG heat.engine.service [req-5e118e45-3258-49fb-b3f2-e499f33b7a0b - - - - -] Service fb4bc521-c7b3-49cf-ab55-c5f170f640cc is updated service_manage_report /usr/lib/python3/dist-packages/heat/engine/service.py:2370
2026-04-30 00:40:55.465 40022 DEBUG heat.engine.service [req-4a9da395-0a0b-4088-b57e-6bc444068957 - - - - -] Service 944303d8-3e0c-4196-983d-7aca009206ee is updated service_manage_report /usr/lib/python3/dist-packages/heat/engine/service.py:2370
2026-04-30 00:40:55.527 40020 DEBUG heat.engine.service [req-ed74c1f9-f9ae-4580-8d93-71464efad8b5 - - - - -] Service 02e35968-16a2-4a7e-ab39-9ff916150b88 is updated service_manage_report /usr/lib/python3/dist-packages/heat/engine/service.py:2370
2026-04-30 00:40:55.605 40019 DEBUG heat.engine.service [req-84dac70a-f9b3-4c3f-b4d4-b54ad45ccee1 - - - - -] Service 581449b6-e013-4211-9f50-0e8a17e2ba87 is updated service_manage_report /usr/lib/python3/dist-packages/heat/engine/service.py:2370
2026-04-30 00:40:55.607 40021 DEBUG heat.engine.service [req-40d9eda3-6d3a-4d19-afa4-403f2fbfb980 - - - - -] Service fb4bc521-c7b3-49cf-ab55-c5f170f640cc is updated service_manage_report /usr/lib/python3/dist-packages/heat/engine/service.py:2370
2026-04-30 00:41:55.475 40022 DEBUG heat.engine.service [req-d0986716-6c0c-4549-b35a-98f9825f7f2b - - - - -] Service 944303d8-3e0c-4196-983d-7aca009206ee is updated service_manage_report /usr/lib/python3/dist-packages/heat/engine/service.py:2370
2026-04-30 00:41:55.533 40020 DEBUG heat.engine.service [req-e14da107-2d42-4c5c-9924-a8463e0e1bae - - - - -] Service 02e35968-16a2-4a7e-ab39-9ff916150b88 is updated service_manage_report /usr/lib/python3/dist-packages/heat/engine/service.py:2370
2026-04-30 00:41:55.600 40019 DEBUG heat.engine.service [req-c6c3b8c4-dc67-48f9-84e8-3a07a1385fa0 - - - - -] Service 581449b6-e013-4211-9f50-0e8a17e2ba87 is updated service_manage_report /usr/lib/python3/dist-packages/heat/engine/service.py:2370
2026-04-30 00:41:55.605 40021 DEBUG heat.engine.service [req-60e08194-8276-400c-90d7-2c2bc6865528 - - - - -] Service fb4bc521-c7b3-49cf-ab55-c5f170f640cc is updated service_manage_report /usr/lib/python3/dist-packages/heat/engine/service.py:2370
2026-04-30 00:42:55.471 40022 DEBUG heat.engine.service [req-db6e4d4d-891c-443c-a55e-c2360d9b5498 - - - - -] Service 944303d8-3e0c-4196-983d-7aca009206ee is updated service_manage_report /usr/lib/python3/dist-packages/heat/engine/service.py:2370
2026-04-30 00:42:55.538 40020 DEBUG heat.engine.service [req-58a1e3ea-a5e9-4a33-97a4-9dee3d195ca6 - - - - -] Service 02e35968-16a2-4a7e-ab39-9ff916150b88 is updated service_manage_report /usr/lib/python3/dist-packages/heat/engine/service.py:2370
2026-04-30 00:42:55.602 40021 DEBUG heat.engine.service [req-739ddb10-5383-4a26-a696-2f681c452d02 - - - - -] Service fb4bc521-c7b3-49cf-ab55-c5f170f640cc is updated service_manage_report /usr/lib/python3/dist-packages/heat/engine/service.py:2370
2026-04-30 00:42:55.610 40019 DEBUG heat.engine.service [req-1d1ad80b-601d-41a8-a1f0-ae67d8e7e334 - - - - -] Service 581449b6-e013-4211-9f50-0e8a17e2ba87 is updated service_manage_report /usr/lib/python3/dist-packages/heat/engine/service.py:2370
2026-04-30 00:43:55.467 40022 DEBUG heat.engine.service [req-5ed917e9-f98f-49cb-b234-19a4f0b05ccb - - - - -] Service 944303d8-3e0c-4196-983d-7aca009206ee is updated service_manage_report /usr/lib/python3/dist-packages/heat/engine/service.py:2370
2026-04-30 00:43:55.547 40020 DEBUG heat.engine.service [req-3bc5fedf-c1a5-4337-b5fe-0be9cb031ce7 - - - - -] Service 02e35968-16a2-4a7e-ab39-9ff916150b88 is updated service_manage_report /usr/lib/python3/dist-packages/heat/engine/service.py:2370
2026-04-30 00:43:55.599 40021 DEBUG heat.engine.service [req-6cff531c-98ad-403f-8b5b-1cdc1d9f4b77 - - - - -] Service fb4bc521-c7b3-49cf-ab55-c5f170f640cc is updated service_manage_report /usr/lib/python3/dist-packages/heat/engine/service.py:2370
2026-04-30 00:43:55.605 40019 DEBUG heat.engine.service [req-6e75df7b-eddd-4e68-b475-f1e8eba1d64f - - - - -] Service 581449b6-e013-4211-9f50-0e8a17e2ba87 is updated service_manage_report /usr/lib/python3/dist-packages/heat/engine/service.py:2370
2026-04-30 00:44:55.471 40022 DEBUG heat.engine.service [req-9ae0d4ea-a9af-4e9a-8c78-b32319cf9375 - - - - -] Service 944303d8-3e0c-4196-983d-7aca009206ee is updated service_manage_report /usr/lib/python3/dist-packages/heat/engine/service.py:2370
2026-04-30 00:44:55.541 40020 DEBUG heat.engine.service [req-78e6122f-7f69-409e-ad10-5c413cdf3e8e - - - - -] Service 02e35968-16a2-4a7e-ab39-9ff916150b88 is updated service_manage_report /usr/lib/python3/dist-packages/heat/engine/service.py:2370
2026-04-30 00:44:55.593 40021 DEBUG heat.engine.service [req-5aed92ce-f25f-4c81-8594-a62dd6cf3333 - - - - -] Service fb4bc521-c7b3-49cf-ab55-c5f170f640cc is updated service_manage_report /usr/lib/python3/dist-packages/heat/engine/service.py:2370
2026-04-30 00:44:55.608 40019 DEBUG heat.engine.service [req-b34f68e1-0408-4e8e-b14a-1630611f4085 - - - - -] Service 581449b6-e013-4211-9f50-0e8a17e2ba87 is updated service_manage_report /usr/lib/python3/dist-packages/heat/engine/service.py:2370
2026-04-30 00:45:55.482 40022 DEBUG heat.engine.service [req-4c617b23-c1d3-4b6d-a132-b71f18191781 - - - - -] Service 944303d8-3e0c-4196-983d-7aca009206ee is updated service_manage_report /usr/lib/python3/dist-packages/heat/engine/service.py:2370
2026-04-30 00:45:55.546 40020 DEBUG heat.engine.service [req-8b70b720-d584-4acc-8c76-518d26a50bf4 - - - - -] Service 02e35968-16a2-4a7e-ab39-9ff916150b88 is updated service_manage_report /usr/lib/python3/dist-packages/heat/engine/service.py:2370
2026-04-30 00:45:55.598 40021 DEBUG heat.engine.service [req-4e9a7210-59fb-4731-abf2-230557e21a55 - - - - -] Service fb4bc521-c7b3-49cf-ab55-c5f170f640cc is updated service_manage_report /usr/lib/python3/dist-packages/heat/engine/service.py:2370
2026-04-30 00:45:55.614 40019 DEBUG heat.engine.service [req-57991ff4-941a-4d14-b6d9-861850680263 - - - - -] Service 581449b6-e013-4211-9f50-0e8a17e2ba87 is updated service_manage_report /usr/lib/python3/dist-packages/heat/engine/service.py:2370
2026-04-30 00:46:55.479 40022 DEBUG heat.engine.service [req-c1127646-00a9-4980-bf2e-ec294ece67cb - - - - -] Service 944303d8-3e0c-4196-983d-7aca009206ee is updated service_manage_report /usr/lib/python3/dist-packages/heat/engine/service.py:2370
2026-04-30 00:46:55.553 40020 DEBUG heat.engine.service [req-5adf895e-8bb8-41f9-89e1-fb0e28620048 - - - - -] Service 02e35968-16a2-4a7e-ab39-9ff916150b88 is updated service_manage_report /usr/lib/python3/dist-packages/heat/engine/service.py:2370
2026-04-30 00:46:55.603 40021 DEBUG heat.engine.service [req-002c7301-25af-422a-ac31-e5d3bad7c4a4 - - - - -] Service fb4bc521-c7b3-49cf-ab55-c5f170f640cc is updated service_manage_report /usr/lib/python3/dist-packages/heat/engine/service.py:2370
2026-04-30 00:46:55.620 40019 DEBUG heat.engine.service [req-71777b71-4f55-48af-93a8-662aa8b053e7 - - - - -] Service 581449b6-e013-4211-9f50-0e8a17e2ba87 is updated service_manage_report /usr/lib/python3/dist-packages/heat/engine/service.py:2370
2026-04-30 00:47:55.473 40022 DEBUG heat.engine.service [req-73c3674e-3e6a-4247-b11a-4e7d15bcbc0e - - - - -] Service 944303d8-3e0c-4196-983d-7aca009206ee is updated service_manage_report /usr/lib/python3/dist-packages/heat/engine/service.py:2370
2026-04-30 00:47:55.548 40020 DEBUG heat.engine.service [req-8243c2f9-c062-42d3-bf1a-d7ed13f849e8 - - - - -] Service 02e35968-16a2-4a7e-ab39-9ff916150b88 is updated service_manage_report /usr/lib/python3/dist-packages/heat/engine/service.py:2370
2026-04-30 00:47:55.614 40021 DEBUG heat.engine.service [req-ac27b317-3e05-40fe-bc08-d49b736550fb - - - - -] Service fb4bc521-c7b3-49cf-ab55-c5f170f640cc is updated service_manage_report /usr/lib/python3/dist-packages/heat/engine/service.py:2370
2026-04-30 00:47:55.624 40019 DEBUG heat.engine.service [req-b928aa5a-2de2-46d0-8d5b-04bfcc186df5 - - - - -] Service 581449b6-e013-4211-9f50-0e8a17e2ba87 is updated service_manage_report /usr/lib/python3/dist-packages/heat/engine/service.py:2370
2026-04-30 00:48:55.479 40022 DEBUG heat.engine.service [req-99785d47-664f-4314-82b9-54d726d2db27 - - - - -] Service 944303d8-3e0c-4196-983d-7aca009206ee is updated service_manage_report /usr/lib/python3/dist-packages/heat/engine/service.py:2370
2026-04-30 00:48:55.553 40020 DEBUG heat.engine.service [req-90d68756-ee26-40aa-b76f-2860cd84c677 - - - - -] Service 02e35968-16a2-4a7e-ab39-9ff916150b88 is updated service_manage_report /usr/lib/python3/dist-packages/heat/engine/service.py:2370
2026-04-30 00:48:55.608 40021 DEBUG heat.engine.service [req-98c9c159-3b9f-422f-82de-bfaa4eaf7b70 - - - - -] Service fb4bc521-c7b3-49cf-ab55-c5f170f640cc is updated service_manage_report /usr/lib/python3/dist-packages/heat/engine/service.py:2370
2026-04-30 00:48:55.630 40019 DEBUG heat.engine.service [req-19a5c9d1-4e19-4089-b78a-13a568367f07 - - - - -] Service 581449b6-e013-4211-9f50-0e8a17e2ba87 is updated service_manage_report /usr/lib/python3/dist-packages/heat/engine/service.py:2370
2026-04-30 00:49:55.486 40022 DEBUG heat.engine.service [req-0d2caf5d-66a7-477d-b3bf-b0a85d6e65ac - - - - -] Service 944303d8-3e0c-4196-983d-7aca009206ee is updated service_manage_report /usr/lib/python3/dist-packages/heat/engine/service.py:2370
2026-04-30 00:49:55.557 40020 DEBUG heat.engine.service [req-9a8e3cc3-1ca7-4f39-9714-44d5205bfc61 - - - - -] Service 02e35968-16a2-4a7e-ab39-9ff916150b88 is updated service_manage_report /usr/lib/python3/dist-packages/heat/engine/service.py:2370
2026-04-30 00:49:55.613 40021 DEBUG heat.engine.service [req-1bc509f4-2bea-4665-b9bb-3ef655b6ca6b - - - - -] Service fb4bc521-c7b3-49cf-ab55-c5f170f640cc is updated service_manage_report /usr/lib/python3/dist-packages/heat/engine/service.py:2370
2026-04-30 00:49:55.634 40019 DEBUG heat.engine.service [req-3893cd33-8398-407e-9373-b9021be54878 - - - - -] Service 581449b6-e013-4211-9f50-0e8a17e2ba87 is updated service_manage_report /usr/lib/python3/dist-packages/heat/engine/service.py:2370
2026-04-30 00:50:55.489 40022 DEBUG heat.engine.service [req-772d2aec-7d88-47d7-a82e-8e911a05bf89 - - - - -] Service 944303d8-3e0c-4196-983d-7aca009206ee is updated service_manage_report /usr/lib/python3/dist-packages/heat/engine/service.py:2370
2026-04-30 00:50:55.561 40020 DEBUG heat.engine.service [req-d2bbeb07-f91c-42cf-be34-a7256d50850b - - - - -] Service 02e35968-16a2-4a7e-ab39-9ff916150b88 is updated service_manage_report /usr/lib/python3/dist-packages/heat/engine/service.py:2370
2026-04-30 00:50:55.616 40021 DEBUG heat.engine.service [req-a5c74380-f984-4982-bb27-bc3a6935d1f9 - - - - -] Service fb4bc521-c7b3-49cf-ab55-c5f170f640cc is updated service_manage_report /usr/lib/python3/dist-packages/heat/engine/service.py:2370
2026-04-30 00:50:55.638 40019 DEBUG heat.engine.service [req-fe3c3eea-f276-4c98-974b-d706dfc907e1 - - - - -] Service 581449b6-e013-4211-9f50-0e8a17e2ba87 is updated service_manage_report /usr/lib/python3/dist-packages/heat/engine/service.py:2370
2026-04-30 00:51:55.484 40022 DEBUG heat.engine.service [req-6b73b1a1-14cc-4242-b5b1-defb253ca23c - - - - -] Service 944303d8-3e0c-4196-983d-7aca009206ee is updated service_manage_report /usr/lib/python3/dist-packages/heat/engine/service.py:2370
2026-04-30 00:51:55.566 40020 DEBUG heat.engine.service [req-bb962247-7b42-410e-9627-d1351a662a8f - - - - -] Service 02e35968-16a2-4a7e-ab39-9ff916150b88 is updated service_manage_report /usr/lib/python3/dist-packages/heat/engine/service.py:2370
2026-04-30 00:51:55.621 40021 DEBUG heat.engine.service [req-feecc5d7-882a-467c-87ec-325947c3261f - - - - -] Service fb4bc521-c7b3-49cf-ab55-c5f170f640cc is updated service_manage_report /usr/lib/python3/dist-packages/heat/engine/service.py:2370
2026-04-30 00:51:55.644 40019 DEBUG heat.engine.service [req-e9f73f50-e588-45b2-b63e-38f7b8b71f5e - - - - -] Service 581449b6-e013-4211-9f50-0e8a17e2ba87 is updated service_manage_report /usr/lib/python3/dist-packages/heat/engine/service.py:2370
2026-04-30 00:52:55.490 40022 DEBUG heat.engine.service [req-6b3db7c2-9829-4b20-b9f7-039d7a168ae7 - - - - -] Service 944303d8-3e0c-4196-983d-7aca009206ee is updated service_manage_report /usr/lib/python3/dist-packages/heat/engine/service.py:2370
2026-04-30 00:52:55.571 40020 DEBUG heat.engine.service [req-3ca03cbe-d391-43ef-bee2-7b157d39b852 - - - - -] Service 02e35968-16a2-4a7e-ab39-9ff916150b88 is updated service_manage_report /usr/lib/python3/dist-packages/heat/engine/service.py:2370
2026-04-30 00:52:55.625 40021 DEBUG heat.engine.service [req-915eda40-675c-43fa-827a-fe02bf2b887e - - - - -] Service fb4bc521-c7b3-49cf-ab55-c5f170f640cc is updated service_manage_report /usr/lib/python3/dist-packages/heat/engine/service.py:2370
2026-04-30 00:52:55.636 40019 DEBUG heat.engine.service [req-d78d41ae-c107-4de4-b938-3e1b90bfd20b - - - - -] Service 581449b6-e013-4211-9f50-0e8a17e2ba87 is updated service_manage_report /usr/lib/python3/dist-packages/heat/engine/service.py:2370
2026-04-30 00:53:55.494 40022 DEBUG heat.engine.service [req-503b686f-9076-4a16-b4cd-9e58cee6d4b1 - - - - -] Service 944303d8-3e0c-4196-983d-7aca009206ee is updated service_manage_report /usr/lib/python3/dist-packages/heat/engine/service.py:2370
2026-04-30 00:53:55.575 40020 DEBUG heat.engine.service [req-ba54e2b1-077a-4277-a838-2b12526e91b0 - - - - -] Service 02e35968-16a2-4a7e-ab39-9ff916150b88 is updated service_manage_report /usr/lib/python3/dist-packages/heat/engine/service.py:2370
2026-04-30 00:53:55.630 40021 DEBUG heat.engine.service [req-6274a29d-3ab2-4cfd-98ec-227a66fd2e6e - - - - -] Service fb4bc521-c7b3-49cf-ab55-c5f170f640cc is updated service_manage_report /usr/lib/python3/dist-packages/heat/engine/service.py:2370
2026-04-30 00:53:55.641 40019 DEBUG heat.engine.service [req-34a365bd-8e03-4f67-9506-a087d453be7b - - - - -] Service 581449b6-e013-4211-9f50-0e8a17e2ba87 is updated service_manage_report /usr/lib/python3/dist-packages/heat/engine/service.py:2370
2026-04-30 00:54:55.499 40022 DEBUG heat.engine.service [req-3984d6ca-7144-4b3d-a12d-747060d20ca9 - - - - -] Service 944303d8-3e0c-4196-983d-7aca009206ee is updated service_manage_report /usr/lib/python3/dist-packages/heat/engine/service.py:2370
2026-04-30 00:54:55.579 40020 DEBUG heat.engine.service [req-3235ad6b-0bd4-4193-9571-b4cb7a3bd473 - - - - -] Service 02e35968-16a2-4a7e-ab39-9ff916150b88 is updated service_manage_report /usr/lib/python3/dist-packages/heat/engine/service.py:2370
2026-04-30 00:54:55.637 40021 DEBUG heat.engine.service [req-a6204a2e-9dc0-4e6f-a05b-1814e77107fe - - - - -] Service fb4bc521-c7b3-49cf-ab55-c5f170f640cc is updated service_manage_report /usr/lib/python3/dist-packages/heat/engine/service.py:2370
2026-04-30 00:54:55.645 40019 DEBUG heat.engine.service [req-515b1714-b4b1-4b65-b509-7fd3d41e4a7d - - - - -] Service 581449b6-e013-4211-9f50-0e8a17e2ba87 is updated service_manage_report /usr/lib/python3/dist-packages/heat/engine/service.py:2370
2026-04-30 00:55:55.504 40022 DEBUG heat.engine.service [req-7bce937c-d018-4b7c-8119-9a0343c684a8 - - - - -] Service 944303d8-3e0c-4196-983d-7aca009206ee is updated service_manage_report /usr/lib/python3/dist-packages/heat/engine/service.py:2370
2026-04-30 00:55:55.584 40020 DEBUG heat.engine.service [req-925e13c7-e93e-4012-b76a-9585a90e4eba - - - - -] Service 02e35968-16a2-4a7e-ab39-9ff916150b88 is updated service_manage_report /usr/lib/python3/dist-packages/heat/engine/service.py:2370
2026-04-30 00:55:55.632 40021 DEBUG heat.engine.service [req-c8829a39-ee70-4fb1-bc45-51ef078e4647 - - - - -] Service fb4bc521-c7b3-49cf-ab55-c5f170f640cc is updated service_manage_report /usr/lib/python3/dist-packages/heat/engine/service.py:2370
2026-04-30 00:55:55.650 40019 DEBUG heat.engine.service [req-286791f9-8b39-40b7-907d-b9887d431896 - - - - -] Service 581449b6-e013-4211-9f50-0e8a17e2ba87 is updated service_manage_report /usr/lib/python3/dist-packages/heat/engine/service.py:2370
2026-04-30 00:56:55.508 40022 DEBUG heat.engine.service [req-70e6dcc7-d78f-43c7-9333-5cea39b68061 - - - - -] Service 944303d8-3e0c-4196-983d-7aca009206ee is updated service_manage_report /usr/lib/python3/dist-packages/heat/engine/service.py:2370
2026-04-30 00:56:55.588 40020 DEBUG heat.engine.service [req-46100209-0c88-4e95-82ee-ac07ca902dd6 - - - - -] Service 02e35968-16a2-4a7e-ab39-9ff916150b88 is updated service_manage_report /usr/lib/python3/dist-packages/heat/engine/service.py:2370
2026-04-30 00:56:55.636 40021 DEBUG heat.engine.service [req-6be92e07-d5e0-4f2e-9844-4fe13a537aee - - - - -] Service fb4bc521-c7b3-49cf-ab55-c5f170f640cc is updated service_manage_report /usr/lib/python3/dist-packages/heat/engine/service.py:2370
2026-04-30 00:56:55.654 40019 DEBUG heat.engine.service [req-aaf5fc1d-8004-4d08-be29-5a60f47f356b - - - - -] Service 581449b6-e013-4211-9f50-0e8a17e2ba87 is updated service_manage_report /usr/lib/python3/dist-packages/heat/engine/service.py:2370
2026-04-30 00:57:55.514 40022 DEBUG heat.engine.service [req-f1b99538-ad56-4e95-b5aa-350698768471 - - - - -] Service 944303d8-3e0c-4196-983d-7aca009206ee is updated service_manage_report /usr/lib/python3/dist-packages/heat/engine/service.py:2370
2026-04-30 00:57:55.592 40020 DEBUG heat.engine.service [req-7d4485fe-502e-40b7-8f40-b4a87e5bc68a - - - - -] Service 02e35968-16a2-4a7e-ab39-9ff916150b88 is updated service_manage_report /usr/lib/python3/dist-packages/heat/engine/service.py:2370
2026-04-30 00:57:55.640 40021 DEBUG heat.engine.service [req-f850d6b3-8c01-4b25-87ec-caad71f09294 - - - - -] Service fb4bc521-c7b3-49cf-ab55-c5f170f640cc is updated service_manage_report /usr/lib/python3/dist-packages/heat/engine/service.py:2370
2026-04-30 00:57:55.658 40019 DEBUG heat.engine.service [req-6a06aeb8-5667-4ae4-b9d3-c461ccd3c621 - - - - -] Service 581449b6-e013-4211-9f50-0e8a17e2ba87 is updated service_manage_report /usr/lib/python3/dist-packages/heat/engine/service.py:2370
2026-04-30 00:58:55.518 40022 DEBUG heat.engine.service [req-28bd4282-defa-4bd1-9667-8e706f9206e9 - - - - -] Service 944303d8-3e0c-4196-983d-7aca009206ee is updated service_manage_report /usr/lib/python3/dist-packages/heat/engine/service.py:2370
2026-04-30 00:58:55.596 40020 DEBUG heat.engine.service [req-3a002906-7195-4453-a62a-0383de47e061 - - - - -] Service 02e35968-16a2-4a7e-ab39-9ff916150b88 is updated service_manage_report /usr/lib/python3/dist-packages/heat/engine/service.py:2370
2026-04-30 00:58:55.644 40021 DEBUG heat.engine.service [req-4fceb901-5b30-4d60-b84e-3f8b711d1869 - - - - -] Service fb4bc521-c7b3-49cf-ab55-c5f170f640cc is updated service_manage_report /usr/lib/python3/dist-packages/heat/engine/service.py:2370
2026-04-30 00:58:55.662 40019 DEBUG heat.engine.service [req-c08e39ee-5c1a-460c-a1c9-f368e97ca067 - - - - -] Service 581449b6-e013-4211-9f50-0e8a17e2ba87 is updated service_manage_report /usr/lib/python3/dist-packages/heat/engine/service.py:2370
2026-04-30 00:59:55.525 40022 DEBUG heat.engine.service [req-c8fb29c1-bd78-440b-a6e2-a4ad9742d965 - - - - -] Service 944303d8-3e0c-4196-983d-7aca009206ee is updated service_manage_report /usr/lib/python3/dist-packages/heat/engine/service.py:2370
2026-04-30 00:59:55.606 40020 DEBUG heat.engine.service [req-3eef3fd6-e7c1-4938-879c-66e65b9efca9 - - - - -] Service 02e35968-16a2-4a7e-ab39-9ff916150b88 is updated service_manage_report /usr/lib/python3/dist-packages/heat/engine/service.py:2370
2026-04-30 00:59:55.647 40021 DEBUG heat.engine.service [req-aef0887f-0d48-4ab2-8a60-22e13666c22e - - - - -] Service fb4bc521-c7b3-49cf-ab55-c5f170f640cc is updated service_manage_report /usr/lib/python3/dist-packages/heat/engine/service.py:2370
2026-04-30 00:59:55.666 40019 DEBUG heat.engine.service [req-60d06a79-1391-4292-8f92-6945273e9a59 - - - - -] Service 581449b6-e013-4211-9f50-0e8a17e2ba87 is updated service_manage_report /usr/lib/python3/dist-packages/heat/engine/service.py:2370
2026-04-30 01:00:55.520 40022 DEBUG heat.engine.service [req-8add6bea-70a7-48f8-b489-fb80de9a7339 - - - - -] Service 944303d8-3e0c-4196-983d-7aca009206ee is updated service_manage_report /usr/lib/python3/dist-packages/heat/engine/service.py:2370
2026-04-30 01:00:55.604 40020 DEBUG heat.engine.service [req-8b3ae34a-785c-4317-881e-b0b7168d469f - - - - -] Service 02e35968-16a2-4a7e-ab39-9ff916150b88 is updated service_manage_report /usr/lib/python3/dist-packages/heat/engine/service.py:2370
