2026-04-30 02:03:34.760 75981 DEBUG oslo_service.service [-] database.connection = **** log_opt_values /usr/lib/python3/dist-packages/oslo_config/cfg.py:2609
2026-04-30 02:03:34.760 75981 DEBUG oslo_service.service [-] database.connection_debug = 0 log_opt_values /usr/lib/python3/dist-packages/oslo_config/cfg.py:2609
2026-04-30 02:03:34.761 75981 DEBUG oslo_service.service [-] database.connection_parameters = log_opt_values /usr/lib/python3/dist-packages/oslo_config/cfg.py:2609
2026-04-30 02:03:34.761 75981 DEBUG oslo_service.service [-] database.connection_recycle_time = 3600 log_opt_values /usr/lib/python3/dist-packages/oslo_config/cfg.py:2609
2026-04-30 02:03:34.761 75981 DEBUG oslo_service.service [-] database.connection_trace = False log_opt_values /usr/lib/python3/dist-packages/oslo_config/cfg.py:2609
2026-04-30 02:03:34.761 75981 DEBUG oslo_service.service [-] database.db_inc_retry_interval = True log_opt_values /usr/lib/python3/dist-packages/oslo_config/cfg.py:2609
2026-04-30 02:03:34.761 75981 DEBUG oslo_service.service [-] database.db_max_retries = 20 log_opt_values /usr/lib/python3/dist-packages/oslo_config/cfg.py:2609
2026-04-30 02:03:34.762 75981 DEBUG oslo_service.service [-] database.db_max_retry_interval = 10 log_opt_values /usr/lib/python3/dist-packages/oslo_config/cfg.py:2609
2026-04-30 02:03:34.762 75981 DEBUG oslo_service.service [-] database.db_retry_interval = 1 log_opt_values /usr/lib/python3/dist-packages/oslo_config/cfg.py:2609
2026-04-30 02:03:34.762 75981 DEBUG oslo_service.service [-] database.max_overflow = 50 log_opt_values /usr/lib/python3/dist-packages/oslo_config/cfg.py:2609
2026-04-30 02:03:34.762 75981 DEBUG oslo_service.service [-] database.max_pool_size = 5 log_opt_values /usr/lib/python3/dist-packages/oslo_config/cfg.py:2609
2026-04-30 02:03:34.762 75981 DEBUG oslo_service.service [-] database.max_retries = 10 log_opt_values /usr/lib/python3/dist-packages/oslo_config/cfg.py:2609
2026-04-30 02:03:34.763 75981 DEBUG oslo_service.service [-] database.mysql_enable_ndb = False log_opt_values /usr/lib/python3/dist-packages/oslo_config/cfg.py:2609
2026-04-30 02:03:34.763 75981 DEBUG oslo_service.service [-] database.mysql_sql_mode = TRADITIONAL log_opt_values /usr/lib/python3/dist-packages/oslo_config/cfg.py:2609
2026-04-30 02:03:34.763 75981 DEBUG oslo_service.service [-] database.pool_timeout = None log_opt_values /usr/lib/python3/dist-packages/oslo_config/cfg.py:2609
2026-04-30 02:03:34.765 75981 DEBUG oslo_service.service [-] database.retry_interval = 10 log_opt_values /usr/lib/python3/dist-packages/oslo_config/cfg.py:2609
2026-04-30 02:03:34.766 75981 DEBUG oslo_service.service [-] database.slave_connection = **** log_opt_values /usr/lib/python3/dist-packages/oslo_config/cfg.py:2609
2026-04-30 02:03:34.766 75981 DEBUG oslo_service.service [-] database.sqlite_synchronous = True log_opt_values /usr/lib/python3/dist-packages/oslo_config/cfg.py:2609
2026-04-30 02:03:34.766 75981 DEBUG oslo_service.service [-] database.use_db_reconnect = False log_opt_values /usr/lib/python3/dist-packages/oslo_config/cfg.py:2609
2026-04-30 02:03:34.766 75981 DEBUG oslo_service.service [-] oslo_messaging_metrics.metrics_buffer_size = 1000 log_opt_values /usr/lib/python3/dist-packages/oslo_config/cfg.py:2609
2026-04-30 02:03:34.766 75981 DEBUG oslo_service.service [-] oslo_messaging_metrics.metrics_enabled = False log_opt_values /usr/lib/python3/dist-packages/oslo_config/cfg.py:2609
2026-04-30 02:03:34.766 75981 DEBUG oslo_service.service [-] oslo_messaging_metrics.metrics_process_name = log_opt_values /usr/lib/python3/dist-packages/oslo_config/cfg.py:2609
2026-04-30 02:03:34.766 75981 DEBUG oslo_service.service [-] oslo_messaging_metrics.metrics_socket_file = /var/tmp/metrics_collector.sock log_opt_values /usr/lib/python3/dist-packages/oslo_config/cfg.py:2609
2026-04-30 02:03:34.768 75981 DEBUG oslo_service.service [-] oslo_messaging_metrics.metrics_thread_stop_timeout = 10 log_opt_values /usr/lib/python3/dist-packages/oslo_config/cfg.py:2609
2026-04-30 02:03:34.768 75981 DEBUG oslo_service.service [-] oslo_policy.enforce_new_defaults = False log_opt_values /usr/lib/python3/dist-packages/oslo_config/cfg.py:2609
2026-04-30 02:03:34.768 75981 DEBUG oslo_service.service [-] oslo_policy.enforce_scope = False log_opt_values /usr/lib/python3/dist-packages/oslo_config/cfg.py:2609
2026-04-30 02:03:34.768 75981 DEBUG oslo_service.service [-] oslo_policy.policy_default_rule = default log_opt_values /usr/lib/python3/dist-packages/oslo_config/cfg.py:2609
2026-04-30 02:03:34.769 75981 DEBUG oslo_service.service [-] oslo_policy.policy_dirs = ['policy.d'] log_opt_values /usr/lib/python3/dist-packages/oslo_config/cfg.py:2609
2026-04-30 02:03:34.769 75981 DEBUG oslo_service.service [-] oslo_policy.policy_file = policy.yaml log_opt_values /usr/lib/python3/dist-packages/oslo_config/cfg.py:2609
2026-04-30 02:03:34.769 75981 DEBUG oslo_service.service [-] oslo_policy.remote_content_type = application/x-www-form-urlencoded log_opt_values /usr/lib/python3/dist-packages/oslo_config/cfg.py:2609
2026-04-30 02:03:34.770 75981 DEBUG oslo_service.service [-] oslo_policy.remote_ssl_ca_crt_file = None log_opt_values /usr/lib/python3/dist-packages/oslo_config/cfg.py:2609
2026-04-30 02:03:34.770 75981 DEBUG oslo_service.service [-] oslo_policy.remote_ssl_client_crt_file = None log_opt_values /usr/lib/python3/dist-packages/oslo_config/cfg.py:2609
2026-04-30 02:03:34.770 75981 DEBUG oslo_service.service [-] oslo_policy.remote_ssl_client_key_file = None log_opt_values /usr/lib/python3/dist-packages/oslo_config/cfg.py:2609
2026-04-30 02:03:34.771 75981 DEBUG oslo_service.service [-] oslo_policy.remote_ssl_verify_server_crt = False log_opt_values /usr/lib/python3/dist-packages/oslo_config/cfg.py:2609
2026-04-30 02:03:34.771 75981 DEBUG oslo_service.service [-] trustee.auth_section = None log_opt_values /usr/lib/python3/dist-packages/oslo_config/cfg.py:2609
2026-04-30 02:03:34.771 75981 WARNING oslo_config.cfg [-] Deprecated: Option "auth_plugin" from group "trustee" is deprecated. Use option "auth_type" from group "trustee".
2026-04-30 02:03:34.773 75981 DEBUG oslo_service.service [-] trustee.auth_type = password log_opt_values /usr/lib/python3/dist-packages/oslo_config/cfg.py:2609
2026-04-30 02:03:34.773 75981 DEBUG oslo_service.service [-] oslo_versionedobjects.fatal_exception_format_errors = False log_opt_values /usr/lib/python3/dist-packages/oslo_config/cfg.py:2609
2026-04-30 02:03:34.773 75981 DEBUG oslo_service.service [-] oslo_messaging_rabbit.amqp_auto_delete = False log_opt_values /usr/lib/python3/dist-packages/oslo_config/cfg.py:2609
2026-04-30 02:03:34.774 75981 DEBUG oslo_service.service [-] oslo_messaging_rabbit.amqp_durable_queues = False log_opt_values /usr/lib/python3/dist-packages/oslo_config/cfg.py:2609
2026-04-30 02:03:34.774 75981 DEBUG oslo_service.service [-] oslo_messaging_rabbit.conn_pool_min_size = 2 log_opt_values /usr/lib/python3/dist-packages/oslo_config/cfg.py:2609
2026-04-30 02:03:34.774 75981 DEBUG oslo_service.service [-] oslo_messaging_rabbit.conn_pool_ttl = 1200 log_opt_values /usr/lib/python3/dist-packages/oslo_config/cfg.py:2609
2026-04-30 02:03:34.774 75981 DEBUG oslo_service.service [-] oslo_messaging_rabbit.direct_mandatory_flag = True log_opt_values /usr/lib/python3/dist-packages/oslo_config/cfg.py:2609
2026-04-30 02:03:34.774 75981 DEBUG oslo_service.service [-] oslo_messaging_rabbit.enable_cancel_on_failover = False log_opt_values /usr/lib/python3/dist-packages/oslo_config/cfg.py:2609
2026-04-30 02:03:34.774 75981 DEBUG oslo_service.service [-] oslo_messaging_rabbit.heartbeat_in_pthread = False log_opt_values /usr/lib/python3/dist-packages/oslo_config/cfg.py:2609
2026-04-30 02:03:34.774 75981 DEBUG oslo_service.service [-] oslo_messaging_rabbit.heartbeat_rate = 2 log_opt_values /usr/lib/python3/dist-packages/oslo_config/cfg.py:2609
2026-04-30 02:03:34.774 75981 DEBUG oslo_service.service [-] oslo_messaging_rabbit.heartbeat_timeout_threshold = 60 log_opt_values /usr/lib/python3/dist-packages/oslo_config/cfg.py:2609
2026-04-30 02:03:34.775 75981 DEBUG oslo_service.service [-] oslo_messaging_rabbit.kombu_compression = None log_opt_values /usr/lib/python3/dist-packages/oslo_config/cfg.py:2609
2026-04-30 02:03:34.775 75981 DEBUG oslo_service.service [-] oslo_messaging_rabbit.kombu_failover_strategy = round-robin log_opt_values /usr/lib/python3/dist-packages/oslo_config/cfg.py:2609
2026-04-30 02:03:34.775 75981 DEBUG oslo_service.service [-] oslo_messaging_rabbit.kombu_missing_consumer_retry_timeout = 60 log_opt_values /usr/lib/python3/dist-packages/oslo_config/cfg.py:2609
2026-04-30 02:03:34.775 75981 DEBUG oslo_service.service [-] oslo_messaging_rabbit.kombu_reconnect_delay = 1.0 log_opt_values /usr/lib/python3/dist-packages/oslo_config/cfg.py:2609
2026-04-30 02:03:34.775 75981 DEBUG oslo_service.service [-] oslo_messaging_rabbit.rabbit_ha_queues = False log_opt_values /usr/lib/python3/dist-packages/oslo_config/cfg.py:2609
2026-04-30 02:03:34.777 75981 DEBUG oslo_service.service [-] oslo_messaging_rabbit.rabbit_interval_max = 30 log_opt_values /usr/lib/python3/dist-packages/oslo_config/cfg.py:2609
2026-04-30 02:03:34.777 75981 DEBUG oslo_service.service [-] oslo_messaging_rabbit.rabbit_login_method = AMQPLAIN log_opt_values /usr/lib/python3/dist-packages/oslo_config/cfg.py:2609
2026-04-30 02:03:34.780 75981 DEBUG oslo_service.service [-] oslo_messaging_rabbit.rabbit_qos_prefetch_count = 0 log_opt_values /usr/lib/python3/dist-packages/oslo_config/cfg.py:2609
2026-04-30 02:03:34.780 75981 DEBUG oslo_service.service [-] oslo_messaging_rabbit.rabbit_quorum_queue = False log_opt_values /usr/lib/python3/dist-packages/oslo_config/cfg.py:2609
2026-04-30 02:03:34.781 75981 DEBUG oslo_service.service [-] oslo_messaging_rabbit.rabbit_retry_backoff = 2 log_opt_values /usr/lib/python3/dist-packages/oslo_config/cfg.py:2609
2026-04-30 02:03:34.781 75981 DEBUG oslo_service.service [-] oslo_messaging_rabbit.rabbit_retry_interval = 1 log_opt_values /usr/lib/python3/dist-packages/oslo_config/cfg.py:2609
2026-04-30 02:03:34.781 75981 DEBUG oslo_service.service [-] oslo_messaging_rabbit.rabbit_transient_queues_ttl = 1800 log_opt_values /usr/lib/python3/dist-packages/oslo_config/cfg.py:2609
2026-04-30 02:03:34.784 75981 DEBUG oslo_service.service [-] oslo_messaging_rabbit.rpc_conn_pool_size = 30 log_opt_values /usr/lib/python3/dist-packages/oslo_config/cfg.py:2609
2026-04-30 02:03:34.785 75981 DEBUG oslo_service.service [-] oslo_messaging_rabbit.ssl = False log_opt_values /usr/lib/python3/dist-packages/oslo_config/cfg.py:2609
2026-04-30 02:03:34.785 75981 DEBUG oslo_service.service [-] oslo_messaging_rabbit.ssl_ca_file = log_opt_values /usr/lib/python3/dist-packages/oslo_config/cfg.py:2609
2026-04-30 02:03:34.785 75981 DEBUG oslo_service.service [-] oslo_messaging_rabbit.ssl_cert_file = log_opt_values /usr/lib/python3/dist-packages/oslo_config/cfg.py:2609
2026-04-30 02:03:34.785 75981 DEBUG oslo_service.service [-] oslo_messaging_rabbit.ssl_key_file = log_opt_values /usr/lib/python3/dist-packages/oslo_config/cfg.py:2609
2026-04-30 02:03:34.785 75981 DEBUG oslo_service.service [-] oslo_messaging_rabbit.ssl_version = log_opt_values /usr/lib/python3/dist-packages/oslo_config/cfg.py:2609
2026-04-30 02:03:34.785 75981 DEBUG oslo_service.service [-] oslo_messaging_notifications.driver = [] log_opt_values /usr/lib/python3/dist-packages/oslo_config/cfg.py:2609
2026-04-30 02:03:34.785 75981 DEBUG oslo_service.service [-] oslo_messaging_notifications.retry = -1 log_opt_values /usr/lib/python3/dist-packages/oslo_config/cfg.py:2609
2026-04-30 02:03:34.787 75981 DEBUG oslo_service.service [-] oslo_messaging_notifications.topics = ['notifications'] log_opt_values /usr/lib/python3/dist-packages/oslo_config/cfg.py:2609
2026-04-30 02:03:34.787 75981 DEBUG oslo_service.service [-] oslo_messaging_notifications.transport_url = **** log_opt_values /usr/lib/python3/dist-packages/oslo_config/cfg.py:2609
2026-04-30 02:03:34.788 75981 DEBUG oslo_service.service [-] cache.backend = dogpile.cache.null log_opt_values /usr/lib/python3/dist-packages/oslo_config/cfg.py:2609
2026-04-30 02:03:34.789 75981 DEBUG oslo_service.service [-] cache.backend_argument = **** log_opt_values /usr/lib/python3/dist-packages/oslo_config/cfg.py:2609
2026-04-30 02:03:34.789 75981 DEBUG oslo_service.service [-] cache.config_prefix = cache.oslo log_opt_values /usr/lib/python3/dist-packages/oslo_config/cfg.py:2609
2026-04-30 02:03:34.789 75981 DEBUG oslo_service.service [-] cache.debug_cache_backend = False log_opt_values /usr/lib/python3/dist-packages/oslo_config/cfg.py:2609
2026-04-30 02:03:34.789 75981 DEBUG oslo_service.service [-] cache.enabled = False log_opt_values /usr/lib/python3/dist-packages/oslo_config/cfg.py:2609
2026-04-30 02:03:34.789 75981 DEBUG oslo_service.service [-] cache.expiration_time = 600 log_opt_values /usr/lib/python3/dist-packages/oslo_config/cfg.py:2609
2026-04-30 02:03:34.789 75981 DEBUG oslo_service.service [-] cache.memcache_dead_retry = 300 log_opt_values /usr/lib/python3/dist-packages/oslo_config/cfg.py:2609
2026-04-30 02:03:34.789 75981 DEBUG oslo_service.service [-] cache.memcache_pool_connection_get_timeout = 10 log_opt_values /usr/lib/python3/dist-packages/oslo_config/cfg.py:2609
2026-04-30 02:03:34.790 75981 DEBUG oslo_service.service [-] cache.memcache_pool_flush_on_reconnect = False log_opt_values /usr/lib/python3/dist-packages/oslo_config/cfg.py:2609
2026-04-30 02:03:34.790 75981 DEBUG oslo_service.service [-] cache.memcache_pool_maxsize = 10 log_opt_values /usr/lib/python3/dist-packages/oslo_config/cfg.py:2609
2026-04-30 02:03:34.792 75981 DEBUG oslo_service.service [-] cache.memcache_pool_unused_timeout = 60 log_opt_values /usr/lib/python3/dist-packages/oslo_config/cfg.py:2609
2026-04-30 02:03:34.792 75981 DEBUG oslo_service.service [-] cache.memcache_servers = ['localhost:11211'] log_opt_values /usr/lib/python3/dist-packages/oslo_config/cfg.py:2609
2026-04-30 02:03:34.792 75981 DEBUG oslo_service.service [-] cache.memcache_socket_timeout = 1.0 log_opt_values /usr/lib/python3/dist-packages/oslo_config/cfg.py:2609
2026-04-30 02:03:34.792 75981 DEBUG oslo_service.service [-] cache.proxies = [] log_opt_values /usr/lib/python3/dist-packages/oslo_config/cfg.py:2609
2026-04-30 02:03:34.793 75981 DEBUG oslo_service.service [-] cache.tls_allowed_ciphers = None log_opt_values /usr/lib/python3/dist-packages/oslo_config/cfg.py:2609
2026-04-30 02:03:34.793 75981 DEBUG oslo_service.service [-] cache.tls_cafile = None log_opt_values /usr/lib/python3/dist-packages/oslo_config/cfg.py:2609
2026-04-30 02:03:34.793 75981 DEBUG oslo_service.service [-] cache.tls_certfile = None log_opt_values /usr/lib/python3/dist-packages/oslo_config/cfg.py:2609
2026-04-30 02:03:34.793 75981 DEBUG oslo_service.service [-] cache.tls_enabled = False log_opt_values /usr/lib/python3/dist-packages/oslo_config/cfg.py:2609
2026-04-30 02:03:34.794 75981 DEBUG oslo_service.service [-] cache.tls_keyfile = None log_opt_values /usr/lib/python3/dist-packages/oslo_config/cfg.py:2609
2026-04-30 02:03:34.794 75981 DEBUG oslo_service.service [-] constraint_validation_cache.caching = True log_opt_values /usr/lib/python3/dist-packages/oslo_config/cfg.py:2609
2026-04-30 02:03:34.795 75981 DEBUG oslo_service.service [-] constraint_validation_cache.expiration_time = 60 log_opt_values /usr/lib/python3/dist-packages/oslo_config/cfg.py:2609
2026-04-30 02:03:34.796 75981 DEBUG oslo_service.service [-] service_extension_cache.caching = True log_opt_values /usr/lib/python3/dist-packages/oslo_config/cfg.py:2609
2026-04-30 02:03:34.796 75981 DEBUG oslo_service.service [-] service_extension_cache.expiration_time = 3600 log_opt_values /usr/lib/python3/dist-packages/oslo_config/cfg.py:2609
2026-04-30 02:03:34.796 75981 DEBUG oslo_service.service [-] resource_finder_cache.caching = True log_opt_values /usr/lib/python3/dist-packages/oslo_config/cfg.py:2609
2026-04-30 02:03:34.797 75981 DEBUG oslo_service.service [-] resource_finder_cache.expiration_time = 3600 log_opt_values /usr/lib/python3/dist-packages/oslo_config/cfg.py:2609
2026-04-30 02:03:34.798 75981 DEBUG oslo_service.service [-] yaql.limit_iterators = 200 log_opt_values /usr/lib/python3/dist-packages/oslo_config/cfg.py:2609
2026-04-30 02:03:34.798 75981 DEBUG oslo_service.service [-] yaql.memory_quota = 10000 log_opt_values /usr/lib/python3/dist-packages/oslo_config/cfg.py:2609
2026-04-30 02:03:34.799 75981 DEBUG oslo_service.service [-] ******************************************************************************** log_opt_values /usr/lib/python3/dist-packages/oslo_config/cfg.py:2613
2026-04-30 02:03:34.800 76211 DEBUG oslo_db.sqlalchemy.engines [req-766bec60-c5f0-49bd-81d1-de70a4c7c51a - - - - -] MySQL server mode set to STRICT_TRANS_TABLES,STRICT_ALL_TABLES,NO_ZERO_IN_DATE,NO_ZERO_DATE,ERROR_FOR_DIVISION_BY_ZERO,TRADITIONAL,NO_ENGINE_SUBSTITUTION _check_effective_sql_mode /usr/lib/python3/dist-packages/oslo_db/sqlalchemy/engines.py:314
2026-04-30 02:03:34.800 76210 DEBUG oslo_db.sqlalchemy.engines [req-782795ef-ab9a-4274-aba4-6846f4e6d056 - - - - -] MySQL server mode set to STRICT_TRANS_TABLES,STRICT_ALL_TABLES,NO_ZERO_IN_DATE,NO_ZERO_DATE,ERROR_FOR_DIVISION_BY_ZERO,TRADITIONAL,NO_ENGINE_SUBSTITUTION _check_effective_sql_mode /usr/lib/python3/dist-packages/oslo_db/sqlalchemy/engines.py:314
2026-04-30 02:03:34.804 76209 DEBUG oslo_db.sqlalchemy.engines [req-8abbde7c-c38c-4856-b142-d187bec0c0f2 - - - - -] MySQL server mode set to STRICT_TRANS_TABLES,STRICT_ALL_TABLES,NO_ZERO_IN_DATE,NO_ZERO_DATE,ERROR_FOR_DIVISION_BY_ZERO,TRADITIONAL,NO_ENGINE_SUBSTITUTION _check_effective_sql_mode /usr/lib/python3/dist-packages/oslo_db/sqlalchemy/engines.py:314
2026-04-30 02:03:34.805 76212 DEBUG oslo_db.sqlalchemy.engines [req-7771e95b-0155-4d5f-8b93-0bdf37ecc0c4 - - - - -] MySQL server mode set to STRICT_TRANS_TABLES,STRICT_ALL_TABLES,NO_ZERO_IN_DATE,NO_ZERO_DATE,ERROR_FOR_DIVISION_BY_ZERO,TRADITIONAL,NO_ENGINE_SUBSTITUTION _check_effective_sql_mode /usr/lib/python3/dist-packages/oslo_db/sqlalchemy/engines.py:314
2026-04-30 02:03:34.858 76210 DEBUG heat.engine.service [req-782795ef-ab9a-4274-aba4-6846f4e6d056 - - - - -] Service 459e9bce-6b83-425f-8d7b-6a78cc224b06 was aborted service_manage_cleanup /usr/lib/python3/dist-packages/heat/engine/service.py:2391
2026-04-30 02:03:34.861 76209 DEBUG heat.engine.service [req-8abbde7c-c38c-4856-b142-d187bec0c0f2 - - - - -] Service 459e9bce-6b83-425f-8d7b-6a78cc224b06 was aborted service_manage_cleanup /usr/lib/python3/dist-packages/heat/engine/service.py:2391
2026-04-30 02:03:34.873 76212 DEBUG heat.engine.service [req-7771e95b-0155-4d5f-8b93-0bdf37ecc0c4 - - - - -] Service 459e9bce-6b83-425f-8d7b-6a78cc224b06 was aborted service_manage_cleanup /usr/lib/python3/dist-packages/heat/engine/service.py:2391
2026-04-30 02:03:34.879 76210 DEBUG heat.engine.service [req-782795ef-ab9a-4274-aba4-6846f4e6d056 - - - - -] Service 487182cb-83eb-4a6f-af97-869b69e2b82d was aborted service_manage_cleanup /usr/lib/python3/dist-packages/heat/engine/service.py:2391
2026-04-30 02:03:34.881 76209 DEBUG heat.engine.service [req-8abbde7c-c38c-4856-b142-d187bec0c0f2 - - - - -] Service 487182cb-83eb-4a6f-af97-869b69e2b82d was aborted service_manage_cleanup /usr/lib/python3/dist-packages/heat/engine/service.py:2391
2026-04-30 02:03:34.882 76211 DEBUG heat.engine.service [req-766bec60-c5f0-49bd-81d1-de70a4c7c51a - - - - -] Service 487182cb-83eb-4a6f-af97-869b69e2b82d was aborted service_manage_cleanup /usr/lib/python3/dist-packages/heat/engine/service.py:2391
2026-04-30 02:03:34.883 76212 DEBUG heat.engine.service [req-7771e95b-0155-4d5f-8b93-0bdf37ecc0c4 - - - - -] Service 487182cb-83eb-4a6f-af97-869b69e2b82d was aborted service_manage_cleanup /usr/lib/python3/dist-packages/heat/engine/service.py:2391
2026-04-30 02:03:34.896 76210 DEBUG heat.engine.service [req-782795ef-ab9a-4274-aba4-6846f4e6d056 - - - - -] Service 4ab38f29-1c81-4cb9-a305-c707fd0fc495 was aborted service_manage_cleanup /usr/lib/python3/dist-packages/heat/engine/service.py:2391
2026-04-30 02:03:34.898 76209 DEBUG heat.engine.service [req-8abbde7c-c38c-4856-b142-d187bec0c0f2 - - - - -] Service 4ab38f29-1c81-4cb9-a305-c707fd0fc495 was aborted service_manage_cleanup /usr/lib/python3/dist-packages/heat/engine/service.py:2391
2026-04-30 02:03:34.899 76212 DEBUG heat.engine.service [req-7771e95b-0155-4d5f-8b93-0bdf37ecc0c4 - - - - -] Service 4ab38f29-1c81-4cb9-a305-c707fd0fc495 was aborted service_manage_cleanup /usr/lib/python3/dist-packages/heat/engine/service.py:2391
2026-04-30 02:03:34.900 76211 DEBUG heat.engine.service [req-766bec60-c5f0-49bd-81d1-de70a4c7c51a - - - - -] Service 4ab38f29-1c81-4cb9-a305-c707fd0fc495 was aborted service_manage_cleanup /usr/lib/python3/dist-packages/heat/engine/service.py:2391
2026-04-30 02:03:34.919 76209 DEBUG heat.engine.service [req-8abbde7c-c38c-4856-b142-d187bec0c0f2 - - - - -] Service 855d161c-5c7e-4694-9e67-1cc069c38f1a was aborted service_manage_cleanup /usr/lib/python3/dist-packages/heat/engine/service.py:2391
2026-04-30 02:03:34.921 76211 DEBUG heat.engine.service [req-766bec60-c5f0-49bd-81d1-de70a4c7c51a - - - - -] Service 855d161c-5c7e-4694-9e67-1cc069c38f1a was aborted service_manage_cleanup /usr/lib/python3/dist-packages/heat/engine/service.py:2391
2026-04-30 02:03:34.922 76212 DEBUG heat.engine.service [req-7771e95b-0155-4d5f-8b93-0bdf37ecc0c4 - - - - -] Service 855d161c-5c7e-4694-9e67-1cc069c38f1a was aborted service_manage_cleanup /usr/lib/python3/dist-packages/heat/engine/service.py:2391
2026-04-30 02:03:34.924 76210 DEBUG heat.engine.service [req-782795ef-ab9a-4274-aba4-6846f4e6d056 - - - - -] Service 855d161c-5c7e-4694-9e67-1cc069c38f1a was aborted service_manage_cleanup /usr/lib/python3/dist-packages/heat/engine/service.py:2391
2026-04-30 02:03:34.964 76209 DEBUG heat.engine.service [req-638522b4-477c-4508-8c9d-b93a7f1bbb5e - - - - -] Service c3c4fc9c-832a-40f5-8de4-84447e33d429 is started service_manage_report /usr/lib/python3/dist-packages/heat/engine/service.py:2363
2026-04-30 02:03:34.967 76211 DEBUG heat.engine.service [req-24026f1b-5a13-4439-873a-11f75d190f2f - - - - -] Service fdc8ff70-038f-4ad3-bb60-e31adbcb1137 is started service_manage_report /usr/lib/python3/dist-packages/heat/engine/service.py:2363
2026-04-30 02:03:34.970 76210 DEBUG heat.engine.service [req-4d773e2c-39c2-4a84-8591-8b145521a218 - - - - -] Service ed987a1d-cb6a-4b69-a18a-6f56ef3db8ea is started service_manage_report /usr/lib/python3/dist-packages/heat/engine/service.py:2363
2026-04-30 02:03:34.973 76212 DEBUG heat.engine.service [req-21bc7478-e6d9-43ef-acfd-55a4662dc643 - - - - -] Service 4c54f7bd-29bb-42a1-b99e-08bdf1df64e7 is started service_manage_report /usr/lib/python3/dist-packages/heat/engine/service.py:2363
2026-04-30 02:03:34.993 76209 DEBUG heat.engine.service [req-638522b4-477c-4508-8c9d-b93a7f1bbb5e - - - - -] Service c3c4fc9c-832a-40f5-8de4-84447e33d429 is updated service_manage_report /usr/lib/python3/dist-packages/heat/engine/service.py:2370
2026-04-30 02:03:34.993 76211 DEBUG heat.engine.service [req-24026f1b-5a13-4439-873a-11f75d190f2f - - - - -] Service fdc8ff70-038f-4ad3-bb60-e31adbcb1137 is updated service_manage_report /usr/lib/python3/dist-packages/heat/engine/service.py:2370
2026-04-30 02:03:34.993 76210 DEBUG heat.engine.service [req-4d773e2c-39c2-4a84-8591-8b145521a218 - - - - -] Service ed987a1d-cb6a-4b69-a18a-6f56ef3db8ea is updated service_manage_report /usr/lib/python3/dist-packages/heat/engine/service.py:2370
2026-04-30 02:03:34.995 76212 DEBUG heat.engine.service [req-21bc7478-e6d9-43ef-acfd-55a4662dc643 - - - - -] Service 4c54f7bd-29bb-42a1-b99e-08bdf1df64e7 is updated service_manage_report /usr/lib/python3/dist-packages/heat/engine/service.py:2370
2026-04-30 02:04:34.957 76209 DEBUG heat.engine.service [req-d2c46a0d-f252-4744-99a0-385cbba1b6a7 - - - - -] Service c3c4fc9c-832a-40f5-8de4-84447e33d429 is updated service_manage_report /usr/lib/python3/dist-packages/heat/engine/service.py:2370
2026-04-30 02:04:34.961 76211 DEBUG heat.engine.service [req-d413ca2a-dbf0-40e5-a9ee-943f3934188e - - - - -] Service fdc8ff70-038f-4ad3-bb60-e31adbcb1137 is updated service_manage_report /usr/lib/python3/dist-packages/heat/engine/service.py:2370
2026-04-30 02:04:34.961 76212 DEBUG heat.engine.service [req-04e45ff6-f765-4268-927d-743171e23126 - - - - -] Service 4c54f7bd-29bb-42a1-b99e-08bdf1df64e7 is updated service_manage_report /usr/lib/python3/dist-packages/heat/engine/service.py:2370
2026-04-30 02:04:34.961 76210 DEBUG heat.engine.service [req-642435d9-b36e-43a8-b3bb-948de60d87f0 - - - - -] Service ed987a1d-cb6a-4b69-a18a-6f56ef3db8ea is updated service_manage_report /usr/lib/python3/dist-packages/heat/engine/service.py:2370
2026-04-30 02:05:34.963 76210 DEBUG heat.engine.service [req-908eb43c-b7be-4e8e-b0f8-2b0721ab5b3a - - - - -] Service ed987a1d-cb6a-4b69-a18a-6f56ef3db8ea is updated service_manage_report /usr/lib/python3/dist-packages/heat/engine/service.py:2370
2026-04-30 02:05:34.965 76209 DEBUG heat.engine.service [req-7188408d-c084-4384-a4d9-b72d0f4cf091 - - - - -] Service c3c4fc9c-832a-40f5-8de4-84447e33d429 is updated service_manage_report /usr/lib/python3/dist-packages/heat/engine/service.py:2370
2026-04-30 02:05:34.965 76211 DEBUG heat.engine.service [req-e6ed3615-9312-4fdf-80fa-545739e12acc - - - - -] Service fdc8ff70-038f-4ad3-bb60-e31adbcb1137 is updated service_manage_report /usr/lib/python3/dist-packages/heat/engine/service.py:2370
2026-04-30 02:05:34.974 76212 DEBUG heat.engine.service [req-b7d7e235-f373-4c05-8356-079334ffad48 - - - - -] Service 4c54f7bd-29bb-42a1-b99e-08bdf1df64e7 is updated service_manage_report /usr/lib/python3/dist-packages/heat/engine/service.py:2370
2026-04-30 02:06:34.959 76210 DEBUG heat.engine.service [req-8d4c93bb-a372-42e5-a83b-1d49fc448d8f - - - - -] Service ed987a1d-cb6a-4b69-a18a-6f56ef3db8ea is updated service_manage_report /usr/lib/python3/dist-packages/heat/engine/service.py:2370
2026-04-30 02:06:34.968 76209 DEBUG heat.engine.service [req-1b98dffb-6eba-4e89-8e87-1606e2d84688 - - - - -] Service c3c4fc9c-832a-40f5-8de4-84447e33d429 is updated service_manage_report /usr/lib/python3/dist-packages/heat/engine/service.py:2370
2026-04-30 02:06:34.968 76211 DEBUG heat.engine.service [req-929cef23-9045-4087-87f6-beaa2e5a78d2 - - - - -] Service fdc8ff70-038f-4ad3-bb60-e31adbcb1137 is updated service_manage_report /usr/lib/python3/dist-packages/heat/engine/service.py:2370
2026-04-30 02:06:34.972 76212 DEBUG heat.engine.service [req-2b0a4329-dec4-4b39-b138-e9b503dc8931 - - - - -] Service 4c54f7bd-29bb-42a1-b99e-08bdf1df64e7 is updated service_manage_report /usr/lib/python3/dist-packages/heat/engine/service.py:2370
2026-04-30 02:07:34.957 76210 DEBUG heat.engine.service [req-ff66d25a-6a57-4d15-9d5e-70ff7c3f7655 - - - - -] Service ed987a1d-cb6a-4b69-a18a-6f56ef3db8ea is updated service_manage_report /usr/lib/python3/dist-packages/heat/engine/service.py:2370
2026-04-30 02:07:34.966 76209 DEBUG heat.engine.service [req-961fb631-7ce5-40b3-9f73-63b6f9200527 - - - - -] Service c3c4fc9c-832a-40f5-8de4-84447e33d429 is updated service_manage_report /usr/lib/python3/dist-packages/heat/engine/service.py:2370
2026-04-30 02:07:34.971 76211 DEBUG heat.engine.service [req-f9d07173-c8bf-43a6-b06f-357bdf7eb07e - - - - -] Service fdc8ff70-038f-4ad3-bb60-e31adbcb1137 is updated service_manage_report /usr/lib/python3/dist-packages/heat/engine/service.py:2370
2026-04-30 02:07:34.972 76212 DEBUG heat.engine.service [req-1c0bf567-a170-4d25-9203-9a920bec2221 - - - - -] Service 4c54f7bd-29bb-42a1-b99e-08bdf1df64e7 is updated service_manage_report /usr/lib/python3/dist-packages/heat/engine/service.py:2370
2026-04-30 02:08:34.959 76210 DEBUG heat.engine.service [req-1e96fed2-65dc-471b-afd8-c15a62873ea6 - - - - -] Service ed987a1d-cb6a-4b69-a18a-6f56ef3db8ea is updated service_manage_report /usr/lib/python3/dist-packages/heat/engine/service.py:2370
2026-04-30 02:08:34.965 76209 DEBUG heat.engine.service [req-47153a97-ba19-4a0c-850a-ebbbed0bbdf6 - - - - -] Service c3c4fc9c-832a-40f5-8de4-84447e33d429 is updated service_manage_report /usr/lib/python3/dist-packages/heat/engine/service.py:2370
2026-04-30 02:08:34.971 76211 DEBUG heat.engine.service [req-8c42081c-7451-4d40-9801-1bc4159046e0 - - - - -] Service fdc8ff70-038f-4ad3-bb60-e31adbcb1137 is updated service_manage_report /usr/lib/python3/dist-packages/heat/engine/service.py:2370
2026-04-30 02:08:34.971 76212 DEBUG heat.engine.service [req-41d3c884-7dfb-4dd6-9231-8a7fba052a1c - - - - -] Service 4c54f7bd-29bb-42a1-b99e-08bdf1df64e7 is updated service_manage_report /usr/lib/python3/dist-packages/heat/engine/service.py:2370
2026-04-30 02:09:34.966 76210 DEBUG heat.engine.service [req-4eaf4ea0-fdcc-4c53-970a-784bdf700371 - - - - -] Service ed987a1d-cb6a-4b69-a18a-6f56ef3db8ea is updated service_manage_report /usr/lib/python3/dist-packages/heat/engine/service.py:2370
2026-04-30 02:09:34.980 76209 DEBUG heat.engine.service [req-4cf022a5-0cbc-4a37-a8b8-eecea1fc4525 - - - - -] Service c3c4fc9c-832a-40f5-8de4-84447e33d429 is updated service_manage_report /usr/lib/python3/dist-packages/heat/engine/service.py:2370
2026-04-30 02:09:34.983 76212 DEBUG heat.engine.service [req-9506fb0f-b698-4d2b-9b14-ae9bb6078ee8 - - - - -] Service 4c54f7bd-29bb-42a1-b99e-08bdf1df64e7 is updated service_manage_report /usr/lib/python3/dist-packages/heat/engine/service.py:2370
2026-04-30 02:09:34.984 76211 DEBUG heat.engine.service [req-f1f2e2fe-39dd-40d4-9cbc-dd9bee221595 - - - - -] Service fdc8ff70-038f-4ad3-bb60-e31adbcb1137 is updated service_manage_report /usr/lib/python3/dist-packages/heat/engine/service.py:2370
2026-04-30 02:10:34.985 76210 DEBUG heat.engine.service [req-9b0fb3b7-4f9a-4fc9-b46e-c89a4f51f908 - - - - -] Service ed987a1d-cb6a-4b69-a18a-6f56ef3db8ea is updated service_manage_report /usr/lib/python3/dist-packages/heat/engine/service.py:2370
2026-04-30 02:10:34.990 76209 DEBUG heat.engine.service [req-1336211c-3352-4250-8010-61db6368bb6a - - - - -] Service c3c4fc9c-832a-40f5-8de4-84447e33d429 is updated service_manage_report /usr/lib/python3/dist-packages/heat/engine/service.py:2370
2026-04-30 02:10:34.996 76212 DEBUG heat.engine.service [req-fa32e00a-f53c-4bf7-a038-275ba12e508f - - - - -] Service 4c54f7bd-29bb-42a1-b99e-08bdf1df64e7 is updated service_manage_report /usr/lib/python3/dist-packages/heat/engine/service.py:2370
2026-04-30 02:10:35.037 76211 DEBUG heat.engine.service [req-7adbdf7d-6040-4a22-8221-a8e4a58a0a41 - - - - -] Service fdc8ff70-038f-4ad3-bb60-e31adbcb1137 is updated service_manage_report /usr/lib/python3/dist-packages/heat/engine/service.py:2370
2026-04-30 02:11:34.951 76210 DEBUG heat.engine.service [req-2dbe2445-74f0-4239-916d-b60a8e8de826 - - - - -] Service ed987a1d-cb6a-4b69-a18a-6f56ef3db8ea is updated service_manage_report /usr/lib/python3/dist-packages/heat/engine/service.py:2370
2026-04-30 02:11:34.956 76209 DEBUG heat.engine.service [req-cbd66cd8-6b1d-446c-ad6b-63e7bac0cee9 - - - - -] Service c3c4fc9c-832a-40f5-8de4-84447e33d429 is updated service_manage_report /usr/lib/python3/dist-packages/heat/engine/service.py:2370
2026-04-30 02:11:34.965 76212 DEBUG heat.engine.service [req-c2824217-a0ef-482a-ab27-da1f621eb606 - - - - -] Service 4c54f7bd-29bb-42a1-b99e-08bdf1df64e7 is updated service_manage_report /usr/lib/python3/dist-packages/heat/engine/service.py:2370
2026-04-30 02:11:34.973 76211 DEBUG heat.engine.service [req-3d6254bb-e61e-4230-8b03-4187c8cd8e5e - - - - -] Service fdc8ff70-038f-4ad3-bb60-e31adbcb1137 is updated service_manage_report /usr/lib/python3/dist-packages/heat/engine/service.py:2370
2026-04-30 02:12:34.951 76210 DEBUG heat.engine.service [req-7422587d-9432-4f03-98f8-03d7d2e21e46 - - - - -] Service ed987a1d-cb6a-4b69-a18a-6f56ef3db8ea is updated service_manage_report /usr/lib/python3/dist-packages/heat/engine/service.py:2370
2026-04-30 02:12:34.953 76209 DEBUG heat.engine.service [req-98a9fec4-4730-4a9a-8e9b-af32c695fe05 - - - - -] Service c3c4fc9c-832a-40f5-8de4-84447e33d429 is updated service_manage_report /usr/lib/python3/dist-packages/heat/engine/service.py:2370
2026-04-30 02:12:34.959 76212 DEBUG heat.engine.service [req-e363434d-83d3-4fea-afa4-3fa036fa0c31 - - - - -] Service 4c54f7bd-29bb-42a1-b99e-08bdf1df64e7 is updated service_manage_report /usr/lib/python3/dist-packages/heat/engine/service.py:2370
2026-04-30 02:12:34.980 76211 DEBUG heat.engine.service [req-a6d29091-06d1-40b6-8439-5154f5dc38e5 - - - - -] Service fdc8ff70-038f-4ad3-bb60-e31adbcb1137 is updated service_manage_report /usr/lib/python3/dist-packages/heat/engine/service.py:2370
2026-04-30 02:13:34.948 76210 DEBUG heat.engine.service [req-e335c93d-e14f-464c-876d-ca27d54b33dd - - - - -] Service ed987a1d-cb6a-4b69-a18a-6f56ef3db8ea is updated service_manage_report /usr/lib/python3/dist-packages/heat/engine/service.py:2370
2026-04-30 02:13:34.952 76209 DEBUG heat.engine.service [req-13d413d1-e0f7-470a-869e-7c0049945bf1 - - - - -] Service c3c4fc9c-832a-40f5-8de4-84447e33d429 is updated service_manage_report /usr/lib/python3/dist-packages/heat/engine/service.py:2370
2026-04-30 02:13:34.966 76212 DEBUG heat.engine.service [req-1b1eb6f8-7130-4f3d-9917-d6dbc259d887 - - - - -] Service 4c54f7bd-29bb-42a1-b99e-08bdf1df64e7 is updated service_manage_report /usr/lib/python3/dist-packages/heat/engine/service.py:2370
2026-04-30 02:13:34.976 76211 DEBUG heat.engine.service [req-6e3cdf14-bd72-4b8a-b080-d5465b03733f - - - - -] Service fdc8ff70-038f-4ad3-bb60-e31adbcb1137 is updated service_manage_report /usr/lib/python3/dist-packages/heat/engine/service.py:2370
2026-04-30 02:14:34.955 76209 DEBUG heat.engine.service [req-62b02621-c516-4149-805e-8f9f0ab516db - - - - -] Service c3c4fc9c-832a-40f5-8de4-84447e33d429 is updated service_manage_report /usr/lib/python3/dist-packages/heat/engine/service.py:2370
2026-04-30 02:14:34.963 76210 DEBUG heat.engine.service [req-55d7934d-9512-4e4b-8704-45737eefcab0 - - - - -] Service ed987a1d-cb6a-4b69-a18a-6f56ef3db8ea is updated service_manage_report /usr/lib/python3/dist-packages/heat/engine/service.py:2370
2026-04-30 02:14:35.003 76212 DEBUG heat.engine.service [req-2b5a73d4-274f-4385-bb7f-676934ba0225 - - - - -] Service 4c54f7bd-29bb-42a1-b99e-08bdf1df64e7 is updated service_manage_report /usr/lib/python3/dist-packages/heat/engine/service.py:2370
2026-04-30 02:14:35.016 76211 DEBUG heat.engine.service [req-9cd45dd8-5c60-4545-a5e6-d630eabc9cf9 - - - - -] Service fdc8ff70-038f-4ad3-bb60-e31adbcb1137 is updated service_manage_report /usr/lib/python3/dist-packages/heat/engine/service.py:2370
2026-04-30 02:15:34.950 76210 DEBUG heat.engine.service [req-ee69b06a-c75e-4436-b97d-e49233f8e38a - - - - -] Service ed987a1d-cb6a-4b69-a18a-6f56ef3db8ea is updated service_manage_report /usr/lib/python3/dist-packages/heat/engine/service.py:2370
2026-04-30 02:15:34.956 76209 DEBUG heat.engine.service [req-9fbfd362-f8c5-432f-997e-ebb717df2a5a - - - - -] Service c3c4fc9c-832a-40f5-8de4-84447e33d429 is updated service_manage_report /usr/lib/python3/dist-packages/heat/engine/service.py:2370
2026-04-30 02:15:34.957 76212 DEBUG heat.engine.service [req-b6de8500-9047-496f-898c-9180e2835d44 - - - - -] Service 4c54f7bd-29bb-42a1-b99e-08bdf1df64e7 is updated service_manage_report /usr/lib/python3/dist-packages/heat/engine/service.py:2370
2026-04-30 02:15:34.984 76211 DEBUG heat.engine.service [req-bb830a6b-2701-4541-87ba-a338e627947f - - - - -] Service fdc8ff70-038f-4ad3-bb60-e31adbcb1137 is updated service_manage_report /usr/lib/python3/dist-packages/heat/engine/service.py:2370
2026-04-30 02:16:34.948 76210 DEBUG heat.engine.service [req-2394918a-8da2-487e-a3fb-f6e150e59c0a - - - - -] Service ed987a1d-cb6a-4b69-a18a-6f56ef3db8ea is updated service_manage_report /usr/lib/python3/dist-packages/heat/engine/service.py:2370
2026-04-30 02:16:34.953 76209 DEBUG heat.engine.service [req-171bd1db-3320-44f9-8c10-1ad8af762267 - - - - -] Service c3c4fc9c-832a-40f5-8de4-84447e33d429 is updated service_manage_report /usr/lib/python3/dist-packages/heat/engine/service.py:2370
2026-04-30 02:16:34.975 76212 DEBUG heat.engine.service [req-5373986d-b6f8-43c8-bb46-6fac80760b76 - - - - -] Service 4c54f7bd-29bb-42a1-b99e-08bdf1df64e7 is updated service_manage_report /usr/lib/python3/dist-packages/heat/engine/service.py:2370
2026-04-30 02:16:34.982 76211 DEBUG heat.engine.service [req-004b6db5-eac8-4bdf-a677-e68ba9cc446f - - - - -] Service fdc8ff70-038f-4ad3-bb60-e31adbcb1137 is updated service_manage_report /usr/lib/python3/dist-packages/heat/engine/service.py:2370
2026-04-30 02:17:34.943 76210 DEBUG heat.engine.service [req-623b0f64-007e-4f01-b05c-b762ca88c052 - - - - -] Service ed987a1d-cb6a-4b69-a18a-6f56ef3db8ea is updated service_manage_report /usr/lib/python3/dist-packages/heat/engine/service.py:2370
2026-04-30 02:17:34.950 76209 DEBUG heat.engine.service [req-ef4e75b0-c215-4131-a89d-7085ada6597d - - - - -] Service c3c4fc9c-832a-40f5-8de4-84447e33d429 is updated service_manage_report /usr/lib/python3/dist-packages/heat/engine/service.py:2370
2026-04-30 02:17:34.959 76212 DEBUG heat.engine.service [req-c907cc43-f8dd-44ca-a919-33a671b17e8d - - - - -] Service 4c54f7bd-29bb-42a1-b99e-08bdf1df64e7 is updated service_manage_report /usr/lib/python3/dist-packages/heat/engine/service.py:2370
2026-04-30 02:17:34.976 76211 DEBUG heat.engine.service [req-3af71ff0-e606-4315-bad7-21ca8465597e - - - - -] Service fdc8ff70-038f-4ad3-bb60-e31adbcb1137 is updated service_manage_report /usr/lib/python3/dist-packages/heat/engine/service.py:2370
2026-04-30 02:18:34.946 76209 DEBUG heat.engine.service [req-f3d7f69f-ca6a-4296-8637-4d430d8efcc6 - - - - -] Service c3c4fc9c-832a-40f5-8de4-84447e33d429 is updated service_manage_report /usr/lib/python3/dist-packages/heat/engine/service.py:2370
2026-04-30 02:18:34.949 76210 DEBUG heat.engine.service [req-2451bc8d-79db-48eb-b1f9-e84c0df3289d - - - - -] Service ed987a1d-cb6a-4b69-a18a-6f56ef3db8ea is updated service_manage_report /usr/lib/python3/dist-packages/heat/engine/service.py:2370
2026-04-30 02:18:34.963 76212 DEBUG heat.engine.service [req-4055b215-43f0-463e-8dae-4dde3159cb5f - - - - -] Service 4c54f7bd-29bb-42a1-b99e-08bdf1df64e7 is updated service_manage_report /usr/lib/python3/dist-packages/heat/engine/service.py:2370
2026-04-30 02:18:34.981 76211 DEBUG heat.engine.service [req-bed6e5ab-9ab6-4298-bd02-9d87ccb2eb81 - - - - -] Service fdc8ff70-038f-4ad3-bb60-e31adbcb1137 is updated service_manage_report /usr/lib/python3/dist-packages/heat/engine/service.py:2370
2026-04-30 02:19:34.957 76209 DEBUG heat.engine.service [req-17008bc7-089c-4d43-bde5-44bc099bfa24 - - - - -] Service c3c4fc9c-832a-40f5-8de4-84447e33d429 is updated service_manage_report /usr/lib/python3/dist-packages/heat/engine/service.py:2370
2026-04-30 02:19:34.961 76210 DEBUG heat.engine.service [req-1110c0c7-6580-4b77-9ee5-6dde9c270f38 - - - - -] Service ed987a1d-cb6a-4b69-a18a-6f56ef3db8ea is updated service_manage_report /usr/lib/python3/dist-packages/heat/engine/service.py:2370
2026-04-30 02:19:34.969 76212 DEBUG heat.engine.service [req-8a490ee1-1c48-4413-98f5-777f093d2d98 - - - - -] Service 4c54f7bd-29bb-42a1-b99e-08bdf1df64e7 is updated service_manage_report /usr/lib/python3/dist-packages/heat/engine/service.py:2370
2026-04-30 02:19:34.986 76211 DEBUG heat.engine.service [req-0d98546f-6ec4-4e5c-bb71-dbf61727deee - - - - -] Service fdc8ff70-038f-4ad3-bb60-e31adbcb1137 is updated service_manage_report /usr/lib/python3/dist-packages/heat/engine/service.py:2370
2026-04-30 02:20:34.955 76209 DEBUG heat.engine.service [req-9b6a5be0-fe10-4f39-84c2-b3dcabd32677 - - - - -] Service c3c4fc9c-832a-40f5-8de4-84447e33d429 is updated service_manage_report /usr/lib/python3/dist-packages/heat/engine/service.py:2370
2026-04-30 02:20:34.957 76210 DEBUG heat.engine.service [req-5540da2a-0958-49e3-a80c-516608629a3a - - - - -] Service ed987a1d-cb6a-4b69-a18a-6f56ef3db8ea is updated service_manage_report /usr/lib/python3/dist-packages/heat/engine/service.py:2370
2026-04-30 02:20:34.964 76212 DEBUG heat.engine.service [req-a9d6f688-fbc1-49f9-9e8f-4ec0fcf13f15 - - - - -] Service 4c54f7bd-29bb-42a1-b99e-08bdf1df64e7 is updated service_manage_report /usr/lib/python3/dist-packages/heat/engine/service.py:2370
2026-04-30 02:20:34.993 76211 DEBUG heat.engine.service [req-85d15403-dea1-4ead-9ed7-28aae6c6f133 - - - - -] Service fdc8ff70-038f-4ad3-bb60-e31adbcb1137 is updated service_manage_report /usr/lib/python3/dist-packages/heat/engine/service.py:2370
2026-04-30 02:21:34.954 76209 DEBUG heat.engine.service [req-19511b9e-1ddd-4c21-9a03-86de473bf221 - - - - -] Service c3c4fc9c-832a-40f5-8de4-84447e33d429 is updated service_manage_report /usr/lib/python3/dist-packages/heat/engine/service.py:2370
2026-04-30 02:21:34.964 76210 DEBUG heat.engine.service [req-e4fffe16-c26e-4f55-a4d4-3d1abbfe48ef - - - - -] Service ed987a1d-cb6a-4b69-a18a-6f56ef3db8ea is updated service_manage_report /usr/lib/python3/dist-packages/heat/engine/service.py:2370
2026-04-30 02:21:34.970 76212 DEBUG heat.engine.service [req-84fff3cd-db65-4905-9b2b-80005f10eebd - - - - -] Service 4c54f7bd-29bb-42a1-b99e-08bdf1df64e7 is updated service_manage_report /usr/lib/python3/dist-packages/heat/engine/service.py:2370
2026-04-30 02:21:34.999 76211 DEBUG heat.engine.service [req-014745e4-82c7-4c5a-a04c-975f4bb72e08 - - - - -] Service fdc8ff70-038f-4ad3-bb60-e31adbcb1137 is updated service_manage_report /usr/lib/python3/dist-packages/heat/engine/service.py:2370
2026-04-30 02:22:34.950 76209 DEBUG heat.engine.service [req-cd75b4ab-8e5b-4ed1-848c-c6a3cb86faae - - - - -] Service c3c4fc9c-832a-40f5-8de4-84447e33d429 is updated service_manage_report /usr/lib/python3/dist-packages/heat/engine/service.py:2370
2026-04-30 02:22:34.959 76210 DEBUG heat.engine.service [req-99d7e683-8d6e-40a0-b279-8f4533179000 - - - - -] Service ed987a1d-cb6a-4b69-a18a-6f56ef3db8ea is updated service_manage_report /usr/lib/python3/dist-packages/heat/engine/service.py:2370
2026-04-30 02:22:34.967 76212 DEBUG heat.engine.service [req-1d3051d7-3bfd-4600-ab53-a17948754935 - - - - -] Service 4c54f7bd-29bb-42a1-b99e-08bdf1df64e7 is updated service_manage_report /usr/lib/python3/dist-packages/heat/engine/service.py:2370
2026-04-30 02:22:34.994 76211 DEBUG heat.engine.service [req-b10fcefd-64f5-4b64-9624-c739b0e69a4e - - - - -] Service fdc8ff70-038f-4ad3-bb60-e31adbcb1137 is updated service_manage_report /usr/lib/python3/dist-packages/heat/engine/service.py:2370