2026-04-30 02:00:23.456 71331 DEBUG oslo_service.service [-] clients_manila.insecure = None log_opt_values /usr/lib/python3/dist-packages/oslo_config/cfg.py:2609
2026-04-30 02:00:23.456 71331 DEBUG oslo_service.service [-] clients_manila.key_file = None log_opt_values /usr/lib/python3/dist-packages/oslo_config/cfg.py:2609
2026-04-30 02:00:23.456 71331 DEBUG oslo_service.service [-] clients_mistral.ca_file = None log_opt_values /usr/lib/python3/dist-packages/oslo_config/cfg.py:2609
2026-04-30 02:00:23.456 71331 DEBUG oslo_service.service [-] clients_mistral.cert_file = None log_opt_values /usr/lib/python3/dist-packages/oslo_config/cfg.py:2609
2026-04-30 02:00:23.456 71331 DEBUG oslo_service.service [-] clients_mistral.endpoint_type = None log_opt_values /usr/lib/python3/dist-packages/oslo_config/cfg.py:2609
2026-04-30 02:00:23.457 71331 DEBUG oslo_service.service [-] clients_mistral.insecure = None log_opt_values /usr/lib/python3/dist-packages/oslo_config/cfg.py:2609
2026-04-30 02:00:23.457 71331 DEBUG oslo_service.service [-] clients_mistral.key_file = None log_opt_values /usr/lib/python3/dist-packages/oslo_config/cfg.py:2609
2026-04-30 02:00:23.457 71331 DEBUG oslo_service.service [-] clients_monasca.ca_file = None log_opt_values /usr/lib/python3/dist-packages/oslo_config/cfg.py:2609
2026-04-30 02:00:23.457 71331 DEBUG oslo_service.service [-] clients_monasca.cert_file = None log_opt_values /usr/lib/python3/dist-packages/oslo_config/cfg.py:2609
2026-04-30 02:00:23.457 71331 DEBUG oslo_service.service [-] clients_monasca.endpoint_type = None log_opt_values /usr/lib/python3/dist-packages/oslo_config/cfg.py:2609
2026-04-30 02:00:23.457 71331 DEBUG oslo_service.service [-] clients_monasca.insecure = None log_opt_values /usr/lib/python3/dist-packages/oslo_config/cfg.py:2609
2026-04-30 02:00:23.457 71331 DEBUG oslo_service.service [-] clients_monasca.key_file = None log_opt_values /usr/lib/python3/dist-packages/oslo_config/cfg.py:2609
2026-04-30 02:00:23.457 71331 DEBUG oslo_service.service [-] clients_neutron.ca_file = None log_opt_values /usr/lib/python3/dist-packages/oslo_config/cfg.py:2609
2026-04-30 02:00:23.458 71331 DEBUG oslo_service.service [-] clients_neutron.cert_file = None log_opt_values /usr/lib/python3/dist-packages/oslo_config/cfg.py:2609
2026-04-30 02:00:23.458 71331 DEBUG oslo_service.service [-] clients_neutron.endpoint_type = None log_opt_values /usr/lib/python3/dist-packages/oslo_config/cfg.py:2609
2026-04-30 02:00:23.458 71331 DEBUG oslo_service.service [-] clients_neutron.insecure = None log_opt_values /usr/lib/python3/dist-packages/oslo_config/cfg.py:2609
2026-04-30 02:00:23.458 71331 DEBUG oslo_service.service [-] clients_neutron.key_file = None log_opt_values /usr/lib/python3/dist-packages/oslo_config/cfg.py:2609
2026-04-30 02:00:23.458 71331 DEBUG oslo_service.service [-] clients_nova.ca_file = None log_opt_values /usr/lib/python3/dist-packages/oslo_config/cfg.py:2609
2026-04-30 02:00:23.458 71331 DEBUG oslo_service.service [-] clients_nova.cert_file = None log_opt_values /usr/lib/python3/dist-packages/oslo_config/cfg.py:2609
2026-04-30 02:00:23.458 71331 DEBUG oslo_service.service [-] clients_nova.endpoint_type = None log_opt_values /usr/lib/python3/dist-packages/oslo_config/cfg.py:2609
2026-04-30 02:00:23.458 71331 DEBUG oslo_service.service [-] clients_nova.http_log_debug = False log_opt_values /usr/lib/python3/dist-packages/oslo_config/cfg.py:2609
2026-04-30 02:00:23.458 71331 DEBUG oslo_service.service [-] clients_nova.insecure = None log_opt_values /usr/lib/python3/dist-packages/oslo_config/cfg.py:2609
2026-04-30 02:00:23.459 71331 DEBUG oslo_service.service [-] clients_nova.key_file = None log_opt_values /usr/lib/python3/dist-packages/oslo_config/cfg.py:2609
2026-04-30 02:00:23.459 71331 DEBUG oslo_service.service [-] clients_octavia.ca_file = None log_opt_values /usr/lib/python3/dist-packages/oslo_config/cfg.py:2609
2026-04-30 02:00:23.459 71331 DEBUG oslo_service.service [-] clients_octavia.cert_file = None log_opt_values /usr/lib/python3/dist-packages/oslo_config/cfg.py:2609
2026-04-30 02:00:23.459 71331 DEBUG oslo_service.service [-] clients_octavia.endpoint_type = None log_opt_values /usr/lib/python3/dist-packages/oslo_config/cfg.py:2609
2026-04-30 02:00:23.459 71331 DEBUG oslo_service.service [-] clients_octavia.insecure = None log_opt_values /usr/lib/python3/dist-packages/oslo_config/cfg.py:2609
2026-04-30 02:00:23.459 71331 DEBUG oslo_service.service [-] clients_octavia.key_file = None log_opt_values /usr/lib/python3/dist-packages/oslo_config/cfg.py:2609
2026-04-30 02:00:23.459 71331 DEBUG oslo_service.service [-] clients_sahara.ca_file = None log_opt_values /usr/lib/python3/dist-packages/oslo_config/cfg.py:2609
2026-04-30 02:00:23.459 71331 DEBUG oslo_service.service [-] clients_sahara.cert_file = None log_opt_values /usr/lib/python3/dist-packages/oslo_config/cfg.py:2609
2026-04-30 02:00:23.459 71331 DEBUG oslo_service.service [-] clients_sahara.endpoint_type = None log_opt_values /usr/lib/python3/dist-packages/oslo_config/cfg.py:2609
2026-04-30 02:00:23.460 71331 DEBUG oslo_service.service [-] clients_sahara.insecure = None log_opt_values /usr/lib/python3/dist-packages/oslo_config/cfg.py:2609
2026-04-30 02:00:23.460 71331 DEBUG oslo_service.service [-] clients_sahara.key_file = None log_opt_values /usr/lib/python3/dist-packages/oslo_config/cfg.py:2609
2026-04-30 02:00:23.460 71331 DEBUG oslo_service.service [-] clients_senlin.ca_file = None log_opt_values /usr/lib/python3/dist-packages/oslo_config/cfg.py:2609
2026-04-30 02:00:23.460 71331 DEBUG oslo_service.service [-] clients_senlin.cert_file = None log_opt_values /usr/lib/python3/dist-packages/oslo_config/cfg.py:2609
2026-04-30 02:00:23.460 71331 DEBUG oslo_service.service [-] clients_senlin.endpoint_type = None log_opt_values /usr/lib/python3/dist-packages/oslo_config/cfg.py:2609
2026-04-30 02:00:23.460 71331 DEBUG oslo_service.service [-] clients_senlin.insecure = None log_opt_values /usr/lib/python3/dist-packages/oslo_config/cfg.py:2609
2026-04-30 02:00:23.461 71331 DEBUG oslo_service.service [-] clients_senlin.key_file = None log_opt_values /usr/lib/python3/dist-packages/oslo_config/cfg.py:2609
2026-04-30 02:00:23.461 71331 DEBUG oslo_service.service [-] clients_swift.ca_file = None log_opt_values /usr/lib/python3/dist-packages/oslo_config/cfg.py:2609
2026-04-30 02:00:23.461 71331 DEBUG oslo_service.service [-] clients_swift.cert_file = None log_opt_values /usr/lib/python3/dist-packages/oslo_config/cfg.py:2609
2026-04-30 02:00:23.461 71331 DEBUG oslo_service.service [-] clients_swift.endpoint_type = None log_opt_values /usr/lib/python3/dist-packages/oslo_config/cfg.py:2609
2026-04-30 02:00:23.461 71331 DEBUG oslo_service.service [-] clients_swift.insecure = None log_opt_values /usr/lib/python3/dist-packages/oslo_config/cfg.py:2609
2026-04-30 02:00:23.461 71331 DEBUG oslo_service.service [-] clients_swift.key_file = None log_opt_values /usr/lib/python3/dist-packages/oslo_config/cfg.py:2609
2026-04-30 02:00:23.461 71331 DEBUG oslo_service.service [-] clients_trove.ca_file = None log_opt_values /usr/lib/python3/dist-packages/oslo_config/cfg.py:2609
2026-04-30 02:00:23.461 71331 DEBUG oslo_service.service [-] clients_trove.cert_file = None log_opt_values /usr/lib/python3/dist-packages/oslo_config/cfg.py:2609
2026-04-30 02:00:23.461 71331 DEBUG oslo_service.service [-] clients_trove.endpoint_type = None log_opt_values /usr/lib/python3/dist-packages/oslo_config/cfg.py:2609
2026-04-30 02:00:23.461 71331 DEBUG oslo_service.service [-] clients_trove.insecure = None log_opt_values /usr/lib/python3/dist-packages/oslo_config/cfg.py:2609
2026-04-30 02:00:23.462 71331 DEBUG oslo_service.service [-] clients_trove.key_file = None log_opt_values /usr/lib/python3/dist-packages/oslo_config/cfg.py:2609
2026-04-30 02:00:23.462 71331 DEBUG oslo_service.service [-] clients_vitrage.ca_file = None log_opt_values /usr/lib/python3/dist-packages/oslo_config/cfg.py:2609
2026-04-30 02:00:23.462 71331 DEBUG oslo_service.service [-] clients_vitrage.cert_file = None log_opt_values /usr/lib/python3/dist-packages/oslo_config/cfg.py:2609
2026-04-30 02:00:23.462 71331 DEBUG oslo_service.service [-] clients_vitrage.endpoint_type = None log_opt_values /usr/lib/python3/dist-packages/oslo_config/cfg.py:2609
2026-04-30 02:00:23.462 71331 DEBUG oslo_service.service [-] clients_vitrage.insecure = None log_opt_values /usr/lib/python3/dist-packages/oslo_config/cfg.py:2609
2026-04-30 02:00:23.462 71331 DEBUG oslo_service.service [-] clients_vitrage.key_file = None log_opt_values /usr/lib/python3/dist-packages/oslo_config/cfg.py:2609
2026-04-30 02:00:23.462 71331 DEBUG oslo_service.service [-] clients_zaqar.ca_file = None log_opt_values /usr/lib/python3/dist-packages/oslo_config/cfg.py:2609
2026-04-30 02:00:23.462 71331 DEBUG oslo_service.service [-] clients_zaqar.cert_file = None log_opt_values /usr/lib/python3/dist-packages/oslo_config/cfg.py:2609
2026-04-30 02:00:23.463 71331 DEBUG oslo_service.service [-] clients_zaqar.endpoint_type = None log_opt_values /usr/lib/python3/dist-packages/oslo_config/cfg.py:2609
2026-04-30 02:00:23.463 71331 DEBUG oslo_service.service [-] clients_zaqar.insecure = None log_opt_values /usr/lib/python3/dist-packages/oslo_config/cfg.py:2609
2026-04-30 02:00:23.463 71331 DEBUG oslo_service.service [-] clients_zaqar.key_file = None log_opt_values /usr/lib/python3/dist-packages/oslo_config/cfg.py:2609
2026-04-30 02:00:23.463 71331 DEBUG oslo_service.service [-] database.backend = sqlalchemy log_opt_values /usr/lib/python3/dist-packages/oslo_config/cfg.py:2609
2026-04-30 02:00:23.463 71331 DEBUG oslo_service.service [-] database.connection = **** log_opt_values /usr/lib/python3/dist-packages/oslo_config/cfg.py:2609
2026-04-30 02:00:23.463 71331 DEBUG oslo_service.service [-] database.connection_debug = 0 log_opt_values /usr/lib/python3/dist-packages/oslo_config/cfg.py:2609
2026-04-30 02:00:23.463 71331 DEBUG oslo_service.service [-] database.connection_parameters = log_opt_values /usr/lib/python3/dist-packages/oslo_config/cfg.py:2609
2026-04-30 02:00:23.464 71331 DEBUG oslo_service.service [-] database.connection_recycle_time = 3600 log_opt_values /usr/lib/python3/dist-packages/oslo_config/cfg.py:2609
2026-04-30 02:00:23.464 71331 DEBUG oslo_service.service [-] database.connection_trace = False log_opt_values /usr/lib/python3/dist-packages/oslo_config/cfg.py:2609
2026-04-30 02:00:23.464 71331 DEBUG oslo_service.service [-] database.db_inc_retry_interval = True log_opt_values /usr/lib/python3/dist-packages/oslo_config/cfg.py:2609
2026-04-30 02:00:23.464 71331 DEBUG oslo_service.service [-] database.db_max_retries = 20 log_opt_values /usr/lib/python3/dist-packages/oslo_config/cfg.py:2609
2026-04-30 02:00:23.464 71331 DEBUG oslo_service.service [-] database.db_max_retry_interval = 10 log_opt_values /usr/lib/python3/dist-packages/oslo_config/cfg.py:2609
2026-04-30 02:00:23.464 71331 DEBUG oslo_service.service [-] database.db_retry_interval = 1 log_opt_values /usr/lib/python3/dist-packages/oslo_config/cfg.py:2609
2026-04-30 02:00:23.464 71331 DEBUG oslo_service.service [-] database.max_overflow = 50 log_opt_values /usr/lib/python3/dist-packages/oslo_config/cfg.py:2609
2026-04-30 02:00:23.464 71331 DEBUG oslo_service.service [-] database.max_pool_size = 5 log_opt_values /usr/lib/python3/dist-packages/oslo_config/cfg.py:2609
2026-04-30 02:00:23.465 71331 DEBUG oslo_service.service [-] database.max_retries = 10 log_opt_values /usr/lib/python3/dist-packages/oslo_config/cfg.py:2609
2026-04-30 02:00:23.465 71331 DEBUG oslo_service.service [-] database.mysql_enable_ndb = False log_opt_values /usr/lib/python3/dist-packages/oslo_config/cfg.py:2609
2026-04-30 02:00:23.465 71331 DEBUG oslo_service.service [-] database.mysql_sql_mode = TRADITIONAL log_opt_values /usr/lib/python3/dist-packages/oslo_config/cfg.py:2609
2026-04-30 02:00:23.465 71331 DEBUG oslo_service.service [-] database.pool_timeout = None log_opt_values /usr/lib/python3/dist-packages/oslo_config/cfg.py:2609
2026-04-30 02:00:23.462 71560 DEBUG heat.engine.service [-] Starting listener for engine 54112c0b-80f3-4055-8f51-4526364d73d0 start /usr/lib/python3/dist-packages/heat/engine/service.py:392
2026-04-30 02:00:23.465 71331 DEBUG oslo_service.service [-] database.retry_interval = 10 log_opt_values /usr/lib/python3/dist-packages/oslo_config/cfg.py:2609
2026-04-30 02:00:23.465 71331 DEBUG oslo_service.service [-] database.slave_connection = **** log_opt_values /usr/lib/python3/dist-packages/oslo_config/cfg.py:2609
2026-04-30 02:00:23.465 71331 DEBUG oslo_service.service [-] database.sqlite_synchronous = True log_opt_values /usr/lib/python3/dist-packages/oslo_config/cfg.py:2609
2026-04-30 02:00:23.465 71331 DEBUG oslo_service.service [-] database.use_db_reconnect = False log_opt_values /usr/lib/python3/dist-packages/oslo_config/cfg.py:2609
2026-04-30 02:00:23.466 71331 DEBUG oslo_service.service [-] oslo_messaging_metrics.metrics_buffer_size = 1000 log_opt_values /usr/lib/python3/dist-packages/oslo_config/cfg.py:2609
2026-04-30 02:00:23.466 71331 DEBUG oslo_service.service [-] oslo_messaging_metrics.metrics_enabled = False log_opt_values /usr/lib/python3/dist-packages/oslo_config/cfg.py:2609
2026-04-30 02:00:23.466 71331 DEBUG oslo_service.service [-] oslo_messaging_metrics.metrics_process_name = log_opt_values /usr/lib/python3/dist-packages/oslo_config/cfg.py:2609
2026-04-30 02:00:23.466 71331 DEBUG oslo_service.service [-] oslo_messaging_metrics.metrics_socket_file = /var/tmp/metrics_collector.sock log_opt_values /usr/lib/python3/dist-packages/oslo_config/cfg.py:2609
2026-04-30 02:00:23.466 71331 DEBUG oslo_service.service [-] oslo_messaging_metrics.metrics_thread_stop_timeout = 10 log_opt_values /usr/lib/python3/dist-packages/oslo_config/cfg.py:2609
2026-04-30 02:00:23.466 71331 DEBUG oslo_service.service [-] oslo_policy.enforce_new_defaults = False log_opt_values /usr/lib/python3/dist-packages/oslo_config/cfg.py:2609
2026-04-30 02:00:23.466 71331 DEBUG oslo_service.service [-] oslo_policy.enforce_scope = False log_opt_values /usr/lib/python3/dist-packages/oslo_config/cfg.py:2609
2026-04-30 02:00:23.467 71331 DEBUG oslo_service.service [-] oslo_policy.policy_default_rule = default log_opt_values /usr/lib/python3/dist-packages/oslo_config/cfg.py:2609
2026-04-30 02:00:23.467 71331 DEBUG oslo_service.service [-] oslo_policy.policy_dirs = ['policy.d'] log_opt_values /usr/lib/python3/dist-packages/oslo_config/cfg.py:2609
2026-04-30 02:00:23.467 71331 DEBUG oslo_service.service [-] oslo_policy.policy_file = policy.yaml log_opt_values /usr/lib/python3/dist-packages/oslo_config/cfg.py:2609
2026-04-30 02:00:23.467 71331 DEBUG oslo_service.service [-] oslo_policy.remote_content_type = application/x-www-form-urlencoded log_opt_values /usr/lib/python3/dist-packages/oslo_config/cfg.py:2609
2026-04-30 02:00:23.467 71331 DEBUG oslo_service.service [-] oslo_policy.remote_ssl_ca_crt_file = None log_opt_values /usr/lib/python3/dist-packages/oslo_config/cfg.py:2609
2026-04-30 02:00:23.467 71331 DEBUG oslo_service.service [-] oslo_policy.remote_ssl_client_crt_file = None log_opt_values /usr/lib/python3/dist-packages/oslo_config/cfg.py:2609
2026-04-30 02:00:23.467 71331 DEBUG oslo_service.service [-] oslo_policy.remote_ssl_client_key_file = None log_opt_values /usr/lib/python3/dist-packages/oslo_config/cfg.py:2609
2026-04-30 02:00:23.468 71331 DEBUG oslo_service.service [-] oslo_policy.remote_ssl_verify_server_crt = False log_opt_values /usr/lib/python3/dist-packages/oslo_config/cfg.py:2609
2026-04-30 02:00:23.468 71331 DEBUG oslo_service.service [-] trustee.auth_section = None log_opt_values /usr/lib/python3/dist-packages/oslo_config/cfg.py:2609
2026-04-30 02:00:23.468 71331 WARNING oslo_config.cfg [-] Deprecated: Option "auth_plugin" from group "trustee" is deprecated. Use option "auth_type" from group "trustee".
2026-04-30 02:00:23.468 71331 DEBUG oslo_service.service [-] trustee.auth_type = password log_opt_values /usr/lib/python3/dist-packages/oslo_config/cfg.py:2609
2026-04-30 02:00:23.468 71331 DEBUG oslo_service.service [-] oslo_versionedobjects.fatal_exception_format_errors = False log_opt_values /usr/lib/python3/dist-packages/oslo_config/cfg.py:2609
2026-04-30 02:00:23.468 71331 DEBUG oslo_service.service [-] oslo_messaging_rabbit.amqp_auto_delete = False log_opt_values /usr/lib/python3/dist-packages/oslo_config/cfg.py:2609
2026-04-30 02:00:23.469 71331 DEBUG oslo_service.service [-] oslo_messaging_rabbit.amqp_durable_queues = False log_opt_values /usr/lib/python3/dist-packages/oslo_config/cfg.py:2609
2026-04-30 02:00:23.469 71331 DEBUG oslo_service.service [-] oslo_messaging_rabbit.conn_pool_min_size = 2 log_opt_values /usr/lib/python3/dist-packages/oslo_config/cfg.py:2609
2026-04-30 02:00:23.469 71331 DEBUG oslo_service.service [-] oslo_messaging_rabbit.conn_pool_ttl = 1200 log_opt_values /usr/lib/python3/dist-packages/oslo_config/cfg.py:2609
2026-04-30 02:00:23.469 71331 DEBUG oslo_service.service [-] oslo_messaging_rabbit.direct_mandatory_flag = True log_opt_values /usr/lib/python3/dist-packages/oslo_config/cfg.py:2609
2026-04-30 02:00:23.470 71331 DEBUG oslo_service.service [-] oslo_messaging_rabbit.enable_cancel_on_failover = False log_opt_values /usr/lib/python3/dist-packages/oslo_config/cfg.py:2609
2026-04-30 02:00:23.470 71331 DEBUG oslo_service.service [-] oslo_messaging_rabbit.heartbeat_in_pthread = False log_opt_values /usr/lib/python3/dist-packages/oslo_config/cfg.py:2609
2026-04-30 02:00:23.470 71331 DEBUG oslo_service.service [-] oslo_messaging_rabbit.heartbeat_rate = 2 log_opt_values /usr/lib/python3/dist-packages/oslo_config/cfg.py:2609
2026-04-30 02:00:23.470 71331 DEBUG oslo_service.service [-] oslo_messaging_rabbit.heartbeat_timeout_threshold = 60 log_opt_values /usr/lib/python3/dist-packages/oslo_config/cfg.py:2609
2026-04-30 02:00:23.470 71331 DEBUG oslo_service.service [-] oslo_messaging_rabbit.kombu_compression = None log_opt_values /usr/lib/python3/dist-packages/oslo_config/cfg.py:2609
2026-04-30 02:00:23.471 71331 DEBUG oslo_service.service [-] oslo_messaging_rabbit.kombu_failover_strategy = round-robin log_opt_values /usr/lib/python3/dist-packages/oslo_config/cfg.py:2609
2026-04-30 02:00:23.471 71331 DEBUG oslo_service.service [-] oslo_messaging_rabbit.kombu_missing_consumer_retry_timeout = 60 log_opt_values /usr/lib/python3/dist-packages/oslo_config/cfg.py:2609
2026-04-30 02:00:23.471 71331 DEBUG oslo_service.service [-] oslo_messaging_rabbit.kombu_reconnect_delay = 1.0 log_opt_values /usr/lib/python3/dist-packages/oslo_config/cfg.py:2609
2026-04-30 02:00:23.471 71331 DEBUG oslo_service.service [-] oslo_messaging_rabbit.rabbit_ha_queues = False log_opt_values /usr/lib/python3/dist-packages/oslo_config/cfg.py:2609
2026-04-30 02:00:23.471 71331 DEBUG oslo_service.service [-] oslo_messaging_rabbit.rabbit_interval_max = 30 log_opt_values /usr/lib/python3/dist-packages/oslo_config/cfg.py:2609
2026-04-30 02:00:23.471 71331 DEBUG oslo_service.service [-] oslo_messaging_rabbit.rabbit_login_method = AMQPLAIN log_opt_values /usr/lib/python3/dist-packages/oslo_config/cfg.py:2609
2026-04-30 02:00:23.471 71331 DEBUG oslo_service.service [-] oslo_messaging_rabbit.rabbit_qos_prefetch_count = 0 log_opt_values /usr/lib/python3/dist-packages/oslo_config/cfg.py:2609
2026-04-30 02:00:23.471 71331 DEBUG oslo_service.service [-] oslo_messaging_rabbit.rabbit_quorum_queue = False log_opt_values /usr/lib/python3/dist-packages/oslo_config/cfg.py:2609
2026-04-30 02:00:23.471 71331 DEBUG oslo_service.service [-] oslo_messaging_rabbit.rabbit_retry_backoff = 2 log_opt_values /usr/lib/python3/dist-packages/oslo_config/cfg.py:2609
2026-04-30 02:00:23.472 71331 DEBUG oslo_service.service [-] oslo_messaging_rabbit.rabbit_retry_interval = 1 log_opt_values /usr/lib/python3/dist-packages/oslo_config/cfg.py:2609
2026-04-30 02:00:23.472 71331 DEBUG oslo_service.service [-] oslo_messaging_rabbit.rabbit_transient_queues_ttl = 1800 log_opt_values /usr/lib/python3/dist-packages/oslo_config/cfg.py:2609
2026-04-30 02:00:23.472 71331 DEBUG oslo_service.service [-] oslo_messaging_rabbit.rpc_conn_pool_size = 30 log_opt_values /usr/lib/python3/dist-packages/oslo_config/cfg.py:2609
2026-04-30 02:00:23.472 71331 DEBUG oslo_service.service [-] oslo_messaging_rabbit.ssl = False log_opt_values /usr/lib/python3/dist-packages/oslo_config/cfg.py:2609
2026-04-30 02:00:23.472 71331 DEBUG oslo_service.service [-] oslo_messaging_rabbit.ssl_ca_file = log_opt_values /usr/lib/python3/dist-packages/oslo_config/cfg.py:2609
2026-04-30 02:00:23.472 71331 DEBUG oslo_service.service [-] oslo_messaging_rabbit.ssl_cert_file = log_opt_values /usr/lib/python3/dist-packages/oslo_config/cfg.py:2609
2026-04-30 02:00:23.472 71331 DEBUG oslo_service.service [-] oslo_messaging_rabbit.ssl_key_file = log_opt_values /usr/lib/python3/dist-packages/oslo_config/cfg.py:2609
2026-04-30 02:00:23.472 71331 DEBUG oslo_service.service [-] oslo_messaging_rabbit.ssl_version = log_opt_values /usr/lib/python3/dist-packages/oslo_config/cfg.py:2609
2026-04-30 02:00:23.473 71331 DEBUG oslo_service.service [-] oslo_messaging_notifications.driver = [] log_opt_values /usr/lib/python3/dist-packages/oslo_config/cfg.py:2609
2026-04-30 02:00:23.473 71331 DEBUG oslo_service.service [-] oslo_messaging_notifications.retry = -1 log_opt_values /usr/lib/python3/dist-packages/oslo_config/cfg.py:2609
2026-04-30 02:00:23.473 71331 DEBUG oslo_service.service [-] oslo_messaging_notifications.topics = ['notifications'] log_opt_values /usr/lib/python3/dist-packages/oslo_config/cfg.py:2609
2026-04-30 02:00:23.473 71331 DEBUG oslo_service.service [-] oslo_messaging_notifications.transport_url = **** log_opt_values /usr/lib/python3/dist-packages/oslo_config/cfg.py:2609
2026-04-30 02:00:23.473 71331 DEBUG oslo_service.service [-] cache.backend = dogpile.cache.null log_opt_values /usr/lib/python3/dist-packages/oslo_config/cfg.py:2609
2026-04-30 02:00:23.473 71331 DEBUG oslo_service.service [-] cache.backend_argument = **** log_opt_values /usr/lib/python3/dist-packages/oslo_config/cfg.py:2609
2026-04-30 02:00:23.473 71331 DEBUG oslo_service.service [-] cache.config_prefix = cache.oslo log_opt_values /usr/lib/python3/dist-packages/oslo_config/cfg.py:2609
2026-04-30 02:00:23.474 71331 DEBUG oslo_service.service [-] cache.debug_cache_backend = False log_opt_values /usr/lib/python3/dist-packages/oslo_config/cfg.py:2609
2026-04-30 02:00:23.474 71331 DEBUG oslo_service.service [-] cache.enabled = False log_opt_values /usr/lib/python3/dist-packages/oslo_config/cfg.py:2609
2026-04-30 02:00:23.474 71331 DEBUG oslo_service.service [-] cache.expiration_time = 600 log_opt_values /usr/lib/python3/dist-packages/oslo_config/cfg.py:2609
2026-04-30 02:00:23.474 71331 DEBUG oslo_service.service [-] cache.memcache_dead_retry = 300 log_opt_values /usr/lib/python3/dist-packages/oslo_config/cfg.py:2609
2026-04-30 02:00:23.474 71331 DEBUG oslo_service.service [-] cache.memcache_pool_connection_get_timeout = 10 log_opt_values /usr/lib/python3/dist-packages/oslo_config/cfg.py:2609
2026-04-30 02:00:23.474 71331 DEBUG oslo_service.service [-] cache.memcache_pool_flush_on_reconnect = False log_opt_values /usr/lib/python3/dist-packages/oslo_config/cfg.py:2609
2026-04-30 02:00:23.474 71331 DEBUG oslo_service.service [-] cache.memcache_pool_maxsize = 10 log_opt_values /usr/lib/python3/dist-packages/oslo_config/cfg.py:2609
2026-04-30 02:00:23.475 71331 DEBUG oslo_service.service [-] cache.memcache_pool_unused_timeout = 60 log_opt_values /usr/lib/python3/dist-packages/oslo_config/cfg.py:2609
2026-04-30 02:00:23.474 71559 INFO heat.engine.worker [-] Starting engine_worker (1.4) in engine 4a42f509-ccf0-4713-88d7-e3e6de4954f8.
2026-04-30 02:00:23.475 71331 DEBUG oslo_service.service [-] cache.memcache_servers = ['localhost:11211'] log_opt_values /usr/lib/python3/dist-packages/oslo_config/cfg.py:2609
2026-04-30 02:00:23.475 71331 DEBUG oslo_service.service [-] cache.memcache_socket_timeout = 1.0 log_opt_values /usr/lib/python3/dist-packages/oslo_config/cfg.py:2609
2026-04-30 02:00:23.475 71331 DEBUG oslo_service.service [-] cache.proxies = [] log_opt_values /usr/lib/python3/dist-packages/oslo_config/cfg.py:2609
2026-04-30 02:00:23.475 71331 DEBUG oslo_service.service [-] cache.tls_allowed_ciphers = None log_opt_values /usr/lib/python3/dist-packages/oslo_config/cfg.py:2609
2026-04-30 02:00:23.475 71331 DEBUG oslo_service.service [-] cache.tls_cafile = None log_opt_values /usr/lib/python3/dist-packages/oslo_config/cfg.py:2609
2026-04-30 02:00:23.475 71331 DEBUG oslo_service.service [-] cache.tls_certfile = None log_opt_values /usr/lib/python3/dist-packages/oslo_config/cfg.py:2609
2026-04-30 02:00:23.476 71331 DEBUG oslo_service.service [-] cache.tls_enabled = False log_opt_values /usr/lib/python3/dist-packages/oslo_config/cfg.py:2609
2026-04-30 02:00:23.476 71331 DEBUG oslo_service.service [-] cache.tls_keyfile = None log_opt_values /usr/lib/python3/dist-packages/oslo_config/cfg.py:2609
2026-04-30 02:00:23.476 71331 DEBUG oslo_service.service [-] constraint_validation_cache.caching = True log_opt_values /usr/lib/python3/dist-packages/oslo_config/cfg.py:2609
2026-04-30 02:00:23.476 71331 DEBUG oslo_service.service [-] constraint_validation_cache.expiration_time = 60 log_opt_values /usr/lib/python3/dist-packages/oslo_config/cfg.py:2609
2026-04-30 02:00:23.476 71331 DEBUG oslo_service.service [-] service_extension_cache.caching = True log_opt_values /usr/lib/python3/dist-packages/oslo_config/cfg.py:2609
2026-04-30 02:00:23.476 71331 DEBUG oslo_service.service [-] service_extension_cache.expiration_time = 3600 log_opt_values /usr/lib/python3/dist-packages/oslo_config/cfg.py:2609
2026-04-30 02:00:23.476 71331 DEBUG oslo_service.service [-] resource_finder_cache.caching = True log_opt_values /usr/lib/python3/dist-packages/oslo_config/cfg.py:2609
2026-04-30 02:00:23.476 71331 DEBUG oslo_service.service [-] resource_finder_cache.expiration_time = 3600 log_opt_values /usr/lib/python3/dist-packages/oslo_config/cfg.py:2609
2026-04-30 02:00:23.477 71331 DEBUG oslo_service.service [-] yaql.limit_iterators = 200 log_opt_values /usr/lib/python3/dist-packages/oslo_config/cfg.py:2609
2026-04-30 02:00:23.477 71331 DEBUG oslo_service.service [-] yaql.memory_quota = 10000 log_opt_values /usr/lib/python3/dist-packages/oslo_config/cfg.py:2609
2026-04-30 02:00:23.477 71331 DEBUG oslo_service.service [-] ******************************************************************************** log_opt_values /usr/lib/python3/dist-packages/oslo_config/cfg.py:2613
2026-04-30 02:00:23.516 71560 INFO heat.engine.worker [-] Starting engine_worker (1.4) in engine 54112c0b-80f3-4055-8f51-4526364d73d0.
2026-04-30 02:00:23.547 71558 DEBUG oslo_db.sqlalchemy.engines [req-5b42871c-52c0-4811-aaf3-38c112900355 - - - - -] MySQL server mode set to STRICT_TRANS_TABLES,STRICT_ALL_TABLES,NO_ZERO_IN_DATE,NO_ZERO_DATE,ERROR_FOR_DIVISION_BY_ZERO,TRADITIONAL,NO_ENGINE_SUBSTITUTION _check_effective_sql_mode /usr/lib/python3/dist-packages/oslo_db/sqlalchemy/engines.py:314
2026-04-30 02:00:23.549 71559 DEBUG oslo_db.sqlalchemy.engines [req-5fca3b59-be0b-48bd-aebd-0c1a410938ba - - - - -] MySQL server mode set to STRICT_TRANS_TABLES,STRICT_ALL_TABLES,NO_ZERO_IN_DATE,NO_ZERO_DATE,ERROR_FOR_DIVISION_BY_ZERO,TRADITIONAL,NO_ENGINE_SUBSTITUTION _check_effective_sql_mode /usr/lib/python3/dist-packages/oslo_db/sqlalchemy/engines.py:314
2026-04-30 02:00:23.561 71557 DEBUG oslo_db.sqlalchemy.engines [req-ed622613-6f2b-4399-b730-465785314422 - - - - -] MySQL server mode set to STRICT_TRANS_TABLES,STRICT_ALL_TABLES,NO_ZERO_IN_DATE,NO_ZERO_DATE,ERROR_FOR_DIVISION_BY_ZERO,TRADITIONAL,NO_ENGINE_SUBSTITUTION _check_effective_sql_mode /usr/lib/python3/dist-packages/oslo_db/sqlalchemy/engines.py:314
2026-04-30 02:00:23.617 71558 DEBUG heat.engine.service [req-5b42871c-52c0-4811-aaf3-38c112900355 - - - - -] Service 02e35968-16a2-4a7e-ab39-9ff916150b88 was aborted service_manage_cleanup /usr/lib/python3/dist-packages/heat/engine/service.py:2391
2026-04-30 02:00:23.617 71559 DEBUG heat.engine.service [req-5fca3b59-be0b-48bd-aebd-0c1a410938ba - - - - -] Service 02e35968-16a2-4a7e-ab39-9ff916150b88 was aborted service_manage_cleanup /usr/lib/python3/dist-packages/heat/engine/service.py:2391
2026-04-30 02:00:23.634 71560 DEBUG oslo_db.sqlalchemy.engines [req-05b37c66-3f46-4e4a-867a-475098f937ce - - - - -] MySQL server mode set to STRICT_TRANS_TABLES,STRICT_ALL_TABLES,NO_ZERO_IN_DATE,NO_ZERO_DATE,ERROR_FOR_DIVISION_BY_ZERO,TRADITIONAL,NO_ENGINE_SUBSTITUTION _check_effective_sql_mode /usr/lib/python3/dist-packages/oslo_db/sqlalchemy/engines.py:314
2026-04-30 02:00:23.662 71559 DEBUG heat.engine.service [req-5fca3b59-be0b-48bd-aebd-0c1a410938ba - - - - -] Service 118879a1-9b70-4fc8-a257-9315c53865fc was aborted service_manage_cleanup /usr/lib/python3/dist-packages/heat/engine/service.py:2391
2026-04-30 02:00:23.665 71557 DEBUG heat.engine.service [req-ed622613-6f2b-4399-b730-465785314422 - - - - -] Service 02e35968-16a2-4a7e-ab39-9ff916150b88 was aborted service_manage_cleanup /usr/lib/python3/dist-packages/heat/engine/service.py:2391
2026-04-30 02:00:23.663 71558 DEBUG heat.engine.service [req-5b42871c-52c0-4811-aaf3-38c112900355 - - - - -] Service 118879a1-9b70-4fc8-a257-9315c53865fc was aborted service_manage_cleanup /usr/lib/python3/dist-packages/heat/engine/service.py:2391
2026-04-30 02:00:23.679 71557 DEBUG heat.engine.service [req-ed622613-6f2b-4399-b730-465785314422 - - - - -] Service 118879a1-9b70-4fc8-a257-9315c53865fc was aborted service_manage_cleanup /usr/lib/python3/dist-packages/heat/engine/service.py:2391
2026-04-30 02:00:23.680 71559 DEBUG heat.engine.service [req-5fca3b59-be0b-48bd-aebd-0c1a410938ba - - - - -] Service 2437a0d1-083f-47b3-8117-d83e9f326d0b was aborted service_manage_cleanup /usr/lib/python3/dist-packages/heat/engine/service.py:2391
2026-04-30 02:00:23.683 71558 DEBUG heat.engine.service [req-5b42871c-52c0-4811-aaf3-38c112900355 - - - - -] Service 2437a0d1-083f-47b3-8117-d83e9f326d0b was aborted service_manage_cleanup /usr/lib/python3/dist-packages/heat/engine/service.py:2391
2026-04-30 02:00:23.700 71557 DEBUG heat.engine.service [req-ed622613-6f2b-4399-b730-465785314422 - - - - -] Service 2437a0d1-083f-47b3-8117-d83e9f326d0b was aborted service_manage_cleanup /usr/lib/python3/dist-packages/heat/engine/service.py:2391
2026-04-30 02:00:23.704 71560 DEBUG heat.engine.service [req-05b37c66-3f46-4e4a-867a-475098f937ce - - - - -] Service 2437a0d1-083f-47b3-8117-d83e9f326d0b was aborted service_manage_cleanup /usr/lib/python3/dist-packages/heat/engine/service.py:2391
2026-04-30 02:00:23.708 71559 DEBUG heat.engine.service [req-5fca3b59-be0b-48bd-aebd-0c1a410938ba - - - - -] Service 3d70c7f3-308c-4b5d-bcf1-f431f42bee82 was aborted service_manage_cleanup /usr/lib/python3/dist-packages/heat/engine/service.py:2391
2026-04-30 02:00:23.709 71557 DEBUG heat.engine.service [req-ed622613-6f2b-4399-b730-465785314422 - - - - -] Service 3d70c7f3-308c-4b5d-bcf1-f431f42bee82 was aborted service_manage_cleanup /usr/lib/python3/dist-packages/heat/engine/service.py:2391
2026-04-30 02:00:23.709 71558 DEBUG heat.engine.service [req-5b42871c-52c0-4811-aaf3-38c112900355 - - - - -] Service 3d70c7f3-308c-4b5d-bcf1-f431f42bee82 was aborted service_manage_cleanup /usr/lib/python3/dist-packages/heat/engine/service.py:2391
2026-04-30 02:00:23.720 71560 DEBUG heat.engine.service [req-05b37c66-3f46-4e4a-867a-475098f937ce - - - - -] Service 3d70c7f3-308c-4b5d-bcf1-f431f42bee82 was aborted service_manage_cleanup /usr/lib/python3/dist-packages/heat/engine/service.py:2391
2026-04-30 02:00:23.725 71557 DEBUG heat.engine.service [req-ed622613-6f2b-4399-b730-465785314422 - - - - -] Service 469cd864-d54e-4121-9c6a-2d652a94ddb5 was aborted service_manage_cleanup /usr/lib/python3/dist-packages/heat/engine/service.py:2391
2026-04-30 02:00:23.725 71559 DEBUG heat.engine.service [req-5fca3b59-be0b-48bd-aebd-0c1a410938ba - - - - -] Service 469cd864-d54e-4121-9c6a-2d652a94ddb5 was aborted service_manage_cleanup /usr/lib/python3/dist-packages/heat/engine/service.py:2391
2026-04-30 02:00:23.732 71558 DEBUG heat.engine.service [req-5b42871c-52c0-4811-aaf3-38c112900355 - - - - -] Service 469cd864-d54e-4121-9c6a-2d652a94ddb5 was aborted service_manage_cleanup /usr/lib/python3/dist-packages/heat/engine/service.py:2391
2026-04-30 02:00:23.738 71560 DEBUG heat.engine.service [req-05b37c66-3f46-4e4a-867a-475098f937ce - - - - -] Service 469cd864-d54e-4121-9c6a-2d652a94ddb5 was aborted service_manage_cleanup /usr/lib/python3/dist-packages/heat/engine/service.py:2391
2026-04-30 02:00:23.740 71557 DEBUG heat.engine.service [req-ed622613-6f2b-4399-b730-465785314422 - - - - -] Service 581449b6-e013-4211-9f50-0e8a17e2ba87 was aborted service_manage_cleanup /usr/lib/python3/dist-packages/heat/engine/service.py:2391
2026-04-30 02:00:23.740 71559 DEBUG heat.engine.service [req-5fca3b59-be0b-48bd-aebd-0c1a410938ba - - - - -] Service 581449b6-e013-4211-9f50-0e8a17e2ba87 was aborted service_manage_cleanup /usr/lib/python3/dist-packages/heat/engine/service.py:2391
2026-04-30 02:00:23.744 71560 DEBUG heat.engine.service [req-05b37c66-3f46-4e4a-867a-475098f937ce - - - - -] Service 581449b6-e013-4211-9f50-0e8a17e2ba87 was aborted service_manage_cleanup /usr/lib/python3/dist-packages/heat/engine/service.py:2391
2026-04-30 02:00:23.745 71558 DEBUG heat.engine.service [req-5b42871c-52c0-4811-aaf3-38c112900355 - - - - -] Service 581449b6-e013-4211-9f50-0e8a17e2ba87 was aborted service_manage_cleanup /usr/lib/python3/dist-packages/heat/engine/service.py:2391
2026-04-30 02:00:23.754 71559 DEBUG heat.engine.service [req-5fca3b59-be0b-48bd-aebd-0c1a410938ba - - - - -] Service 7c662ff0-ca12-4896-ae1e-3edbbcc9ef2d was aborted service_manage_cleanup /usr/lib/python3/dist-packages/heat/engine/service.py:2391
2026-04-30 02:00:23.756 71557 DEBUG heat.engine.service [req-ed622613-6f2b-4399-b730-465785314422 - - - - -] Service 7c662ff0-ca12-4896-ae1e-3edbbcc9ef2d was aborted service_manage_cleanup /usr/lib/python3/dist-packages/heat/engine/service.py:2391
2026-04-30 02:00:23.757 71560 DEBUG heat.engine.service [req-05b37c66-3f46-4e4a-867a-475098f937ce - - - - -] Service 7c662ff0-ca12-4896-ae1e-3edbbcc9ef2d was aborted service_manage_cleanup /usr/lib/python3/dist-packages/heat/engine/service.py:2391
2026-04-30 02:00:23.759 71558 DEBUG heat.engine.service [req-5b42871c-52c0-4811-aaf3-38c112900355 - - - - -] Service 7c662ff0-ca12-4896-ae1e-3edbbcc9ef2d was aborted service_manage_cleanup /usr/lib/python3/dist-packages/heat/engine/service.py:2391
2026-04-30 02:00:23.777 71557 DEBUG heat.engine.service [req-ed622613-6f2b-4399-b730-465785314422 - - - - -] Service 944303d8-3e0c-4196-983d-7aca009206ee was aborted service_manage_cleanup /usr/lib/python3/dist-packages/heat/engine/service.py:2391
2026-04-30 02:00:23.777 71559 DEBUG heat.engine.service [req-5fca3b59-be0b-48bd-aebd-0c1a410938ba - - - - -] Service 944303d8-3e0c-4196-983d-7aca009206ee was aborted service_manage_cleanup /usr/lib/python3/dist-packages/heat/engine/service.py:2391
2026-04-30 02:00:23.778 71560 DEBUG heat.engine.service [req-05b37c66-3f46-4e4a-867a-475098f937ce - - - - -] Service 944303d8-3e0c-4196-983d-7aca009206ee was aborted service_manage_cleanup /usr/lib/python3/dist-packages/heat/engine/service.py:2391
2026-04-30 02:00:23.779 71558 DEBUG heat.engine.service [req-5b42871c-52c0-4811-aaf3-38c112900355 - - - - -] Service 944303d8-3e0c-4196-983d-7aca009206ee was aborted service_manage_cleanup /usr/lib/python3/dist-packages/heat/engine/service.py:2391
2026-04-30 02:00:23.796 71557 DEBUG heat.engine.service [req-ed622613-6f2b-4399-b730-465785314422 - - - - -] Service a584e576-16e9-409f-99d7-7eeea0bf3841 was aborted service_manage_cleanup /usr/lib/python3/dist-packages/heat/engine/service.py:2391
2026-04-30 02:00:23.797 71560 DEBUG heat.engine.service [req-05b37c66-3f46-4e4a-867a-475098f937ce - - - - -] Service a584e576-16e9-409f-99d7-7eeea0bf3841 was aborted service_manage_cleanup /usr/lib/python3/dist-packages/heat/engine/service.py:2391
2026-04-30 02:00:23.798 71558 DEBUG heat.engine.service [req-5b42871c-52c0-4811-aaf3-38c112900355 - - - - -] Service a584e576-16e9-409f-99d7-7eeea0bf3841 was aborted service_manage_cleanup /usr/lib/python3/dist-packages/heat/engine/service.py:2391
2026-04-30 02:00:23.800 71559 DEBUG heat.engine.service [req-5fca3b59-be0b-48bd-aebd-0c1a410938ba - - - - -] Service a584e576-16e9-409f-99d7-7eeea0bf3841 was aborted service_manage_cleanup /usr/lib/python3/dist-packages/heat/engine/service.py:2391
2026-04-30 02:00:23.810 71557 DEBUG heat.engine.service [req-ed622613-6f2b-4399-b730-465785314422 - - - - -] Service bdb0180d-e4f2-443e-b001-97936f6397c7 was aborted service_manage_cleanup /usr/lib/python3/dist-packages/heat/engine/service.py:2391
2026-04-30 02:00:23.811 71558 DEBUG heat.engine.service [req-5b42871c-52c0-4811-aaf3-38c112900355 - - - - -] Service bdb0180d-e4f2-443e-b001-97936f6397c7 was aborted service_manage_cleanup /usr/lib/python3/dist-packages/heat/engine/service.py:2391
2026-04-30 02:00:23.812 71560 DEBUG heat.engine.service [req-05b37c66-3f46-4e4a-867a-475098f937ce - - - - -] Service bdb0180d-e4f2-443e-b001-97936f6397c7 was aborted service_manage_cleanup /usr/lib/python3/dist-packages/heat/engine/service.py:2391
2026-04-30 02:00:23.813 71559 DEBUG heat.engine.service [req-5fca3b59-be0b-48bd-aebd-0c1a410938ba - - - - -] Service bdb0180d-e4f2-443e-b001-97936f6397c7 was aborted service_manage_cleanup /usr/lib/python3/dist-packages/heat/engine/service.py:2391
2026-04-30 02:00:23.826 71558 DEBUG heat.engine.service [req-5b42871c-52c0-4811-aaf3-38c112900355 - - - - -] Service e57bbe12-12e9-463b-b8af-0a9a6ff7a5d5 was aborted service_manage_cleanup /usr/lib/python3/dist-packages/heat/engine/service.py:2391
2026-04-30 02:00:23.826 71557 DEBUG heat.engine.service [req-ed622613-6f2b-4399-b730-465785314422 - - - - -] Service e57bbe12-12e9-463b-b8af-0a9a6ff7a5d5 was aborted service_manage_cleanup /usr/lib/python3/dist-packages/heat/engine/service.py:2391
2026-04-30 02:00:23.827 71560 DEBUG heat.engine.service [req-05b37c66-3f46-4e4a-867a-475098f937ce - - - - -] Service e57bbe12-12e9-463b-b8af-0a9a6ff7a5d5 was aborted service_manage_cleanup /usr/lib/python3/dist-packages/heat/engine/service.py:2391
2026-04-30 02:00:23.829 71559 DEBUG heat.engine.service [req-5fca3b59-be0b-48bd-aebd-0c1a410938ba - - - - -] Service e57bbe12-12e9-463b-b8af-0a9a6ff7a5d5 was aborted service_manage_cleanup /usr/lib/python3/dist-packages/heat/engine/service.py:2391
2026-04-30 02:00:23.848 71558 DEBUG heat.engine.service [req-5b42871c-52c0-4811-aaf3-38c112900355 - - - - -] Service fb4bc521-c7b3-49cf-ab55-c5f170f640cc was aborted service_manage_cleanup /usr/lib/python3/dist-packages/heat/engine/service.py:2391
2026-04-30 02:00:23.849 71557 DEBUG heat.engine.service [req-ed622613-6f2b-4399-b730-465785314422 - - - - -] Service fb4bc521-c7b3-49cf-ab55-c5f170f640cc was aborted service_manage_cleanup /usr/lib/python3/dist-packages/heat/engine/service.py:2391
2026-04-30 02:00:23.852 71560 DEBUG heat.engine.service [req-05b37c66-3f46-4e4a-867a-475098f937ce - - - - -] Service fb4bc521-c7b3-49cf-ab55-c5f170f640cc was aborted service_manage_cleanup /usr/lib/python3/dist-packages/heat/engine/service.py:2391
2026-04-30 02:00:23.853 71559 DEBUG heat.engine.service [req-5fca3b59-be0b-48bd-aebd-0c1a410938ba - - - - -] Service fb4bc521-c7b3-49cf-ab55-c5f170f640cc was aborted service_manage_cleanup /usr/lib/python3/dist-packages/heat/engine/service.py:2391
2026-04-30 02:00:23.889 71558 DEBUG heat.engine.service [req-f2f1c21e-7ba6-4bd2-aea0-c589b94e4298 - - - - -] Service da476408-be1e-4b67-819f-109a425f50f8 is started service_manage_report /usr/lib/python3/dist-packages/heat/engine/service.py:2363
2026-04-30 02:00:23.890 71559 DEBUG heat.engine.service [req-516d6e28-b032-46de-ba29-a7f9d733b342 - - - - -] Service 5dcdf906-244d-412c-abbc-c55d9a5bea49 is started service_manage_report /usr/lib/python3/dist-packages/heat/engine/service.py:2363
2026-04-30 02:00:23.894 71557 DEBUG heat.engine.service [req-f62b3580-1109-4474-a6ca-c56bbba18fee - - - - -] Service 500d815f-8c5e-493f-a1d0-023aa5b4e4a8 is started service_manage_report /usr/lib/python3/dist-packages/heat/engine/service.py:2363
2026-04-30 02:00:23.896 71560 DEBUG heat.engine.service [req-ff43e839-a9ec-44e6-a671-5ccee058b7f0 - - - - -] Service 1753ec23-4b2b-4c6d-8770-61dfc3324c5b is started service_manage_report /usr/lib/python3/dist-packages/heat/engine/service.py:2363
2026-04-30 02:00:23.905 71559 DEBUG heat.engine.service [req-516d6e28-b032-46de-ba29-a7f9d733b342 - - - - -] Service 5dcdf906-244d-412c-abbc-c55d9a5bea49 is updated service_manage_report /usr/lib/python3/dist-packages/heat/engine/service.py:2370
2026-04-30 02:00:23.910 71558 DEBUG heat.engine.service [req-f2f1c21e-7ba6-4bd2-aea0-c589b94e4298 - - - - -] Service da476408-be1e-4b67-819f-109a425f50f8 is updated service_manage_report /usr/lib/python3/dist-packages/heat/engine/service.py:2370
2026-04-30 02:00:23.911 71557 DEBUG heat.engine.service [req-f62b3580-1109-4474-a6ca-c56bbba18fee - - - - -] Service 500d815f-8c5e-493f-a1d0-023aa5b4e4a8 is updated service_manage_report /usr/lib/python3/dist-packages/heat/engine/service.py:2370
2026-04-30 02:00:23.919 71560 DEBUG heat.engine.service [req-ff43e839-a9ec-44e6-a671-5ccee058b7f0 - - - - -] Service 1753ec23-4b2b-4c6d-8770-61dfc3324c5b is updated service_manage_report /usr/lib/python3/dist-packages/heat/engine/service.py:2370
2026-04-30 02:01:23.877 71557 DEBUG heat.engine.service [req-0b2e4350-3df8-4b83-a84a-f38f91a5ee9b - - - - -] Service 500d815f-8c5e-493f-a1d0-023aa5b4e4a8 is updated service_manage_report /usr/lib/python3/dist-packages/heat/engine/service.py:2370
2026-04-30 02:01:23.881 71559 DEBUG heat.engine.service [req-7a8ff16c-e55a-409f-a9d9-c47340339754 - - - - -] Service 5dcdf906-244d-412c-abbc-c55d9a5bea49 is updated service_manage_report /usr/lib/python3/dist-packages/heat/engine/service.py:2370
2026-04-30 02:01:23.890 71560 DEBUG heat.engine.service [req-d0137470-c4f0-4f92-a376-68c06168e66c - - - - -] Service 1753ec23-4b2b-4c6d-8770-61dfc3324c5b is updated service_manage_report /usr/lib/python3/dist-packages/heat/engine/service.py:2370
2026-04-30 02:01:23.892 71558 DEBUG heat.engine.service [req-ec62962b-79b9-496f-9e05-7aca8f9e2cf4 - - - - -] Service da476408-be1e-4b67-819f-109a425f50f8 is updated service_manage_report /usr/lib/python3/dist-packages/heat/engine/service.py:2370
2026-04-30 02:01:46.961 71558 DEBUG heat.engine.service [-] Attempting to stop engine service... _stop_rpc_server /usr/lib/python3/dist-packages/heat/engine/service.py:437
2026-04-30 02:01:46.961 71557 DEBUG heat.engine.service [-] Attempting to stop engine service... _stop_rpc_server /usr/lib/python3/dist-packages/heat/engine/service.py:437
2026-04-30 02:01:46.962 71560 DEBUG heat.engine.service [-] Attempting to stop engine service... _stop_rpc_server /usr/lib/python3/dist-packages/heat/engine/service.py:437
2026-04-30 02:01:46.962 71559 DEBUG heat.engine.service [-] Attempting to stop engine service... _stop_rpc_server /usr/lib/python3/dist-packages/heat/engine/service.py:437
2026-04-30 02:01:46.967 71331 INFO oslo_service.service [-] Caught SIGTERM, stopping children
2026-04-30 02:01:46.968 71331 DEBUG oslo_concurrency.lockutils [-] Acquired lock "singleton_lock" lock /usr/lib/python3/dist-packages/oslo_concurrency/lockutils.py:294
2026-04-30 02:01:46.968 71331 DEBUG oslo_concurrency.lockutils [-] Releasing lock "singleton_lock" lock /usr/lib/python3/dist-packages/oslo_concurrency/lockutils.py:312
2026-04-30 02:01:46.968 71331 DEBUG oslo_service.service [-] Stop services. stop /usr/lib/python3/dist-packages/oslo_service/service.py:695
2026-04-30 02:01:46.969 71331 INFO heat.engine.service [-] All threads were gone, terminating engine
2026-04-30 02:01:46.969 71331 DEBUG oslo_service.service [-] Killing children. stop /usr/lib/python3/dist-packages/oslo_service/service.py:700
2026-04-30 02:01:46.979 71331 INFO oslo_service.service [-] Waiting on 4 children to exit
2026-04-30 02:01:46.979 71331 INFO oslo_service.service [-] Child 71558 killed by signal 15
2026-04-30 02:01:46.979 71331 INFO oslo_service.service [-] Child 71559 killed by signal 15
2026-04-30 02:01:46.980 71331 INFO oslo_service.service [-] Child 71557 killed by signal 15
2026-04-30 02:01:46.990 71331 INFO oslo_service.service [-] Child 71560 killed by signal 15
2026-04-30 02:01:48.907 74376 DEBUG oslo_concurrency.lockutils [-] Lock "context-manager" acquired by "neutron_lib.db.api._create_context_manager" :: waited 0.000s inner /usr/lib/python3/dist-packages/oslo_concurrency/lockutils.py:386
2026-04-30 02:01:48.907 74376 DEBUG oslo_concurrency.lockutils [-] Lock "context-manager" "released" by "neutron_lib.db.api._create_context_manager" :: held 0.001s inner /usr/lib/python3/dist-packages/oslo_concurrency/lockutils.py:400
2026-04-30 02:01:51.528 74376 WARNING heat.engine.environment [-] OS::Aodh::Alarm is DEPRECATED. Theshold alarm relies on ceilometer-api and has been deprecated in aodh since Ocata. Use OS::Aodh::GnocchiAggregationByResourcesAlarm instead.
2026-04-30 02:01:51.530 74376 WARNING heat.engine.environment [-] OS::Aodh::CombinationAlarm is HIDDEN. OS::Aodh::CombinationAlarm is deprecated and has been removed from Aodh, use OS::Aodh::CompositeAlarm instead.
2026-04-30 02:01:51.530 74376 WARNING heat.engine.environment [-] OS::Designate::Domain is HIDDEN. This resource has been removed, use OS::Designate::Zone instead.
2026-04-30 02:01:51.531 74376 WARNING heat.engine.environment [-] OS::Designate::Record is HIDDEN. This resource has been removed, use OS::Designate::RecordSet instead.
2026-04-30 02:01:51.531 74376 WARNING heat.engine.environment [-] OS::Glance::Image is DEPRECATED. Creating a Glance Image based on an existing URL location requires the Glance v1 API, which is deprecated.
2026-04-30 02:01:51.531 74376 WARNING heat.engine.environment [-] OS::Heat::HARestarter is HIDDEN. The HARestarter resource type has been removed. Existing stacks containing HARestarter resources can still be used, but the HARestarter resource will be a placeholder that does nothing.
2026-04-30 02:01:51.531 74376 WARNING heat.engine.environment [-] OS::Heat::SoftwareDeployments is HIDDEN. Please use OS::Heat::SoftwareDeploymentGroup instead.
2026-04-30 02:01:51.532 74376 WARNING heat.engine.environment [-] OS::Heat::StructuredDeployments is HIDDEN. Please use OS::Heat::StructuredDeploymentGroup instead.
2026-04-30 02:01:51.532 74376 WARNING heat.engine.environment [-] OS::Magnum::Bay is HIDDEN. Please use OS::Magnum::Cluster instead.
2026-04-30 02:01:51.533 74376 WARNING heat.engine.environment [-] OS::Magnum::BayModel is HIDDEN. Please use OS::Magnum::ClusterTemplate instead.
2026-04-30 02:01:51.534 74376 WARNING heat.engine.environment [-] OS::Neutron::ExtraRoute is UNSUPPORTED. Use this resource at your own risk.
2026-04-30 02:01:51.534 74376 WARNING heat.engine.environment [-] OS::Neutron::HealthMonitor is HIDDEN. Use LBaaS V2 instead.
2026-04-30 02:01:51.534 74376 WARNING heat.engine.environment [-] OS::Neutron::Pool is HIDDEN. Use LBaaS V2 instead.
2026-04-30 02:01:51.534 74376 WARNING heat.engine.environment [-] OS::Neutron::PoolMember is HIDDEN. Use LBaaS V2 instead.
2026-04-30 02:01:51.534 74376 WARNING heat.engine.environment [-] OS::Neutron::LoadBalancer is HIDDEN. Use LBaaS V2 instead.
2026-04-30 02:01:51.535 74376 WARNING heat.engine.environment [-] OS::Neutron::RouterGateway is HIDDEN. Use the `external_gateway_info` property in the router resource to set up the gateway.
2026-04-30 02:01:51.535 74376 WARNING heat.engine.environment [-] OS::Nova::FloatingIP is HIDDEN. Please use OS::Neutron::FloatingIP instead.
2026-04-30 02:01:51.536 74376 WARNING heat.engine.environment [-] OS::Nova::FloatingIPAssociation is HIDDEN. Please use OS::Neutron::FloatingIPAssociation instead.
2026-04-30 02:01:51.539 74376 INFO heat.engine.environment [-] Loading /etc/heat/environment.d/default.yaml
2026-04-30 02:01:51.540 74376 INFO heat.engine.environment [-] Registered: [Plugin](User:False) AWS::AutoScaling::AutoScalingGroup ->
2026-04-30 02:01:51.540 74376 INFO heat.engine.environment [-] Registered: [Plugin](User:False) AWS::AutoScaling::LaunchConfiguration ->
2026-04-30 02:01:51.540 74376 INFO heat.engine.environment [-] Registered: [Plugin](User:False) AWS::AutoScaling::ScalingPolicy ->
2026-04-30 02:01:51.540 74376 INFO heat.engine.environment [-] Registered: [Plugin](User:False) AWS::CloudFormation::Stack ->
2026-04-30 02:01:51.540 74376 INFO heat.engine.environment [-] Registered: [Plugin](User:False) AWS::CloudFormation::WaitCondition ->
2026-04-30 02:01:51.541 74376 INFO heat.engine.environment [-] Registered: [Plugin](User:False) AWS::CloudFormation::WaitConditionHandle ->
2026-04-30 02:01:51.541 74376 INFO heat.engine.environment [-] Registered: [Plugin](User:False) AWS::EC2::EIP ->
2026-04-30 02:01:51.542 74376 INFO heat.engine.environment [-] Registered: [Plugin](User:False) AWS::EC2::EIPAssociation ->
2026-04-30 02:01:51.542 74376 INFO heat.engine.environment [-] Registered: [Plugin](User:False) AWS::EC2::Instance ->
2026-04-30 02:01:51.542 74376 INFO heat.engine.environment [-] Registered: [Plugin](User:False) AWS::EC2::InternetGateway ->
2026-04-30 02:01:51.542 74376 INFO heat.engine.environment [-] Registered: [Plugin](User:False) AWS::EC2::VPCGatewayAttachment ->
2026-04-30 02:01:51.542 74376 INFO heat.engine.environment [-] Registered: [Plugin](User:False) AWS::EC2::NetworkInterface ->
2026-04-30 02:01:51.542 74376 INFO heat.engine.environment [-] Registered: [Plugin](User:False) AWS::EC2::RouteTable ->
2026-04-30 02:01:51.542 74376 INFO heat.engine.environment [-] Registered: [Plugin](User:False) AWS::EC2::SubnetRouteTableAssociation ->
