2026-04-27 01:30:40.601 37597 DEBUG heat.engine.service [req-010494e8-a0fc-4b79-8b74-4f8533732aa9 - - - - -] Service 5932226e-8f89-4a8b-be35-5ff15bd670e5 is updated service_manage_report /usr/lib/python3/dist-packages/heat/engine/service.py:2370
2026-04-27 01:30:40.753 37599 DEBUG heat.engine.service [req-07bda6b6-1adc-4943-be67-02035ec981fd - - - - -] Service e5fa4e12-add1-49ea-a599-8feb66ec2cb5 is updated service_manage_report /usr/lib/python3/dist-packages/heat/engine/service.py:2370
2026-04-27 01:30:40.758 37598 DEBUG heat.engine.service [req-d380f8a1-4aa4-4358-a002-a0f3ba63c76f - - - - -] Service d531f7b4-4f01-4446-bd1b-76f598ab7933 is updated service_manage_report /usr/lib/python3/dist-packages/heat/engine/service.py:2370
2026-04-27 01:30:40.798 37596 DEBUG heat.engine.service [req-8d159a37-3094-4df3-b2b3-b20abe971d13 - - - - -] Service 58c28b92-6c1c-412c-8eed-f4aefd848b47 is updated service_manage_report /usr/lib/python3/dist-packages/heat/engine/service.py:2370
2026-04-27 01:31:40.608 37597 DEBUG heat.engine.service [req-3452e346-6787-4b25-98ee-a6cc6cc0d73c - - - - -] Service 5932226e-8f89-4a8b-be35-5ff15bd670e5 is updated service_manage_report /usr/lib/python3/dist-packages/heat/engine/service.py:2370
2026-04-27 01:31:40.760 37598 DEBUG heat.engine.service [req-3cc4cf60-f825-41b1-b614-78d7545fa830 - - - - -] Service d531f7b4-4f01-4446-bd1b-76f598ab7933 is updated service_manage_report /usr/lib/python3/dist-packages/heat/engine/service.py:2370
2026-04-27 01:31:40.766 37599 DEBUG heat.engine.service [req-a9b01796-57b2-4a48-9f5c-76ab488273ba - - - - -] Service e5fa4e12-add1-49ea-a599-8feb66ec2cb5 is updated service_manage_report /usr/lib/python3/dist-packages/heat/engine/service.py:2370
2026-04-27 01:31:40.795 37596 DEBUG heat.engine.service [req-4b1ed846-7095-45a6-9fb3-401db47103db - - - - -] Service 58c28b92-6c1c-412c-8eed-f4aefd848b47 is updated service_manage_report /usr/lib/python3/dist-packages/heat/engine/service.py:2370
2026-04-27 01:32:40.605 37597 DEBUG heat.engine.service [req-051d5925-1682-4269-85b1-db077d76fdf5 - - - - -] Service 5932226e-8f89-4a8b-be35-5ff15bd670e5 is updated service_manage_report /usr/lib/python3/dist-packages/heat/engine/service.py:2370
2026-04-27 01:32:40.754 37598 DEBUG heat.engine.service [req-061e1932-3eb1-4c6a-acf9-4a664291428c - - - - -] Service d531f7b4-4f01-4446-bd1b-76f598ab7933 is updated service_manage_report /usr/lib/python3/dist-packages/heat/engine/service.py:2370
2026-04-27 01:32:40.760 37599 DEBUG heat.engine.service [req-461e6dbc-8b54-4e12-adf5-81528266b103 - - - - -] Service e5fa4e12-add1-49ea-a599-8feb66ec2cb5 is updated service_manage_report /usr/lib/python3/dist-packages/heat/engine/service.py:2370
2026-04-27 01:32:40.790 37596 DEBUG heat.engine.service [req-c6fdeee2-4cb9-44a7-b180-93d3caf5cfcc - - - - -] Service 58c28b92-6c1c-412c-8eed-f4aefd848b47 is updated service_manage_report /usr/lib/python3/dist-packages/heat/engine/service.py:2370
2026-04-27 01:33:40.602 37597 DEBUG heat.engine.service [req-4ea3f4cf-85b1-43b3-9b89-e3db257d74bd - - - - -] Service 5932226e-8f89-4a8b-be35-5ff15bd670e5 is updated service_manage_report /usr/lib/python3/dist-packages/heat/engine/service.py:2370
2026-04-27 01:33:40.761 37598 DEBUG heat.engine.service [req-211be0f2-1116-42a1-bd91-5a2c9be87c83 - - - - -] Service d531f7b4-4f01-4446-bd1b-76f598ab7933 is updated service_manage_report /usr/lib/python3/dist-packages/heat/engine/service.py:2370
2026-04-27 01:33:40.765 37599 DEBUG heat.engine.service [req-a66301fe-f909-4df5-bc3e-0f6f5a4e101e - - - - -] Service e5fa4e12-add1-49ea-a599-8feb66ec2cb5 is updated service_manage_report /usr/lib/python3/dist-packages/heat/engine/service.py:2370
2026-04-27 01:33:40.795 37596 DEBUG heat.engine.service [req-8c0fec57-3d1e-4a0d-b16b-1e18ca1ff96a - - - - -] Service 58c28b92-6c1c-412c-8eed-f4aefd848b47 is updated service_manage_report /usr/lib/python3/dist-packages/heat/engine/service.py:2370
2026-04-27 01:34:40.612 37597 DEBUG heat.engine.service [req-fad1a819-fdc8-4f90-847e-fef3ae46651f - - - - -] Service 5932226e-8f89-4a8b-be35-5ff15bd670e5 is updated service_manage_report /usr/lib/python3/dist-packages/heat/engine/service.py:2370
2026-04-27 01:34:40.764 37598 DEBUG heat.engine.service [req-87e4c682-45b3-4dd6-a608-0ed55f805b21 - - - - -] Service d531f7b4-4f01-4446-bd1b-76f598ab7933 is updated service_manage_report /usr/lib/python3/dist-packages/heat/engine/service.py:2370
2026-04-27 01:34:40.774 37599 DEBUG heat.engine.service [req-4264c9c4-b2b0-4a55-9fc5-7e59b4b1d757 - - - - -] Service e5fa4e12-add1-49ea-a599-8feb66ec2cb5 is updated service_manage_report /usr/lib/python3/dist-packages/heat/engine/service.py:2370
2026-04-27 01:34:40.806 37596 DEBUG heat.engine.service [req-146a1f9b-e114-475d-b005-8131f0a7bba0 - - - - -] Service 58c28b92-6c1c-412c-8eed-f4aefd848b47 is updated service_manage_report /usr/lib/python3/dist-packages/heat/engine/service.py:2370
2026-04-27 01:35:40.597 37597 DEBUG heat.engine.service [req-b604bfc5-c818-4ce7-9b50-2e4c6b49d97a - - - - -] Service 5932226e-8f89-4a8b-be35-5ff15bd670e5 is updated service_manage_report /usr/lib/python3/dist-packages/heat/engine/service.py:2370
2026-04-27 01:35:40.763 37598 DEBUG heat.engine.service [req-73029663-5521-4f4b-b1a3-e605817daca2 - - - - -] Service d531f7b4-4f01-4446-bd1b-76f598ab7933 is updated service_manage_report /usr/lib/python3/dist-packages/heat/engine/service.py:2370
2026-04-27 01:35:40.770 37599 DEBUG heat.engine.service [req-cb41d8b5-a0d3-4502-8bce-af2b5c8b36aa - - - - -] Service e5fa4e12-add1-49ea-a599-8feb66ec2cb5 is updated service_manage_report /usr/lib/python3/dist-packages/heat/engine/service.py:2370
2026-04-27 01:35:40.802 37596 DEBUG heat.engine.service [req-0415df04-9cb6-4d71-b126-8b96dae80dc8 - - - - -] Service 58c28b92-6c1c-412c-8eed-f4aefd848b47 is updated service_manage_report /usr/lib/python3/dist-packages/heat/engine/service.py:2370
2026-04-27 01:36:40.618 37597 DEBUG heat.engine.service [req-0f181ec9-0ed8-4ca4-94a0-8b648edb765f - - - - -] Service 5932226e-8f89-4a8b-be35-5ff15bd670e5 is updated service_manage_report /usr/lib/python3/dist-packages/heat/engine/service.py:2370
2026-04-27 01:36:40.761 37598 DEBUG heat.engine.service [req-d35eae9d-7eb5-45ce-9e69-38e71699b46c - - - - -] Service d531f7b4-4f01-4446-bd1b-76f598ab7933 is updated service_manage_report /usr/lib/python3/dist-packages/heat/engine/service.py:2370
2026-04-27 01:36:40.770 37599 DEBUG heat.engine.service [req-b7ae3934-e9bc-4c83-ac86-2fba28e6180a - - - - -] Service e5fa4e12-add1-49ea-a599-8feb66ec2cb5 is updated service_manage_report /usr/lib/python3/dist-packages/heat/engine/service.py:2370
2026-04-27 01:36:40.804 37596 DEBUG heat.engine.service [req-b967c9f1-ed90-45d2-a15e-8182e292bc60 - - - - -] Service 58c28b92-6c1c-412c-8eed-f4aefd848b47 is updated service_manage_report /usr/lib/python3/dist-packages/heat/engine/service.py:2370
2026-04-27 01:37:40.603 37597 DEBUG heat.engine.service [req-2bb450bf-a42e-4878-b78a-cace0929972a - - - - -] Service 5932226e-8f89-4a8b-be35-5ff15bd670e5 is updated service_manage_report /usr/lib/python3/dist-packages/heat/engine/service.py:2370
2026-04-27 01:37:40.756 37598 DEBUG heat.engine.service [req-8f015072-5cf5-4c9b-9077-df9cd825e19a - - - - -] Service d531f7b4-4f01-4446-bd1b-76f598ab7933 is updated service_manage_report /usr/lib/python3/dist-packages/heat/engine/service.py:2370
2026-04-27 01:37:40.764 37599 DEBUG heat.engine.service [req-1470475a-16be-47ab-8820-06759ac02cf9 - - - - -] Service e5fa4e12-add1-49ea-a599-8feb66ec2cb5 is updated service_manage_report /usr/lib/python3/dist-packages/heat/engine/service.py:2370
2026-04-27 01:37:40.799 37596 DEBUG heat.engine.service [req-e2fbe099-8b4f-4b33-8e41-cc0a6d7e9ea9 - - - - -] Service 58c28b92-6c1c-412c-8eed-f4aefd848b47 is updated service_manage_report /usr/lib/python3/dist-packages/heat/engine/service.py:2370
2026-04-27 01:38:40.608 37597 DEBUG heat.engine.service [req-a104f81c-4c06-43d8-b6af-858ed9b31e2d - - - - -] Service 5932226e-8f89-4a8b-be35-5ff15bd670e5 is updated service_manage_report /usr/lib/python3/dist-packages/heat/engine/service.py:2370
2026-04-27 01:38:40.762 37598 DEBUG heat.engine.service [req-d99f570e-3fdf-41c8-9cb0-71c35c8bee82 - - - - -] Service d531f7b4-4f01-4446-bd1b-76f598ab7933 is updated service_manage_report /usr/lib/python3/dist-packages/heat/engine/service.py:2370
2026-04-27 01:38:40.769 37599 DEBUG heat.engine.service [req-0592dc3b-e139-4e64-b500-cfa6b8ac9aff - - - - -] Service e5fa4e12-add1-49ea-a599-8feb66ec2cb5 is updated service_manage_report /usr/lib/python3/dist-packages/heat/engine/service.py:2370
2026-04-27 01:38:40.804 37596 DEBUG heat.engine.service [req-95a86cb7-9439-4b04-b086-09978df5e53d - - - - -] Service 58c28b92-6c1c-412c-8eed-f4aefd848b47 is updated service_manage_report /usr/lib/python3/dist-packages/heat/engine/service.py:2370
2026-04-27 01:39:40.618 37597 DEBUG heat.engine.service [req-89d49851-90c1-420d-9d59-32a529fa69f4 - - - - -] Service 5932226e-8f89-4a8b-be35-5ff15bd670e5 is updated service_manage_report /usr/lib/python3/dist-packages/heat/engine/service.py:2370
2026-04-27 01:39:40.772 37598 DEBUG heat.engine.service [req-6b5712c7-f8da-4867-821b-9ceee6aee6ff - - - - -] Service d531f7b4-4f01-4446-bd1b-76f598ab7933 is updated service_manage_report /usr/lib/python3/dist-packages/heat/engine/service.py:2370
2026-04-27 01:39:40.781 37599 DEBUG heat.engine.service [req-610f4475-26ad-482c-a551-cd09055d5914 - - - - -] Service e5fa4e12-add1-49ea-a599-8feb66ec2cb5 is updated service_manage_report /usr/lib/python3/dist-packages/heat/engine/service.py:2370
2026-04-27 01:39:40.813 37596 DEBUG heat.engine.service [req-35f2b38f-3a5c-445e-b7b4-06aa24032020 - - - - -] Service 58c28b92-6c1c-412c-8eed-f4aefd848b47 is updated service_manage_report /usr/lib/python3/dist-packages/heat/engine/service.py:2370
2026-04-27 01:40:40.613 37597 DEBUG heat.engine.service [req-61028b76-8db3-4978-a235-fed2bcf804bb - - - - -] Service 5932226e-8f89-4a8b-be35-5ff15bd670e5 is updated service_manage_report /usr/lib/python3/dist-packages/heat/engine/service.py:2370
2026-04-27 01:40:40.769 37598 DEBUG heat.engine.service [req-1cb09216-fcd6-49f4-908e-2f0d814e54f2 - - - - -] Service d531f7b4-4f01-4446-bd1b-76f598ab7933 is updated service_manage_report /usr/lib/python3/dist-packages/heat/engine/service.py:2370
2026-04-27 01:40:40.777 37599 DEBUG heat.engine.service [req-75b0cf72-bfb8-4516-8fb7-d3d813828a3a - - - - -] Service e5fa4e12-add1-49ea-a599-8feb66ec2cb5 is updated service_manage_report /usr/lib/python3/dist-packages/heat/engine/service.py:2370
2026-04-27 01:40:40.812 37596 DEBUG heat.engine.service [req-7091fc03-8fa5-4cfe-87b7-d6e78e9bd2e1 - - - - -] Service 58c28b92-6c1c-412c-8eed-f4aefd848b47 is updated service_manage_report /usr/lib/python3/dist-packages/heat/engine/service.py:2370
2026-04-27 01:41:40.620 37597 DEBUG heat.engine.service [req-73100bdb-cc2b-491b-8ced-3240d44839f7 - - - - -] Service 5932226e-8f89-4a8b-be35-5ff15bd670e5 is updated service_manage_report /usr/lib/python3/dist-packages/heat/engine/service.py:2370
2026-04-27 01:41:40.763 37598 DEBUG heat.engine.service [req-2e8d9731-762e-44a4-a7f1-fdee354bdf06 - - - - -] Service d531f7b4-4f01-4446-bd1b-76f598ab7933 is updated service_manage_report /usr/lib/python3/dist-packages/heat/engine/service.py:2370
2026-04-27 01:41:40.784 37599 DEBUG heat.engine.service [req-9b9a6fff-cbde-4138-821c-6516e092d2fa - - - - -] Service e5fa4e12-add1-49ea-a599-8feb66ec2cb5 is updated service_manage_report /usr/lib/python3/dist-packages/heat/engine/service.py:2370
2026-04-27 01:41:40.807 37596 DEBUG heat.engine.service [req-7d2b5f0a-436e-4243-9e06-7665308ab5fc - - - - -] Service 58c28b92-6c1c-412c-8eed-f4aefd848b47 is updated service_manage_report /usr/lib/python3/dist-packages/heat/engine/service.py:2370
2026-04-27 01:42:40.619 37597 DEBUG heat.engine.service [req-1ea3bda3-17c5-4d58-af4c-d4e3a6391bd6 - - - - -] Service 5932226e-8f89-4a8b-be35-5ff15bd670e5 is updated service_manage_report /usr/lib/python3/dist-packages/heat/engine/service.py:2370
2026-04-27 01:42:40.771 37598 DEBUG heat.engine.service [req-f46587a2-1ddb-4747-8af0-d136ab4c1e7f - - - - -] Service d531f7b4-4f01-4446-bd1b-76f598ab7933 is updated service_manage_report /usr/lib/python3/dist-packages/heat/engine/service.py:2370
2026-04-27 01:42:40.782 37599 DEBUG heat.engine.service [req-b50cd44c-6b33-4793-97ec-2c5d0adc6d0f - - - - -] Service e5fa4e12-add1-49ea-a599-8feb66ec2cb5 is updated service_manage_report /usr/lib/python3/dist-packages/heat/engine/service.py:2370
2026-04-27 01:42:40.815 37596 DEBUG heat.engine.service [req-970a1063-d75f-4816-862c-75f4aaf19bdb - - - - -] Service 58c28b92-6c1c-412c-8eed-f4aefd848b47 is updated service_manage_report /usr/lib/python3/dist-packages/heat/engine/service.py:2370
2026-04-27 01:43:40.614 37597 DEBUG heat.engine.service [req-9f56e9ae-359e-4a40-8c10-2e04f9d5c9ba - - - - -] Service 5932226e-8f89-4a8b-be35-5ff15bd670e5 is updated service_manage_report /usr/lib/python3/dist-packages/heat/engine/service.py:2370
2026-04-27 01:43:40.768 37598 DEBUG heat.engine.service [req-c15363df-e892-4e55-9608-fe77beef8549 - - - - -] Service d531f7b4-4f01-4446-bd1b-76f598ab7933 is updated service_manage_report /usr/lib/python3/dist-packages/heat/engine/service.py:2370
2026-04-27 01:43:40.781 37599 DEBUG heat.engine.service [req-98f1c1bd-9899-48f2-8b54-8786525a88a2 - - - - -] Service e5fa4e12-add1-49ea-a599-8feb66ec2cb5 is updated service_manage_report /usr/lib/python3/dist-packages/heat/engine/service.py:2370
2026-04-27 01:43:40.811 37596 DEBUG heat.engine.service [req-3a99df09-5b20-4752-b7af-eeea22d66d10 - - - - -] Service 58c28b92-6c1c-412c-8eed-f4aefd848b47 is updated service_manage_report /usr/lib/python3/dist-packages/heat/engine/service.py:2370
2026-04-27 01:44:40.622 37597 DEBUG heat.engine.service [req-94909138-6ed8-4fd1-ad23-5c652c28dcff - - - - -] Service 5932226e-8f89-4a8b-be35-5ff15bd670e5 is updated service_manage_report /usr/lib/python3/dist-packages/heat/engine/service.py:2370
2026-04-27 01:44:40.763 37598 DEBUG heat.engine.service [req-f4c127a2-3756-4bfe-8f4f-be375dbdb675 - - - - -] Service d531f7b4-4f01-4446-bd1b-76f598ab7933 is updated service_manage_report /usr/lib/python3/dist-packages/heat/engine/service.py:2370
2026-04-27 01:44:40.774 37599 DEBUG heat.engine.service [req-642171a8-9f85-4576-99b8-1eaa83d86a44 - - - - -] Service e5fa4e12-add1-49ea-a599-8feb66ec2cb5 is updated service_manage_report /usr/lib/python3/dist-packages/heat/engine/service.py:2370
2026-04-27 01:44:40.806 37596 DEBUG heat.engine.service [req-2f4758fd-1f63-4a4c-9d39-f9870c9877c9 - - - - -] Service 58c28b92-6c1c-412c-8eed-f4aefd848b47 is updated service_manage_report /usr/lib/python3/dist-packages/heat/engine/service.py:2370
2026-04-27 01:45:40.618 37597 DEBUG heat.engine.service [req-f13f52bc-38e4-48ab-b871-c390d6fbda8f - - - - -] Service 5932226e-8f89-4a8b-be35-5ff15bd670e5 is updated service_manage_report /usr/lib/python3/dist-packages/heat/engine/service.py:2370
2026-04-27 01:45:40.769 37598 DEBUG heat.engine.service [req-02f92ecb-aee2-4385-a054-693337dd6ba3 - - - - -] Service d531f7b4-4f01-4446-bd1b-76f598ab7933 is updated service_manage_report /usr/lib/python3/dist-packages/heat/engine/service.py:2370
2026-04-27 01:45:40.782 37599 DEBUG heat.engine.service [req-44b5e703-fc2e-49fa-8511-53ae227e3e9b - - - - -] Service e5fa4e12-add1-49ea-a599-8feb66ec2cb5 is updated service_manage_report /usr/lib/python3/dist-packages/heat/engine/service.py:2370
2026-04-27 01:45:40.811 37596 DEBUG heat.engine.service [req-14b18d56-85b5-400f-8845-14040c0a8bfa - - - - -] Service 58c28b92-6c1c-412c-8eed-f4aefd848b47 is updated service_manage_report /usr/lib/python3/dist-packages/heat/engine/service.py:2370
2026-04-27 01:46:40.628 37597 DEBUG heat.engine.service [req-e62543d6-98cd-4691-af51-f7650bd41d3a - - - - -] Service 5932226e-8f89-4a8b-be35-5ff15bd670e5 is updated service_manage_report /usr/lib/python3/dist-packages/heat/engine/service.py:2370
2026-04-27 01:46:40.765 37598 DEBUG heat.engine.service [req-24d93997-bb02-48d5-996f-89196ca7f01d - - - - -] Service d531f7b4-4f01-4446-bd1b-76f598ab7933 is updated service_manage_report /usr/lib/python3/dist-packages/heat/engine/service.py:2370
2026-04-27 01:46:40.777 37599 DEBUG heat.engine.service [req-59a6b8c8-06d9-4a37-baa7-3403da37a007 - - - - -] Service e5fa4e12-add1-49ea-a599-8feb66ec2cb5 is updated service_manage_report /usr/lib/python3/dist-packages/heat/engine/service.py:2370
2026-04-27 01:46:40.817 37596 DEBUG heat.engine.service [req-6d581c53-8474-44df-8215-50fbdb223a51 - - - - -] Service 58c28b92-6c1c-412c-8eed-f4aefd848b47 is updated service_manage_report /usr/lib/python3/dist-packages/heat/engine/service.py:2370
2026-04-27 01:47:40.625 37597 DEBUG heat.engine.service [req-532796a0-b23a-4410-a61b-22a74c3279f1 - - - - -] Service 5932226e-8f89-4a8b-be35-5ff15bd670e5 is updated service_manage_report /usr/lib/python3/dist-packages/heat/engine/service.py:2370
2026-04-27 01:47:40.766 37598 DEBUG heat.engine.service [req-a382e9a4-fe67-44ab-a4b6-ab6a60a9f127 - - - - -] Service d531f7b4-4f01-4446-bd1b-76f598ab7933 is updated service_manage_report /usr/lib/python3/dist-packages/heat/engine/service.py:2370
2026-04-27 01:47:40.789 37599 DEBUG heat.engine.service [req-a484ba42-180d-41fb-8414-97b099649789 - - - - -] Service e5fa4e12-add1-49ea-a599-8feb66ec2cb5 is updated service_manage_report /usr/lib/python3/dist-packages/heat/engine/service.py:2370
2026-04-27 01:47:40.827 37596 DEBUG heat.engine.service [req-86e1b71b-6a4d-4ac8-8373-e14f910e6cc1 - - - - -] Service 58c28b92-6c1c-412c-8eed-f4aefd848b47 is updated service_manage_report /usr/lib/python3/dist-packages/heat/engine/service.py:2370
2026-04-27 01:48:40.624 37597 DEBUG heat.engine.service [req-559d7d8c-4b65-4892-9b2d-6ce64a37b96a - - - - -] Service 5932226e-8f89-4a8b-be35-5ff15bd670e5 is updated service_manage_report /usr/lib/python3/dist-packages/heat/engine/service.py:2370
2026-04-27 01:48:40.763 37598 DEBUG heat.engine.service [req-0ae31730-f1d1-4710-afdf-ce976731a791 - - - - -] Service d531f7b4-4f01-4446-bd1b-76f598ab7933 is updated service_manage_report /usr/lib/python3/dist-packages/heat/engine/service.py:2370
2026-04-27 01:48:40.787 37599 DEBUG heat.engine.service [req-581f5539-947f-41c7-88ef-bf8d1f3bcb8d - - - - -] Service e5fa4e12-add1-49ea-a599-8feb66ec2cb5 is updated service_manage_report /usr/lib/python3/dist-packages/heat/engine/service.py:2370
2026-04-27 01:48:40.825 37596 DEBUG heat.engine.service [req-fe6a0318-0e38-4260-bbd9-89ce1afcdfcd - - - - -] Service 58c28b92-6c1c-412c-8eed-f4aefd848b47 is updated service_manage_report /usr/lib/python3/dist-packages/heat/engine/service.py:2370
2026-04-27 01:49:40.619 37597 DEBUG heat.engine.service [req-d77b53d2-2aa1-4cd4-a2aa-e32d2c0f74f5 - - - - -] Service 5932226e-8f89-4a8b-be35-5ff15bd670e5 is updated service_manage_report /usr/lib/python3/dist-packages/heat/engine/service.py:2370
2026-04-27 01:49:40.759 37598 DEBUG heat.engine.service [req-9c8ba3af-b635-4744-b4c8-85ec30e28645 - - - - -] Service d531f7b4-4f01-4446-bd1b-76f598ab7933 is updated service_manage_report /usr/lib/python3/dist-packages/heat/engine/service.py:2370
2026-04-27 01:49:40.782 37599 DEBUG heat.engine.service [req-cefda04b-a680-4e18-a864-1a8c63d03a10 - - - - -] Service e5fa4e12-add1-49ea-a599-8feb66ec2cb5 is updated service_manage_report /usr/lib/python3/dist-packages/heat/engine/service.py:2370
2026-04-27 01:49:40.820 37596 DEBUG heat.engine.service [req-81adffe5-80ed-4e40-af19-ffc771ca5b5e - - - - -] Service 58c28b92-6c1c-412c-8eed-f4aefd848b47 is updated service_manage_report /usr/lib/python3/dist-packages/heat/engine/service.py:2370
2026-04-27 01:50:40.625 37597 DEBUG heat.engine.service [req-11940035-163b-485a-b572-21a220033bda - - - - -] Service 5932226e-8f89-4a8b-be35-5ff15bd670e5 is updated service_manage_report /usr/lib/python3/dist-packages/heat/engine/service.py:2370
2026-04-27 01:50:40.756 37598 DEBUG heat.engine.service [req-ddb8dd05-75b9-4906-8d59-2312a3253a6a - - - - -] Service d531f7b4-4f01-4446-bd1b-76f598ab7933 is updated service_manage_report /usr/lib/python3/dist-packages/heat/engine/service.py:2370
2026-04-27 01:50:40.787 37599 DEBUG heat.engine.service [req-cb4a6bf5-3f69-4fdd-b343-2b24ab32e48d - - - - -] Service e5fa4e12-add1-49ea-a599-8feb66ec2cb5 is updated service_manage_report /usr/lib/python3/dist-packages/heat/engine/service.py:2370
2026-04-27 01:50:40.827 37596 DEBUG heat.engine.service [req-88850eb7-b037-41b7-b573-0067d318c65d - - - - -] Service 58c28b92-6c1c-412c-8eed-f4aefd848b47 is updated service_manage_report /usr/lib/python3/dist-packages/heat/engine/service.py:2370
2026-04-27 01:51:40.620 37597 DEBUG heat.engine.service [req-4fe257fe-02d0-47ba-a883-b5834acad329 - - - - -] Service 5932226e-8f89-4a8b-be35-5ff15bd670e5 is updated service_manage_report /usr/lib/python3/dist-packages/heat/engine/service.py:2370
2026-04-27 01:51:40.753 37598 DEBUG heat.engine.service [req-7235d97c-a47e-4475-846d-7a9085bb60d9 - - - - -] Service d531f7b4-4f01-4446-bd1b-76f598ab7933 is updated service_manage_report /usr/lib/python3/dist-packages/heat/engine/service.py:2370
2026-04-27 01:51:40.798 37599 DEBUG heat.engine.service [req-95408bc4-9a39-4a72-8d74-e5cb1f3ac518 - - - - -] Service e5fa4e12-add1-49ea-a599-8feb66ec2cb5 is updated service_manage_report /usr/lib/python3/dist-packages/heat/engine/service.py:2370
2026-04-27 01:51:40.823 37596 DEBUG heat.engine.service [req-3359b397-54d7-418f-a702-1bfeca556e55 - - - - -] Service 58c28b92-6c1c-412c-8eed-f4aefd848b47 is updated service_manage_report /usr/lib/python3/dist-packages/heat/engine/service.py:2370
2026-04-27 01:52:40.629 37597 DEBUG heat.engine.service [req-cfd9ae61-acac-481a-a8c3-bbeec579456f - - - - -] Service 5932226e-8f89-4a8b-be35-5ff15bd670e5 is updated service_manage_report /usr/lib/python3/dist-packages/heat/engine/service.py:2370
2026-04-27 01:52:40.759 37598 DEBUG heat.engine.service [req-2c1fa212-08b3-4d55-895d-c168e4bd3816 - - - - -] Service d531f7b4-4f01-4446-bd1b-76f598ab7933 is updated service_manage_report /usr/lib/python3/dist-packages/heat/engine/service.py:2370
2026-04-27 01:52:40.793 37599 DEBUG heat.engine.service [req-bebcd675-00da-4f7d-9cd9-4e094bdb5aa6 - - - - -] Service e5fa4e12-add1-49ea-a599-8feb66ec2cb5 is updated service_manage_report /usr/lib/python3/dist-packages/heat/engine/service.py:2370
2026-04-27 01:52:40.828 37596 DEBUG heat.engine.service [req-11447246-57e7-4f02-b4af-d161f0d77484 - - - - -] Service 58c28b92-6c1c-412c-8eed-f4aefd848b47 is updated service_manage_report /usr/lib/python3/dist-packages/heat/engine/service.py:2370
2026-04-27 01:53:40.624 37597 DEBUG heat.engine.service [req-baefb330-f4c7-486e-bd36-7b84f687f619 - - - - -] Service 5932226e-8f89-4a8b-be35-5ff15bd670e5 is updated service_manage_report /usr/lib/python3/dist-packages/heat/engine/service.py:2370
2026-04-27 01:53:40.763 37598 DEBUG heat.engine.service [req-cb675066-462d-44c1-bd2e-99719027c065 - - - - -] Service d531f7b4-4f01-4446-bd1b-76f598ab7933 is updated service_manage_report /usr/lib/python3/dist-packages/heat/engine/service.py:2370
2026-04-27 01:53:40.799 37599 DEBUG heat.engine.service [req-dbc21318-3522-45f3-b828-1755292f471a - - - - -] Service e5fa4e12-add1-49ea-a599-8feb66ec2cb5 is updated service_manage_report /usr/lib/python3/dist-packages/heat/engine/service.py:2370
2026-04-27 01:53:40.834 37596 DEBUG heat.engine.service [req-b45c9af5-0a1c-43dd-bfcf-6de0e725180f - - - - -] Service 58c28b92-6c1c-412c-8eed-f4aefd848b47 is updated service_manage_report /usr/lib/python3/dist-packages/heat/engine/service.py:2370
2026-04-27 01:54:40.633 37597 DEBUG heat.engine.service [req-d758d199-edaf-4010-9566-dcfd477a6e8d - - - - -] Service 5932226e-8f89-4a8b-be35-5ff15bd670e5 is updated service_manage_report /usr/lib/python3/dist-packages/heat/engine/service.py:2370
2026-04-27 01:54:40.771 37598 DEBUG heat.engine.service [req-d8a53e5f-ef63-445a-86cf-7d43e8123fd0 - - - - -] Service d531f7b4-4f01-4446-bd1b-76f598ab7933 is updated service_manage_report /usr/lib/python3/dist-packages/heat/engine/service.py:2370
2026-04-27 01:54:40.794 37599 DEBUG heat.engine.service [req-1bfb047d-ea52-4eed-b33f-afecc5ebc8a7 - - - - -] Service e5fa4e12-add1-49ea-a599-8feb66ec2cb5 is updated service_manage_report /usr/lib/python3/dist-packages/heat/engine/service.py:2370
2026-04-27 01:54:40.828 37596 DEBUG heat.engine.service [req-b67c6842-aa85-4a0b-814a-6beee3322694 - - - - -] Service 58c28b92-6c1c-412c-8eed-f4aefd848b47 is updated service_manage_report /usr/lib/python3/dist-packages/heat/engine/service.py:2370
2026-04-27 01:55:40.698 37597 DEBUG heat.engine.service [req-7c87be89-b924-45f2-9737-60b662bb3761 - - - - -] Service 5932226e-8f89-4a8b-be35-5ff15bd670e5 is updated service_manage_report /usr/lib/python3/dist-packages/heat/engine/service.py:2370
2026-04-27 01:55:40.780 37598 DEBUG heat.engine.service [req-936dbeb9-5a47-4ef5-b771-2030027fbd0e - - - - -] Service d531f7b4-4f01-4446-bd1b-76f598ab7933 is updated service_manage_report /usr/lib/python3/dist-packages/heat/engine/service.py:2370
2026-04-27 01:55:40.804 37599 DEBUG heat.engine.service [req-e14cb2a8-e2f7-4d3d-9784-634403598387 - - - - -] Service e5fa4e12-add1-49ea-a599-8feb66ec2cb5 is updated service_manage_report /usr/lib/python3/dist-packages/heat/engine/service.py:2370
2026-04-27 01:55:40.835 37596 DEBUG heat.engine.service [req-11941ced-010f-46e0-ac04-81403b9863b3 - - - - -] Service 58c28b92-6c1c-412c-8eed-f4aefd848b47 is updated service_manage_report /usr/lib/python3/dist-packages/heat/engine/service.py:2370
2026-04-27 01:56:41.044 37597 DEBUG heat.engine.service [req-fec8bfd2-0600-4cb4-87db-f7a39d33e67f - - - - -] Service 5932226e-8f89-4a8b-be35-5ff15bd670e5 is updated service_manage_report /usr/lib/python3/dist-packages/heat/engine/service.py:2370
2026-04-27 01:56:41.085 37596 DEBUG heat.engine.service [req-73042f0d-4f21-4f2b-bb81-2b1464d42837 - - - - -] Service 58c28b92-6c1c-412c-8eed-f4aefd848b47 is updated service_manage_report /usr/lib/python3/dist-packages/heat/engine/service.py:2370
2026-04-27 01:56:41.086 37598 DEBUG heat.engine.service [req-6702f7c1-4bfe-4483-b222-df340b7dc75d - - - - -] Service d531f7b4-4f01-4446-bd1b-76f598ab7933 is updated service_manage_report /usr/lib/python3/dist-packages/heat/engine/service.py:2370
2026-04-27 01:56:41.086 37599 DEBUG heat.engine.service [req-454665cd-5e2a-4251-bbe4-642d6dcc8668 - - - - -] Service e5fa4e12-add1-49ea-a599-8feb66ec2cb5 is updated service_manage_report /usr/lib/python3/dist-packages/heat/engine/service.py:2370
2026-04-27 01:57:06.950 37597 DEBUG heat.engine.service [-] Attempting to stop engine service... _stop_rpc_server /usr/lib/python3/dist-packages/heat/engine/service.py:437
2026-04-27 01:57:06.950 37598 DEBUG heat.engine.service [-] Attempting to stop engine service... _stop_rpc_server /usr/lib/python3/dist-packages/heat/engine/service.py:437
2026-04-27 01:57:06.950 37596 DEBUG heat.engine.service [-] Attempting to stop engine service... _stop_rpc_server /usr/lib/python3/dist-packages/heat/engine/service.py:437
2026-04-27 01:57:06.950 37599 DEBUG heat.engine.service [-] Attempting to stop engine service... _stop_rpc_server /usr/lib/python3/dist-packages/heat/engine/service.py:437
2026-04-27 01:57:06.955 37379 INFO oslo_service.service [-] Caught SIGTERM, stopping children
2026-04-27 01:57:06.956 37379 DEBUG oslo_concurrency.lockutils [-] Acquired lock "singleton_lock" lock /usr/lib/python3/dist-packages/oslo_concurrency/lockutils.py:294
2026-04-27 01:57:06.956 37379 DEBUG oslo_concurrency.lockutils [-] Releasing lock "singleton_lock" lock /usr/lib/python3/dist-packages/oslo_concurrency/lockutils.py:312
2026-04-27 01:57:06.956 37379 DEBUG oslo_service.service [-] Stop services. stop /usr/lib/python3/dist-packages/oslo_service/service.py:695
2026-04-27 01:57:06.957 37379 INFO heat.engine.service [-] All threads were gone, terminating engine
2026-04-27 01:57:06.957 37379 DEBUG oslo_service.service [-] Killing children. stop /usr/lib/python3/dist-packages/oslo_service/service.py:700
2026-04-27 01:57:06.957 37379 INFO oslo_service.service [-] Waiting on 4 children to exit
2026-04-27 01:57:06.964 37379 INFO oslo_service.service [-] Child 37599 killed by signal 15
2026-04-27 01:57:06.965 37379 INFO oslo_service.service [-] Child 37596 killed by signal 15
2026-04-27 01:57:06.967 37379 INFO oslo_service.service [-] Child 37597 killed by signal 15
2026-04-27 01:57:06.967 37379 INFO oslo_service.service [-] Child 37598 killed by signal 15
2026-04-27 01:57:09.615 64157 DEBUG oslo_concurrency.lockutils [-] Lock "context-manager" acquired by "neutron_lib.db.api._create_context_manager" :: waited 0.000s inner /usr/lib/python3/dist-packages/oslo_concurrency/lockutils.py:386
2026-04-27 01:57:09.615 64157 DEBUG oslo_concurrency.lockutils [-] Lock "context-manager" "released" by "neutron_lib.db.api._create_context_manager" :: held 0.001s inner /usr/lib/python3/dist-packages/oslo_concurrency/lockutils.py:400
2026-04-27 01:57:09.891 64157 WARNING heat.engine.environment [-] OS::Aodh::Alarm is DEPRECATED. Theshold alarm relies on ceilometer-api and has been deprecated in aodh since Ocata. Use OS::Aodh::GnocchiAggregationByResourcesAlarm instead.
2026-04-27 01:57:09.891 64157 WARNING heat.engine.environment [-] OS::Aodh::CombinationAlarm is HIDDEN. OS::Aodh::CombinationAlarm is deprecated and has been removed from Aodh, use OS::Aodh::CompositeAlarm instead.
2026-04-27 01:57:09.892 64157 WARNING heat.engine.environment [-] OS::Designate::Domain is HIDDEN. This resource has been removed, use OS::Designate::Zone instead.
2026-04-27 01:57:09.892 64157 WARNING heat.engine.environment [-] OS::Designate::Record is HIDDEN. This resource has been removed, use OS::Designate::RecordSet instead.
2026-04-27 01:57:09.892 64157 WARNING heat.engine.environment [-] OS::Glance::Image is DEPRECATED. Creating a Glance Image based on an existing URL location requires the Glance v1 API, which is deprecated.
2026-04-27 01:57:09.892 64157 WARNING heat.engine.environment [-] OS::Heat::HARestarter is HIDDEN. The HARestarter resource type has been removed. Existing stacks containing HARestarter resources can still be used, but the HARestarter resource will be a placeholder that does nothing.
2026-04-27 01:57:09.892 64157 WARNING heat.engine.environment [-] OS::Heat::SoftwareDeployments is HIDDEN. Please use OS::Heat::SoftwareDeploymentGroup instead.
2026-04-27 01:57:09.893 64157 WARNING heat.engine.environment [-] OS::Heat::StructuredDeployments is HIDDEN. Please use OS::Heat::StructuredDeploymentGroup instead.
2026-04-27 01:57:09.893 64157 WARNING heat.engine.environment [-] OS::Magnum::Bay is HIDDEN. Please use OS::Magnum::Cluster instead.
2026-04-27 01:57:09.893 64157 WARNING heat.engine.environment [-] OS::Magnum::BayModel is HIDDEN. Please use OS::Magnum::ClusterTemplate instead.
2026-04-27 01:57:09.893 64157 WARNING heat.engine.environment [-] OS::Neutron::ExtraRoute is UNSUPPORTED. Use this resource at your own risk.
2026-04-27 01:57:09.893 64157 WARNING heat.engine.environment [-] OS::Neutron::HealthMonitor is HIDDEN. Use LBaaS V2 instead.
2026-04-27 01:57:09.894 64157 WARNING heat.engine.environment [-] OS::Neutron::Pool is HIDDEN. Use LBaaS V2 instead.
2026-04-27 01:57:09.894 64157 WARNING heat.engine.environment [-] OS::Neutron::PoolMember is HIDDEN. Use LBaaS V2 instead.
2026-04-27 01:57:09.894 64157 WARNING heat.engine.environment [-] OS::Neutron::LoadBalancer is HIDDEN. Use LBaaS V2 instead.
2026-04-27 01:57:09.894 64157 WARNING heat.engine.environment [-] OS::Neutron::RouterGateway is HIDDEN. Use the `external_gateway_info` property in the router resource to set up the gateway.
2026-04-27 01:57:09.894 64157 WARNING heat.engine.environment [-] OS::Nova::FloatingIP is HIDDEN. Please use OS::Neutron::FloatingIP instead.
2026-04-27 01:57:09.894 64157 WARNING heat.engine.environment [-] OS::Nova::FloatingIPAssociation is HIDDEN. Please use OS::Neutron::FloatingIPAssociation instead.
2026-04-27 01:57:09.896 64157 INFO heat.engine.environment [-] Loading /etc/heat/environment.d/default.yaml
2026-04-27 01:57:09.896 64157 INFO heat.engine.environment [-] Registered: [Plugin](User:False) AWS::AutoScaling::AutoScalingGroup ->
2026-04-27 01:57:09.897 64157 INFO heat.engine.environment [-] Registered: [Plugin](User:False) AWS::AutoScaling::LaunchConfiguration ->
2026-04-27 01:57:09.897 64157 INFO heat.engine.environment [-] Registered: [Plugin](User:False) AWS::AutoScaling::ScalingPolicy ->
2026-04-27 01:57:09.897 64157 INFO heat.engine.environment [-] Registered: [Plugin](User:False) AWS::CloudFormation::Stack ->
2026-04-27 01:57:09.897 64157 INFO heat.engine.environment [-] Registered: [Plugin](User:False) AWS::CloudFormation::WaitCondition ->
2026-04-27 01:57:09.897 64157 INFO heat.engine.environment [-] Registered: [Plugin](User:False) AWS::CloudFormation::WaitConditionHandle ->
2026-04-27 01:57:09.897 64157 INFO heat.engine.environment [-] Registered: [Plugin](User:False) AWS::EC2::EIP ->
2026-04-27 01:57:09.897 64157 INFO heat.engine.environment [-] Registered: [Plugin](User:False) AWS::EC2::EIPAssociation ->
2026-04-27 01:57:09.897 64157 INFO heat.engine.environment [-] Registered: [Plugin](User:False) AWS::EC2::Instance ->
2026-04-27 01:57:09.897 64157 INFO heat.engine.environment [-] Registered: [Plugin](User:False) AWS::EC2::InternetGateway ->
2026-04-27 01:57:09.898 64157 INFO heat.engine.environment [-] Registered: [Plugin](User:False) AWS::EC2::VPCGatewayAttachment ->
2026-04-27 01:57:09.898 64157 INFO heat.engine.environment [-] Registered: [Plugin](User:False) AWS::EC2::NetworkInterface ->
2026-04-27 01:57:09.898 64157 INFO heat.engine.environment [-] Registered: [Plugin](User:False) AWS::EC2::RouteTable ->
2026-04-27 01:57:09.898 64157 INFO heat.engine.environment [-] Registered: [Plugin](User:False) AWS::EC2::SubnetRouteTableAssociation ->
2026-04-27 01:57:09.898 64157 INFO heat.engine.environment [-] Registered: [Plugin](User:False) AWS::EC2::SecurityGroup ->
2026-04-27 01:57:09.898 64157 INFO heat.engine.environment [-] Registered: [Plugin](User:False) AWS::EC2::Subnet ->
2026-04-27 01:57:09.898 64157 INFO heat.engine.environment [-] Registered: [Plugin](User:False) AWS::EC2::Volume ->
2026-04-27 01:57:09.898 64157 INFO heat.engine.environment [-] Registered: [Plugin](User:False) AWS::EC2::VolumeAttachment ->
2026-04-27 01:57:09.898 64157 INFO heat.engine.environment [-] Registered: [Plugin](User:False) AWS::EC2::VPC ->
2026-04-27 01:57:09.898 64157 INFO heat.engine.environment [-] Registered: [Plugin](User:False) AWS::IAM::User ->
2026-04-27 01:57:09.899 64157 INFO heat.engine.environment [-] Registered: [Plugin](User:False) AWS::IAM::AccessKey ->
2026-04-27 01:57:09.899 64157 INFO heat.engine.environment [-] Registered: [Plugin](User:False) AWS::ElasticLoadBalancing::LoadBalancer ->
2026-04-27 01:57:09.899 64157 INFO heat.engine.environment [-] Registered: [Plugin](User:False) AWS::S3::Bucket ->
2026-04-27 01:57:09.899 64157 INFO heat.engine.environment [-] Registered: [Plugin](User:False) OS::Aodh::Alarm ->
2026-04-27 01:57:09.899 64157 INFO heat.engine.environment [-] Registered: [Plugin](User:False) OS::Aodh::CombinationAlarm ->
2026-04-27 01:57:09.899 64157 INFO heat.engine.environment [-] Registered: [Plugin](User:False) OS::Aodh::EventAlarm ->
2026-04-27 01:57:09.899 64157 INFO heat.engine.environment [-] Registered: [Plugin](User:False) OS::Aodh::LBMemberHealthAlarm ->
2026-04-27 01:57:09.899 64157 INFO heat.engine.environment [-] Registered: [Plugin](User:False) OS::Aodh::CompositeAlarm ->
2026-04-27 01:57:09.900 64157 INFO heat.engine.environment [-] Registered: [Plugin](User:False) OS::Aodh::GnocchiResourcesAlarm ->
2026-04-27 01:57:09.900 64157 INFO heat.engine.environment [-] Registered: [Plugin](User:False) OS::Aodh::GnocchiAggregationByMetricsAlarm ->
2026-04-27 01:57:09.900 64157 INFO heat.engine.environment [-] Registered: [Plugin](User:False) OS::Aodh::GnocchiAggregationByResourcesAlarm ->
2026-04-27 01:57:09.900 64157 INFO heat.engine.environment [-] Registered: [Plugin](User:False) OS::Barbican::GenericContainer ->
2026-04-27 01:57:09.900 64157 INFO heat.engine.environment [-] Registered: [Plugin](User:False) OS::Barbican::CertificateContainer ->
2026-04-27 01:57:09.900 64157 INFO heat.engine.environment [-] Registered: [Plugin](User:False) OS::Barbican::RSAContainer ->
2026-04-27 01:57:09.900 64157 INFO heat.engine.environment [-] Registered: [Plugin](User:False) OS::Barbican::Order ->
2026-04-27 01:57:09.900 64157 INFO heat.engine.environment [-] Registered: [Plugin](User:False) OS::Barbican::Secret ->
2026-04-27 01:57:09.900 64157 INFO heat.engine.environment [-] Registered: [Plugin](User:False) OS::Blazar::Host ->
2026-04-27 01:57:09.901 64157 INFO heat.engine.environment [-] Registered: [Plugin](User:False) OS::Blazar::Lease ->
2026-04-27 01:57:09.901 64157 INFO heat.engine.environment [-] Registered: [Plugin](User:False) OS::Cinder::EncryptedVolumeType ->
2026-04-27 01:57:09.901 64157 INFO heat.engine.environment [-] Registered: [Plugin](User:False) OS::Cinder::QoSSpecs ->
2026-04-27 01:57:09.901 64157 INFO heat.engine.environment [-] Registered: [Plugin](User:False) OS::Cinder::QoSAssociation ->
2026-04-27 01:57:09.901 64157 INFO heat.engine.environment [-] Registered: [Plugin](User:False) OS::Cinder::Quota ->
2026-04-27 01:57:09.901 64157 INFO heat.engine.environment [-] Registered: [Plugin](User:False) OS::Cinder::Volume ->
2026-04-27 01:57:09.901 64157 INFO heat.engine.environment [-] Registered: [Plugin](User:False) OS::Cinder::VolumeAttachment ->
2026-04-27 01:57:09.901 64157 INFO heat.engine.environment [-] Registered: [Plugin](User:False) OS::Cinder::VolumeType ->
2026-04-27 01:57:09.901 64157 INFO heat.engine.environment [-] Registered: [Plugin](User:False) OS::Designate::Domain ->
2026-04-27 01:57:09.901 64157 INFO heat.engine.environment [-] Registered: [Plugin](User:False) OS::Designate::Record ->
2026-04-27 01:57:09.901 64157 INFO heat.engine.environment [-] Registered: [Plugin](User:False) OS::Designate::RecordSet ->
2026-04-27 01:57:09.902 64157 INFO heat.engine.environment [-] Registered: [Plugin](User:False) OS::Designate::Zone ->
2026-04-27 01:57:09.902 64157 INFO heat.engine.environment [-] Registered: [Plugin](User:False) OS::Glance::Image ->
2026-04-27 01:57:09.902 64157 INFO heat.engine.environment [-] Registered: [Plugin](User:False) OS::Glance::WebImage ->
2026-04-27 01:57:09.902 64157 INFO heat.engine.environment [-] Registered: [Plugin](User:False) OS::Heat::AccessPolicy ->
2026-04-27 01:57:09.902 64157 INFO heat.engine.environment [-] Registered: [Plugin](User:False) OS::Heat::AutoScalingGroup ->
2026-04-27 01:57:09.902 64157 INFO heat.engine.environment [-] Registered: [Plugin](User:False) OS::Heat::CloudConfig ->
2026-04-27 01:57:09.902 64157 INFO heat.engine.environment [-] Registered: [Plugin](User:False) OS::Heat::Delay ->
2026-04-27 01:57:09.902 64157 INFO heat.engine.environment [-] Registered: [Plugin](User:False) OS::Heat::DeployedServer ->
2026-04-27 01:57:09.902 64157 INFO heat.engine.environment [-] Registered: [Plugin](User:False) OS::Heat::HARestarter ->
2026-04-27 01:57:09.902 64157 INFO heat.engine.environment [-] Registered: [Plugin](User:False) OS::Heat::InstanceGroup ->
2026-04-27 01:57:09.902 64157 INFO heat.engine.environment [-] Registered: [Plugin](User:False) OS::Heat::MultipartMime ->
2026-04-27 01:57:09.903 64157 INFO heat.engine.environment [-] Registered: [Plugin](User:False) OS::Heat::None ->
2026-04-27 01:57:09.903 64157 INFO heat.engine.environment [-] Registered: [Plugin](User:False) OS::Heat::RandomString ->
2026-04-27 01:57:09.903 64157 INFO heat.engine.environment [-] Registered: [Plugin](User:False) OS::Heat::Stack ->
2026-04-27 01:57:09.903 64157 INFO heat.engine.environment [-] Registered: [Plugin](User:False) OS::Heat::ResourceChain ->
2026-04-27 01:57:09.903 64157 INFO heat.engine.environment [-] Registered: [Plugin](User:False) OS::Heat::ResourceGroup ->
2026-04-27 01:57:09.903 64157 INFO heat.engine.environment [-] Registered: [Plugin](User:False) OS::Heat::ScalingPolicy ->
2026-04-27 01:57:09.903 64157 INFO heat.engine.environment [-] Registered: [Plugin](User:False) OS::Heat::SoftwareComponent ->
2026-04-27 01:57:09.903 64157 INFO heat.engine.environment [-] Registered: [Plugin](User:False) OS::Heat::SoftwareConfig ->
2026-04-27 01:57:09.903 64157 INFO heat.engine.environment [-] Registered: [Plugin](User:False) OS::Heat::SoftwareDeployment ->
2026-04-27 01:57:09.903 64157 INFO heat.engine.environment [-] Registered: [Plugin](User:False) OS::Heat::SoftwareDeploymentGroup ->
2026-04-27 01:57:09.903 64157 INFO heat.engine.environment [-] Registered: [Plugin](User:False) OS::Heat::SoftwareDeployments ->
2026-04-27 01:57:09.903 64157 INFO heat.engine.environment [-] Registered: [Plugin](User:False) OS::Heat::StructuredConfig ->
2026-04-27 01:57:09.904 64157 INFO heat.engine.environment [-] Registered: [Plugin](User:False) OS::Heat::StructuredDeployment ->
2026-04-27 01:57:09.904 64157 INFO heat.engine.environment [-] Registered: [Plugin](User:False) OS::Heat::StructuredDeploymentGroup ->
2026-04-27 01:57:09.904 64157 INFO heat.engine.environment [-] Registered: [Plugin](User:False) OS::Heat::StructuredDeployments ->
2026-04-27 01:57:09.904 64157 INFO heat.engine.environment [-] Registered: [Plugin](User:False) OS::Heat::SwiftSignal ->
2026-04-27 01:57:09.904 64157 INFO heat.engine.environment [-] Registered: [Plugin](User:False) OS::Heat::SwiftSignalHandle ->
2026-04-27 01:57:09.904 64157 INFO heat.engine.environment [-] Registered: [Plugin](User:False) OS::Heat::TestResource ->
2026-04-27 01:57:09.904 64157 INFO heat.engine.environment [-] Registered: [Plugin](User:False) OS::Heat::Value ->
2026-04-27 01:57:09.904 64157 INFO heat.engine.environment [-] Registered: [Plugin](User:False) OS::Heat::WaitCondition ->
2026-04-27 01:57:09.904 64157 INFO heat.engine.environment [-] Registered: [Plugin](User:False) OS::Heat::WaitConditionHandle ->
2026-04-27 01:57:09.904 64157 INFO heat.engine.environment [-] Registered: [Plugin](User:False) OS::Heat::UpdateWaitConditionHandle ->
2026-04-27 01:57:09.904 64157 INFO heat.engine.environment [-] Registered: [Plugin](User:False) OS::Ironic::Port ->
2026-04-27 01:57:09.904 64157 INFO heat.engine.environment [-] Registered: [Plugin](User:False) OS::Keystone::Domain ->
2026-04-27 01:57:09.905 64157 INFO heat.engine.environment [-] Registered: [Plugin](User:False) OS::Keystone::Endpoint ->
2026-04-27 01:57:09.905 64157 INFO heat.engine.environment [-] Registered: [Plugin](User:False) OS::Keystone::Group ->
2026-04-27 01:57:09.905 64157 INFO heat.engine.environment [-] Registered: [Plugin](User:False) OS::Keystone::Project ->
2026-04-27 01:57:09.905 64157 INFO heat.engine.environment [-] Registered: [Plugin](User:False) OS::Keystone::Region ->
2026-04-27 01:57:09.905 64157 INFO heat.engine.environment [-] Registered: [Plugin](User:False) OS::Keystone::Role ->
2026-04-27 01:57:09.905 64157 INFO heat.engine.environment [-] Registered: [Plugin](User:False) OS::Keystone::UserRoleAssignment ->
2026-04-27 01:57:09.905 64157 INFO heat.engine.environment [-] Registered: [Plugin](User:False) OS::Keystone::GroupRoleAssignment ->
2026-04-27 01:57:09.905 64157 INFO heat.engine.environment [-] Registered: [Plugin](User:False) OS::Keystone::Service ->
2026-04-27 01:57:09.905 64157 INFO heat.engine.environment [-] Registered: [Plugin](User:False) OS::Keystone::User ->
2026-04-27 01:57:09.905 64157 INFO heat.engine.environment [-] Registered: [Plugin](User:False) OS::Magnum::Bay ->
2026-04-27 01:57:09.906 64157 INFO heat.engine.environment [-] Registered: [Plugin](User:False) OS::Magnum::BayModel ->
2026-04-27 01:57:09.906 64157 INFO heat.engine.environment [-] Registered: [Plugin](User:False) OS::Magnum::Cluster ->
2026-04-27 01:57:09.906 64157 INFO heat.engine.environment [-] Registered: [Plugin](User:False) OS::Magnum::ClusterTemplate ->
2026-04-27 01:57:09.906 64157 INFO heat.engine.environment [-] Registered: [Plugin](User:False) OS::Manila::SecurityService ->
2026-04-27 01:57:09.906 64157 INFO heat.engine.environment [-] Registered: [Plugin](User:False) OS::Manila::Share ->
2026-04-27 01:57:09.906 64157 INFO heat.engine.environment [-] Registered: [Plugin](User:False) OS::Manila::ShareNetwork ->
2026-04-27 01:57:09.906 64157 INFO heat.engine.environment [-] Registered: [Plugin](User:False) OS::Manila::ShareType ->
2026-04-27 01:57:09.906 64157 INFO heat.engine.environment [-] Registered: [Plugin](User:False) OS::Mistral::CronTrigger ->
2026-04-27 01:57:09.906 64157 INFO heat.engine.environment [-] Registered: [Plugin](User:False) OS::Mistral::ExternalResource ->
2026-04-27 01:57:09.906 64157 INFO heat.engine.environment [-] Registered: [Plugin](User:False) OS::Mistral::Workflow ->
2026-04-27 01:57:09.906 64157 INFO heat.engine.environment [-] Registered: [Plugin](User:False) OS::Monasca::AlarmDefinition ->
2026-04-27 01:57:09.906 64157 INFO heat.engine.environment [-] Registered: [Plugin](User:False) OS::Monasca::Notification ->
2026-04-27 01:57:09.907 64157 INFO heat.engine.environment [-] Registered: [Plugin](User:False) OS::Neutron::AddressScope ->
2026-04-27 01:57:09.907 64157 INFO heat.engine.environment [-] Registered: [Plugin](User:False) OS::Neutron::ExtraRoute ->
2026-04-27 01:57:09.907 64157 INFO heat.engine.environment [-] Registered: [Plugin](User:False) OS::Neutron::ExtraRouteSet ->
2026-04-27 01:57:09.907 64157 INFO heat.engine.environment [-] Registered: [Plugin](User:False) OS::Neutron::Firewall ->
2026-04-27 01:57:09.907 64157 INFO heat.engine.environment [-] Registered: [Plugin](User:False) OS::Neutron::FirewallPolicy ->
2026-04-27 01:57:09.907 64157 INFO heat.engine.environment [-] Registered: [Plugin](User:False) OS::Neutron::FirewallRule ->
2026-04-27 01:57:09.907 64157 INFO heat.engine.environment [-] Registered: [Plugin](User:False) OS::Neutron::FloatingIP ->
2026-04-27 01:57:09.907 64157 INFO heat.engine.environment [-] Registered: [Plugin](User:False) OS::Neutron::FloatingIPAssociation ->
2026-04-27 01:57:09.907 64157 INFO heat.engine.environment [-] Registered: [Plugin](User:False) OS::Neutron::L2Gateway ->
2026-04-27 01:57:09.907 64157 INFO heat.engine.environment [-] Registered: [Plugin](User:False) OS::Neutron::L2GatewayConnection ->
2026-04-27 01:57:09.907 64157 INFO heat.engine.environment [-] Registered: [Plugin](User:False) OS::Neutron::LBaaS::HealthMonitor ->
2026-04-27 01:57:09.907 64157 INFO heat.engine.environment [-] Registered: [Plugin](User:False) OS::Neutron::LBaaS::L7Policy ->
2026-04-27 01:57:09.908 64157 INFO heat.engine.environment [-] Registered: [Plugin](User:False) OS::Neutron::LBaaS::L7Rule ->
2026-04-27 01:57:09.908 64157 INFO heat.engine.environment [-] Registered: [Plugin](User:False) OS::Neutron::LBaaS::Listener ->
2026-04-27 01:57:09.908 64157 INFO heat.engine.environment [-] Registered: [Plugin](User:False) OS::Neutron::LBaaS::LoadBalancer ->
2026-04-27 01:57:09.908 64157 INFO heat.engine.environment [-] Registered: [Plugin](User:False) OS::Neutron::LBaaS::Pool ->
2026-04-27 01:57:09.908 64157 INFO heat.engine.environment [-] Registered: [Plugin](User:False) OS::Neutron::LBaaS::PoolMember ->
2026-04-27 01:57:09.908 64157 INFO heat.engine.environment [-] Registered: [Plugin](User:False) OS::Neutron::HealthMonitor ->
2026-04-27 01:57:09.908 64157 INFO heat.engine.environment [-] Registered: [Plugin](User:False) OS::Neutron::Pool ->
2026-04-27 01:57:09.908 64157 INFO heat.engine.environment [-] Registered: [Plugin](User:False) OS::Neutron::PoolMember ->
2026-04-27 01:57:09.908 64157 INFO heat.engine.environment [-] Registered: [Plugin](User:False) OS::Neutron::LoadBalancer ->
2026-04-27 01:57:09.908 64157 INFO heat.engine.environment [-] Registered: [Plugin](User:False) OS::Neutron::MeteringLabel ->
2026-04-27 01:57:09.908 64157 INFO heat.engine.environment [-] Registered: [Plugin](User:False) OS::Neutron::MeteringRule ->
2026-04-27 01:57:09.908 64157 INFO heat.engine.environment [-] Registered: [Plugin](User:False) OS::Neutron::Net ->
2026-04-27 01:57:09.909 64157 INFO heat.engine.environment [-] Registered: [Plugin](User:False) OS::Neutron::NetworkGateway ->
2026-04-27 01:57:09.909 64157 INFO heat.engine.environment [-] Registered: [Plugin](User:False) OS::Neutron::Port ->
2026-04-27 01:57:09.909 64157 INFO heat.engine.environment [-] Registered: [Plugin](User:False) OS::Neutron::ProviderNet ->
2026-04-27 01:57:09.909 64157 INFO heat.engine.environment [-] Registered: [Plugin](User:False) OS::Neutron::QoSPolicy ->
2026-04-27 01:57:09.909 64157 INFO heat.engine.environment [-] Registered: [Plugin](User:False) OS::Neutron::QoSBandwidthLimitRule ->
2026-04-27 01:57:09.909 64157 INFO heat.engine.environment [-] Registered: [Plugin](User:False) OS::Neutron::QoSDscpMarkingRule ->
2026-04-27 01:57:09.909 64157 INFO heat.engine.environment [-] Registered: [Plugin](User:False) OS::Neutron::QoSMinimumBandwidthRule ->
2026-04-27 01:57:09.909 64157 INFO heat.engine.environment [-] Registered: [Plugin](User:False) OS::Neutron::Quota ->
2026-04-27 01:57:09.909 64157 INFO heat.engine.environment [-] Registered: [Plugin](User:False) OS::Neutron::RBACPolicy ->
2026-04-27 01:57:09.909 64157 INFO heat.engine.environment [-] Registered: [Plugin](User:False) OS::Neutron::Router ->
2026-04-27 01:57:09.909 64157 INFO heat.engine.environment [-] Registered: [Plugin](User:False) OS::Neutron::RouterInterface ->
2026-04-27 01:57:09.909 64157 INFO heat.engine.environment [-] Registered: [Plugin](User:False) OS::Neutron::RouterGateway ->
2026-04-27 01:57:09.910 64157 INFO heat.engine.environment [-] Registered: [Plugin](User:False) OS::Neutron::SecurityGroup ->
2026-04-27 01:57:09.910 64157 INFO heat.engine.environment [-] Registered: [Plugin](User:False) OS::Neutron::SecurityGroupRule ->
