2026-04-27 02:00:39.940 68525 DEBUG oslo_service.service [-] database.db_inc_retry_interval = True log_opt_values /usr/lib/python3/dist-packages/oslo_config/cfg.py:2609
2026-04-27 02:00:39.940 68525 DEBUG oslo_service.service [-] database.db_max_retries = 20 log_opt_values /usr/lib/python3/dist-packages/oslo_config/cfg.py:2609
2026-04-27 02:00:39.940 68525 DEBUG oslo_service.service [-] database.db_max_retry_interval = 10 log_opt_values /usr/lib/python3/dist-packages/oslo_config/cfg.py:2609
2026-04-27 02:00:39.940 68525 DEBUG oslo_service.service [-] database.db_retry_interval = 1 log_opt_values /usr/lib/python3/dist-packages/oslo_config/cfg.py:2609
2026-04-27 02:00:39.940 68525 DEBUG oslo_service.service [-] database.max_overflow = 50 log_opt_values /usr/lib/python3/dist-packages/oslo_config/cfg.py:2609
2026-04-27 02:00:39.940 68525 DEBUG oslo_service.service [-] database.max_pool_size = 5 log_opt_values /usr/lib/python3/dist-packages/oslo_config/cfg.py:2609
2026-04-27 02:00:39.941 68525 DEBUG oslo_service.service [-] database.max_retries = 10 log_opt_values /usr/lib/python3/dist-packages/oslo_config/cfg.py:2609
2026-04-27 02:00:39.941 68525 DEBUG oslo_service.service [-] database.mysql_enable_ndb = False log_opt_values /usr/lib/python3/dist-packages/oslo_config/cfg.py:2609
2026-04-27 02:00:39.941 68525 DEBUG oslo_service.service [-] database.mysql_sql_mode = TRADITIONAL log_opt_values /usr/lib/python3/dist-packages/oslo_config/cfg.py:2609
2026-04-27 02:00:39.941 68525 DEBUG oslo_service.service [-] database.pool_timeout = None log_opt_values /usr/lib/python3/dist-packages/oslo_config/cfg.py:2609
2026-04-27 02:00:39.941 68525 DEBUG oslo_service.service [-] database.retry_interval = 10 log_opt_values /usr/lib/python3/dist-packages/oslo_config/cfg.py:2609
2026-04-27 02:00:39.941 68525 DEBUG oslo_service.service [-] database.slave_connection = **** log_opt_values /usr/lib/python3/dist-packages/oslo_config/cfg.py:2609
2026-04-27 02:00:39.942 68525 DEBUG oslo_service.service [-] database.sqlite_synchronous = True log_opt_values /usr/lib/python3/dist-packages/oslo_config/cfg.py:2609
2026-04-27 02:00:39.942 68525 DEBUG oslo_service.service [-] database.use_db_reconnect = False log_opt_values /usr/lib/python3/dist-packages/oslo_config/cfg.py:2609
2026-04-27 02:00:39.942 68525 DEBUG oslo_service.service [-] oslo_messaging_metrics.metrics_buffer_size = 1000 log_opt_values /usr/lib/python3/dist-packages/oslo_config/cfg.py:2609
2026-04-27 02:00:39.942 68525 DEBUG oslo_service.service [-] oslo_messaging_metrics.metrics_enabled = False log_opt_values /usr/lib/python3/dist-packages/oslo_config/cfg.py:2609
2026-04-27 02:00:39.942 68525 DEBUG oslo_service.service [-] oslo_messaging_metrics.metrics_process_name = log_opt_values /usr/lib/python3/dist-packages/oslo_config/cfg.py:2609
2026-04-27 02:00:39.942 68525 DEBUG oslo_service.service [-] oslo_messaging_metrics.metrics_socket_file = /var/tmp/metrics_collector.sock log_opt_values /usr/lib/python3/dist-packages/oslo_config/cfg.py:2609
2026-04-27 02:00:39.942 68525 DEBUG oslo_service.service [-] oslo_messaging_metrics.metrics_thread_stop_timeout = 10 log_opt_values /usr/lib/python3/dist-packages/oslo_config/cfg.py:2609
2026-04-27 02:00:39.943 68525 DEBUG oslo_service.service [-] oslo_policy.enforce_new_defaults = False log_opt_values /usr/lib/python3/dist-packages/oslo_config/cfg.py:2609
2026-04-27 02:00:39.943 68525 DEBUG oslo_service.service [-] oslo_policy.enforce_scope = False log_opt_values /usr/lib/python3/dist-packages/oslo_config/cfg.py:2609
2026-04-27 02:00:39.943 68525 DEBUG oslo_service.service [-] oslo_policy.policy_default_rule = default log_opt_values /usr/lib/python3/dist-packages/oslo_config/cfg.py:2609
2026-04-27 02:00:39.943 68525 DEBUG oslo_service.service [-] oslo_policy.policy_dirs = ['policy.d'] log_opt_values /usr/lib/python3/dist-packages/oslo_config/cfg.py:2609
2026-04-27 02:00:39.943 68525 DEBUG oslo_service.service [-] oslo_policy.policy_file = policy.yaml log_opt_values /usr/lib/python3/dist-packages/oslo_config/cfg.py:2609
2026-04-27 02:00:39.943 68525 DEBUG oslo_service.service [-] oslo_policy.remote_content_type = application/x-www-form-urlencoded log_opt_values /usr/lib/python3/dist-packages/oslo_config/cfg.py:2609
2026-04-27 02:00:39.943 68525 DEBUG oslo_service.service [-] oslo_policy.remote_ssl_ca_crt_file = None log_opt_values /usr/lib/python3/dist-packages/oslo_config/cfg.py:2609
2026-04-27 02:00:39.944 68525 DEBUG oslo_service.service [-] oslo_policy.remote_ssl_client_crt_file = None log_opt_values /usr/lib/python3/dist-packages/oslo_config/cfg.py:2609
2026-04-27 02:00:39.944 68525 DEBUG oslo_service.service [-] oslo_policy.remote_ssl_client_key_file = None log_opt_values /usr/lib/python3/dist-packages/oslo_config/cfg.py:2609
2026-04-27 02:00:39.944 68525 DEBUG oslo_service.service [-] oslo_policy.remote_ssl_verify_server_crt = False log_opt_values /usr/lib/python3/dist-packages/oslo_config/cfg.py:2609
2026-04-27 02:00:39.944 68525 DEBUG oslo_service.service [-] trustee.auth_section = None log_opt_values /usr/lib/python3/dist-packages/oslo_config/cfg.py:2609
2026-04-27 02:00:39.944 68525 WARNING oslo_config.cfg [-] Deprecated: Option "auth_plugin" from group "trustee" is deprecated. Use option "auth_type" from group "trustee".
2026-04-27 02:00:39.944 68525 DEBUG oslo_service.service [-] trustee.auth_type = password log_opt_values /usr/lib/python3/dist-packages/oslo_config/cfg.py:2609
2026-04-27 02:00:39.945 68525 DEBUG oslo_service.service [-] oslo_versionedobjects.fatal_exception_format_errors = False log_opt_values /usr/lib/python3/dist-packages/oslo_config/cfg.py:2609
2026-04-27 02:00:39.945 68525 DEBUG oslo_service.service [-] oslo_messaging_rabbit.amqp_auto_delete = False log_opt_values /usr/lib/python3/dist-packages/oslo_config/cfg.py:2609
2026-04-27 02:00:39.945 68525 DEBUG oslo_service.service [-] oslo_messaging_rabbit.amqp_durable_queues = False log_opt_values /usr/lib/python3/dist-packages/oslo_config/cfg.py:2609
2026-04-27 02:00:39.945 68525 DEBUG oslo_service.service [-] oslo_messaging_rabbit.conn_pool_min_size = 2 log_opt_values /usr/lib/python3/dist-packages/oslo_config/cfg.py:2609
2026-04-27 02:00:39.945 68525 DEBUG oslo_service.service [-] oslo_messaging_rabbit.conn_pool_ttl = 1200 log_opt_values /usr/lib/python3/dist-packages/oslo_config/cfg.py:2609
2026-04-27 02:00:39.945 68525 DEBUG oslo_service.service [-] oslo_messaging_rabbit.direct_mandatory_flag = True log_opt_values /usr/lib/python3/dist-packages/oslo_config/cfg.py:2609
2026-04-27 02:00:39.945 68525 DEBUG oslo_service.service [-] oslo_messaging_rabbit.enable_cancel_on_failover = False log_opt_values /usr/lib/python3/dist-packages/oslo_config/cfg.py:2609
2026-04-27 02:00:39.946 68525 DEBUG oslo_service.service [-] oslo_messaging_rabbit.heartbeat_in_pthread = False log_opt_values /usr/lib/python3/dist-packages/oslo_config/cfg.py:2609
2026-04-27 02:00:39.946 68525 DEBUG oslo_service.service [-] oslo_messaging_rabbit.heartbeat_rate = 2 log_opt_values /usr/lib/python3/dist-packages/oslo_config/cfg.py:2609
2026-04-27 02:00:39.946 68525 DEBUG oslo_service.service [-] oslo_messaging_rabbit.heartbeat_timeout_threshold = 60 log_opt_values /usr/lib/python3/dist-packages/oslo_config/cfg.py:2609
2026-04-27 02:00:39.946 68525 DEBUG oslo_service.service [-] oslo_messaging_rabbit.kombu_compression = None log_opt_values /usr/lib/python3/dist-packages/oslo_config/cfg.py:2609
2026-04-27 02:00:39.946 68525 DEBUG oslo_service.service [-] oslo_messaging_rabbit.kombu_failover_strategy = round-robin log_opt_values /usr/lib/python3/dist-packages/oslo_config/cfg.py:2609
2026-04-27 02:00:39.946 68525 DEBUG oslo_service.service [-] oslo_messaging_rabbit.kombu_missing_consumer_retry_timeout = 60 log_opt_values /usr/lib/python3/dist-packages/oslo_config/cfg.py:2609
2026-04-27 02:00:39.948 68525 DEBUG oslo_service.service [-] oslo_messaging_rabbit.kombu_reconnect_delay = 1.0 log_opt_values /usr/lib/python3/dist-packages/oslo_config/cfg.py:2609
2026-04-27 02:00:39.948 68525 DEBUG oslo_service.service [-] oslo_messaging_rabbit.rabbit_ha_queues = False log_opt_values /usr/lib/python3/dist-packages/oslo_config/cfg.py:2609
2026-04-27 02:00:39.948 68525 DEBUG oslo_service.service [-] oslo_messaging_rabbit.rabbit_interval_max = 30 log_opt_values /usr/lib/python3/dist-packages/oslo_config/cfg.py:2609
2026-04-27 02:00:39.948 68525 DEBUG oslo_service.service [-] oslo_messaging_rabbit.rabbit_login_method = AMQPLAIN log_opt_values /usr/lib/python3/dist-packages/oslo_config/cfg.py:2609
2026-04-27 02:00:39.948 68525 DEBUG oslo_service.service [-] oslo_messaging_rabbit.rabbit_qos_prefetch_count = 0 log_opt_values /usr/lib/python3/dist-packages/oslo_config/cfg.py:2609
2026-04-27 02:00:39.949 68525 DEBUG oslo_service.service [-] oslo_messaging_rabbit.rabbit_quorum_queue = False log_opt_values /usr/lib/python3/dist-packages/oslo_config/cfg.py:2609
2026-04-27 02:00:39.949 68525 DEBUG oslo_service.service [-] oslo_messaging_rabbit.rabbit_retry_backoff = 2 log_opt_values /usr/lib/python3/dist-packages/oslo_config/cfg.py:2609
2026-04-27 02:00:39.949 68525 DEBUG oslo_service.service [-] oslo_messaging_rabbit.rabbit_retry_interval = 1 log_opt_values /usr/lib/python3/dist-packages/oslo_config/cfg.py:2609
2026-04-27 02:00:39.949 68525 DEBUG oslo_service.service [-] oslo_messaging_rabbit.rabbit_transient_queues_ttl = 1800 log_opt_values /usr/lib/python3/dist-packages/oslo_config/cfg.py:2609
2026-04-27 02:00:39.949 68525 DEBUG oslo_service.service [-] oslo_messaging_rabbit.rpc_conn_pool_size = 30 log_opt_values /usr/lib/python3/dist-packages/oslo_config/cfg.py:2609
2026-04-27 02:00:39.949 68525 DEBUG oslo_service.service [-] oslo_messaging_rabbit.ssl = False log_opt_values /usr/lib/python3/dist-packages/oslo_config/cfg.py:2609
2026-04-27 02:00:39.949 68525 DEBUG oslo_service.service [-] oslo_messaging_rabbit.ssl_ca_file = log_opt_values /usr/lib/python3/dist-packages/oslo_config/cfg.py:2609
2026-04-27 02:00:39.949 68525 DEBUG oslo_service.service [-] oslo_messaging_rabbit.ssl_cert_file = log_opt_values /usr/lib/python3/dist-packages/oslo_config/cfg.py:2609
2026-04-27 02:00:39.949 68525 DEBUG oslo_service.service [-] oslo_messaging_rabbit.ssl_key_file = log_opt_values /usr/lib/python3/dist-packages/oslo_config/cfg.py:2609
2026-04-27 02:00:39.950 68525 DEBUG oslo_service.service [-] oslo_messaging_rabbit.ssl_version = log_opt_values /usr/lib/python3/dist-packages/oslo_config/cfg.py:2609
2026-04-27 02:00:39.950 68525 DEBUG oslo_service.service [-] oslo_messaging_notifications.driver = [] log_opt_values /usr/lib/python3/dist-packages/oslo_config/cfg.py:2609
2026-04-27 02:00:39.950 68525 DEBUG oslo_service.service [-] oslo_messaging_notifications.retry = -1 log_opt_values /usr/lib/python3/dist-packages/oslo_config/cfg.py:2609
2026-04-27 02:00:39.950 68525 DEBUG oslo_service.service [-] oslo_messaging_notifications.topics = ['notifications'] log_opt_values /usr/lib/python3/dist-packages/oslo_config/cfg.py:2609
2026-04-27 02:00:39.950 68525 DEBUG oslo_service.service [-] oslo_messaging_notifications.transport_url = **** log_opt_values /usr/lib/python3/dist-packages/oslo_config/cfg.py:2609
2026-04-27 02:00:39.950 68525 DEBUG oslo_service.service [-] cache.backend = dogpile.cache.null log_opt_values /usr/lib/python3/dist-packages/oslo_config/cfg.py:2609
2026-04-27 02:00:39.951 68525 DEBUG oslo_service.service [-] cache.backend_argument = **** log_opt_values /usr/lib/python3/dist-packages/oslo_config/cfg.py:2609
2026-04-27 02:00:39.952 68525 DEBUG oslo_service.service [-] cache.config_prefix = cache.oslo log_opt_values /usr/lib/python3/dist-packages/oslo_config/cfg.py:2609
2026-04-27 02:00:39.952 68525 DEBUG oslo_service.service [-] cache.debug_cache_backend = False log_opt_values /usr/lib/python3/dist-packages/oslo_config/cfg.py:2609
2026-04-27 02:00:39.952 68525 DEBUG oslo_service.service [-] cache.enabled = False log_opt_values /usr/lib/python3/dist-packages/oslo_config/cfg.py:2609
2026-04-27 02:00:39.952 68525 DEBUG oslo_service.service [-] cache.expiration_time = 600 log_opt_values /usr/lib/python3/dist-packages/oslo_config/cfg.py:2609
2026-04-27 02:00:39.953 68525 DEBUG oslo_service.service [-] cache.memcache_dead_retry = 300 log_opt_values /usr/lib/python3/dist-packages/oslo_config/cfg.py:2609
2026-04-27 02:00:39.953 68525 DEBUG oslo_service.service [-] cache.memcache_pool_connection_get_timeout = 10 log_opt_values /usr/lib/python3/dist-packages/oslo_config/cfg.py:2609
2026-04-27 02:00:39.953 68525 DEBUG oslo_service.service [-] cache.memcache_pool_flush_on_reconnect = False log_opt_values /usr/lib/python3/dist-packages/oslo_config/cfg.py:2609
2026-04-27 02:00:39.953 68525 DEBUG oslo_service.service [-] cache.memcache_pool_maxsize = 10 log_opt_values /usr/lib/python3/dist-packages/oslo_config/cfg.py:2609
2026-04-27 02:00:39.953 68525 DEBUG oslo_service.service [-] cache.memcache_pool_unused_timeout = 60 log_opt_values /usr/lib/python3/dist-packages/oslo_config/cfg.py:2609
2026-04-27 02:00:39.954 68525 DEBUG oslo_service.service [-] cache.memcache_servers = ['localhost:11211'] log_opt_values /usr/lib/python3/dist-packages/oslo_config/cfg.py:2609
2026-04-27 02:00:39.954 68525 DEBUG oslo_service.service [-] cache.memcache_socket_timeout = 1.0 log_opt_values /usr/lib/python3/dist-packages/oslo_config/cfg.py:2609
2026-04-27 02:00:39.955 68525 DEBUG oslo_service.service [-] cache.proxies = [] log_opt_values /usr/lib/python3/dist-packages/oslo_config/cfg.py:2609
2026-04-27 02:00:39.955 68525 DEBUG oslo_service.service [-] cache.tls_allowed_ciphers = None log_opt_values /usr/lib/python3/dist-packages/oslo_config/cfg.py:2609
2026-04-27 02:00:39.955 68525 DEBUG oslo_service.service [-] cache.tls_cafile = None log_opt_values /usr/lib/python3/dist-packages/oslo_config/cfg.py:2609
2026-04-27 02:00:39.955 68525 DEBUG oslo_service.service [-] cache.tls_certfile = None log_opt_values /usr/lib/python3/dist-packages/oslo_config/cfg.py:2609
2026-04-27 02:00:39.955 68525 DEBUG oslo_service.service [-] cache.tls_enabled = False log_opt_values /usr/lib/python3/dist-packages/oslo_config/cfg.py:2609
2026-04-27 02:00:39.956 68525 DEBUG oslo_service.service [-] cache.tls_keyfile = None log_opt_values /usr/lib/python3/dist-packages/oslo_config/cfg.py:2609
2026-04-27 02:00:39.956 68525 DEBUG oslo_service.service [-] constraint_validation_cache.caching = True log_opt_values /usr/lib/python3/dist-packages/oslo_config/cfg.py:2609
2026-04-27 02:00:39.956 68525 DEBUG oslo_service.service [-] constraint_validation_cache.expiration_time = 60 log_opt_values /usr/lib/python3/dist-packages/oslo_config/cfg.py:2609
2026-04-27 02:00:39.956 68525 DEBUG oslo_service.service [-] service_extension_cache.caching = True log_opt_values /usr/lib/python3/dist-packages/oslo_config/cfg.py:2609
2026-04-27 02:00:39.956 68525 DEBUG oslo_service.service [-] service_extension_cache.expiration_time = 3600 log_opt_values /usr/lib/python3/dist-packages/oslo_config/cfg.py:2609
2026-04-27 02:00:39.957 68525 DEBUG oslo_service.service [-] resource_finder_cache.caching = True log_opt_values /usr/lib/python3/dist-packages/oslo_config/cfg.py:2609
2026-04-27 02:00:39.957 68525 DEBUG oslo_service.service [-] resource_finder_cache.expiration_time = 3600 log_opt_values /usr/lib/python3/dist-packages/oslo_config/cfg.py:2609
2026-04-27 02:00:39.957 68525 DEBUG oslo_service.service [-] yaql.limit_iterators = 200 log_opt_values /usr/lib/python3/dist-packages/oslo_config/cfg.py:2609
2026-04-27 02:00:39.957 68525 DEBUG oslo_service.service [-] yaql.memory_quota = 10000 log_opt_values /usr/lib/python3/dist-packages/oslo_config/cfg.py:2609
2026-04-27 02:00:39.957 68525 DEBUG oslo_service.service [-] ******************************************************************************** log_opt_values /usr/lib/python3/dist-packages/oslo_config/cfg.py:2613
2026-04-27 02:00:40.005 68770 DEBUG oslo_db.sqlalchemy.engines [req-1123fe74-8b49-43a3-8488-976468156231 - - - - -] MySQL server mode set to STRICT_TRANS_TABLES,STRICT_ALL_TABLES,NO_ZERO_IN_DATE,NO_ZERO_DATE,ERROR_FOR_DIVISION_BY_ZERO,TRADITIONAL,NO_ENGINE_SUBSTITUTION _check_effective_sql_mode /usr/lib/python3/dist-packages/oslo_db/sqlalchemy/engines.py:314
2026-04-27 02:00:40.007 68772 DEBUG oslo_db.sqlalchemy.engines [req-9ecc5c9c-a166-4ad3-bb6e-7dd738f8affa - - - - -] MySQL server mode set to STRICT_TRANS_TABLES,STRICT_ALL_TABLES,NO_ZERO_IN_DATE,NO_ZERO_DATE,ERROR_FOR_DIVISION_BY_ZERO,TRADITIONAL,NO_ENGINE_SUBSTITUTION _check_effective_sql_mode /usr/lib/python3/dist-packages/oslo_db/sqlalchemy/engines.py:314
2026-04-27 02:00:40.008 68769 DEBUG oslo_db.sqlalchemy.engines [req-c1426512-2950-47f6-8076-837d0fa0f433 - - - - -] MySQL server mode set to STRICT_TRANS_TABLES,STRICT_ALL_TABLES,NO_ZERO_IN_DATE,NO_ZERO_DATE,ERROR_FOR_DIVISION_BY_ZERO,TRADITIONAL,NO_ENGINE_SUBSTITUTION _check_effective_sql_mode /usr/lib/python3/dist-packages/oslo_db/sqlalchemy/engines.py:314
2026-04-27 02:00:40.025 68771 DEBUG oslo_db.sqlalchemy.engines [req-a89c1b44-0425-4db1-97af-7fec6fdbe43d - - - - -] MySQL server mode set to STRICT_TRANS_TABLES,STRICT_ALL_TABLES,NO_ZERO_IN_DATE,NO_ZERO_DATE,ERROR_FOR_DIVISION_BY_ZERO,TRADITIONAL,NO_ENGINE_SUBSTITUTION _check_effective_sql_mode /usr/lib/python3/dist-packages/oslo_db/sqlalchemy/engines.py:314
2026-04-27 02:00:40.058 68772 DEBUG heat.engine.service [req-9ecc5c9c-a166-4ad3-bb6e-7dd738f8affa - - - - -] Service 19197385-0fbd-434f-ae88-d9253ad51dcc was aborted service_manage_cleanup /usr/lib/python3/dist-packages/heat/engine/service.py:2391
2026-04-27 02:00:40.061 68770 DEBUG heat.engine.service [req-1123fe74-8b49-43a3-8488-976468156231 - - - - -] Service 19197385-0fbd-434f-ae88-d9253ad51dcc was aborted service_manage_cleanup /usr/lib/python3/dist-packages/heat/engine/service.py:2391
2026-04-27 02:00:40.077 68771 DEBUG heat.engine.service [req-a89c1b44-0425-4db1-97af-7fec6fdbe43d - - - - -] Service 19197385-0fbd-434f-ae88-d9253ad51dcc was aborted service_manage_cleanup /usr/lib/python3/dist-packages/heat/engine/service.py:2391
2026-04-27 02:00:40.080 68772 DEBUG heat.engine.service [req-9ecc5c9c-a166-4ad3-bb6e-7dd738f8affa - - - - -] Service 1d3f174b-8320-4569-ae07-cab665a074a7 was aborted service_manage_cleanup /usr/lib/python3/dist-packages/heat/engine/service.py:2391
2026-04-27 02:00:40.081 68770 DEBUG heat.engine.service [req-1123fe74-8b49-43a3-8488-976468156231 - - - - -] Service 1d3f174b-8320-4569-ae07-cab665a074a7 was aborted service_manage_cleanup /usr/lib/python3/dist-packages/heat/engine/service.py:2391
2026-04-27 02:00:40.081 68769 DEBUG heat.engine.service [req-c1426512-2950-47f6-8076-837d0fa0f433 - - - - -] Service 19197385-0fbd-434f-ae88-d9253ad51dcc was aborted service_manage_cleanup /usr/lib/python3/dist-packages/heat/engine/service.py:2391
2026-04-27 02:00:40.092 68771 DEBUG heat.engine.service [req-a89c1b44-0425-4db1-97af-7fec6fdbe43d - - - - -] Service 1d3f174b-8320-4569-ae07-cab665a074a7 was aborted service_manage_cleanup /usr/lib/python3/dist-packages/heat/engine/service.py:2391
2026-04-27 02:00:40.099 68770 DEBUG heat.engine.service [req-1123fe74-8b49-43a3-8488-976468156231 - - - - -] Service 3e8b25a6-26c7-4b16-94df-fe09023f351e was aborted service_manage_cleanup /usr/lib/python3/dist-packages/heat/engine/service.py:2391
2026-04-27 02:00:40.099 68772 DEBUG heat.engine.service [req-9ecc5c9c-a166-4ad3-bb6e-7dd738f8affa - - - - -] Service 3e8b25a6-26c7-4b16-94df-fe09023f351e was aborted service_manage_cleanup /usr/lib/python3/dist-packages/heat/engine/service.py:2391
2026-04-27 02:00:40.100 68771 DEBUG heat.engine.service [req-a89c1b44-0425-4db1-97af-7fec6fdbe43d - - - - -] Service 3e8b25a6-26c7-4b16-94df-fe09023f351e was aborted service_manage_cleanup /usr/lib/python3/dist-packages/heat/engine/service.py:2391
2026-04-27 02:00:40.111 68769 DEBUG heat.engine.service [req-c1426512-2950-47f6-8076-837d0fa0f433 - - - - -] Service 1d3f174b-8320-4569-ae07-cab665a074a7 was aborted service_manage_cleanup /usr/lib/python3/dist-packages/heat/engine/service.py:2391
2026-04-27 02:00:40.115 68772 DEBUG heat.engine.service [req-9ecc5c9c-a166-4ad3-bb6e-7dd738f8affa - - - - -] Service 474d3a8e-1b5b-4dca-8e52-f64d835cae42 was aborted service_manage_cleanup /usr/lib/python3/dist-packages/heat/engine/service.py:2391
2026-04-27 02:00:40.116 68769 DEBUG heat.engine.service [req-c1426512-2950-47f6-8076-837d0fa0f433 - - - - -] Service 3e8b25a6-26c7-4b16-94df-fe09023f351e was aborted service_manage_cleanup /usr/lib/python3/dist-packages/heat/engine/service.py:2391
2026-04-27 02:00:40.116 68770 DEBUG heat.engine.service [req-1123fe74-8b49-43a3-8488-976468156231 - - - - -] Service 474d3a8e-1b5b-4dca-8e52-f64d835cae42 was aborted service_manage_cleanup /usr/lib/python3/dist-packages/heat/engine/service.py:2391
2026-04-27 02:00:40.118 68771 DEBUG heat.engine.service [req-a89c1b44-0425-4db1-97af-7fec6fdbe43d - - - - -] Service 474d3a8e-1b5b-4dca-8e52-f64d835cae42 was aborted service_manage_cleanup /usr/lib/python3/dist-packages/heat/engine/service.py:2391
2026-04-27 02:00:40.131 68770 DEBUG heat.engine.service [req-1123fe74-8b49-43a3-8488-976468156231 - - - - -] Service 560f7dc0-286f-475c-a648-bed00e24cd96 was aborted service_manage_cleanup /usr/lib/python3/dist-packages/heat/engine/service.py:2391
2026-04-27 02:00:40.133 68772 DEBUG heat.engine.service [req-9ecc5c9c-a166-4ad3-bb6e-7dd738f8affa - - - - -] Service 560f7dc0-286f-475c-a648-bed00e24cd96 was aborted service_manage_cleanup /usr/lib/python3/dist-packages/heat/engine/service.py:2391
2026-04-27 02:00:40.134 68771 DEBUG heat.engine.service [req-a89c1b44-0425-4db1-97af-7fec6fdbe43d - - - - -] Service 560f7dc0-286f-475c-a648-bed00e24cd96 was aborted service_manage_cleanup /usr/lib/python3/dist-packages/heat/engine/service.py:2391
2026-04-27 02:00:40.139 68769 DEBUG heat.engine.service [req-c1426512-2950-47f6-8076-837d0fa0f433 - - - - -] Service 474d3a8e-1b5b-4dca-8e52-f64d835cae42 was aborted service_manage_cleanup /usr/lib/python3/dist-packages/heat/engine/service.py:2391
2026-04-27 02:00:40.146 68769 DEBUG heat.engine.service [req-c1426512-2950-47f6-8076-837d0fa0f433 - - - - -] Service 560f7dc0-286f-475c-a648-bed00e24cd96 was aborted service_manage_cleanup /usr/lib/python3/dist-packages/heat/engine/service.py:2391
2026-04-27 02:00:40.148 68770 DEBUG heat.engine.service [req-1123fe74-8b49-43a3-8488-976468156231 - - - - -] Service 58c28b92-6c1c-412c-8eed-f4aefd848b47 was aborted service_manage_cleanup /usr/lib/python3/dist-packages/heat/engine/service.py:2391
2026-04-27 02:00:40.149 68772 DEBUG heat.engine.service [req-9ecc5c9c-a166-4ad3-bb6e-7dd738f8affa - - - - -] Service 58c28b92-6c1c-412c-8eed-f4aefd848b47 was aborted service_manage_cleanup /usr/lib/python3/dist-packages/heat/engine/service.py:2391
2026-04-27 02:00:40.151 68771 DEBUG heat.engine.service [req-a89c1b44-0425-4db1-97af-7fec6fdbe43d - - - - -] Service 58c28b92-6c1c-412c-8eed-f4aefd848b47 was aborted service_manage_cleanup /usr/lib/python3/dist-packages/heat/engine/service.py:2391
2026-04-27 02:00:40.153 68769 DEBUG heat.engine.service [req-c1426512-2950-47f6-8076-837d0fa0f433 - - - - -] Service 58c28b92-6c1c-412c-8eed-f4aefd848b47 was aborted service_manage_cleanup /usr/lib/python3/dist-packages/heat/engine/service.py:2391
2026-04-27 02:00:40.162 68772 DEBUG heat.engine.service [req-9ecc5c9c-a166-4ad3-bb6e-7dd738f8affa - - - - -] Service 5932226e-8f89-4a8b-be35-5ff15bd670e5 was aborted service_manage_cleanup /usr/lib/python3/dist-packages/heat/engine/service.py:2391
2026-04-27 02:00:40.163 68770 DEBUG heat.engine.service [req-1123fe74-8b49-43a3-8488-976468156231 - - - - -] Service 5932226e-8f89-4a8b-be35-5ff15bd670e5 was aborted service_manage_cleanup /usr/lib/python3/dist-packages/heat/engine/service.py:2391
2026-04-27 02:00:40.163 68771 DEBUG heat.engine.service [req-a89c1b44-0425-4db1-97af-7fec6fdbe43d - - - - -] Service 5932226e-8f89-4a8b-be35-5ff15bd670e5 was aborted service_manage_cleanup /usr/lib/python3/dist-packages/heat/engine/service.py:2391
2026-04-27 02:00:40.164 68769 DEBUG heat.engine.service [req-c1426512-2950-47f6-8076-837d0fa0f433 - - - - -] Service 5932226e-8f89-4a8b-be35-5ff15bd670e5 was aborted service_manage_cleanup /usr/lib/python3/dist-packages/heat/engine/service.py:2391
2026-04-27 02:00:40.176 68772 DEBUG heat.engine.service [req-9ecc5c9c-a166-4ad3-bb6e-7dd738f8affa - - - - -] Service b9b47a36-5df6-464f-aa86-3b909879b525 was aborted service_manage_cleanup /usr/lib/python3/dist-packages/heat/engine/service.py:2391
2026-04-27 02:00:40.177 68770 DEBUG heat.engine.service [req-1123fe74-8b49-43a3-8488-976468156231 - - - - -] Service b9b47a36-5df6-464f-aa86-3b909879b525 was aborted service_manage_cleanup /usr/lib/python3/dist-packages/heat/engine/service.py:2391
2026-04-27 02:00:40.178 68771 DEBUG heat.engine.service [req-a89c1b44-0425-4db1-97af-7fec6fdbe43d - - - - -] Service b9b47a36-5df6-464f-aa86-3b909879b525 was aborted service_manage_cleanup /usr/lib/python3/dist-packages/heat/engine/service.py:2391
2026-04-27 02:00:40.183 68769 DEBUG heat.engine.service [req-c1426512-2950-47f6-8076-837d0fa0f433 - - - - -] Service b9b47a36-5df6-464f-aa86-3b909879b525 was aborted service_manage_cleanup /usr/lib/python3/dist-packages/heat/engine/service.py:2391
2026-04-27 02:00:40.198 68772 DEBUG heat.engine.service [req-9ecc5c9c-a166-4ad3-bb6e-7dd738f8affa - - - - -] Service d531f7b4-4f01-4446-bd1b-76f598ab7933 was aborted service_manage_cleanup /usr/lib/python3/dist-packages/heat/engine/service.py:2391
2026-04-27 02:00:40.199 68770 DEBUG heat.engine.service [req-1123fe74-8b49-43a3-8488-976468156231 - - - - -] Service d531f7b4-4f01-4446-bd1b-76f598ab7933 was aborted service_manage_cleanup /usr/lib/python3/dist-packages/heat/engine/service.py:2391
2026-04-27 02:00:40.200 68771 DEBUG heat.engine.service [req-a89c1b44-0425-4db1-97af-7fec6fdbe43d - - - - -] Service d531f7b4-4f01-4446-bd1b-76f598ab7933 was aborted service_manage_cleanup /usr/lib/python3/dist-packages/heat/engine/service.py:2391
2026-04-27 02:00:40.204 68769 DEBUG heat.engine.service [req-c1426512-2950-47f6-8076-837d0fa0f433 - - - - -] Service d531f7b4-4f01-4446-bd1b-76f598ab7933 was aborted service_manage_cleanup /usr/lib/python3/dist-packages/heat/engine/service.py:2391
2026-04-27 02:00:40.213 68770 DEBUG heat.engine.service [req-1123fe74-8b49-43a3-8488-976468156231 - - - - -] Service dfff073c-c924-4e7e-9909-99188a5a713f was aborted service_manage_cleanup /usr/lib/python3/dist-packages/heat/engine/service.py:2391
2026-04-27 02:00:40.215 68771 DEBUG heat.engine.service [req-a89c1b44-0425-4db1-97af-7fec6fdbe43d - - - - -] Service dfff073c-c924-4e7e-9909-99188a5a713f was aborted service_manage_cleanup /usr/lib/python3/dist-packages/heat/engine/service.py:2391
2026-04-27 02:00:40.219 68772 DEBUG heat.engine.service [req-9ecc5c9c-a166-4ad3-bb6e-7dd738f8affa - - - - -] Service dfff073c-c924-4e7e-9909-99188a5a713f was aborted service_manage_cleanup /usr/lib/python3/dist-packages/heat/engine/service.py:2391
2026-04-27 02:00:40.230 68769 DEBUG heat.engine.service [req-c1426512-2950-47f6-8076-837d0fa0f433 - - - - -] Service dfff073c-c924-4e7e-9909-99188a5a713f was aborted service_manage_cleanup /usr/lib/python3/dist-packages/heat/engine/service.py:2391
2026-04-27 02:00:40.233 68770 DEBUG heat.engine.service [req-1123fe74-8b49-43a3-8488-976468156231 - - - - -] Service e5fa4e12-add1-49ea-a599-8feb66ec2cb5 was aborted service_manage_cleanup /usr/lib/python3/dist-packages/heat/engine/service.py:2391
2026-04-27 02:00:40.236 68772 DEBUG heat.engine.service [req-9ecc5c9c-a166-4ad3-bb6e-7dd738f8affa - - - - -] Service e5fa4e12-add1-49ea-a599-8feb66ec2cb5 was aborted service_manage_cleanup /usr/lib/python3/dist-packages/heat/engine/service.py:2391
2026-04-27 02:00:40.238 68771 DEBUG heat.engine.service [req-a89c1b44-0425-4db1-97af-7fec6fdbe43d - - - - -] Service e5fa4e12-add1-49ea-a599-8feb66ec2cb5 was aborted service_manage_cleanup /usr/lib/python3/dist-packages/heat/engine/service.py:2391
2026-04-27 02:00:40.240 68769 DEBUG heat.engine.service [req-c1426512-2950-47f6-8076-837d0fa0f433 - - - - -] Service e5fa4e12-add1-49ea-a599-8feb66ec2cb5 was aborted service_manage_cleanup /usr/lib/python3/dist-packages/heat/engine/service.py:2391
2026-04-27 02:00:40.254 68772 DEBUG heat.engine.service [req-9ecc5c9c-a166-4ad3-bb6e-7dd738f8affa - - - - -] Service f48e61c2-017f-4b29-908e-19787e3a15e5 was aborted service_manage_cleanup /usr/lib/python3/dist-packages/heat/engine/service.py:2391
2026-04-27 02:00:40.256 68770 DEBUG heat.engine.service [req-1123fe74-8b49-43a3-8488-976468156231 - - - - -] Service f48e61c2-017f-4b29-908e-19787e3a15e5 was aborted service_manage_cleanup /usr/lib/python3/dist-packages/heat/engine/service.py:2391
2026-04-27 02:00:40.258 68769 DEBUG heat.engine.service [req-c1426512-2950-47f6-8076-837d0fa0f433 - - - - -] Service f48e61c2-017f-4b29-908e-19787e3a15e5 was aborted service_manage_cleanup /usr/lib/python3/dist-packages/heat/engine/service.py:2391
2026-04-27 02:00:40.260 68771 DEBUG heat.engine.service [req-a89c1b44-0425-4db1-97af-7fec6fdbe43d - - - - -] Service f48e61c2-017f-4b29-908e-19787e3a15e5 was aborted service_manage_cleanup /usr/lib/python3/dist-packages/heat/engine/service.py:2391
2026-04-27 02:00:40.307 68772 DEBUG heat.engine.service [req-2fa32e6b-2250-4b0f-9be1-c1be46a5b151 - - - - -] Service c1f3dc73-a16f-4fc1-bfb2-4780974d6313 is started service_manage_report /usr/lib/python3/dist-packages/heat/engine/service.py:2363
2026-04-27 02:00:40.308 68770 DEBUG heat.engine.service [req-47c83310-b4e6-48e5-8e4b-d64082b4b479 - - - - -] Service 79fb1ef8-74ff-49a8-bac5-41679c1d0ec1 is started service_manage_report /usr/lib/python3/dist-packages/heat/engine/service.py:2363
2026-04-27 02:00:40.317 68769 DEBUG heat.engine.service [req-56a5bcdc-7df5-46b0-a1d8-a624f1008932 - - - - -] Service eaade03c-a5e8-465d-ada5-7ac6820364f2 is started service_manage_report /usr/lib/python3/dist-packages/heat/engine/service.py:2363
2026-04-27 02:00:40.319 68771 DEBUG heat.engine.service [req-aac8c592-d901-45ec-8989-6439c6b18465 - - - - -] Service 245a17b4-80e7-467b-87bd-faa8b8b0e1b6 is started service_manage_report /usr/lib/python3/dist-packages/heat/engine/service.py:2363
2026-04-27 02:00:40.328 68772 DEBUG heat.engine.service [req-2fa32e6b-2250-4b0f-9be1-c1be46a5b151 - - - - -] Service c1f3dc73-a16f-4fc1-bfb2-4780974d6313 is updated service_manage_report /usr/lib/python3/dist-packages/heat/engine/service.py:2370
2026-04-27 02:00:40.333 68770 DEBUG heat.engine.service [req-47c83310-b4e6-48e5-8e4b-d64082b4b479 - - - - -] Service 79fb1ef8-74ff-49a8-bac5-41679c1d0ec1 is updated service_manage_report /usr/lib/python3/dist-packages/heat/engine/service.py:2370
2026-04-27 02:00:40.342 68769 DEBUG heat.engine.service [req-56a5bcdc-7df5-46b0-a1d8-a624f1008932 - - - - -] Service eaade03c-a5e8-465d-ada5-7ac6820364f2 is updated service_manage_report /usr/lib/python3/dist-packages/heat/engine/service.py:2370
2026-04-27 02:00:40.348 68771 DEBUG heat.engine.service [req-aac8c592-d901-45ec-8989-6439c6b18465 - - - - -] Service 245a17b4-80e7-467b-87bd-faa8b8b0e1b6 is updated service_manage_report /usr/lib/python3/dist-packages/heat/engine/service.py:2370
2026-04-27 02:01:40.290 68772 DEBUG heat.engine.service [req-776b68e8-9fbf-4958-9629-1332a84f72b9 - - - - -] Service c1f3dc73-a16f-4fc1-bfb2-4780974d6313 is updated service_manage_report /usr/lib/python3/dist-packages/heat/engine/service.py:2370
2026-04-27 02:01:40.297 68769 DEBUG heat.engine.service [req-02b924b7-9b16-4d30-96fd-780a5adf0312 - - - - -] Service eaade03c-a5e8-465d-ada5-7ac6820364f2 is updated service_manage_report /usr/lib/python3/dist-packages/heat/engine/service.py:2370
2026-04-27 02:01:40.298 68770 DEBUG heat.engine.service [req-931a3306-5e18-42fe-8369-99d3f3988456 - - - - -] Service 79fb1ef8-74ff-49a8-bac5-41679c1d0ec1 is updated service_manage_report /usr/lib/python3/dist-packages/heat/engine/service.py:2370
2026-04-27 02:01:40.299 68771 DEBUG heat.engine.service [req-cf0ac723-006d-472d-8c0b-f94b20717469 - - - - -] Service 245a17b4-80e7-467b-87bd-faa8b8b0e1b6 is updated service_manage_report /usr/lib/python3/dist-packages/heat/engine/service.py:2370
2026-04-27 02:01:48.922 68769 DEBUG heat.engine.service [-] Attempting to stop engine service... _stop_rpc_server /usr/lib/python3/dist-packages/heat/engine/service.py:437
2026-04-27 02:01:48.922 68771 DEBUG heat.engine.service [-] Attempting to stop engine service... _stop_rpc_server /usr/lib/python3/dist-packages/heat/engine/service.py:437
2026-04-27 02:01:48.922 68772 DEBUG heat.engine.service [-] Attempting to stop engine service... _stop_rpc_server /usr/lib/python3/dist-packages/heat/engine/service.py:437
2026-04-27 02:01:48.922 68770 DEBUG heat.engine.service [-] Attempting to stop engine service... _stop_rpc_server /usr/lib/python3/dist-packages/heat/engine/service.py:437
2026-04-27 02:01:48.927 68525 INFO oslo_service.service [-] Caught SIGTERM, stopping children
2026-04-27 02:01:48.927 68525 DEBUG oslo_concurrency.lockutils [-] Acquired lock "singleton_lock" lock /usr/lib/python3/dist-packages/oslo_concurrency/lockutils.py:294
2026-04-27 02:01:48.927 68525 DEBUG oslo_concurrency.lockutils [-] Releasing lock "singleton_lock" lock /usr/lib/python3/dist-packages/oslo_concurrency/lockutils.py:312
2026-04-27 02:01:48.927 68525 DEBUG oslo_service.service [-] Stop services. stop /usr/lib/python3/dist-packages/oslo_service/service.py:695
2026-04-27 02:01:48.928 68525 INFO heat.engine.service [-] All threads were gone, terminating engine
2026-04-27 02:01:48.928 68525 DEBUG oslo_service.service [-] Killing children. stop /usr/lib/python3/dist-packages/oslo_service/service.py:700
2026-04-27 02:01:48.928 68525 INFO oslo_service.service [-] Waiting on 4 children to exit
2026-04-27 02:01:48.940 68525 INFO oslo_service.service [-] Child 68769 killed by signal 15
2026-04-27 02:01:48.941 68525 INFO oslo_service.service [-] Child 68771 killed by signal 15
2026-04-27 02:01:48.949 68525 INFO oslo_service.service [-] Child 68772 killed by signal 15
2026-04-27 02:01:48.950 68525 INFO oslo_service.service [-] Child 68770 killed by signal 15
2026-04-27 02:01:50.765 71564 DEBUG oslo_concurrency.lockutils [-] Lock "context-manager" acquired by "neutron_lib.db.api._create_context_manager" :: waited 0.000s inner /usr/lib/python3/dist-packages/oslo_concurrency/lockutils.py:386
2026-04-27 02:01:50.766 71564 DEBUG oslo_concurrency.lockutils [-] Lock "context-manager" "released" by "neutron_lib.db.api._create_context_manager" :: held 0.001s inner /usr/lib/python3/dist-packages/oslo_concurrency/lockutils.py:400
2026-04-27 02:01:53.329 71564 WARNING heat.engine.environment [-] OS::Aodh::Alarm is DEPRECATED. Theshold alarm relies on ceilometer-api and has been deprecated in aodh since Ocata. Use OS::Aodh::GnocchiAggregationByResourcesAlarm instead.
2026-04-27 02:01:53.329 71564 WARNING heat.engine.environment [-] OS::Aodh::CombinationAlarm is HIDDEN. OS::Aodh::CombinationAlarm is deprecated and has been removed from Aodh, use OS::Aodh::CompositeAlarm instead.
2026-04-27 02:01:53.330 71564 WARNING heat.engine.environment [-] OS::Designate::Domain is HIDDEN. This resource has been removed, use OS::Designate::Zone instead.
2026-04-27 02:01:53.330 71564 WARNING heat.engine.environment [-] OS::Designate::Record is HIDDEN. This resource has been removed, use OS::Designate::RecordSet instead.
2026-04-27 02:01:53.330 71564 WARNING heat.engine.environment [-] OS::Glance::Image is DEPRECATED. Creating a Glance Image based on an existing URL location requires the Glance v1 API, which is deprecated.
2026-04-27 02:01:53.330 71564 WARNING heat.engine.environment [-] OS::Heat::HARestarter is HIDDEN. The HARestarter resource type has been removed. Existing stacks containing HARestarter resources can still be used, but the HARestarter resource will be a placeholder that does nothing.
2026-04-27 02:01:53.330 71564 WARNING heat.engine.environment [-] OS::Heat::SoftwareDeployments is HIDDEN. Please use OS::Heat::SoftwareDeploymentGroup instead.
2026-04-27 02:01:53.330 71564 WARNING heat.engine.environment [-] OS::Heat::StructuredDeployments is HIDDEN. Please use OS::Heat::StructuredDeploymentGroup instead.
2026-04-27 02:01:53.331 71564 WARNING heat.engine.environment [-] OS::Magnum::Bay is HIDDEN. Please use OS::Magnum::Cluster instead.
2026-04-27 02:01:53.331 71564 WARNING heat.engine.environment [-] OS::Magnum::BayModel is HIDDEN. Please use OS::Magnum::ClusterTemplate instead.
2026-04-27 02:01:53.331 71564 WARNING heat.engine.environment [-] OS::Neutron::ExtraRoute is UNSUPPORTED. Use this resource at your own risk.
2026-04-27 02:01:53.331 71564 WARNING heat.engine.environment [-] OS::Neutron::HealthMonitor is HIDDEN. Use LBaaS V2 instead.
2026-04-27 02:01:53.331 71564 WARNING heat.engine.environment [-] OS::Neutron::Pool is HIDDEN. Use LBaaS V2 instead.
2026-04-27 02:01:53.331 71564 WARNING heat.engine.environment [-] OS::Neutron::PoolMember is HIDDEN. Use LBaaS V2 instead.
2026-04-27 02:01:53.332 71564 WARNING heat.engine.environment [-] OS::Neutron::LoadBalancer is HIDDEN. Use LBaaS V2 instead.
2026-04-27 02:01:53.332 71564 WARNING heat.engine.environment [-] OS::Neutron::RouterGateway is HIDDEN. Use the `external_gateway_info` property in the router resource to set up the gateway.
2026-04-27 02:01:53.332 71564 WARNING heat.engine.environment [-] OS::Nova::FloatingIP is HIDDEN. Please use OS::Neutron::FloatingIP instead.
2026-04-27 02:01:53.332 71564 WARNING heat.engine.environment [-] OS::Nova::FloatingIPAssociation is HIDDEN. Please use OS::Neutron::FloatingIPAssociation instead.
2026-04-27 02:01:53.334 71564 INFO heat.engine.environment [-] Loading /etc/heat/environment.d/default.yaml
2026-04-27 02:01:53.335 71564 INFO heat.engine.environment [-] Registered: [Plugin](User:False) AWS::AutoScaling::AutoScalingGroup ->
2026-04-27 02:01:53.336 71564 INFO heat.engine.environment [-] Registered: [Plugin](User:False) AWS::AutoScaling::LaunchConfiguration ->
2026-04-27 02:01:53.336 71564 INFO heat.engine.environment [-] Registered: [Plugin](User:False) AWS::AutoScaling::ScalingPolicy ->
2026-04-27 02:01:53.336 71564 INFO heat.engine.environment [-] Registered: [Plugin](User:False) AWS::CloudFormation::Stack ->
2026-04-27 02:01:53.336 71564 INFO heat.engine.environment [-] Registered: [Plugin](User:False) AWS::CloudFormation::WaitCondition ->
2026-04-27 02:01:53.336 71564 INFO heat.engine.environment [-] Registered: [Plugin](User:False) AWS::CloudFormation::WaitConditionHandle ->
2026-04-27 02:01:53.336 71564 INFO heat.engine.environment [-] Registered: [Plugin](User:False) AWS::EC2::EIP ->
2026-04-27 02:01:53.336 71564 INFO heat.engine.environment [-] Registered: [Plugin](User:False) AWS::EC2::EIPAssociation ->
2026-04-27 02:01:53.336 71564 INFO heat.engine.environment [-] Registered: [Plugin](User:False) AWS::EC2::Instance ->
2026-04-27 02:01:53.336 71564 INFO heat.engine.environment [-] Registered: [Plugin](User:False) AWS::EC2::InternetGateway ->
2026-04-27 02:01:53.336 71564 INFO heat.engine.environment [-] Registered: [Plugin](User:False) AWS::EC2::VPCGatewayAttachment ->
2026-04-27 02:01:53.336 71564 INFO heat.engine.environment [-] Registered: [Plugin](User:False) AWS::EC2::NetworkInterface ->
2026-04-27 02:01:53.336 71564 INFO heat.engine.environment [-] Registered: [Plugin](User:False) AWS::EC2::RouteTable ->
2026-04-27 02:01:53.337 71564 INFO heat.engine.environment [-] Registered: [Plugin](User:False) AWS::EC2::SubnetRouteTableAssociation ->
2026-04-27 02:01:53.337 71564 INFO heat.engine.environment [-] Registered: [Plugin](User:False) AWS::EC2::SecurityGroup ->
2026-04-27 02:01:53.337 71564 INFO heat.engine.environment [-] Registered: [Plugin](User:False) AWS::EC2::Subnet ->
2026-04-27 02:01:53.337 71564 INFO heat.engine.environment [-] Registered: [Plugin](User:False) AWS::EC2::Volume ->
2026-04-27 02:01:53.337 71564 INFO heat.engine.environment [-] Registered: [Plugin](User:False) AWS::EC2::VolumeAttachment ->
2026-04-27 02:01:53.337 71564 INFO heat.engine.environment [-] Registered: [Plugin](User:False) AWS::EC2::VPC ->
2026-04-27 02:01:53.337 71564 INFO heat.engine.environment [-] Registered: [Plugin](User:False) AWS::IAM::User ->
2026-04-27 02:01:53.337 71564 INFO heat.engine.environment [-] Registered: [Plugin](User:False) AWS::IAM::AccessKey ->
2026-04-27 02:01:53.337 71564 INFO heat.engine.environment [-] Registered: [Plugin](User:False) AWS::ElasticLoadBalancing::LoadBalancer ->
2026-04-27 02:01:53.337 71564 INFO heat.engine.environment [-] Registered: [Plugin](User:False) AWS::S3::Bucket ->
2026-04-27 02:01:53.337 71564 INFO heat.engine.environment [-] Registered: [Plugin](User:False) OS::Aodh::Alarm ->
2026-04-27 02:01:53.337 71564 INFO heat.engine.environment [-] Registered: [Plugin](User:False) OS::Aodh::CombinationAlarm ->
2026-04-27 02:01:53.338 71564 INFO heat.engine.environment [-] Registered: [Plugin](User:False) OS::Aodh::EventAlarm ->
2026-04-27 02:01:53.338 71564 INFO heat.engine.environment [-] Registered: [Plugin](User:False) OS::Aodh::LBMemberHealthAlarm ->
2026-04-27 02:01:53.338 71564 INFO heat.engine.environment [-] Registered: [Plugin](User:False) OS::Aodh::CompositeAlarm ->
2026-04-27 02:01:53.338 71564 INFO heat.engine.environment [-] Registered: [Plugin](User:False) OS::Aodh::GnocchiResourcesAlarm ->
2026-04-27 02:01:53.338 71564 INFO heat.engine.environment [-] Registered: [Plugin](User:False) OS::Aodh::GnocchiAggregationByMetricsAlarm ->
2026-04-27 02:01:53.338 71564 INFO heat.engine.environment [-] Registered: [Plugin](User:False) OS::Aodh::GnocchiAggregationByResourcesAlarm ->
2026-04-27 02:01:53.338 71564 INFO heat.engine.environment [-] Registered: [Plugin](User:False) OS::Barbican::GenericContainer ->
2026-04-27 02:01:53.338 71564 INFO heat.engine.environment [-] Registered: [Plugin](User:False) OS::Barbican::CertificateContainer ->
2026-04-27 02:01:53.338 71564 INFO heat.engine.environment [-] Registered: [Plugin](User:False) OS::Barbican::RSAContainer ->
2026-04-27 02:01:53.338 71564 INFO heat.engine.environment [-] Registered: [Plugin](User:False) OS::Barbican::Order ->
2026-04-27 02:01:53.338 71564 INFO heat.engine.environment [-] Registered: [Plugin](User:False) OS::Barbican::Secret ->
2026-04-27 02:01:53.338 71564 INFO heat.engine.environment [-] Registered: [Plugin](User:False) OS::Blazar::Host ->
2026-04-27 02:01:53.339 71564 INFO heat.engine.environment [-] Registered: [Plugin](User:False) OS::Blazar::Lease ->
2026-04-27 02:01:53.339 71564 INFO heat.engine.environment [-] Registered: [Plugin](User:False) OS::Cinder::EncryptedVolumeType ->
2026-04-27 02:01:53.339 71564 INFO heat.engine.environment [-] Registered: [Plugin](User:False) OS::Cinder::QoSSpecs ->
2026-04-27 02:01:53.339 71564 INFO heat.engine.environment [-] Registered: [Plugin](User:False) OS::Cinder::QoSAssociation ->
2026-04-27 02:01:53.339 71564 INFO heat.engine.environment [-] Registered: [Plugin](User:False) OS::Cinder::Quota ->
2026-04-27 02:01:53.339 71564 INFO heat.engine.environment [-] Registered: [Plugin](User:False) OS::Cinder::Volume ->
2026-04-27 02:01:53.339 71564 INFO heat.engine.environment [-] Registered: [Plugin](User:False) OS::Cinder::VolumeAttachment ->
2026-04-27 02:01:53.339 71564 INFO heat.engine.environment [-] Registered: [Plugin](User:False) OS::Cinder::VolumeType ->
2026-04-27 02:01:53.339 71564 INFO heat.engine.environment [-] Registered: [Plugin](User:False) OS::Designate::Domain ->
2026-04-27 02:01:53.339 71564 INFO heat.engine.environment [-] Registered: [Plugin](User:False) OS::Designate::Record ->
2026-04-27 02:01:53.339 71564 INFO heat.engine.environment [-] Registered: [Plugin](User:False) OS::Designate::RecordSet ->
2026-04-27 02:01:53.340 71564 INFO heat.engine.environment [-] Registered: [Plugin](User:False) OS::Designate::Zone ->
2026-04-27 02:01:53.340 71564 INFO heat.engine.environment [-] Registered: [Plugin](User:False) OS::Glance::Image ->
2026-04-27 02:01:53.340 71564 INFO heat.engine.environment [-] Registered: [Plugin](User:False) OS::Glance::WebImage ->
2026-04-27 02:01:53.340 71564 INFO heat.engine.environment [-] Registered: [Plugin](User:False) OS::Heat::AccessPolicy ->
2026-04-27 02:01:53.340 71564 INFO heat.engine.environment [-] Registered: [Plugin](User:False) OS::Heat::AutoScalingGroup ->
2026-04-27 02:01:53.340 71564 INFO heat.engine.environment [-] Registered: [Plugin](User:False) OS::Heat::CloudConfig ->
2026-04-27 02:01:53.340 71564 INFO heat.engine.environment [-] Registered: [Plugin](User:False) OS::Heat::Delay ->
2026-04-27 02:01:53.340 71564 INFO heat.engine.environment [-] Registered: [Plugin](User:False) OS::Heat::DeployedServer ->
2026-04-27 02:01:53.340 71564 INFO heat.engine.environment [-] Registered: [Plugin](User:False) OS::Heat::HARestarter ->
2026-04-27 02:01:53.340 71564 INFO heat.engine.environment [-] Registered: [Plugin](User:False) OS::Heat::InstanceGroup ->
2026-04-27 02:01:53.340 71564 INFO heat.engine.environment [-] Registered: [Plugin](User:False) OS::Heat::MultipartMime ->
2026-04-27 02:01:53.340 71564 INFO heat.engine.environment [-] Registered: [Plugin](User:False) OS::Heat::None ->
2026-04-27 02:01:53.341 71564 INFO heat.engine.environment [-] Registered: [Plugin](User:False) OS::Heat::RandomString ->
2026-04-27 02:01:53.341 71564 INFO heat.engine.environment [-] Registered: [Plugin](User:False) OS::Heat::Stack ->
2026-04-27 02:01:53.341 71564 INFO heat.engine.environment [-] Registered: [Plugin](User:False) OS::Heat::ResourceChain ->
2026-04-27 02:01:53.341 71564 INFO heat.engine.environment [-] Registered: [Plugin](User:False) OS::Heat::ResourceGroup ->
2026-04-27 02:01:53.341 71564 INFO heat.engine.environment [-] Registered: [Plugin](User:False) OS::Heat::ScalingPolicy ->
2026-04-27 02:01:53.341 71564 INFO heat.engine.environment [-] Registered: [Plugin](User:False) OS::Heat::SoftwareComponent ->
2026-04-27 02:01:53.341 71564 INFO heat.engine.environment [-] Registered: [Plugin](User:False) OS::Heat::SoftwareConfig ->
2026-04-27 02:01:53.341 71564 INFO heat.engine.environment [-] Registered: [Plugin](User:False) OS::Heat::SoftwareDeployment ->
2026-04-27 02:01:53.341 71564 INFO heat.engine.environment [-] Registered: [Plugin](User:False) OS::Heat::SoftwareDeploymentGroup ->
2026-04-27 02:01:53.341 71564 INFO heat.engine.environment [-] Registered: [Plugin](User:False) OS::Heat::SoftwareDeployments ->
2026-04-27 02:01:53.341 71564 INFO heat.engine.environment [-] Registered: [Plugin](User:False) OS::Heat::StructuredConfig ->
2026-04-27 02:01:53.341 71564 INFO heat.engine.environment [-] Registered: [Plugin](User:False) OS::Heat::StructuredDeployment ->
2026-04-27 02:01:53.342 71564 INFO heat.engine.environment [-] Registered: [Plugin](User:False) OS::Heat::StructuredDeploymentGroup ->
2026-04-27 02:01:53.342 71564 INFO heat.engine.environment [-] Registered: [Plugin](User:False) OS::Heat::StructuredDeployments ->
2026-04-27 02:01:53.342 71564 INFO heat.engine.environment [-] Registered: [Plugin](User:False) OS::Heat::SwiftSignal ->
2026-04-27 02:01:53.342 71564 INFO heat.engine.environment [-] Registered: [Plugin](User:False) OS::Heat::SwiftSignalHandle ->
2026-04-27 02:01:53.342 71564 INFO heat.engine.environment [-] Registered: [Plugin](User:False) OS::Heat::TestResource ->
2026-04-27 02:01:53.342 71564 INFO heat.engine.environment [-] Registered: [Plugin](User:False) OS::Heat::Value ->
2026-04-27 02:01:53.342 71564 INFO heat.engine.environment [-] Registered: [Plugin](User:False) OS::Heat::WaitCondition ->
2026-04-27 02:01:53.342 71564 INFO heat.engine.environment [-] Registered: [Plugin](User:False) OS::Heat::WaitConditionHandle ->
2026-04-27 02:01:53.342 71564 INFO heat.engine.environment [-] Registered: [Plugin](User:False) OS::Heat::UpdateWaitConditionHandle ->
2026-04-27 02:01:53.342 71564 INFO heat.engine.environment [-] Registered: [Plugin](User:False) OS::Ironic::Port ->
2026-04-27 02:01:53.342 71564 INFO heat.engine.environment [-] Registered: [Plugin](User:False) OS::Keystone::Domain ->
2026-04-27 02:01:53.342 71564 INFO heat.engine.environment [-] Registered: [Plugin](User:False) OS::Keystone::Endpoint ->
2026-04-27 02:01:53.343 71564 INFO heat.engine.environment [-] Registered: [Plugin](User:False) OS::Keystone::Group ->
2026-04-27 02:01:53.343 71564 INFO heat.engine.environment [-] Registered: [Plugin](User:False) OS::Keystone::Project ->
2026-04-27 02:01:53.343 71564 INFO heat.engine.environment [-] Registered: [Plugin](User:False) OS::Keystone::Region ->
2026-04-27 02:01:53.343 71564 INFO heat.engine.environment [-] Registered: [Plugin](User:False) OS::Keystone::Role ->
2026-04-27 02:01:53.343 71564 INFO heat.engine.environment [-] Registered: [Plugin](User:False) OS::Keystone::UserRoleAssignment ->
2026-04-27 02:01:53.343 71564 INFO heat.engine.environment [-] Registered: [Plugin](User:False) OS::Keystone::GroupRoleAssignment ->
2026-04-27 02:01:53.343 71564 INFO heat.engine.environment [-] Registered: [Plugin](User:False) OS::Keystone::Service ->
2026-04-27 02:01:53.343 71564 INFO heat.engine.environment [-] Registered: [Plugin](User:False) OS::Keystone::User ->
2026-04-27 02:01:53.343 71564 INFO heat.engine.environment [-] Registered: [Plugin](User:False) OS::Magnum::Bay ->
2026-04-27 02:01:53.343 71564 INFO heat.engine.environment [-] Registered: [Plugin](User:False) OS::Magnum::BayModel ->
2026-04-27 02:01:53.343 71564 INFO heat.engine.environment [-] Registered: [Plugin](User:False) OS::Magnum::Cluster ->
2026-04-27 02:01:53.343 71564 INFO heat.engine.environment [-] Registered: [Plugin](User:False) OS::Magnum::ClusterTemplate ->
2026-04-27 02:01:53.344 71564 INFO heat.engine.environment [-] Registered: [Plugin](User:False) OS::Manila::SecurityService ->
2026-04-27 02:01:53.344 71564 INFO heat.engine.environment [-] Registered: [Plugin](User:False) OS::Manila::Share ->
2026-04-27 02:01:53.344 71564 INFO heat.engine.environment [-] Registered: [Plugin](User:False) OS::Manila::ShareNetwork ->
