2026-04-27 02:15:44.037 7 DEBUG oslo_service.service [-] ml2_type_gre.tunnel_id_ranges = [] log_opt_values /var/lib/kolla/venv/lib/python3.6/site-packages/oslo_config/cfg.py:2611
2026-04-27 02:15:44.037 7 DEBUG oslo_service.service [-] ml2_type_vlan.network_vlan_ranges = [] log_opt_values /var/lib/kolla/venv/lib/python3.6/site-packages/oslo_config/cfg.py:2611
2026-04-27 02:15:44.037 7 DEBUG oslo_service.service [-] ml2_type_vxlan.vni_ranges = [] log_opt_values /var/lib/kolla/venv/lib/python3.6/site-packages/oslo_config/cfg.py:2611
2026-04-27 02:15:44.037 7 DEBUG oslo_service.service [-] ml2_type_vxlan.vxlan_group = None log_opt_values /var/lib/kolla/venv/lib/python3.6/site-packages/oslo_config/cfg.py:2611
2026-04-27 02:15:44.037 7 DEBUG oslo_service.service [-] database.backend = sqlalchemy log_opt_values /var/lib/kolla/venv/lib/python3.6/site-packages/oslo_config/cfg.py:2611
2026-04-27 02:15:44.037 7 DEBUG oslo_service.service [-] database.connection = **** log_opt_values /var/lib/kolla/venv/lib/python3.6/site-packages/oslo_config/cfg.py:2611
2026-04-27 02:15:44.037 7 DEBUG oslo_service.service [-] database.connection_debug = 0 log_opt_values /var/lib/kolla/venv/lib/python3.6/site-packages/oslo_config/cfg.py:2611
2026-04-27 02:15:44.037 7 DEBUG oslo_service.service [-] database.connection_parameters = log_opt_values /var/lib/kolla/venv/lib/python3.6/site-packages/oslo_config/cfg.py:2611
2026-04-27 02:15:44.037 7 DEBUG oslo_service.service [-] database.connection_recycle_time = 10 log_opt_values /var/lib/kolla/venv/lib/python3.6/site-packages/oslo_config/cfg.py:2611
2026-04-27 02:15:44.038 7 DEBUG oslo_service.service [-] database.connection_trace = False log_opt_values /var/lib/kolla/venv/lib/python3.6/site-packages/oslo_config/cfg.py:2611
2026-04-27 02:15:44.038 7 DEBUG oslo_service.service [-] database.db_inc_retry_interval = True log_opt_values /var/lib/kolla/venv/lib/python3.6/site-packages/oslo_config/cfg.py:2611
2026-04-27 02:15:44.038 7 DEBUG oslo_service.service [-] database.db_max_retries = 20 log_opt_values /var/lib/kolla/venv/lib/python3.6/site-packages/oslo_config/cfg.py:2611
2026-04-27 02:15:44.038 7 DEBUG oslo_service.service [-] database.db_max_retry_interval = 10 log_opt_values /var/lib/kolla/venv/lib/python3.6/site-packages/oslo_config/cfg.py:2611
2026-04-27 02:15:44.038 7 DEBUG oslo_service.service [-] database.db_retry_interval = 1 log_opt_values /var/lib/kolla/venv/lib/python3.6/site-packages/oslo_config/cfg.py:2611
2026-04-27 02:15:44.038 7 DEBUG oslo_service.service [-] database.max_overflow = 50 log_opt_values /var/lib/kolla/venv/lib/python3.6/site-packages/oslo_config/cfg.py:2611
2026-04-27 02:15:44.038 7 DEBUG oslo_service.service [-] database.max_pool_size = 1 log_opt_values /var/lib/kolla/venv/lib/python3.6/site-packages/oslo_config/cfg.py:2611
2026-04-27 02:15:44.038 7 DEBUG oslo_service.service [-] database.max_retries = -1 log_opt_values /var/lib/kolla/venv/lib/python3.6/site-packages/oslo_config/cfg.py:2611
2026-04-27 02:15:44.038 7 DEBUG oslo_service.service [-] database.mysql_enable_ndb = False log_opt_values /var/lib/kolla/venv/lib/python3.6/site-packages/oslo_config/cfg.py:2611
2026-04-27 02:15:44.038 7 DEBUG oslo_service.service [-] database.mysql_sql_mode = TRADITIONAL log_opt_values /var/lib/kolla/venv/lib/python3.6/site-packages/oslo_config/cfg.py:2611
2026-04-27 02:15:44.038 7 DEBUG oslo_service.service [-] database.pool_timeout = None log_opt_values /var/lib/kolla/venv/lib/python3.6/site-packages/oslo_config/cfg.py:2611
2026-04-27 02:15:44.038 7 DEBUG oslo_service.service [-] database.retry_interval = 10 log_opt_values /var/lib/kolla/venv/lib/python3.6/site-packages/oslo_config/cfg.py:2611
2026-04-27 02:15:44.038 7 DEBUG oslo_service.service [-] database.slave_connection = **** log_opt_values /var/lib/kolla/venv/lib/python3.6/site-packages/oslo_config/cfg.py:2611
2026-04-27 02:15:44.038 7 DEBUG oslo_service.service [-] database.sqlite_synchronous = True log_opt_values /var/lib/kolla/venv/lib/python3.6/site-packages/oslo_config/cfg.py:2611
2026-04-27 02:15:44.038 7 DEBUG oslo_service.service [-] database.use_db_reconnect = False log_opt_values /var/lib/kolla/venv/lib/python3.6/site-packages/oslo_config/cfg.py:2611
2026-04-27 02:15:44.038 7 DEBUG oslo_service.service [-] ******************************************************************************** log_opt_values /var/lib/kolla/venv/lib/python3.6/site-packages/oslo_config/cfg.py:2613
2026-04-27 02:15:45.607 22 DEBUG neutron.wsgi [-] (22) accepted ('10.0.0.242', 45610) server /var/lib/kolla/venv/lib/python3.6/site-packages/eventlet/wsgi.py:1004
2026-04-27 02:15:45.613 22 INFO neutron.wsgi [-] 10.0.0.242 "GET / HTTP/1.1" status: 200 len: 228 time: 0.0048757
2026-04-27 02:15:48.991 24 DEBUG neutron.api.rpc.handlers.dhcp_rpc [req-1ecf24aa-7f7a-4d6d-966a-e335b335735b - - - - -] get_active_networks_info from cn-jenkins-deploy-platform-ansible-os-5689-1 get_active_networks_info /var/lib/kolla/venv/lib/python3.6/site-packages/neutron/api/rpc/handlers/dhcp_rpc.py:159
2026-04-27 02:15:49.016 26 DEBUG neutron_lib.callbacks.manager [req-81302b5d-fed2-4f15-ba45-de0df3b72370 - - - - -] Publish callbacks ['neutron.services.segments.db._update_segment_host_mapping_for_agent-8767921478720', 'neutron.services.l3_router.l3_router_plugin.DVRResourceOperationHandler.create_fip_agent_gw_ports--9223372036854308891'] for agent (a8110a4d-4fe8-45a1-99d3-fdcd681bd747), after_create _notify_loop /var/lib/kolla/venv/lib/python3.6/site-packages/neutron_lib/callbacks/manager.py:177
2026-04-27 02:15:49.030 24 DEBUG neutron.scheduler.dhcp_agent_scheduler [req-1ecf24aa-7f7a-4d6d-966a-e335b335735b - - - - -] No non-hosted networks auto_schedule_networks /var/lib/kolla/venv/lib/python3.6/site-packages/neutron/scheduler/dhcp_agent_scheduler.py:60
2026-04-27 02:16:09.405 28 DEBUG neutron_lib.callbacks.manager [req-b8f1e729-2dfd-4516-8bc7-e990800848bb - - - - -] Publish callbacks ['neutron.services.segments.db._update_segment_host_mapping_for_agent-8767921478720', 'neutron.services.l3_router.l3_router_plugin.DVRResourceOperationHandler.create_fip_agent_gw_ports--9223372036854308891'] for agent (c0dd0470-ca6c-4494-9eda-5d4dbf0e5172), after_create _notify_loop /var/lib/kolla/venv/lib/python3.6/site-packages/neutron_lib/callbacks/manager.py:177
2026-04-27 02:16:15.660 22 DEBUG neutron.wsgi [-] (22) accepted ('10.0.0.242', 38768) server /var/lib/kolla/venv/lib/python3.6/site-packages/eventlet/wsgi.py:1004
2026-04-27 02:16:15.665 22 INFO neutron.wsgi [-] 10.0.0.242 "GET / HTTP/1.1" status: 200 len: 228 time: 0.0035684
2026-04-27 02:16:19.004 27 DEBUG neutron_lib.callbacks.manager [req-cb445078-982b-45c5-b343-c3b042e6036f - - - - -] Publish callbacks ['neutron.services.segments.db._update_segment_host_mapping_for_agent-8767921478720', 'neutron.plugins.ml2.plugin.Ml2Plugin._retry_binding_revived_agents-3418387'] for agent (a8110a4d-4fe8-45a1-99d3-fdcd681bd747), after_update _notify_loop /var/lib/kolla/venv/lib/python3.6/site-packages/neutron_lib/callbacks/manager.py:177
2026-04-27 02:16:39.384 23 DEBUG neutron_lib.callbacks.manager [req-b8f1e729-2dfd-4516-8bc7-e990800848bb - - - - -] Publish callbacks ['neutron.services.segments.db._update_segment_host_mapping_for_agent-8767921478720', 'neutron.plugins.ml2.plugin.Ml2Plugin._retry_binding_revived_agents-3418387'] for agent (c0dd0470-ca6c-4494-9eda-5d4dbf0e5172), after_update _notify_loop /var/lib/kolla/venv/lib/python3.6/site-packages/neutron_lib/callbacks/manager.py:177
2026-04-27 02:16:41.991 29 DEBUG neutron.db.agents_db [req-95ddcf7b-2fdd-40b6-bd42-cdc730c531fe - - - - -] Agent healthcheck: found 2 active agents agent_health_check /var/lib/kolla/venv/lib/python3.6/site-packages/neutron/db/agents_db.py:318
2026-04-27 02:16:45.710 22 DEBUG neutron.wsgi [-] (22) accepted ('10.0.0.242', 52050) server /var/lib/kolla/venv/lib/python3.6/site-packages/eventlet/wsgi.py:1004
2026-04-27 02:16:45.713 22 INFO neutron.wsgi [-] 10.0.0.242 "GET / HTTP/1.1" status: 200 len: 228 time: 0.0025198
2026-04-27 02:16:48.995 24 DEBUG neutron_lib.callbacks.manager [req-8889fc71-f35b-41a6-ad15-8ea26316b7d8 - - - - -] Publish callbacks ['neutron.services.segments.db._update_segment_host_mapping_for_agent-8767921478720', 'neutron.plugins.ml2.plugin.Ml2Plugin._retry_binding_revived_agents-3418387'] for agent (a8110a4d-4fe8-45a1-99d3-fdcd681bd747), after_update _notify_loop /var/lib/kolla/venv/lib/python3.6/site-packages/neutron_lib/callbacks/manager.py:177
2026-04-27 02:17:09.390 25 DEBUG neutron_lib.callbacks.manager [req-b8f1e729-2dfd-4516-8bc7-e990800848bb - - - - -] Publish callbacks ['neutron.services.segments.db._update_segment_host_mapping_for_agent-8767921478720', 'neutron.plugins.ml2.plugin.Ml2Plugin._retry_binding_revived_agents-3418387'] for agent (c0dd0470-ca6c-4494-9eda-5d4dbf0e5172), after_update _notify_loop /var/lib/kolla/venv/lib/python3.6/site-packages/neutron_lib/callbacks/manager.py:177
2026-04-27 02:17:15.763 22 DEBUG neutron.wsgi [-] (22) accepted ('10.0.0.242', 45164) server /var/lib/kolla/venv/lib/python3.6/site-packages/eventlet/wsgi.py:1004
2026-04-27 02:17:15.768 22 INFO neutron.wsgi [-] 10.0.0.242 "GET / HTTP/1.1" status: 200 len: 228 time: 0.0033791
2026-04-27 02:17:18.986 29 DEBUG neutron.db.agents_db [req-95ddcf7b-2fdd-40b6-bd42-cdc730c531fe - - - - -] Agent healthcheck: found 2 active agents agent_health_check /var/lib/kolla/venv/lib/python3.6/site-packages/neutron/db/agents_db.py:318
2026-04-27 02:17:18.995 26 DEBUG neutron_lib.callbacks.manager [req-ac3f747b-97e4-496d-9057-da2474e9d61f - - - - -] Publish callbacks ['neutron.services.segments.db._update_segment_host_mapping_for_agent-8767921478720', 'neutron.plugins.ml2.plugin.Ml2Plugin._retry_binding_revived_agents-3418387'] for agent (a8110a4d-4fe8-45a1-99d3-fdcd681bd747), after_update _notify_loop /var/lib/kolla/venv/lib/python3.6/site-packages/neutron_lib/callbacks/manager.py:177
2026-04-27 02:17:39.380 28 DEBUG neutron_lib.callbacks.manager [req-b8f1e729-2dfd-4516-8bc7-e990800848bb - - - - -] Publish callbacks ['neutron.services.segments.db._update_segment_host_mapping_for_agent-8767921478720', 'neutron.plugins.ml2.plugin.Ml2Plugin._retry_binding_revived_agents-3418387'] for agent (c0dd0470-ca6c-4494-9eda-5d4dbf0e5172), after_update _notify_loop /var/lib/kolla/venv/lib/python3.6/site-packages/neutron_lib/callbacks/manager.py:177
2026-04-27 02:17:45.810 22 DEBUG neutron.wsgi [-] (22) accepted ('10.0.0.242', 49134) server /var/lib/kolla/venv/lib/python3.6/site-packages/eventlet/wsgi.py:1004
2026-04-27 02:17:45.813 22 INFO neutron.wsgi [-] 10.0.0.242 "GET / HTTP/1.1" status: 200 len: 228 time: 0.0028341
2026-04-27 02:17:48.992 27 DEBUG neutron_lib.callbacks.manager [req-3af9b2a0-9989-45f2-98a3-59c767ae41ce - - - - -] Publish callbacks ['neutron.services.segments.db._update_segment_host_mapping_for_agent-8767921478720', 'neutron.plugins.ml2.plugin.Ml2Plugin._retry_binding_revived_agents-3418387'] for agent (a8110a4d-4fe8-45a1-99d3-fdcd681bd747), after_update _notify_loop /var/lib/kolla/venv/lib/python3.6/site-packages/neutron_lib/callbacks/manager.py:177
2026-04-27 02:17:55.995 29 DEBUG neutron.db.agents_db [req-95ddcf7b-2fdd-40b6-bd42-cdc730c531fe - - - - -] Agent healthcheck: found 2 active agents agent_health_check /var/lib/kolla/venv/lib/python3.6/site-packages/neutron/db/agents_db.py:318
2026-04-27 02:18:09.376 23 DEBUG neutron_lib.callbacks.manager [req-b8f1e729-2dfd-4516-8bc7-e990800848bb - - - - -] Publish callbacks ['neutron.services.segments.db._update_segment_host_mapping_for_agent-8767921478720', 'neutron.plugins.ml2.plugin.Ml2Plugin._retry_binding_revived_agents-3418387'] for agent (c0dd0470-ca6c-4494-9eda-5d4dbf0e5172), after_update _notify_loop /var/lib/kolla/venv/lib/python3.6/site-packages/neutron_lib/callbacks/manager.py:177
2026-04-27 02:18:15.856 22 DEBUG neutron.wsgi [-] (22) accepted ('10.0.0.242', 49496) server /var/lib/kolla/venv/lib/python3.6/site-packages/eventlet/wsgi.py:1004
2026-04-27 02:18:15.863 22 INFO neutron.wsgi [-] 10.0.0.242 "GET / HTTP/1.1" status: 200 len: 228 time: 0.0060682
2026-04-27 02:18:18.990 24 DEBUG neutron_lib.callbacks.manager [req-1010877d-e9a7-4446-a71c-fb5ed1c6de8c - - - - -] Publish callbacks ['neutron.services.segments.db._update_segment_host_mapping_for_agent-8767921478720', 'neutron.plugins.ml2.plugin.Ml2Plugin._retry_binding_revived_agents-3418387'] for agent (a8110a4d-4fe8-45a1-99d3-fdcd681bd747), after_update _notify_loop /var/lib/kolla/venv/lib/python3.6/site-packages/neutron_lib/callbacks/manager.py:177
2026-04-27 02:18:32.991 29 DEBUG neutron.db.agents_db [req-95ddcf7b-2fdd-40b6-bd42-cdc730c531fe - - - - -] Agent healthcheck: found 2 active agents agent_health_check /var/lib/kolla/venv/lib/python3.6/site-packages/neutron/db/agents_db.py:318
2026-04-27 02:18:39.379 25 DEBUG neutron_lib.callbacks.manager [req-b8f1e729-2dfd-4516-8bc7-e990800848bb - - - - -] Publish callbacks ['neutron.services.segments.db._update_segment_host_mapping_for_agent-8767921478720', 'neutron.plugins.ml2.plugin.Ml2Plugin._retry_binding_revived_agents-3418387'] for agent (c0dd0470-ca6c-4494-9eda-5d4dbf0e5172), after_update _notify_loop /var/lib/kolla/venv/lib/python3.6/site-packages/neutron_lib/callbacks/manager.py:177
2026-04-27 02:18:45.907 22 DEBUG neutron.wsgi [-] (22) accepted ('10.0.0.242', 35454) server /var/lib/kolla/venv/lib/python3.6/site-packages/eventlet/wsgi.py:1004
2026-04-27 02:18:45.911 22 INFO neutron.wsgi [-] 10.0.0.242 "GET / HTTP/1.1" status: 200 len: 228 time: 0.0026329
2026-04-27 02:18:48.991 26 DEBUG neutron_lib.callbacks.manager [req-8bd79630-8fb9-4e29-83cb-5879c94d81e4 - - - - -] Publish callbacks ['neutron.services.segments.db._update_segment_host_mapping_for_agent-8767921478720', 'neutron.plugins.ml2.plugin.Ml2Plugin._retry_binding_revived_agents-3418387'] for agent (a8110a4d-4fe8-45a1-99d3-fdcd681bd747), after_update _notify_loop /var/lib/kolla/venv/lib/python3.6/site-packages/neutron_lib/callbacks/manager.py:177
2026-04-27 02:19:09.382 28 DEBUG neutron_lib.callbacks.manager [req-b8f1e729-2dfd-4516-8bc7-e990800848bb - - - - -] Publish callbacks ['neutron.services.segments.db._update_segment_host_mapping_for_agent-8767921478720', 'neutron.plugins.ml2.plugin.Ml2Plugin._retry_binding_revived_agents-3418387'] for agent (c0dd0470-ca6c-4494-9eda-5d4dbf0e5172), after_update _notify_loop /var/lib/kolla/venv/lib/python3.6/site-packages/neutron_lib/callbacks/manager.py:177
2026-04-27 02:19:09.986 29 DEBUG neutron.db.agents_db [req-95ddcf7b-2fdd-40b6-bd42-cdc730c531fe - - - - -] Agent healthcheck: found 2 active agents agent_health_check /var/lib/kolla/venv/lib/python3.6/site-packages/neutron/db/agents_db.py:318
2026-04-27 02:19:15.958 22 DEBUG neutron.wsgi [-] (22) accepted ('10.0.0.242', 43348) server /var/lib/kolla/venv/lib/python3.6/site-packages/eventlet/wsgi.py:1004
2026-04-27 02:19:15.961 22 INFO neutron.wsgi [-] 10.0.0.242 "GET / HTTP/1.1" status: 200 len: 228 time: 0.0027587
2026-04-27 02:19:18.991 27 DEBUG neutron_lib.callbacks.manager [req-db69f363-f544-41fd-beb0-93fb4858b83f - - - - -] Publish callbacks ['neutron.services.segments.db._update_segment_host_mapping_for_agent-8767921478720', 'neutron.plugins.ml2.plugin.Ml2Plugin._retry_binding_revived_agents-3418387'] for agent (a8110a4d-4fe8-45a1-99d3-fdcd681bd747), after_update _notify_loop /var/lib/kolla/venv/lib/python3.6/site-packages/neutron_lib/callbacks/manager.py:177
2026-04-27 02:19:39.382 23 DEBUG neutron_lib.callbacks.manager [req-b8f1e729-2dfd-4516-8bc7-e990800848bb - - - - -] Publish callbacks ['neutron.services.segments.db._update_segment_host_mapping_for_agent-8767921478720', 'neutron.plugins.ml2.plugin.Ml2Plugin._retry_binding_revived_agents-3418387'] for agent (c0dd0470-ca6c-4494-9eda-5d4dbf0e5172), after_update _notify_loop /var/lib/kolla/venv/lib/python3.6/site-packages/neutron_lib/callbacks/manager.py:177
2026-04-27 02:19:46.010 22 DEBUG neutron.wsgi [-] (22) accepted ('10.0.0.242', 55696) server /var/lib/kolla/venv/lib/python3.6/site-packages/eventlet/wsgi.py:1004
2026-04-27 02:19:46.014 22 INFO neutron.wsgi [-] 10.0.0.242 "GET / HTTP/1.1" status: 200 len: 228 time: 0.0029898
2026-04-27 02:19:46.994 29 DEBUG neutron.db.agents_db [req-95ddcf7b-2fdd-40b6-bd42-cdc730c531fe - - - - -] Agent healthcheck: found 2 active agents agent_health_check /var/lib/kolla/venv/lib/python3.6/site-packages/neutron/db/agents_db.py:318
2026-04-27 02:19:48.988 24 DEBUG neutron_lib.callbacks.manager [req-b17272b2-d660-41ea-bbf4-1040a3efa307 - - - - -] Publish callbacks ['neutron.services.segments.db._update_segment_host_mapping_for_agent-8767921478720', 'neutron.plugins.ml2.plugin.Ml2Plugin._retry_binding_revived_agents-3418387'] for agent (a8110a4d-4fe8-45a1-99d3-fdcd681bd747), after_update _notify_loop /var/lib/kolla/venv/lib/python3.6/site-packages/neutron_lib/callbacks/manager.py:177
2026-04-27 02:20:09.385 25 DEBUG neutron_lib.callbacks.manager [req-b8f1e729-2dfd-4516-8bc7-e990800848bb - - - - -] Publish callbacks ['neutron.services.segments.db._update_segment_host_mapping_for_agent-8767921478720', 'neutron.plugins.ml2.plugin.Ml2Plugin._retry_binding_revived_agents-3418387'] for agent (c0dd0470-ca6c-4494-9eda-5d4dbf0e5172), after_update _notify_loop /var/lib/kolla/venv/lib/python3.6/site-packages/neutron_lib/callbacks/manager.py:177
2026-04-27 02:20:16.058 22 DEBUG neutron.wsgi [-] (22) accepted ('10.0.0.242', 52154) server /var/lib/kolla/venv/lib/python3.6/site-packages/eventlet/wsgi.py:1004
2026-04-27 02:20:16.062 22 INFO neutron.wsgi [-] 10.0.0.242 "GET / HTTP/1.1" status: 200 len: 228 time: 0.0026317
2026-04-27 02:20:18.993 26 DEBUG neutron_lib.callbacks.manager [req-d8277457-9f64-4e60-ae4b-f720e72d8af8 - - - - -] Publish callbacks ['neutron.services.segments.db._update_segment_host_mapping_for_agent-8767921478720', 'neutron.plugins.ml2.plugin.Ml2Plugin._retry_binding_revived_agents-3418387'] for agent (a8110a4d-4fe8-45a1-99d3-fdcd681bd747), after_update _notify_loop /var/lib/kolla/venv/lib/python3.6/site-packages/neutron_lib/callbacks/manager.py:177
2026-04-27 02:20:24.002 29 DEBUG neutron.db.agents_db [req-95ddcf7b-2fdd-40b6-bd42-cdc730c531fe - - - - -] Agent healthcheck: found 2 active agents agent_health_check /var/lib/kolla/venv/lib/python3.6/site-packages/neutron/db/agents_db.py:318
2026-04-27 02:20:39.389 28 DEBUG neutron_lib.callbacks.manager [req-b8f1e729-2dfd-4516-8bc7-e990800848bb - - - - -] Publish callbacks ['neutron.services.segments.db._update_segment_host_mapping_for_agent-8767921478720', 'neutron.plugins.ml2.plugin.Ml2Plugin._retry_binding_revived_agents-3418387'] for agent (c0dd0470-ca6c-4494-9eda-5d4dbf0e5172), after_update _notify_loop /var/lib/kolla/venv/lib/python3.6/site-packages/neutron_lib/callbacks/manager.py:177
2026-04-27 02:20:46.119 22 DEBUG neutron.wsgi [-] (22) accepted ('10.0.0.242', 49034) server /var/lib/kolla/venv/lib/python3.6/site-packages/eventlet/wsgi.py:1004
2026-04-27 02:20:46.125 22 INFO neutron.wsgi [-] 10.0.0.242 "GET / HTTP/1.1" status: 200 len: 228 time: 0.0045304
2026-04-27 02:20:48.983 27 DEBUG neutron_lib.callbacks.manager [req-61000dd2-c95c-4cb8-b491-1d55f4a968f7 - - - - -] Publish callbacks ['neutron.services.segments.db._update_segment_host_mapping_for_agent-8767921478720', 'neutron.plugins.ml2.plugin.Ml2Plugin._retry_binding_revived_agents-3418387'] for agent (a8110a4d-4fe8-45a1-99d3-fdcd681bd747), after_update _notify_loop /var/lib/kolla/venv/lib/python3.6/site-packages/neutron_lib/callbacks/manager.py:177
2026-04-27 02:21:01.009 29 DEBUG neutron.db.agents_db [req-95ddcf7b-2fdd-40b6-bd42-cdc730c531fe - - - - -] Agent healthcheck: found 2 active agents agent_health_check /var/lib/kolla/venv/lib/python3.6/site-packages/neutron/db/agents_db.py:318
2026-04-27 02:21:09.391 23 DEBUG neutron_lib.callbacks.manager [req-b8f1e729-2dfd-4516-8bc7-e990800848bb - - - - -] Publish callbacks ['neutron.services.segments.db._update_segment_host_mapping_for_agent-8767921478720', 'neutron.plugins.ml2.plugin.Ml2Plugin._retry_binding_revived_agents-3418387'] for agent (c0dd0470-ca6c-4494-9eda-5d4dbf0e5172), after_update _notify_loop /var/lib/kolla/venv/lib/python3.6/site-packages/neutron_lib/callbacks/manager.py:177
2026-04-27 02:21:16.221 22 DEBUG neutron.wsgi [-] (22) accepted ('10.0.0.242', 40000) server /var/lib/kolla/venv/lib/python3.6/site-packages/eventlet/wsgi.py:1004
2026-04-27 02:21:16.225 22 INFO neutron.wsgi [-] 10.0.0.242 "GET / HTTP/1.1" status: 200 len: 228 time: 0.0036221
2026-04-27 02:21:18.982 24 DEBUG neutron_lib.callbacks.manager [req-b4280e8d-7d24-40d8-bdb3-60278f5fdc28 - - - - -] Publish callbacks ['neutron.services.segments.db._update_segment_host_mapping_for_agent-8767921478720', 'neutron.plugins.ml2.plugin.Ml2Plugin._retry_binding_revived_agents-3418387'] for agent (a8110a4d-4fe8-45a1-99d3-fdcd681bd747), after_update _notify_loop /var/lib/kolla/venv/lib/python3.6/site-packages/neutron_lib/callbacks/manager.py:177
2026-04-27 02:21:38.010 29 DEBUG neutron.db.agents_db [req-95ddcf7b-2fdd-40b6-bd42-cdc730c531fe - - - - -] Agent healthcheck: found 2 active agents agent_health_check /var/lib/kolla/venv/lib/python3.6/site-packages/neutron/db/agents_db.py:318
2026-04-27 02:21:39.397 25 DEBUG neutron_lib.callbacks.manager [req-b8f1e729-2dfd-4516-8bc7-e990800848bb - - - - -] Publish callbacks ['neutron.services.segments.db._update_segment_host_mapping_for_agent-8767921478720', 'neutron.plugins.ml2.plugin.Ml2Plugin._retry_binding_revived_agents-3418387'] for agent (c0dd0470-ca6c-4494-9eda-5d4dbf0e5172), after_update _notify_loop /var/lib/kolla/venv/lib/python3.6/site-packages/neutron_lib/callbacks/manager.py:177
2026-04-27 02:21:46.279 22 DEBUG neutron.wsgi [-] (22) accepted ('10.0.0.242', 45046) server /var/lib/kolla/venv/lib/python3.6/site-packages/eventlet/wsgi.py:1004
2026-04-27 02:21:46.287 22 INFO neutron.wsgi [-] 10.0.0.242 "GET / HTTP/1.1" status: 200 len: 228 time: 0.0042849
2026-04-27 02:21:48.980 26 DEBUG neutron_lib.callbacks.manager [req-b461e2bc-f94e-46bf-80f1-b11f71cf959c - - - - -] Publish callbacks ['neutron.services.segments.db._update_segment_host_mapping_for_agent-8767921478720', 'neutron.plugins.ml2.plugin.Ml2Plugin._retry_binding_revived_agents-3418387'] for agent (a8110a4d-4fe8-45a1-99d3-fdcd681bd747), after_update _notify_loop /var/lib/kolla/venv/lib/python3.6/site-packages/neutron_lib/callbacks/manager.py:177
2026-04-27 02:22:09.395 28 DEBUG neutron_lib.callbacks.manager [req-b8f1e729-2dfd-4516-8bc7-e990800848bb - - - - -] Publish callbacks ['neutron.services.segments.db._update_segment_host_mapping_for_agent-8767921478720', 'neutron.plugins.ml2.plugin.Ml2Plugin._retry_binding_revived_agents-3418387'] for agent (c0dd0470-ca6c-4494-9eda-5d4dbf0e5172), after_update _notify_loop /var/lib/kolla/venv/lib/python3.6/site-packages/neutron_lib/callbacks/manager.py:177
2026-04-27 02:22:15.016 29 DEBUG neutron.db.agents_db [req-95ddcf7b-2fdd-40b6-bd42-cdc730c531fe - - - - -] Agent healthcheck: found 2 active agents agent_health_check /var/lib/kolla/venv/lib/python3.6/site-packages/neutron/db/agents_db.py:318
2026-04-27 02:22:16.331 22 DEBUG neutron.wsgi [-] (22) accepted ('10.0.0.242', 52310) server /var/lib/kolla/venv/lib/python3.6/site-packages/eventlet/wsgi.py:1004
2026-04-27 02:22:16.335 22 INFO neutron.wsgi [-] 10.0.0.242 "GET / HTTP/1.1" status: 200 len: 228 time: 0.0027313
2026-04-27 02:22:18.976 27 DEBUG neutron_lib.callbacks.manager [req-3b8311e7-18e3-4c08-ac99-f07fd91b5371 - - - - -] Publish callbacks ['neutron.services.segments.db._update_segment_host_mapping_for_agent-8767921478720', 'neutron.plugins.ml2.plugin.Ml2Plugin._retry_binding_revived_agents-3418387'] for agent (a8110a4d-4fe8-45a1-99d3-fdcd681bd747), after_update _notify_loop /var/lib/kolla/venv/lib/python3.6/site-packages/neutron_lib/callbacks/manager.py:177
2026-04-27 02:22:39.403 23 DEBUG neutron_lib.callbacks.manager [req-b8f1e729-2dfd-4516-8bc7-e990800848bb - - - - -] Publish callbacks ['neutron.services.segments.db._update_segment_host_mapping_for_agent-8767921478720', 'neutron.plugins.ml2.plugin.Ml2Plugin._retry_binding_revived_agents-3418387'] for agent (c0dd0470-ca6c-4494-9eda-5d4dbf0e5172), after_update _notify_loop /var/lib/kolla/venv/lib/python3.6/site-packages/neutron_lib/callbacks/manager.py:177
2026-04-27 02:22:46.381 22 DEBUG neutron.wsgi [-] (22) accepted ('10.0.0.242', 42720) server /var/lib/kolla/venv/lib/python3.6/site-packages/eventlet/wsgi.py:1004
2026-04-27 02:22:46.385 22 INFO neutron.wsgi [-] 10.0.0.242 "GET / HTTP/1.1" status: 200 len: 228 time: 0.0025954
2026-04-27 02:22:48.983 24 DEBUG neutron_lib.callbacks.manager [req-6c5a0896-6fa4-4e21-b139-f45838b301f9 - - - - -] Publish callbacks ['neutron.services.segments.db._update_segment_host_mapping_for_agent-8767921478720', 'neutron.plugins.ml2.plugin.Ml2Plugin._retry_binding_revived_agents-3418387'] for agent (a8110a4d-4fe8-45a1-99d3-fdcd681bd747), after_update _notify_loop /var/lib/kolla/venv/lib/python3.6/site-packages/neutron_lib/callbacks/manager.py:177
2026-04-27 02:22:52.022 29 DEBUG neutron.db.agents_db [req-95ddcf7b-2fdd-40b6-bd42-cdc730c531fe - - - - -] Agent healthcheck: found 2 active agents agent_health_check /var/lib/kolla/venv/lib/python3.6/site-packages/neutron/db/agents_db.py:318
2026-04-27 02:23:09.400 25 DEBUG neutron_lib.callbacks.manager [req-b8f1e729-2dfd-4516-8bc7-e990800848bb - - - - -] Publish callbacks ['neutron.services.segments.db._update_segment_host_mapping_for_agent-8767921478720', 'neutron.plugins.ml2.plugin.Ml2Plugin._retry_binding_revived_agents-3418387'] for agent (c0dd0470-ca6c-4494-9eda-5d4dbf0e5172), after_update _notify_loop /var/lib/kolla/venv/lib/python3.6/site-packages/neutron_lib/callbacks/manager.py:177
2026-04-27 02:23:16.432 22 DEBUG neutron.wsgi [-] (22) accepted ('10.0.0.242', 44650) server /var/lib/kolla/venv/lib/python3.6/site-packages/eventlet/wsgi.py:1004
2026-04-27 02:23:16.437 22 INFO neutron.wsgi [-] 10.0.0.242 "GET / HTTP/1.1" status: 200 len: 228 time: 0.0032828
2026-04-27 02:23:18.980 26 DEBUG neutron_lib.callbacks.manager [req-fbd52290-b07e-40c7-8149-7c7bd11abeb3 - - - - -] Publish callbacks ['neutron.services.segments.db._update_segment_host_mapping_for_agent-8767921478720', 'neutron.plugins.ml2.plugin.Ml2Plugin._retry_binding_revived_agents-3418387'] for agent (a8110a4d-4fe8-45a1-99d3-fdcd681bd747), after_update _notify_loop /var/lib/kolla/venv/lib/python3.6/site-packages/neutron_lib/callbacks/manager.py:177
2026-04-27 02:23:29.030 29 DEBUG neutron.db.agents_db [req-95ddcf7b-2fdd-40b6-bd42-cdc730c531fe - - - - -] Agent healthcheck: found 2 active agents agent_health_check /var/lib/kolla/venv/lib/python3.6/site-packages/neutron/db/agents_db.py:318
2026-04-27 02:23:39.402 28 DEBUG neutron_lib.callbacks.manager [req-b8f1e729-2dfd-4516-8bc7-e990800848bb - - - - -] Publish callbacks ['neutron.services.segments.db._update_segment_host_mapping_for_agent-8767921478720', 'neutron.plugins.ml2.plugin.Ml2Plugin._retry_binding_revived_agents-3418387'] for agent (c0dd0470-ca6c-4494-9eda-5d4dbf0e5172), after_update _notify_loop /var/lib/kolla/venv/lib/python3.6/site-packages/neutron_lib/callbacks/manager.py:177
2026-04-27 02:23:46.481 22 DEBUG neutron.wsgi [-] (22) accepted ('10.0.0.242', 53702) server /var/lib/kolla/venv/lib/python3.6/site-packages/eventlet/wsgi.py:1004
2026-04-27 02:23:46.486 22 INFO neutron.wsgi [-] 10.0.0.242 "GET / HTTP/1.1" status: 200 len: 228 time: 0.0038226
2026-04-27 02:23:48.978 27 DEBUG neutron_lib.callbacks.manager [req-ef67df42-d839-4dd2-af73-a2ab5485c9ea - - - - -] Publish callbacks ['neutron.services.segments.db._update_segment_host_mapping_for_agent-8767921478720', 'neutron.plugins.ml2.plugin.Ml2Plugin._retry_binding_revived_agents-3418387'] for agent (a8110a4d-4fe8-45a1-99d3-fdcd681bd747), after_update _notify_loop /var/lib/kolla/venv/lib/python3.6/site-packages/neutron_lib/callbacks/manager.py:177
2026-04-27 02:24:06.026 29 DEBUG neutron.db.agents_db [req-95ddcf7b-2fdd-40b6-bd42-cdc730c531fe - - - - -] Agent healthcheck: found 2 active agents agent_health_check /var/lib/kolla/venv/lib/python3.6/site-packages/neutron/db/agents_db.py:318
2026-04-27 02:24:09.406 23 DEBUG neutron_lib.callbacks.manager [req-b8f1e729-2dfd-4516-8bc7-e990800848bb - - - - -] Publish callbacks ['neutron.services.segments.db._update_segment_host_mapping_for_agent-8767921478720', 'neutron.plugins.ml2.plugin.Ml2Plugin._retry_binding_revived_agents-3418387'] for agent (c0dd0470-ca6c-4494-9eda-5d4dbf0e5172), after_update _notify_loop /var/lib/kolla/venv/lib/python3.6/site-packages/neutron_lib/callbacks/manager.py:177
2026-04-27 02:24:16.540 22 DEBUG neutron.wsgi [-] (22) accepted ('10.0.0.242', 56300) server /var/lib/kolla/venv/lib/python3.6/site-packages/eventlet/wsgi.py:1004
2026-04-27 02:24:16.543 22 INFO neutron.wsgi [-] 10.0.0.242 "GET / HTTP/1.1" status: 200 len: 228 time: 0.0024943
2026-04-27 02:24:18.976 24 DEBUG neutron_lib.callbacks.manager [req-b9645298-dc84-4ff2-94b0-4a91cfb6e059 - - - - -] Publish callbacks ['neutron.services.segments.db._update_segment_host_mapping_for_agent-8767921478720', 'neutron.plugins.ml2.plugin.Ml2Plugin._retry_binding_revived_agents-3418387'] for agent (a8110a4d-4fe8-45a1-99d3-fdcd681bd747), after_update _notify_loop /var/lib/kolla/venv/lib/python3.6/site-packages/neutron_lib/callbacks/manager.py:177
2026-04-27 02:24:39.410 25 DEBUG neutron_lib.callbacks.manager [req-b8f1e729-2dfd-4516-8bc7-e990800848bb - - - - -] Publish callbacks ['neutron.services.segments.db._update_segment_host_mapping_for_agent-8767921478720', 'neutron.plugins.ml2.plugin.Ml2Plugin._retry_binding_revived_agents-3418387'] for agent (c0dd0470-ca6c-4494-9eda-5d4dbf0e5172), after_update _notify_loop /var/lib/kolla/venv/lib/python3.6/site-packages/neutron_lib/callbacks/manager.py:177
2026-04-27 02:24:43.035 29 DEBUG neutron.db.agents_db [req-95ddcf7b-2fdd-40b6-bd42-cdc730c531fe - - - - -] Agent healthcheck: found 2 active agents agent_health_check /var/lib/kolla/venv/lib/python3.6/site-packages/neutron/db/agents_db.py:318
2026-04-27 02:24:46.600 22 DEBUG neutron.wsgi [-] (22) accepted ('10.0.0.242', 55444) server /var/lib/kolla/venv/lib/python3.6/site-packages/eventlet/wsgi.py:1004
2026-04-27 02:24:46.604 22 INFO neutron.wsgi [-] 10.0.0.242 "GET / HTTP/1.1" status: 200 len: 228 time: 0.0025482
2026-04-27 02:24:48.973 26 DEBUG neutron_lib.callbacks.manager [req-f9475f3e-477c-43ed-80c6-e2dbc0cdeca1 - - - - -] Publish callbacks ['neutron.services.segments.db._update_segment_host_mapping_for_agent-8767921478720', 'neutron.plugins.ml2.plugin.Ml2Plugin._retry_binding_revived_agents-3418387'] for agent (a8110a4d-4fe8-45a1-99d3-fdcd681bd747), after_update _notify_loop /var/lib/kolla/venv/lib/python3.6/site-packages/neutron_lib/callbacks/manager.py:177
2026-04-27 02:24:52.221 7 INFO oslo_service.service [-] Caught SIGTERM, stopping children
2026-04-27 02:24:52.222 7 DEBUG oslo_concurrency.lockutils [-] Acquired lock "singleton_lock" lock /var/lib/kolla/venv/lib/python3.6/site-packages/oslo_concurrency/lockutils.py:294
2026-04-27 02:24:52.222 7 DEBUG oslo_concurrency.lockutils [-] Releasing lock "singleton_lock" lock /var/lib/kolla/venv/lib/python3.6/site-packages/oslo_concurrency/lockutils.py:312
2026-04-27 02:24:52.222 7 DEBUG oslo_service.service [-] Stop services. stop /var/lib/kolla/venv/lib/python3.6/site-packages/oslo_service/service.py:695
2026-04-27 02:24:52.223 7 DEBUG neutron.service [-] calling RpcWorker stop() stop /var/lib/kolla/venv/lib/python3.6/site-packages/neutron/service.py:138
2026-04-27 02:24:52.223 7 DEBUG neutron.service [-] calling RpcWorker stop() stop /var/lib/kolla/venv/lib/python3.6/site-packages/neutron/service.py:138
2026-04-27 02:24:52.223 7 DEBUG oslo_service.service [-] Killing children. stop /var/lib/kolla/venv/lib/python3.6/site-packages/oslo_service/service.py:700
2026-04-27 02:24:52.223 7 INFO oslo_service.service [-] Waiting on 8 children to exit
2026-04-27 02:24:52.224 22 INFO neutron.wsgi [-] (22) wsgi exited, is_accepting=True
2026-04-27 02:24:52.224 25 DEBUG neutron.service [-] calling RpcWorker stop() stop /var/lib/kolla/venv/lib/python3.6/site-packages/neutron/service.py:138
2026-04-27 02:24:52.224 23 DEBUG neutron.service [-] calling RpcWorker stop() stop /var/lib/kolla/venv/lib/python3.6/site-packages/neutron/service.py:138
2026-04-27 02:24:52.224 27 DEBUG neutron.service [-] calling RpcWorker stop() stop /var/lib/kolla/venv/lib/python3.6/site-packages/neutron/service.py:138
2026-04-27 02:24:52.224 28 DEBUG neutron.service [-] calling RpcWorker stop() stop /var/lib/kolla/venv/lib/python3.6/site-packages/neutron/service.py:138
2026-04-27 02:24:52.224 22 DEBUG oslo_concurrency.lockutils [req-86c0dda3-9411-4a19-b602-f3f985aada11 - - - - -] Acquired lock "singleton_lock" lock /var/lib/kolla/venv/lib/python3.6/site-packages/oslo_concurrency/lockutils.py:294
2026-04-27 02:24:52.225 22 DEBUG oslo_concurrency.lockutils [req-86c0dda3-9411-4a19-b602-f3f985aada11 - - - - -] Releasing lock "singleton_lock" lock /var/lib/kolla/venv/lib/python3.6/site-packages/oslo_concurrency/lockutils.py:312
2026-04-27 02:24:52.224 23 DEBUG neutron.service [-] calling stop on stop /var/lib/kolla/venv/lib/python3.6/site-packages/neutron/service.py:141
2026-04-27 02:24:52.224 25 DEBUG neutron.service [-] calling stop on stop /var/lib/kolla/venv/lib/python3.6/site-packages/neutron/service.py:141
2026-04-27 02:24:52.224 27 DEBUG neutron.service [-] calling stop on stop /var/lib/kolla/venv/lib/python3.6/site-packages/neutron/service.py:141
2026-04-27 02:24:52.226 29 DEBUG neutron.service [-] calling RpcWorker stop() stop /var/lib/kolla/venv/lib/python3.6/site-packages/neutron/service.py:138
2026-04-27 02:24:52.227 26 DEBUG neutron.service [-] calling RpcWorker stop() stop /var/lib/kolla/venv/lib/python3.6/site-packages/neutron/service.py:138
2026-04-27 02:24:52.225 28 DEBUG neutron.service [-] calling stop on stop /var/lib/kolla/venv/lib/python3.6/site-packages/neutron/service.py:141
2026-04-27 02:24:52.227 24 DEBUG neutron.service [-] calling RpcWorker stop() stop /var/lib/kolla/venv/lib/python3.6/site-packages/neutron/service.py:138
2026-04-27 02:24:52.227 29 DEBUG neutron.service [-] calling stop on stop /var/lib/kolla/venv/lib/python3.6/site-packages/neutron/service.py:141
2026-04-27 02:24:52.227 24 DEBUG neutron.service [-] calling stop on stop /var/lib/kolla/venv/lib/python3.6/site-packages/neutron/service.py:141
2026-04-27 02:24:52.228 7 INFO oslo_service.service [-] Child 22 exited with status 0
2026-04-27 02:24:52.227 26 DEBUG neutron.service [-] calling stop on stop /var/lib/kolla/venv/lib/python3.6/site-packages/neutron/service.py:141
2026-04-27 02:24:53.066 26 DEBUG oslo_concurrency.lockutils [req-86c0dda3-9411-4a19-b602-f3f985aada11 - - - - -] Acquired lock "singleton_lock" lock /var/lib/kolla/venv/lib/python3.6/site-packages/oslo_concurrency/lockutils.py:294
2026-04-27 02:24:53.067 26 DEBUG oslo_concurrency.lockutils [req-86c0dda3-9411-4a19-b602-f3f985aada11 - - - - -] Releasing lock "singleton_lock" lock /var/lib/kolla/venv/lib/python3.6/site-packages/oslo_concurrency/lockutils.py:312
2026-04-27 02:24:53.067 26 DEBUG neutron.service [req-86c0dda3-9411-4a19-b602-f3f985aada11 - - - - -] calling RpcWorker wait() _wait /var/lib/kolla/venv/lib/python3.6/site-packages/neutron/service.py:128
2026-04-27 02:24:53.067 26 DEBUG neutron.service [req-86c0dda3-9411-4a19-b602-f3f985aada11 - - - - -] calling wait on _wait /var/lib/kolla/venv/lib/python3.6/site-packages/neutron/service.py:131
2026-04-27 02:24:53.079 26 WARNING amqp [req-86c0dda3-9411-4a19-b602-f3f985aada11 - - - - -] Received method (60, 30) during closing channel 1. This method will be ignored
2026-04-27 02:24:53.080 26 DEBUG neutron.service [req-86c0dda3-9411-4a19-b602-f3f985aada11 - - - - -] returning from RpcWorker wait() _wait /var/lib/kolla/venv/lib/python3.6/site-packages/neutron/service.py:135
2026-04-27 02:24:53.084 7 INFO oslo_service.service [-] Child 26 exited with status 0
2026-04-27 02:24:53.987 24 DEBUG neutron.service [-] calling stop on stop /var/lib/kolla/venv/lib/python3.6/site-packages/neutron/service.py:141
2026-04-27 02:24:53.990 23 DEBUG neutron.service [-] calling stop on stop /var/lib/kolla/venv/lib/python3.6/site-packages/neutron/service.py:141
2026-04-27 02:24:53.993 25 DEBUG neutron.service [-] calling stop on stop /var/lib/kolla/venv/lib/python3.6/site-packages/neutron/service.py:141
2026-04-27 02:24:53.996 27 DEBUG oslo_concurrency.lockutils [req-86c0dda3-9411-4a19-b602-f3f985aada11 - - - - -] Acquired lock "singleton_lock" lock /var/lib/kolla/venv/lib/python3.6/site-packages/oslo_concurrency/lockutils.py:294
2026-04-27 02:24:53.996 27 DEBUG oslo_concurrency.lockutils [req-86c0dda3-9411-4a19-b602-f3f985aada11 - - - - -] Releasing lock "singleton_lock" lock /var/lib/kolla/venv/lib/python3.6/site-packages/oslo_concurrency/lockutils.py:312
2026-04-27 02:24:53.996 27 DEBUG neutron.service [req-86c0dda3-9411-4a19-b602-f3f985aada11 - - - - -] calling RpcWorker wait() _wait /var/lib/kolla/venv/lib/python3.6/site-packages/neutron/service.py:128
2026-04-27 02:24:53.996 27 DEBUG neutron.service [req-86c0dda3-9411-4a19-b602-f3f985aada11 - - - - -] calling wait on _wait /var/lib/kolla/venv/lib/python3.6/site-packages/neutron/service.py:131
2026-04-27 02:24:54.003 28 DEBUG oslo_concurrency.lockutils [req-86c0dda3-9411-4a19-b602-f3f985aada11 - - - - -] Acquired lock "singleton_lock" lock /var/lib/kolla/venv/lib/python3.6/site-packages/oslo_concurrency/lockutils.py:294
2026-04-27 02:24:54.003 28 DEBUG oslo_concurrency.lockutils [req-86c0dda3-9411-4a19-b602-f3f985aada11 - - - - -] Releasing lock "singleton_lock" lock /var/lib/kolla/venv/lib/python3.6/site-packages/oslo_concurrency/lockutils.py:312
2026-04-27 02:24:54.004 28 DEBUG neutron.service [req-86c0dda3-9411-4a19-b602-f3f985aada11 - - - - -] calling RpcWorker wait() _wait /var/lib/kolla/venv/lib/python3.6/site-packages/neutron/service.py:128
2026-04-27 02:24:54.004 28 DEBUG neutron.service [req-86c0dda3-9411-4a19-b602-f3f985aada11 - - - - -] calling wait on _wait /var/lib/kolla/venv/lib/python3.6/site-packages/neutron/service.py:131
2026-04-27 02:24:54.005 27 WARNING amqp [req-86c0dda3-9411-4a19-b602-f3f985aada11 - - - - -] Received method (60, 30) during closing channel 1. This method will be ignored
2026-04-27 02:24:54.006 27 DEBUG neutron.service [req-86c0dda3-9411-4a19-b602-f3f985aada11 - - - - -] returning from RpcWorker wait() _wait /var/lib/kolla/venv/lib/python3.6/site-packages/neutron/service.py:135
2026-04-27 02:24:54.010 29 DEBUG oslo_concurrency.lockutils [req-86c0dda3-9411-4a19-b602-f3f985aada11 - - - - -] Acquired lock "singleton_lock" lock /var/lib/kolla/venv/lib/python3.6/site-packages/oslo_concurrency/lockutils.py:294
2026-04-27 02:24:54.011 29 DEBUG oslo_concurrency.lockutils [req-86c0dda3-9411-4a19-b602-f3f985aada11 - - - - -] Releasing lock "singleton_lock" lock /var/lib/kolla/venv/lib/python3.6/site-packages/oslo_concurrency/lockutils.py:312
2026-04-27 02:24:54.011 29 DEBUG neutron.service [req-86c0dda3-9411-4a19-b602-f3f985aada11 - - - - -] calling RpcWorker wait() _wait /var/lib/kolla/venv/lib/python3.6/site-packages/neutron/service.py:128
2026-04-27 02:24:54.011 7 INFO oslo_service.service [-] Child 27 exited with status 0
2026-04-27 02:24:54.011 29 DEBUG neutron.service [req-86c0dda3-9411-4a19-b602-f3f985aada11 - - - - -] calling wait on _wait /var/lib/kolla/venv/lib/python3.6/site-packages/neutron/service.py:131
2026-04-27 02:24:54.011 28 WARNING amqp [req-86c0dda3-9411-4a19-b602-f3f985aada11 - - - - -] Received method (60, 30) during closing channel 1. This method will be ignored
2026-04-27 02:24:54.011 24 DEBUG neutron.service [-] calling stop on stop /var/lib/kolla/venv/lib/python3.6/site-packages/neutron/service.py:141
2026-04-27 02:24:54.013 28 DEBUG neutron.service [req-86c0dda3-9411-4a19-b602-f3f985aada11 - - - - -] returning from RpcWorker wait() _wait /var/lib/kolla/venv/lib/python3.6/site-packages/neutron/service.py:135
2026-04-27 02:24:54.015 25 DEBUG neutron.service [-] calling stop on stop /var/lib/kolla/venv/lib/python3.6/site-packages/neutron/service.py:141
2026-04-27 02:24:54.018 7 INFO oslo_service.service [-] Child 28 exited with status 0
2026-04-27 02:24:54.018 29 WARNING amqp [req-86c0dda3-9411-4a19-b602-f3f985aada11 - - - - -] Received method (60, 30) during closing channel 1. This method will be ignored
2026-04-27 02:24:54.019 29 DEBUG neutron.service [req-86c0dda3-9411-4a19-b602-f3f985aada11 - - - - -] returning from RpcWorker wait() _wait /var/lib/kolla/venv/lib/python3.6/site-packages/neutron/service.py:135
2026-04-27 02:24:54.022 23 DEBUG neutron.service [-] calling stop on stop /var/lib/kolla/venv/lib/python3.6/site-packages/neutron/service.py:141
2026-04-27 02:24:54.024 7 INFO oslo_service.service [-] Child 29 exited with status 0
2026-04-27 02:24:54.032 23 DEBUG neutron.service [-] calling stop on stop /var/lib/kolla/venv/lib/python3.6/site-packages/neutron/service.py:141
2026-04-27 02:24:54.046 23 DEBUG oslo_concurrency.lockutils [req-86c0dda3-9411-4a19-b602-f3f985aada11 - - - - -] Acquired lock "singleton_lock" lock /var/lib/kolla/venv/lib/python3.6/site-packages/oslo_concurrency/lockutils.py:294
2026-04-27 02:24:54.046 23 DEBUG oslo_concurrency.lockutils [req-86c0dda3-9411-4a19-b602-f3f985aada11 - - - - -] Releasing lock "singleton_lock" lock /var/lib/kolla/venv/lib/python3.6/site-packages/oslo_concurrency/lockutils.py:312
2026-04-27 02:24:54.046 23 DEBUG neutron.service [req-86c0dda3-9411-4a19-b602-f3f985aada11 - - - - -] calling RpcWorker wait() _wait /var/lib/kolla/venv/lib/python3.6/site-packages/neutron/service.py:128
2026-04-27 02:24:54.047 23 DEBUG neutron.service [req-86c0dda3-9411-4a19-b602-f3f985aada11 - - - - -] calling wait on _wait /var/lib/kolla/venv/lib/python3.6/site-packages/neutron/service.py:131
2026-04-27 02:24:54.053 23 WARNING amqp [req-86c0dda3-9411-4a19-b602-f3f985aada11 - - - - -] Received method (60, 30) during closing channel 1. This method will be ignored
2026-04-27 02:24:54.053 23 DEBUG neutron.service [req-86c0dda3-9411-4a19-b602-f3f985aada11 - - - - -] calling wait on _wait /var/lib/kolla/venv/lib/python3.6/site-packages/neutron/service.py:131
2026-04-27 02:24:54.058 23 WARNING amqp [req-86c0dda3-9411-4a19-b602-f3f985aada11 - - - - -] Received method (60, 30) during closing channel 1. This method will be ignored
2026-04-27 02:24:54.059 23 DEBUG neutron.service [req-86c0dda3-9411-4a19-b602-f3f985aada11 - - - - -] calling wait on _wait /var/lib/kolla/venv/lib/python3.6/site-packages/neutron/service.py:131
2026-04-27 02:24:54.064 23 WARNING amqp [req-86c0dda3-9411-4a19-b602-f3f985aada11 - - - - -] Received method (60, 30) during closing channel 1. This method will be ignored
2026-04-27 02:24:54.065 23 DEBUG neutron.service [req-86c0dda3-9411-4a19-b602-f3f985aada11 - - - - -] calling wait on _wait /var/lib/kolla/venv/lib/python3.6/site-packages/neutron/service.py:131
2026-04-27 02:24:54.070 23 WARNING amqp [req-86c0dda3-9411-4a19-b602-f3f985aada11 - - - - -] Received method (60, 30) during closing channel 1. This method will be ignored
2026-04-27 02:24:54.070 23 DEBUG neutron.service [req-86c0dda3-9411-4a19-b602-f3f985aada11 - - - - -] returning from RpcWorker wait() _wait /var/lib/kolla/venv/lib/python3.6/site-packages/neutron/service.py:135
2026-04-27 02:24:54.075 7 INFO oslo_service.service [-] Child 23 exited with status 0
2026-04-27 02:24:57.178 24 DEBUG neutron.service [-] calling stop on stop /var/lib/kolla/venv/lib/python3.6/site-packages/neutron/service.py:141
2026-04-27 02:24:57.608 25 DEBUG neutron.service [-] calling stop on stop /var/lib/kolla/venv/lib/python3.6/site-packages/neutron/service.py:141
2026-04-27 02:24:59.051 24 DEBUG oslo_concurrency.lockutils [req-86c0dda3-9411-4a19-b602-f3f985aada11 - - - - -] Acquired lock "singleton_lock" lock /var/lib/kolla/venv/lib/python3.6/site-packages/oslo_concurrency/lockutils.py:294
2026-04-27 02:24:59.051 25 DEBUG oslo_concurrency.lockutils [req-86c0dda3-9411-4a19-b602-f3f985aada11 - - - - -] Acquired lock "singleton_lock" lock /var/lib/kolla/venv/lib/python3.6/site-packages/oslo_concurrency/lockutils.py:294
2026-04-27 02:24:59.051 24 DEBUG oslo_concurrency.lockutils [req-86c0dda3-9411-4a19-b602-f3f985aada11 - - - - -] Releasing lock "singleton_lock" lock /var/lib/kolla/venv/lib/python3.6/site-packages/oslo_concurrency/lockutils.py:312
2026-04-27 02:24:59.052 25 DEBUG oslo_concurrency.lockutils [req-86c0dda3-9411-4a19-b602-f3f985aada11 - - - - -] Releasing lock "singleton_lock" lock /var/lib/kolla/venv/lib/python3.6/site-packages/oslo_concurrency/lockutils.py:312
2026-04-27 02:24:59.052 25 DEBUG neutron.service [req-86c0dda3-9411-4a19-b602-f3f985aada11 - - - - -] calling RpcWorker wait() _wait /var/lib/kolla/venv/lib/python3.6/site-packages/neutron/service.py:128
2026-04-27 02:24:59.052 24 DEBUG neutron.service [req-86c0dda3-9411-4a19-b602-f3f985aada11 - - - - -] calling RpcWorker wait() _wait /var/lib/kolla/venv/lib/python3.6/site-packages/neutron/service.py:128
2026-04-27 02:24:59.052 25 DEBUG neutron.service [req-86c0dda3-9411-4a19-b602-f3f985aada11 - - - - -] calling wait on _wait /var/lib/kolla/venv/lib/python3.6/site-packages/neutron/service.py:131
2026-04-27 02:24:59.052 24 DEBUG neutron.service [req-86c0dda3-9411-4a19-b602-f3f985aada11 - - - - -] calling wait on _wait /var/lib/kolla/venv/lib/python3.6/site-packages/neutron/service.py:131
2026-04-27 02:24:59.059 25 WARNING amqp [req-86c0dda3-9411-4a19-b602-f3f985aada11 - - - - -] Received method (60, 30) during closing channel 1. This method will be ignored
2026-04-27 02:24:59.059 25 DEBUG neutron.service [req-86c0dda3-9411-4a19-b602-f3f985aada11 - - - - -] calling wait on _wait /var/lib/kolla/venv/lib/python3.6/site-packages/neutron/service.py:131
2026-04-27 02:24:59.062 24 WARNING amqp [req-86c0dda3-9411-4a19-b602-f3f985aada11 - - - - -] Received method (60, 30) during closing channel 1. This method will be ignored
2026-04-27 02:24:59.062 24 DEBUG neutron.service [req-86c0dda3-9411-4a19-b602-f3f985aada11 - - - - -] calling wait on _wait /var/lib/kolla/venv/lib/python3.6/site-packages/neutron/service.py:131
2026-04-27 02:24:59.064 25 WARNING amqp [req-86c0dda3-9411-4a19-b602-f3f985aada11 - - - - -] Received method (60, 30) during closing channel 1. This method will be ignored
2026-04-27 02:24:59.065 25 DEBUG neutron.service [req-86c0dda3-9411-4a19-b602-f3f985aada11 - - - - -] calling wait on _wait /var/lib/kolla/venv/lib/python3.6/site-packages/neutron/service.py:131
2026-04-27 02:24:59.068 24 WARNING amqp [req-86c0dda3-9411-4a19-b602-f3f985aada11 - - - - -] Received method (60, 30) during closing channel 1. This method will be ignored
2026-04-27 02:24:59.069 24 DEBUG neutron.service [req-86c0dda3-9411-4a19-b602-f3f985aada11 - - - - -] calling wait on _wait /var/lib/kolla/venv/lib/python3.6/site-packages/neutron/service.py:131
2026-04-27 02:24:59.071 25 WARNING amqp [req-86c0dda3-9411-4a19-b602-f3f985aada11 - - - - -] Received method (60, 30) during closing channel 1. This method will be ignored
2026-04-27 02:24:59.071 25 DEBUG neutron.service [req-86c0dda3-9411-4a19-b602-f3f985aada11 - - - - -] calling wait on _wait /var/lib/kolla/venv/lib/python3.6/site-packages/neutron/service.py:131
2026-04-27 02:24:59.075 24 WARNING amqp [req-86c0dda3-9411-4a19-b602-f3f985aada11 - - - - -] Received method (60, 30) during closing channel 1. This method will be ignored
2026-04-27 02:24:59.076 24 DEBUG neutron.service [req-86c0dda3-9411-4a19-b602-f3f985aada11 - - - - -] calling wait on _wait /var/lib/kolla/venv/lib/python3.6/site-packages/neutron/service.py:131
2026-04-27 02:24:59.081 25 WARNING amqp [req-86c0dda3-9411-4a19-b602-f3f985aada11 - - - - -] Received method (60, 30) during closing channel 1. This method will be ignored
2026-04-27 02:24:59.082 25 DEBUG neutron.service [req-86c0dda3-9411-4a19-b602-f3f985aada11 - - - - -] returning from RpcWorker wait() _wait /var/lib/kolla/venv/lib/python3.6/site-packages/neutron/service.py:135
2026-04-27 02:24:59.085 24 WARNING amqp [req-86c0dda3-9411-4a19-b602-f3f985aada11 - - - - -] Received method (60, 30) during closing channel 1. This method will be ignored
2026-04-27 02:24:59.085 24 DEBUG neutron.service [req-86c0dda3-9411-4a19-b602-f3f985aada11 - - - - -] returning from RpcWorker wait() _wait /var/lib/kolla/venv/lib/python3.6/site-packages/neutron/service.py:135
2026-04-27 02:24:59.088 7 INFO oslo_service.service [-] Child 25 exited with status 0
2026-04-27 02:24:59.091 7 INFO oslo_service.service [-] Child 24 exited with status 0
2026-04-27 02:24:59.092 7 INFO oslo_service.service [-] Wait called after thread killed. Cleaning up.
2026-04-27 02:24:59.092 7 DEBUG oslo_service.service [-] Stop services. stop /var/lib/kolla/venv/lib/python3.6/site-packages/oslo_service/service.py:695
2026-04-27 02:24:59.092 7 DEBUG oslo_service.service [-] Killing children. stop /var/lib/kolla/venv/lib/python3.6/site-packages/oslo_service/service.py:700
2026-04-27 02:25:04.015 7 INFO neutron.common.config [-] Logging enabled!
2026-04-27 02:25:04.015 7 INFO neutron.common.config [-] /var/lib/kolla/venv/bin/neutron-server version 20.5.1.dev23
2026-04-27 02:25:04.015 7 DEBUG neutron.common.config [-] command line: /var/lib/kolla/venv/bin/neutron-server --config-file /etc/neutron/neutron.conf --config-file /etc/neutron/ContrailPlugin.ini --config-file /etc/neutron/api-paste.ini setup_logging /var/lib/kolla/venv/lib/python3.6/site-packages/neutron/common/config.py:115
2026-04-27 02:25:04.019 7 INFO neutron.common.config [-] Logging enabled!
2026-04-27 02:25:04.020 7 INFO neutron.common.config [-] /var/lib/kolla/venv/bin/neutron-server version 20.5.1.dev23
