2026-04-23 00:40:35.104 127783 DEBUG oslo_service.service [req-e3ab25a9-8cdf-4bce-ab8e-ec82e9c56c08 - - - - -] api_database.db_inc_retry_interval = True log_opt_values /usr/lib/python3/dist-packages/oslo_config/cfg.py:2609
2026-04-23 00:40:35.104 127783 DEBUG oslo_service.service [req-e3ab25a9-8cdf-4bce-ab8e-ec82e9c56c08 - - - - -] api_database.db_max_retries = 20 log_opt_values /usr/lib/python3/dist-packages/oslo_config/cfg.py:2609
2026-04-23 00:40:35.105 127783 DEBUG oslo_service.service [req-e3ab25a9-8cdf-4bce-ab8e-ec82e9c56c08 - - - - -] api_database.db_max_retry_interval = 10 log_opt_values /usr/lib/python3/dist-packages/oslo_config/cfg.py:2609
2026-04-23 00:40:35.105 127783 DEBUG oslo_service.service [req-e3ab25a9-8cdf-4bce-ab8e-ec82e9c56c08 - - - - -] api_database.db_retry_interval = 1 log_opt_values /usr/lib/python3/dist-packages/oslo_config/cfg.py:2609
2026-04-23 00:40:35.105 127783 DEBUG oslo_service.service [req-e3ab25a9-8cdf-4bce-ab8e-ec82e9c56c08 - - - - -] api_database.max_overflow = 50 log_opt_values /usr/lib/python3/dist-packages/oslo_config/cfg.py:2609
2026-04-23 00:40:35.105 127783 DEBUG oslo_service.service [req-e3ab25a9-8cdf-4bce-ab8e-ec82e9c56c08 - - - - -] api_database.max_pool_size = 4 log_opt_values /usr/lib/python3/dist-packages/oslo_config/cfg.py:2609
2026-04-23 00:40:35.105 127783 DEBUG oslo_service.service [req-e3ab25a9-8cdf-4bce-ab8e-ec82e9c56c08 - - - - -] api_database.max_retries = 10 log_opt_values /usr/lib/python3/dist-packages/oslo_config/cfg.py:2609
2026-04-23 00:40:35.105 127783 DEBUG oslo_service.service [req-e3ab25a9-8cdf-4bce-ab8e-ec82e9c56c08 - - - - -] api_database.mysql_enable_ndb = False log_opt_values /usr/lib/python3/dist-packages/oslo_config/cfg.py:2609
2026-04-23 00:40:35.106 127783 DEBUG oslo_service.service [req-e3ab25a9-8cdf-4bce-ab8e-ec82e9c56c08 - - - - -] api_database.mysql_sql_mode = TRADITIONAL log_opt_values /usr/lib/python3/dist-packages/oslo_config/cfg.py:2609
2026-04-23 00:40:35.106 127783 DEBUG oslo_service.service [req-e3ab25a9-8cdf-4bce-ab8e-ec82e9c56c08 - - - - -] api_database.pool_timeout = None log_opt_values /usr/lib/python3/dist-packages/oslo_config/cfg.py:2609
2026-04-23 00:40:35.106 127783 DEBUG oslo_service.service [req-e3ab25a9-8cdf-4bce-ab8e-ec82e9c56c08 - - - - -] api_database.retry_interval = 10 log_opt_values /usr/lib/python3/dist-packages/oslo_config/cfg.py:2609
2026-04-23 00:40:35.106 127783 DEBUG oslo_service.service [req-e3ab25a9-8cdf-4bce-ab8e-ec82e9c56c08 - - - - -] api_database.slave_connection = **** log_opt_values /usr/lib/python3/dist-packages/oslo_config/cfg.py:2609
2026-04-23 00:40:35.106 127783 DEBUG oslo_service.service [req-e3ab25a9-8cdf-4bce-ab8e-ec82e9c56c08 - - - - -] api_database.sqlite_synchronous = True log_opt_values /usr/lib/python3/dist-packages/oslo_config/cfg.py:2609
2026-04-23 00:40:35.106 127783 DEBUG oslo_service.service [req-e3ab25a9-8cdf-4bce-ab8e-ec82e9c56c08 - - - - -] devices.enabled_mdev_types = [] log_opt_values /usr/lib/python3/dist-packages/oslo_config/cfg.py:2609
2026-04-23 00:40:35.107 127783 DEBUG oslo_service.service [req-e3ab25a9-8cdf-4bce-ab8e-ec82e9c56c08 - - - - -] ephemeral_storage_encryption.cipher = aes-xts-plain64 log_opt_values /usr/lib/python3/dist-packages/oslo_config/cfg.py:2609
2026-04-23 00:40:35.107 127783 DEBUG oslo_service.service [req-e3ab25a9-8cdf-4bce-ab8e-ec82e9c56c08 - - - - -] ephemeral_storage_encryption.enabled = False log_opt_values /usr/lib/python3/dist-packages/oslo_config/cfg.py:2609
2026-04-23 00:40:35.107 127783 DEBUG oslo_service.service [req-e3ab25a9-8cdf-4bce-ab8e-ec82e9c56c08 - - - - -] ephemeral_storage_encryption.key_size = 512 log_opt_values /usr/lib/python3/dist-packages/oslo_config/cfg.py:2609
2026-04-23 00:40:35.107 127783 WARNING oslo_config.cfg [req-e3ab25a9-8cdf-4bce-ab8e-ec82e9c56c08 - - - - -] Deprecated: Option "api_servers" from group "glance" is deprecated for removal ( Support for image service configuration via standard keystoneauth1 Adapter options was added in the 17.0.0 Queens release. The api_servers option was retained temporarily to allow consumers time to cut over to a real load balancing solution. ). Its value may be silently ignored in the future.
2026-04-23 00:40:35.107 127783 DEBUG oslo_service.service [req-e3ab25a9-8cdf-4bce-ab8e-ec82e9c56c08 - - - - -] glance.api_servers = ['http://252.129.206.87:9292'] log_opt_values /usr/lib/python3/dist-packages/oslo_config/cfg.py:2609
2026-04-23 00:40:35.108 127783 DEBUG oslo_service.service [req-e3ab25a9-8cdf-4bce-ab8e-ec82e9c56c08 - - - - -] glance.cafile = None log_opt_values /usr/lib/python3/dist-packages/oslo_config/cfg.py:2609
2026-04-23 00:40:35.108 127783 DEBUG oslo_service.service [req-e3ab25a9-8cdf-4bce-ab8e-ec82e9c56c08 - - - - -] glance.certfile = None log_opt_values /usr/lib/python3/dist-packages/oslo_config/cfg.py:2609
2026-04-23 00:40:35.108 127783 DEBUG oslo_service.service [req-e3ab25a9-8cdf-4bce-ab8e-ec82e9c56c08 - - - - -] glance.collect_timing = False log_opt_values /usr/lib/python3/dist-packages/oslo_config/cfg.py:2609
2026-04-23 00:40:35.108 127783 DEBUG oslo_service.service [req-e3ab25a9-8cdf-4bce-ab8e-ec82e9c56c08 - - - - -] glance.connect_retries = None log_opt_values /usr/lib/python3/dist-packages/oslo_config/cfg.py:2609
2026-04-23 00:40:35.108 127783 DEBUG oslo_service.service [req-e3ab25a9-8cdf-4bce-ab8e-ec82e9c56c08 - - - - -] glance.connect_retry_delay = None log_opt_values /usr/lib/python3/dist-packages/oslo_config/cfg.py:2609
2026-04-23 00:40:35.108 127783 DEBUG oslo_service.service [req-e3ab25a9-8cdf-4bce-ab8e-ec82e9c56c08 - - - - -] glance.debug = False log_opt_values /usr/lib/python3/dist-packages/oslo_config/cfg.py:2609
2026-04-23 00:40:35.108 127783 DEBUG oslo_service.service [req-e3ab25a9-8cdf-4bce-ab8e-ec82e9c56c08 - - - - -] glance.default_trusted_certificate_ids = [] log_opt_values /usr/lib/python3/dist-packages/oslo_config/cfg.py:2609
2026-04-23 00:40:35.109 127783 DEBUG oslo_service.service [req-e3ab25a9-8cdf-4bce-ab8e-ec82e9c56c08 - - - - -] glance.enable_certificate_validation = False log_opt_values /usr/lib/python3/dist-packages/oslo_config/cfg.py:2609
2026-04-23 00:40:35.109 127783 DEBUG oslo_service.service [req-e3ab25a9-8cdf-4bce-ab8e-ec82e9c56c08 - - - - -] glance.enable_rbd_download = False log_opt_values /usr/lib/python3/dist-packages/oslo_config/cfg.py:2609
2026-04-23 00:40:35.109 127783 DEBUG oslo_service.service [req-e3ab25a9-8cdf-4bce-ab8e-ec82e9c56c08 - - - - -] glance.endpoint_override = None log_opt_values /usr/lib/python3/dist-packages/oslo_config/cfg.py:2609
2026-04-23 00:40:35.109 127783 DEBUG oslo_service.service [req-e3ab25a9-8cdf-4bce-ab8e-ec82e9c56c08 - - - - -] glance.insecure = False log_opt_values /usr/lib/python3/dist-packages/oslo_config/cfg.py:2609
2026-04-23 00:40:35.109 129201 DEBUG oslo_messaging._drivers.amqpdriver [-] Listener is running poll /usr/lib/python3/dist-packages/oslo_messaging/_drivers/amqpdriver.py:343
2026-04-23 00:40:35.109 127783 DEBUG oslo_service.service [req-e3ab25a9-8cdf-4bce-ab8e-ec82e9c56c08 - - - - -] glance.keyfile = None log_opt_values /usr/lib/python3/dist-packages/oslo_config/cfg.py:2609
2026-04-23 00:40:35.109 129201 DEBUG oslo_messaging._drivers.amqpdriver [-] AMQPListener connection consume poll /usr/lib/python3/dist-packages/oslo_messaging/_drivers/amqpdriver.py:357
2026-04-23 00:40:35.109 127783 DEBUG oslo_service.service [req-e3ab25a9-8cdf-4bce-ab8e-ec82e9c56c08 - - - - -] glance.max_version = None log_opt_values /usr/lib/python3/dist-packages/oslo_config/cfg.py:2609
2026-04-23 00:40:35.110 127783 DEBUG oslo_service.service [req-e3ab25a9-8cdf-4bce-ab8e-ec82e9c56c08 - - - - -] glance.min_version = None log_opt_values /usr/lib/python3/dist-packages/oslo_config/cfg.py:2609
2026-04-23 00:40:35.110 127783 DEBUG oslo_service.service [req-e3ab25a9-8cdf-4bce-ab8e-ec82e9c56c08 - - - - -] glance.num_retries = 3 log_opt_values /usr/lib/python3/dist-packages/oslo_config/cfg.py:2609
2026-04-23 00:40:35.110 127783 DEBUG oslo_service.service [req-e3ab25a9-8cdf-4bce-ab8e-ec82e9c56c08 - - - - -] glance.rbd_ceph_conf = log_opt_values /usr/lib/python3/dist-packages/oslo_config/cfg.py:2609
2026-04-23 00:40:35.110 127783 DEBUG oslo_service.service [req-e3ab25a9-8cdf-4bce-ab8e-ec82e9c56c08 - - - - -] glance.rbd_connect_timeout = 5 log_opt_values /usr/lib/python3/dist-packages/oslo_config/cfg.py:2609
2026-04-23 00:40:35.110 129201 DEBUG nova.service [req-823825d8-c851-4bfa-b486-95fcef5c691f - - - - -] Join ServiceGroup membership for this service scheduler start /usr/lib/python3/dist-packages/nova/service.py:199
2026-04-23 00:40:35.110 127783 DEBUG oslo_service.service [req-e3ab25a9-8cdf-4bce-ab8e-ec82e9c56c08 - - - - -] glance.rbd_pool = log_opt_values /usr/lib/python3/dist-packages/oslo_config/cfg.py:2609
2026-04-23 00:40:35.110 127783 DEBUG oslo_service.service [req-e3ab25a9-8cdf-4bce-ab8e-ec82e9c56c08 - - - - -] glance.rbd_user = log_opt_values /usr/lib/python3/dist-packages/oslo_config/cfg.py:2609
2026-04-23 00:40:35.110 129201 DEBUG nova.servicegroup.drivers.db [req-823825d8-c851-4bfa-b486-95fcef5c691f - - - - -] DB_Driver: join new ServiceGroup member juju-0097f2-0-lxd-7 to the scheduler group, service = join /usr/lib/python3/dist-packages/nova/servicegroup/drivers/db.py:44
2026-04-23 00:40:35.111 127783 DEBUG oslo_service.service [req-e3ab25a9-8cdf-4bce-ab8e-ec82e9c56c08 - - - - -] glance.region_name = None log_opt_values /usr/lib/python3/dist-packages/oslo_config/cfg.py:2609
2026-04-23 00:40:35.111 127783 DEBUG oslo_service.service [req-e3ab25a9-8cdf-4bce-ab8e-ec82e9c56c08 - - - - -] glance.service_name = None log_opt_values /usr/lib/python3/dist-packages/oslo_config/cfg.py:2609
2026-04-23 00:40:35.111 127783 DEBUG oslo_service.service [req-e3ab25a9-8cdf-4bce-ab8e-ec82e9c56c08 - - - - -] glance.service_type = image log_opt_values /usr/lib/python3/dist-packages/oslo_config/cfg.py:2609
2026-04-23 00:40:35.111 127783 DEBUG oslo_service.service [req-e3ab25a9-8cdf-4bce-ab8e-ec82e9c56c08 - - - - -] glance.split_loggers = False log_opt_values /usr/lib/python3/dist-packages/oslo_config/cfg.py:2609
2026-04-23 00:40:35.111 127783 DEBUG oslo_service.service [req-e3ab25a9-8cdf-4bce-ab8e-ec82e9c56c08 - - - - -] glance.status_code_retries = None log_opt_values /usr/lib/python3/dist-packages/oslo_config/cfg.py:2609
2026-04-23 00:40:35.111 127783 DEBUG oslo_service.service [req-e3ab25a9-8cdf-4bce-ab8e-ec82e9c56c08 - - - - -] glance.status_code_retry_delay = None log_opt_values /usr/lib/python3/dist-packages/oslo_config/cfg.py:2609
2026-04-23 00:40:35.111 127783 DEBUG oslo_service.service [req-e3ab25a9-8cdf-4bce-ab8e-ec82e9c56c08 - - - - -] glance.timeout = None log_opt_values /usr/lib/python3/dist-packages/oslo_config/cfg.py:2609
2026-04-23 00:40:35.112 127783 DEBUG oslo_service.service [req-e3ab25a9-8cdf-4bce-ab8e-ec82e9c56c08 - - - - -] glance.valid_interfaces = ['internal', 'public'] log_opt_values /usr/lib/python3/dist-packages/oslo_config/cfg.py:2609
2026-04-23 00:40:35.112 127783 DEBUG oslo_service.service [req-e3ab25a9-8cdf-4bce-ab8e-ec82e9c56c08 - - - - -] glance.verify_glance_signatures = False log_opt_values /usr/lib/python3/dist-packages/oslo_config/cfg.py:2609
2026-04-23 00:40:35.112 127783 DEBUG oslo_service.service [req-e3ab25a9-8cdf-4bce-ab8e-ec82e9c56c08 - - - - -] glance.version = None log_opt_values /usr/lib/python3/dist-packages/oslo_config/cfg.py:2609
2026-04-23 00:40:35.112 127783 DEBUG oslo_service.service [req-e3ab25a9-8cdf-4bce-ab8e-ec82e9c56c08 - - - - -] guestfs.debug = False log_opt_values /usr/lib/python3/dist-packages/oslo_config/cfg.py:2609
2026-04-23 00:40:35.112 127783 DEBUG oslo_service.service [req-e3ab25a9-8cdf-4bce-ab8e-ec82e9c56c08 - - - - -] hyperv.config_drive_cdrom = False log_opt_values /usr/lib/python3/dist-packages/oslo_config/cfg.py:2609
2026-04-23 00:40:35.113 127783 DEBUG oslo_service.service [req-e3ab25a9-8cdf-4bce-ab8e-ec82e9c56c08 - - - - -] hyperv.config_drive_inject_password = False log_opt_values /usr/lib/python3/dist-packages/oslo_config/cfg.py:2609
2026-04-23 00:40:35.113 127783 DEBUG oslo_service.service [req-e3ab25a9-8cdf-4bce-ab8e-ec82e9c56c08 - - - - -] hyperv.dynamic_memory_ratio = 1.0 log_opt_values /usr/lib/python3/dist-packages/oslo_config/cfg.py:2609
2026-04-23 00:40:35.113 127783 DEBUG oslo_service.service [req-e3ab25a9-8cdf-4bce-ab8e-ec82e9c56c08 - - - - -] hyperv.enable_instance_metrics_collection = False log_opt_values /usr/lib/python3/dist-packages/oslo_config/cfg.py:2609
2026-04-23 00:40:35.113 127783 DEBUG oslo_service.service [req-e3ab25a9-8cdf-4bce-ab8e-ec82e9c56c08 - - - - -] hyperv.enable_remotefx = False log_opt_values /usr/lib/python3/dist-packages/oslo_config/cfg.py:2609
2026-04-23 00:40:35.113 127783 DEBUG oslo_service.service [req-e3ab25a9-8cdf-4bce-ab8e-ec82e9c56c08 - - - - -] hyperv.instances_path_share = log_opt_values /usr/lib/python3/dist-packages/oslo_config/cfg.py:2609
2026-04-23 00:40:35.113 129201 DEBUG oslo_messaging._drivers.amqpdriver [-] AMQPListener connection timeout poll /usr/lib/python3/dist-packages/oslo_messaging/_drivers/amqpdriver.py:360
2026-04-23 00:40:35.113 127783 DEBUG oslo_service.service [req-e3ab25a9-8cdf-4bce-ab8e-ec82e9c56c08 - - - - -] hyperv.iscsi_initiator_list = [] log_opt_values /usr/lib/python3/dist-packages/oslo_config/cfg.py:2609
2026-04-23 00:40:35.113 129201 DEBUG oslo_messaging._drivers.amqpdriver [-] Listener is running poll /usr/lib/python3/dist-packages/oslo_messaging/_drivers/amqpdriver.py:343
2026-04-23 00:40:35.113 127783 DEBUG oslo_service.service [req-e3ab25a9-8cdf-4bce-ab8e-ec82e9c56c08 - - - - -] hyperv.limit_cpu_features = False log_opt_values /usr/lib/python3/dist-packages/oslo_config/cfg.py:2609
2026-04-23 00:40:35.114 127783 DEBUG oslo_service.service [req-e3ab25a9-8cdf-4bce-ab8e-ec82e9c56c08 - - - - -] hyperv.mounted_disk_query_retry_count = 10 log_opt_values /usr/lib/python3/dist-packages/oslo_config/cfg.py:2609
2026-04-23 00:40:35.114 129201 DEBUG oslo_messaging._drivers.amqpdriver [-] AMQPListener connection consume poll /usr/lib/python3/dist-packages/oslo_messaging/_drivers/amqpdriver.py:357
2026-04-23 00:40:35.114 127783 DEBUG oslo_service.service [req-e3ab25a9-8cdf-4bce-ab8e-ec82e9c56c08 - - - - -] hyperv.mounted_disk_query_retry_interval = 5 log_opt_values /usr/lib/python3/dist-packages/oslo_config/cfg.py:2609
2026-04-23 00:40:35.114 127783 DEBUG oslo_service.service [req-e3ab25a9-8cdf-4bce-ab8e-ec82e9c56c08 - - - - -] hyperv.power_state_check_timeframe = 60 log_opt_values /usr/lib/python3/dist-packages/oslo_config/cfg.py:2609
2026-04-23 00:40:35.114 127783 DEBUG oslo_service.service [req-e3ab25a9-8cdf-4bce-ab8e-ec82e9c56c08 - - - - -] hyperv.power_state_event_polling_interval = 2 log_opt_values /usr/lib/python3/dist-packages/oslo_config/cfg.py:2609
2026-04-23 00:40:35.114 127783 DEBUG oslo_service.service [req-e3ab25a9-8cdf-4bce-ab8e-ec82e9c56c08 - - - - -] hyperv.qemu_img_cmd = qemu-img.exe log_opt_values /usr/lib/python3/dist-packages/oslo_config/cfg.py:2609
2026-04-23 00:40:35.114 127783 DEBUG oslo_service.service [req-e3ab25a9-8cdf-4bce-ab8e-ec82e9c56c08 - - - - -] hyperv.use_multipath_io = False log_opt_values /usr/lib/python3/dist-packages/oslo_config/cfg.py:2609
2026-04-23 00:40:35.115 127783 DEBUG oslo_service.service [req-e3ab25a9-8cdf-4bce-ab8e-ec82e9c56c08 - - - - -] hyperv.volume_attach_retry_count = 10 log_opt_values /usr/lib/python3/dist-packages/oslo_config/cfg.py:2609
2026-04-23 00:40:35.115 127783 DEBUG oslo_service.service [req-e3ab25a9-8cdf-4bce-ab8e-ec82e9c56c08 - - - - -] hyperv.volume_attach_retry_interval = 5 log_opt_values /usr/lib/python3/dist-packages/oslo_config/cfg.py:2609
2026-04-23 00:40:35.115 127783 DEBUG oslo_service.service [req-e3ab25a9-8cdf-4bce-ab8e-ec82e9c56c08 - - - - -] hyperv.vswitch_name = None log_opt_values /usr/lib/python3/dist-packages/oslo_config/cfg.py:2609
2026-04-23 00:40:35.115 127783 DEBUG oslo_service.service [req-e3ab25a9-8cdf-4bce-ab8e-ec82e9c56c08 - - - - -] hyperv.wait_soft_reboot_seconds = 60 log_opt_values /usr/lib/python3/dist-packages/oslo_config/cfg.py:2609
2026-04-23 00:40:35.115 127783 DEBUG oslo_service.service [req-e3ab25a9-8cdf-4bce-ab8e-ec82e9c56c08 - - - - -] mks.enabled = False log_opt_values /usr/lib/python3/dist-packages/oslo_config/cfg.py:2609
2026-04-23 00:40:35.116 127783 DEBUG oslo_service.service [req-e3ab25a9-8cdf-4bce-ab8e-ec82e9c56c08 - - - - -] mks.mksproxy_base_url = http://127.0.0.1:6090/ log_opt_values /usr/lib/python3/dist-packages/oslo_config/cfg.py:2609
2026-04-23 00:40:35.116 127783 DEBUG oslo_service.service [req-e3ab25a9-8cdf-4bce-ab8e-ec82e9c56c08 - - - - -] image_cache.manager_interval = 2400 log_opt_values /usr/lib/python3/dist-packages/oslo_config/cfg.py:2609
2026-04-23 00:40:35.116 127783 DEBUG oslo_service.service [req-e3ab25a9-8cdf-4bce-ab8e-ec82e9c56c08 - - - - -] image_cache.precache_concurrency = 1 log_opt_values /usr/lib/python3/dist-packages/oslo_config/cfg.py:2609
2026-04-23 00:40:35.116 127783 DEBUG oslo_service.service [req-e3ab25a9-8cdf-4bce-ab8e-ec82e9c56c08 - - - - -] image_cache.remove_unused_base_images = True log_opt_values /usr/lib/python3/dist-packages/oslo_config/cfg.py:2609
2026-04-23 00:40:35.117 127783 DEBUG oslo_service.service [req-e3ab25a9-8cdf-4bce-ab8e-ec82e9c56c08 - - - - -] image_cache.remove_unused_original_minimum_age_seconds = 86400 log_opt_values /usr/lib/python3/dist-packages/oslo_config/cfg.py:2609
2026-04-23 00:40:35.117 127783 DEBUG oslo_service.service [req-e3ab25a9-8cdf-4bce-ab8e-ec82e9c56c08 - - - - -] image_cache.remove_unused_resized_minimum_age_seconds = 3600 log_opt_values /usr/lib/python3/dist-packages/oslo_config/cfg.py:2609
2026-04-23 00:40:35.117 127783 DEBUG oslo_service.service [req-e3ab25a9-8cdf-4bce-ab8e-ec82e9c56c08 - - - - -] image_cache.subdirectory_name = _base log_opt_values /usr/lib/python3/dist-packages/oslo_config/cfg.py:2609
2026-04-23 00:40:35.117 127783 DEBUG oslo_service.service [req-e3ab25a9-8cdf-4bce-ab8e-ec82e9c56c08 - - - - -] ironic.api_max_retries = 60 log_opt_values /usr/lib/python3/dist-packages/oslo_config/cfg.py:2609
2026-04-23 00:40:35.117 127783 DEBUG oslo_service.service [req-e3ab25a9-8cdf-4bce-ab8e-ec82e9c56c08 - - - - -] ironic.api_retry_interval = 2 log_opt_values /usr/lib/python3/dist-packages/oslo_config/cfg.py:2609
2026-04-23 00:40:35.117 127783 DEBUG oslo_service.service [req-e3ab25a9-8cdf-4bce-ab8e-ec82e9c56c08 - - - - -] ironic.auth_section = None log_opt_values /usr/lib/python3/dist-packages/oslo_config/cfg.py:2609
2026-04-23 00:40:35.118 127783 DEBUG oslo_service.service [req-e3ab25a9-8cdf-4bce-ab8e-ec82e9c56c08 - - - - -] ironic.auth_type = None log_opt_values /usr/lib/python3/dist-packages/oslo_config/cfg.py:2609
2026-04-23 00:40:35.118 129199 DEBUG oslo_messaging._drivers.amqpdriver [-] Listener is running poll /usr/lib/python3/dist-packages/oslo_messaging/_drivers/amqpdriver.py:343
2026-04-23 00:40:35.118 127783 DEBUG oslo_service.service [req-e3ab25a9-8cdf-4bce-ab8e-ec82e9c56c08 - - - - -] ironic.cafile = None log_opt_values /usr/lib/python3/dist-packages/oslo_config/cfg.py:2609
2026-04-23 00:40:35.118 127783 DEBUG oslo_service.service [req-e3ab25a9-8cdf-4bce-ab8e-ec82e9c56c08 - - - - -] ironic.certfile = None log_opt_values /usr/lib/python3/dist-packages/oslo_config/cfg.py:2609
2026-04-23 00:40:35.118 129199 DEBUG oslo_messaging._drivers.amqpdriver [-] AMQPListener connection consume poll /usr/lib/python3/dist-packages/oslo_messaging/_drivers/amqpdriver.py:357
2026-04-23 00:40:35.118 127783 DEBUG oslo_service.service [req-e3ab25a9-8cdf-4bce-ab8e-ec82e9c56c08 - - - - -] ironic.collect_timing = False log_opt_values /usr/lib/python3/dist-packages/oslo_config/cfg.py:2609
2026-04-23 00:40:35.118 127783 DEBUG oslo_service.service [req-e3ab25a9-8cdf-4bce-ab8e-ec82e9c56c08 - - - - -] ironic.connect_retries = None log_opt_values /usr/lib/python3/dist-packages/oslo_config/cfg.py:2609
2026-04-23 00:40:35.118 127783 DEBUG oslo_service.service [req-e3ab25a9-8cdf-4bce-ab8e-ec82e9c56c08 - - - - -] ironic.connect_retry_delay = None log_opt_values /usr/lib/python3/dist-packages/oslo_config/cfg.py:2609
2026-04-23 00:40:35.119 127783 DEBUG oslo_service.service [req-e3ab25a9-8cdf-4bce-ab8e-ec82e9c56c08 - - - - -] ironic.endpoint_override = None log_opt_values /usr/lib/python3/dist-packages/oslo_config/cfg.py:2609
2026-04-23 00:40:35.118 129199 DEBUG nova.service [req-f190fc88-ef2f-40c3-973c-af21f6be856a - - - - -] Join ServiceGroup membership for this service scheduler start /usr/lib/python3/dist-packages/nova/service.py:199
2026-04-23 00:40:35.119 127783 DEBUG oslo_service.service [req-e3ab25a9-8cdf-4bce-ab8e-ec82e9c56c08 - - - - -] ironic.insecure = False log_opt_values /usr/lib/python3/dist-packages/oslo_config/cfg.py:2609
2026-04-23 00:40:35.119 127783 DEBUG oslo_service.service [req-e3ab25a9-8cdf-4bce-ab8e-ec82e9c56c08 - - - - -] ironic.keyfile = None log_opt_values /usr/lib/python3/dist-packages/oslo_config/cfg.py:2609
2026-04-23 00:40:35.119 129199 DEBUG nova.servicegroup.drivers.db [req-f190fc88-ef2f-40c3-973c-af21f6be856a - - - - -] DB_Driver: join new ServiceGroup member juju-0097f2-0-lxd-7 to the scheduler group, service = join /usr/lib/python3/dist-packages/nova/servicegroup/drivers/db.py:44
2026-04-23 00:40:35.119 127783 DEBUG oslo_service.service [req-e3ab25a9-8cdf-4bce-ab8e-ec82e9c56c08 - - - - -] ironic.max_version = None log_opt_values /usr/lib/python3/dist-packages/oslo_config/cfg.py:2609
2026-04-23 00:40:35.119 127783 DEBUG oslo_service.service [req-e3ab25a9-8cdf-4bce-ab8e-ec82e9c56c08 - - - - -] ironic.min_version = None log_opt_values /usr/lib/python3/dist-packages/oslo_config/cfg.py:2609
2026-04-23 00:40:35.119 127783 DEBUG oslo_service.service [req-e3ab25a9-8cdf-4bce-ab8e-ec82e9c56c08 - - - - -] ironic.partition_key = None log_opt_values /usr/lib/python3/dist-packages/oslo_config/cfg.py:2609
2026-04-23 00:40:35.119 127783 DEBUG oslo_service.service [req-e3ab25a9-8cdf-4bce-ab8e-ec82e9c56c08 - - - - -] ironic.peer_list = [] log_opt_values /usr/lib/python3/dist-packages/oslo_config/cfg.py:2609
2026-04-23 00:40:35.120 127783 DEBUG oslo_service.service [req-e3ab25a9-8cdf-4bce-ab8e-ec82e9c56c08 - - - - -] ironic.region_name = None log_opt_values /usr/lib/python3/dist-packages/oslo_config/cfg.py:2609
2026-04-23 00:40:35.120 127783 DEBUG oslo_service.service [req-e3ab25a9-8cdf-4bce-ab8e-ec82e9c56c08 - - - - -] ironic.serial_console_state_timeout = 10 log_opt_values /usr/lib/python3/dist-packages/oslo_config/cfg.py:2609
2026-04-23 00:40:35.120 127783 DEBUG oslo_service.service [req-e3ab25a9-8cdf-4bce-ab8e-ec82e9c56c08 - - - - -] ironic.service_name = None log_opt_values /usr/lib/python3/dist-packages/oslo_config/cfg.py:2609
2026-04-23 00:40:35.120 127783 DEBUG oslo_service.service [req-e3ab25a9-8cdf-4bce-ab8e-ec82e9c56c08 - - - - -] ironic.service_type = baremetal log_opt_values /usr/lib/python3/dist-packages/oslo_config/cfg.py:2609
2026-04-23 00:40:35.120 127783 DEBUG oslo_service.service [req-e3ab25a9-8cdf-4bce-ab8e-ec82e9c56c08 - - - - -] ironic.split_loggers = False log_opt_values /usr/lib/python3/dist-packages/oslo_config/cfg.py:2609
2026-04-23 00:40:35.120 127783 DEBUG oslo_service.service [req-e3ab25a9-8cdf-4bce-ab8e-ec82e9c56c08 - - - - -] ironic.status_code_retries = None log_opt_values /usr/lib/python3/dist-packages/oslo_config/cfg.py:2609
2026-04-23 00:40:35.120 127783 DEBUG oslo_service.service [req-e3ab25a9-8cdf-4bce-ab8e-ec82e9c56c08 - - - - -] ironic.status_code_retry_delay = None log_opt_values /usr/lib/python3/dist-packages/oslo_config/cfg.py:2609
2026-04-23 00:40:35.121 127783 DEBUG oslo_service.service [req-e3ab25a9-8cdf-4bce-ab8e-ec82e9c56c08 - - - - -] ironic.timeout = None log_opt_values /usr/lib/python3/dist-packages/oslo_config/cfg.py:2609
2026-04-23 00:40:35.120 129200 DEBUG oslo_messaging._drivers.amqpdriver [-] Listener is running poll /usr/lib/python3/dist-packages/oslo_messaging/_drivers/amqpdriver.py:343
2026-04-23 00:40:35.121 127783 DEBUG oslo_service.service [req-e3ab25a9-8cdf-4bce-ab8e-ec82e9c56c08 - - - - -] ironic.valid_interfaces = ['internal', 'public'] log_opt_values /usr/lib/python3/dist-packages/oslo_config/cfg.py:2609
2026-04-23 00:40:35.121 129200 DEBUG oslo_messaging._drivers.amqpdriver [-] AMQPListener connection consume poll /usr/lib/python3/dist-packages/oslo_messaging/_drivers/amqpdriver.py:357
2026-04-23 00:40:35.121 127783 DEBUG oslo_service.service [req-e3ab25a9-8cdf-4bce-ab8e-ec82e9c56c08 - - - - -] ironic.version = None log_opt_values /usr/lib/python3/dist-packages/oslo_config/cfg.py:2609
2026-04-23 00:40:35.121 127783 DEBUG oslo_service.service [req-e3ab25a9-8cdf-4bce-ab8e-ec82e9c56c08 - - - - -] key_manager.backend = barbican log_opt_values /usr/lib/python3/dist-packages/oslo_config/cfg.py:2609
2026-04-23 00:40:35.121 129202 DEBUG oslo_messaging._drivers.amqpdriver [-] Listener is running poll /usr/lib/python3/dist-packages/oslo_messaging/_drivers/amqpdriver.py:343
2026-04-23 00:40:35.121 127783 DEBUG oslo_service.service [req-e3ab25a9-8cdf-4bce-ab8e-ec82e9c56c08 - - - - -] key_manager.fixed_key = **** log_opt_values /usr/lib/python3/dist-packages/oslo_config/cfg.py:2609
2026-04-23 00:40:35.121 129199 DEBUG oslo_messaging._drivers.amqpdriver [-] AMQPListener connection timeout poll /usr/lib/python3/dist-packages/oslo_messaging/_drivers/amqpdriver.py:360
2026-04-23 00:40:35.121 129202 DEBUG oslo_messaging._drivers.amqpdriver [-] AMQPListener connection consume poll /usr/lib/python3/dist-packages/oslo_messaging/_drivers/amqpdriver.py:357
2026-04-23 00:40:35.121 127783 DEBUG oslo_service.service [req-e3ab25a9-8cdf-4bce-ab8e-ec82e9c56c08 - - - - -] barbican.auth_endpoint = http://localhost/identity/v3 log_opt_values /usr/lib/python3/dist-packages/oslo_config/cfg.py:2609
2026-04-23 00:40:35.122 129199 DEBUG oslo_messaging._drivers.amqpdriver [-] Listener is running poll /usr/lib/python3/dist-packages/oslo_messaging/_drivers/amqpdriver.py:343
2026-04-23 00:40:35.122 129199 DEBUG oslo_messaging._drivers.amqpdriver [-] AMQPListener connection consume poll /usr/lib/python3/dist-packages/oslo_messaging/_drivers/amqpdriver.py:357
2026-04-23 00:40:35.122 127783 DEBUG oslo_service.service [req-e3ab25a9-8cdf-4bce-ab8e-ec82e9c56c08 - - - - -] barbican.barbican_api_version = None log_opt_values /usr/lib/python3/dist-packages/oslo_config/cfg.py:2609
2026-04-23 00:40:35.122 127783 DEBUG oslo_service.service [req-e3ab25a9-8cdf-4bce-ab8e-ec82e9c56c08 - - - - -] barbican.barbican_endpoint = None log_opt_values /usr/lib/python3/dist-packages/oslo_config/cfg.py:2609
2026-04-23 00:40:35.122 127783 DEBUG oslo_service.service [req-e3ab25a9-8cdf-4bce-ab8e-ec82e9c56c08 - - - - -] barbican.barbican_endpoint_type = public log_opt_values /usr/lib/python3/dist-packages/oslo_config/cfg.py:2609
2026-04-23 00:40:35.122 127783 DEBUG oslo_service.service [req-e3ab25a9-8cdf-4bce-ab8e-ec82e9c56c08 - - - - -] barbican.barbican_region_name = None log_opt_values /usr/lib/python3/dist-packages/oslo_config/cfg.py:2609
2026-04-23 00:40:35.122 129202 DEBUG nova.service [req-97bfe95c-3e01-452f-b08c-16a815bd3f04 - - - - -] Join ServiceGroup membership for this service scheduler start /usr/lib/python3/dist-packages/nova/service.py:199
2026-04-23 00:40:35.122 129200 DEBUG nova.service [req-ce0be29e-7def-4a81-91da-5a8b64c8aba2 - - - - -] Join ServiceGroup membership for this service scheduler start /usr/lib/python3/dist-packages/nova/service.py:199
2026-04-23 00:40:35.122 127783 DEBUG oslo_service.service [req-e3ab25a9-8cdf-4bce-ab8e-ec82e9c56c08 - - - - -] barbican.cafile = None log_opt_values /usr/lib/python3/dist-packages/oslo_config/cfg.py:2609
2026-04-23 00:40:35.122 129202 DEBUG nova.servicegroup.drivers.db [req-97bfe95c-3e01-452f-b08c-16a815bd3f04 - - - - -] DB_Driver: join new ServiceGroup member juju-0097f2-0-lxd-7 to the scheduler group, service = join /usr/lib/python3/dist-packages/nova/servicegroup/drivers/db.py:44
2026-04-23 00:40:35.122 127783 DEBUG oslo_service.service [req-e3ab25a9-8cdf-4bce-ab8e-ec82e9c56c08 - - - - -] barbican.certfile = None log_opt_values /usr/lib/python3/dist-packages/oslo_config/cfg.py:2609
2026-04-23 00:40:35.122 129200 DEBUG nova.servicegroup.drivers.db [req-ce0be29e-7def-4a81-91da-5a8b64c8aba2 - - - - -] DB_Driver: join new ServiceGroup member juju-0097f2-0-lxd-7 to the scheduler group, service = join /usr/lib/python3/dist-packages/nova/servicegroup/drivers/db.py:44
2026-04-23 00:40:35.123 127783 DEBUG oslo_service.service [req-e3ab25a9-8cdf-4bce-ab8e-ec82e9c56c08 - - - - -] barbican.collect_timing = False log_opt_values /usr/lib/python3/dist-packages/oslo_config/cfg.py:2609
2026-04-23 00:40:35.123 127783 DEBUG oslo_service.service [req-e3ab25a9-8cdf-4bce-ab8e-ec82e9c56c08 - - - - -] barbican.insecure = False log_opt_values /usr/lib/python3/dist-packages/oslo_config/cfg.py:2609
2026-04-23 00:40:35.123 127783 DEBUG oslo_service.service [req-e3ab25a9-8cdf-4bce-ab8e-ec82e9c56c08 - - - - -] barbican.keyfile = None log_opt_values /usr/lib/python3/dist-packages/oslo_config/cfg.py:2609
2026-04-23 00:40:35.123 127783 DEBUG oslo_service.service [req-e3ab25a9-8cdf-4bce-ab8e-ec82e9c56c08 - - - - -] barbican.number_of_retries = 60 log_opt_values /usr/lib/python3/dist-packages/oslo_config/cfg.py:2609
2026-04-23 00:40:35.123 127783 DEBUG oslo_service.service [req-e3ab25a9-8cdf-4bce-ab8e-ec82e9c56c08 - - - - -] barbican.retry_delay = 1 log_opt_values /usr/lib/python3/dist-packages/oslo_config/cfg.py:2609
2026-04-23 00:40:35.123 127783 DEBUG oslo_service.service [req-e3ab25a9-8cdf-4bce-ab8e-ec82e9c56c08 - - - - -] barbican.send_service_user_token = False log_opt_values /usr/lib/python3/dist-packages/oslo_config/cfg.py:2609
2026-04-23 00:40:35.124 127783 DEBUG oslo_service.service [req-e3ab25a9-8cdf-4bce-ab8e-ec82e9c56c08 - - - - -] barbican.split_loggers = False log_opt_values /usr/lib/python3/dist-packages/oslo_config/cfg.py:2609
2026-04-23 00:40:35.124 127783 DEBUG oslo_service.service [req-e3ab25a9-8cdf-4bce-ab8e-ec82e9c56c08 - - - - -] barbican.timeout = None log_opt_values /usr/lib/python3/dist-packages/oslo_config/cfg.py:2609
2026-04-23 00:40:35.124 127783 DEBUG oslo_service.service [req-e3ab25a9-8cdf-4bce-ab8e-ec82e9c56c08 - - - - -] barbican.verify_ssl = True log_opt_values /usr/lib/python3/dist-packages/oslo_config/cfg.py:2609
2026-04-23 00:40:35.124 127783 DEBUG oslo_service.service [req-e3ab25a9-8cdf-4bce-ab8e-ec82e9c56c08 - - - - -] barbican.verify_ssl_path = None log_opt_values /usr/lib/python3/dist-packages/oslo_config/cfg.py:2609
2026-04-23 00:40:35.124 127783 DEBUG oslo_service.service [req-e3ab25a9-8cdf-4bce-ab8e-ec82e9c56c08 - - - - -] barbican_service_user.auth_section = None log_opt_values /usr/lib/python3/dist-packages/oslo_config/cfg.py:2609
2026-04-23 00:40:35.124 127783 DEBUG oslo_service.service [req-e3ab25a9-8cdf-4bce-ab8e-ec82e9c56c08 - - - - -] barbican_service_user.auth_type = None log_opt_values /usr/lib/python3/dist-packages/oslo_config/cfg.py:2609
2026-04-23 00:40:35.125 127783 DEBUG oslo_service.service [req-e3ab25a9-8cdf-4bce-ab8e-ec82e9c56c08 - - - - -] barbican_service_user.cafile = None log_opt_values /usr/lib/python3/dist-packages/oslo_config/cfg.py:2609
2026-04-23 00:40:35.124 129200 DEBUG oslo_messaging._drivers.amqpdriver [-] AMQPListener connection timeout poll /usr/lib/python3/dist-packages/oslo_messaging/_drivers/amqpdriver.py:360
2026-04-23 00:40:35.125 129202 DEBUG oslo_messaging._drivers.amqpdriver [-] AMQPListener connection timeout poll /usr/lib/python3/dist-packages/oslo_messaging/_drivers/amqpdriver.py:360
2026-04-23 00:40:35.125 127783 DEBUG oslo_service.service [req-e3ab25a9-8cdf-4bce-ab8e-ec82e9c56c08 - - - - -] barbican_service_user.certfile = None log_opt_values /usr/lib/python3/dist-packages/oslo_config/cfg.py:2609
2026-04-23 00:40:35.125 129202 DEBUG oslo_messaging._drivers.amqpdriver [-] Listener is running poll /usr/lib/python3/dist-packages/oslo_messaging/_drivers/amqpdriver.py:343
2026-04-23 00:40:35.125 129200 DEBUG oslo_messaging._drivers.amqpdriver [-] Listener is running poll /usr/lib/python3/dist-packages/oslo_messaging/_drivers/amqpdriver.py:343
2026-04-23 00:40:35.125 129202 DEBUG oslo_messaging._drivers.amqpdriver [-] AMQPListener connection consume poll /usr/lib/python3/dist-packages/oslo_messaging/_drivers/amqpdriver.py:357
2026-04-23 00:40:35.125 129200 DEBUG oslo_messaging._drivers.amqpdriver [-] AMQPListener connection consume poll /usr/lib/python3/dist-packages/oslo_messaging/_drivers/amqpdriver.py:357
2026-04-23 00:40:35.125 127783 DEBUG oslo_service.service [req-e3ab25a9-8cdf-4bce-ab8e-ec82e9c56c08 - - - - -] barbican_service_user.collect_timing = False log_opt_values /usr/lib/python3/dist-packages/oslo_config/cfg.py:2609
2026-04-23 00:40:35.125 127783 DEBUG oslo_service.service [req-e3ab25a9-8cdf-4bce-ab8e-ec82e9c56c08 - - - - -] barbican_service_user.insecure = False log_opt_values /usr/lib/python3/dist-packages/oslo_config/cfg.py:2609
2026-04-23 00:40:35.125 127783 DEBUG oslo_service.service [req-e3ab25a9-8cdf-4bce-ab8e-ec82e9c56c08 - - - - -] barbican_service_user.keyfile = None log_opt_values /usr/lib/python3/dist-packages/oslo_config/cfg.py:2609
2026-04-23 00:40:35.125 127783 DEBUG oslo_service.service [req-e3ab25a9-8cdf-4bce-ab8e-ec82e9c56c08 - - - - -] barbican_service_user.split_loggers = False log_opt_values /usr/lib/python3/dist-packages/oslo_config/cfg.py:2609
2026-04-23 00:40:35.126 127783 DEBUG oslo_service.service [req-e3ab25a9-8cdf-4bce-ab8e-ec82e9c56c08 - - - - -] barbican_service_user.timeout = None log_opt_values /usr/lib/python3/dist-packages/oslo_config/cfg.py:2609
2026-04-23 00:40:35.126 127783 DEBUG oslo_service.service [req-e3ab25a9-8cdf-4bce-ab8e-ec82e9c56c08 - - - - -] vault.approle_role_id = None log_opt_values /usr/lib/python3/dist-packages/oslo_config/cfg.py:2609
2026-04-23 00:40:35.126 127783 DEBUG oslo_service.service [req-e3ab25a9-8cdf-4bce-ab8e-ec82e9c56c08 - - - - -] vault.approle_secret_id = None log_opt_values /usr/lib/python3/dist-packages/oslo_config/cfg.py:2609
2026-04-23 00:40:35.126 127783 DEBUG oslo_service.service [req-e3ab25a9-8cdf-4bce-ab8e-ec82e9c56c08 - - - - -] vault.cafile = None log_opt_values /usr/lib/python3/dist-packages/oslo_config/cfg.py:2609
2026-04-23 00:40:35.126 127783 DEBUG oslo_service.service [req-e3ab25a9-8cdf-4bce-ab8e-ec82e9c56c08 - - - - -] vault.certfile = None log_opt_values /usr/lib/python3/dist-packages/oslo_config/cfg.py:2609
2026-04-23 00:40:35.126 127783 DEBUG oslo_service.service [req-e3ab25a9-8cdf-4bce-ab8e-ec82e9c56c08 - - - - -] vault.collect_timing = False log_opt_values /usr/lib/python3/dist-packages/oslo_config/cfg.py:2609
2026-04-23 00:40:35.126 127783 DEBUG oslo_service.service [req-e3ab25a9-8cdf-4bce-ab8e-ec82e9c56c08 - - - - -] vault.insecure = False log_opt_values /usr/lib/python3/dist-packages/oslo_config/cfg.py:2609
2026-04-23 00:40:35.127 127783 DEBUG oslo_service.service [req-e3ab25a9-8cdf-4bce-ab8e-ec82e9c56c08 - - - - -] vault.keyfile = None log_opt_values /usr/lib/python3/dist-packages/oslo_config/cfg.py:2609
2026-04-23 00:40:35.127 127783 DEBUG oslo_service.service [req-e3ab25a9-8cdf-4bce-ab8e-ec82e9c56c08 - - - - -] vault.kv_mountpoint = secret log_opt_values /usr/lib/python3/dist-packages/oslo_config/cfg.py:2609
2026-04-23 00:40:35.127 127783 DEBUG oslo_service.service [req-e3ab25a9-8cdf-4bce-ab8e-ec82e9c56c08 - - - - -] vault.kv_version = 2 log_opt_values /usr/lib/python3/dist-packages/oslo_config/cfg.py:2609
2026-04-23 00:40:35.127 127783 DEBUG oslo_service.service [req-e3ab25a9-8cdf-4bce-ab8e-ec82e9c56c08 - - - - -] vault.namespace = None log_opt_values /usr/lib/python3/dist-packages/oslo_config/cfg.py:2609
2026-04-23 00:40:35.127 127783 DEBUG oslo_service.service [req-e3ab25a9-8cdf-4bce-ab8e-ec82e9c56c08 - - - - -] vault.root_token_id = None log_opt_values /usr/lib/python3/dist-packages/oslo_config/cfg.py:2609
2026-04-23 00:40:35.127 127783 DEBUG oslo_service.service [req-e3ab25a9-8cdf-4bce-ab8e-ec82e9c56c08 - - - - -] vault.split_loggers = False log_opt_values /usr/lib/python3/dist-packages/oslo_config/cfg.py:2609
2026-04-23 00:40:35.128 127783 DEBUG oslo_service.service [req-e3ab25a9-8cdf-4bce-ab8e-ec82e9c56c08 - - - - -] vault.ssl_ca_crt_file = None log_opt_values /usr/lib/python3/dist-packages/oslo_config/cfg.py:2609
2026-04-23 00:40:35.128 127783 DEBUG oslo_service.service [req-e3ab25a9-8cdf-4bce-ab8e-ec82e9c56c08 - - - - -] vault.timeout = None log_opt_values /usr/lib/python3/dist-packages/oslo_config/cfg.py:2609
2026-04-23 00:40:35.128 127783 DEBUG oslo_service.service [req-e3ab25a9-8cdf-4bce-ab8e-ec82e9c56c08 - - - - -] vault.use_ssl = False log_opt_values /usr/lib/python3/dist-packages/oslo_config/cfg.py:2609
2026-04-23 00:40:35.128 127783 DEBUG oslo_service.service [req-e3ab25a9-8cdf-4bce-ab8e-ec82e9c56c08 - - - - -] vault.vault_url = http://127.0.0.1:8200 log_opt_values /usr/lib/python3/dist-packages/oslo_config/cfg.py:2609
2026-04-23 00:40:35.128 127783 DEBUG oslo_service.service [req-e3ab25a9-8cdf-4bce-ab8e-ec82e9c56c08 - - - - -] keystone.cafile = None log_opt_values /usr/lib/python3/dist-packages/oslo_config/cfg.py:2609
2026-04-23 00:40:35.128 127783 DEBUG oslo_service.service [req-e3ab25a9-8cdf-4bce-ab8e-ec82e9c56c08 - - - - -] keystone.certfile = None log_opt_values /usr/lib/python3/dist-packages/oslo_config/cfg.py:2609
2026-04-23 00:40:35.129 127783 DEBUG oslo_service.service [req-e3ab25a9-8cdf-4bce-ab8e-ec82e9c56c08 - - - - -] keystone.collect_timing = False log_opt_values /usr/lib/python3/dist-packages/oslo_config/cfg.py:2609
2026-04-23 00:40:35.129 127783 DEBUG oslo_service.service [req-e3ab25a9-8cdf-4bce-ab8e-ec82e9c56c08 - - - - -] keystone.connect_retries = None log_opt_values /usr/lib/python3/dist-packages/oslo_config/cfg.py:2609
2026-04-23 00:40:35.129 127783 DEBUG oslo_service.service [req-e3ab25a9-8cdf-4bce-ab8e-ec82e9c56c08 - - - - -] keystone.connect_retry_delay = None log_opt_values /usr/lib/python3/dist-packages/oslo_config/cfg.py:2609
2026-04-23 00:40:35.129 127783 DEBUG oslo_service.service [req-e3ab25a9-8cdf-4bce-ab8e-ec82e9c56c08 - - - - -] keystone.endpoint_override = None log_opt_values /usr/lib/python3/dist-packages/oslo_config/cfg.py:2609
2026-04-23 00:40:35.129 127783 DEBUG oslo_service.service [req-e3ab25a9-8cdf-4bce-ab8e-ec82e9c56c08 - - - - -] keystone.insecure = False log_opt_values /usr/lib/python3/dist-packages/oslo_config/cfg.py:2609
2026-04-23 00:40:35.129 127783 DEBUG oslo_service.service [req-e3ab25a9-8cdf-4bce-ab8e-ec82e9c56c08 - - - - -] keystone.keyfile = None log_opt_values /usr/lib/python3/dist-packages/oslo_config/cfg.py:2609
2026-04-23 00:40:35.129 127783 DEBUG oslo_service.service [req-e3ab25a9-8cdf-4bce-ab8e-ec82e9c56c08 - - - - -] keystone.max_version = None log_opt_values /usr/lib/python3/dist-packages/oslo_config/cfg.py:2609
2026-04-23 00:40:35.130 127783 DEBUG oslo_service.service [req-e3ab25a9-8cdf-4bce-ab8e-ec82e9c56c08 - - - - -] keystone.min_version = None log_opt_values /usr/lib/python3/dist-packages/oslo_config/cfg.py:2609
2026-04-23 00:40:35.130 127783 DEBUG oslo_service.service [req-e3ab25a9-8cdf-4bce-ab8e-ec82e9c56c08 - - - - -] keystone.region_name = None log_opt_values /usr/lib/python3/dist-packages/oslo_config/cfg.py:2609
2026-04-23 00:40:35.130 127783 DEBUG oslo_service.service [req-e3ab25a9-8cdf-4bce-ab8e-ec82e9c56c08 - - - - -] keystone.service_name = None log_opt_values /usr/lib/python3/dist-packages/oslo_config/cfg.py:2609
2026-04-23 00:40:35.130 127783 DEBUG oslo_service.service [req-e3ab25a9-8cdf-4bce-ab8e-ec82e9c56c08 - - - - -] keystone.service_type = identity log_opt_values /usr/lib/python3/dist-packages/oslo_config/cfg.py:2609
2026-04-23 00:40:35.130 127783 DEBUG oslo_service.service [req-e3ab25a9-8cdf-4bce-ab8e-ec82e9c56c08 - - - - -] keystone.split_loggers = False log_opt_values /usr/lib/python3/dist-packages/oslo_config/cfg.py:2609
2026-04-23 00:40:35.130 127783 DEBUG oslo_service.service [req-e3ab25a9-8cdf-4bce-ab8e-ec82e9c56c08 - - - - -] keystone.status_code_retries = None log_opt_values /usr/lib/python3/dist-packages/oslo_config/cfg.py:2609
2026-04-23 00:40:35.131 127783 DEBUG oslo_service.service [req-e3ab25a9-8cdf-4bce-ab8e-ec82e9c56c08 - - - - -] keystone.status_code_retry_delay = None log_opt_values /usr/lib/python3/dist-packages/oslo_config/cfg.py:2609
2026-04-23 00:40:35.131 127783 DEBUG oslo_service.service [req-e3ab25a9-8cdf-4bce-ab8e-ec82e9c56c08 - - - - -] keystone.timeout = None log_opt_values /usr/lib/python3/dist-packages/oslo_config/cfg.py:2609
2026-04-23 00:40:35.131 127783 DEBUG oslo_service.service [req-e3ab25a9-8cdf-4bce-ab8e-ec82e9c56c08 - - - - -] keystone.valid_interfaces = ['internal', 'public'] log_opt_values /usr/lib/python3/dist-packages/oslo_config/cfg.py:2609
2026-04-23 00:40:35.131 127783 DEBUG oslo_service.service [req-e3ab25a9-8cdf-4bce-ab8e-ec82e9c56c08 - - - - -] keystone.version = None log_opt_values /usr/lib/python3/dist-packages/oslo_config/cfg.py:2609
2026-04-23 00:40:35.131 127783 DEBUG oslo_service.service [req-e3ab25a9-8cdf-4bce-ab8e-ec82e9c56c08 - - - - -] libvirt.connection_uri = log_opt_values /usr/lib/python3/dist-packages/oslo_config/cfg.py:2609
2026-04-23 00:40:35.131 127783 DEBUG oslo_service.service [req-e3ab25a9-8cdf-4bce-ab8e-ec82e9c56c08 - - - - -] libvirt.cpu_mode = None log_opt_values /usr/lib/python3/dist-packages/oslo_config/cfg.py:2609
2026-04-23 00:40:35.132 127783 DEBUG oslo_service.service [req-e3ab25a9-8cdf-4bce-ab8e-ec82e9c56c08 - - - - -] libvirt.cpu_model_extra_flags = [] log_opt_values /usr/lib/python3/dist-packages/oslo_config/cfg.py:2609
2026-04-23 00:40:35.132 127783 DEBUG oslo_service.service [req-e3ab25a9-8cdf-4bce-ab8e-ec82e9c56c08 - - - - -] libvirt.cpu_models = [] log_opt_values /usr/lib/python3/dist-packages/oslo_config/cfg.py:2609
2026-04-23 00:40:35.132 127783 DEBUG oslo_service.service [req-e3ab25a9-8cdf-4bce-ab8e-ec82e9c56c08 - - - - -] libvirt.device_detach_attempts = 8 log_opt_values /usr/lib/python3/dist-packages/oslo_config/cfg.py:2609
2026-04-23 00:40:35.132 127783 DEBUG oslo_service.service [req-e3ab25a9-8cdf-4bce-ab8e-ec82e9c56c08 - - - - -] libvirt.device_detach_timeout = 20 log_opt_values /usr/lib/python3/dist-packages/oslo_config/cfg.py:2609
2026-04-23 00:40:35.132 127783 DEBUG oslo_service.service [req-e3ab25a9-8cdf-4bce-ab8e-ec82e9c56c08 - - - - -] libvirt.disk_cachemodes = [] log_opt_values /usr/lib/python3/dist-packages/oslo_config/cfg.py:2609
2026-04-23 00:40:35.132 127783 DEBUG oslo_service.service [req-e3ab25a9-8cdf-4bce-ab8e-ec82e9c56c08 - - - - -] libvirt.disk_prefix = None log_opt_values /usr/lib/python3/dist-packages/oslo_config/cfg.py:2609
2026-04-23 00:40:35.132 127783 DEBUG oslo_service.service [req-e3ab25a9-8cdf-4bce-ab8e-ec82e9c56c08 - - - - -] libvirt.enabled_perf_events = [] log_opt_values /usr/lib/python3/dist-packages/oslo_config/cfg.py:2609
2026-04-23 00:40:35.133 127783 DEBUG oslo_service.service [req-e3ab25a9-8cdf-4bce-ab8e-ec82e9c56c08 - - - - -] libvirt.file_backed_memory = 0 log_opt_values /usr/lib/python3/dist-packages/oslo_config/cfg.py:2609
2026-04-23 00:40:35.133 127783 DEBUG oslo_service.service [req-e3ab25a9-8cdf-4bce-ab8e-ec82e9c56c08 - - - - -] libvirt.gid_maps = [] log_opt_values /usr/lib/python3/dist-packages/oslo_config/cfg.py:2609
2026-04-23 00:40:35.133 127783 DEBUG oslo_service.service [req-e3ab25a9-8cdf-4bce-ab8e-ec82e9c56c08 - - - - -] libvirt.hw_disk_discard = None log_opt_values /usr/lib/python3/dist-packages/oslo_config/cfg.py:2609
2026-04-23 00:40:35.133 127783 DEBUG oslo_service.service [req-e3ab25a9-8cdf-4bce-ab8e-ec82e9c56c08 - - - - -] libvirt.hw_machine_type = None log_opt_values /usr/lib/python3/dist-packages/oslo_config/cfg.py:2609
2026-04-23 00:40:35.133 127783 DEBUG oslo_service.service [req-e3ab25a9-8cdf-4bce-ab8e-ec82e9c56c08 - - - - -] libvirt.images_rbd_ceph_conf = log_opt_values /usr/lib/python3/dist-packages/oslo_config/cfg.py:2609
2026-04-23 00:40:35.133 127783 DEBUG oslo_service.service [req-e3ab25a9-8cdf-4bce-ab8e-ec82e9c56c08 - - - - -] libvirt.images_rbd_glance_copy_poll_interval = 15 log_opt_values /usr/lib/python3/dist-packages/oslo_config/cfg.py:2609
2026-04-23 00:40:35.134 127783 DEBUG oslo_service.service [req-e3ab25a9-8cdf-4bce-ab8e-ec82e9c56c08 - - - - -] libvirt.images_rbd_glance_copy_timeout = 600 log_opt_values /usr/lib/python3/dist-packages/oslo_config/cfg.py:2609
2026-04-23 00:40:35.134 127783 DEBUG oslo_service.service [req-e3ab25a9-8cdf-4bce-ab8e-ec82e9c56c08 - - - - -] libvirt.images_rbd_glance_store_name = log_opt_values /usr/lib/python3/dist-packages/oslo_config/cfg.py:2609
2026-04-23 00:40:35.134 127783 DEBUG oslo_service.service [req-e3ab25a9-8cdf-4bce-ab8e-ec82e9c56c08 - - - - -] libvirt.images_rbd_pool = rbd log_opt_values /usr/lib/python3/dist-packages/oslo_config/cfg.py:2609
2026-04-23 00:40:35.134 127783 DEBUG oslo_service.service [req-e3ab25a9-8cdf-4bce-ab8e-ec82e9c56c08 - - - - -] libvirt.images_type = default log_opt_values /usr/lib/python3/dist-packages/oslo_config/cfg.py:2609
2026-04-23 00:40:35.134 127783 DEBUG oslo_service.service [req-e3ab25a9-8cdf-4bce-ab8e-ec82e9c56c08 - - - - -] libvirt.images_volume_group = None log_opt_values /usr/lib/python3/dist-packages/oslo_config/cfg.py:2609
2026-04-23 00:40:35.134 127783 DEBUG oslo_service.service [req-e3ab25a9-8cdf-4bce-ab8e-ec82e9c56c08 - - - - -] libvirt.inject_key = False log_opt_values /usr/lib/python3/dist-packages/oslo_config/cfg.py:2609
2026-04-23 00:40:35.135 127783 DEBUG oslo_service.service [req-e3ab25a9-8cdf-4bce-ab8e-ec82e9c56c08 - - - - -] libvirt.inject_partition = -2 log_opt_values /usr/lib/python3/dist-packages/oslo_config/cfg.py:2609
2026-04-23 00:40:35.135 127783 DEBUG oslo_service.service [req-e3ab25a9-8cdf-4bce-ab8e-ec82e9c56c08 - - - - -] libvirt.inject_password = False log_opt_values /usr/lib/python3/dist-packages/oslo_config/cfg.py:2609
2026-04-23 00:40:35.135 127783 DEBUG oslo_service.service [req-e3ab25a9-8cdf-4bce-ab8e-ec82e9c56c08 - - - - -] libvirt.iscsi_iface = None log_opt_values /usr/lib/python3/dist-packages/oslo_config/cfg.py:2609
2026-04-23 00:40:35.135 127783 DEBUG oslo_service.service [req-e3ab25a9-8cdf-4bce-ab8e-ec82e9c56c08 - - - - -] libvirt.iser_use_multipath = False log_opt_values /usr/lib/python3/dist-packages/oslo_config/cfg.py:2609
2026-04-23 00:40:35.135 127783 DEBUG oslo_service.service [req-e3ab25a9-8cdf-4bce-ab8e-ec82e9c56c08 - - - - -] libvirt.live_migration_bandwidth = 0 log_opt_values /usr/lib/python3/dist-packages/oslo_config/cfg.py:2609
2026-04-23 00:40:35.135 127783 DEBUG oslo_service.service [req-e3ab25a9-8cdf-4bce-ab8e-ec82e9c56c08 - - - - -] libvirt.live_migration_completion_timeout = 800 log_opt_values /usr/lib/python3/dist-packages/oslo_config/cfg.py:2609
2026-04-23 00:40:35.136 127783 DEBUG oslo_service.service [req-e3ab25a9-8cdf-4bce-ab8e-ec82e9c56c08 - - - - -] libvirt.live_migration_downtime = 500 log_opt_values /usr/lib/python3/dist-packages/oslo_config/cfg.py:2609
2026-04-23 00:40:35.136 127783 DEBUG oslo_service.service [req-e3ab25a9-8cdf-4bce-ab8e-ec82e9c56c08 - - - - -] libvirt.live_migration_downtime_delay = 75 log_opt_values /usr/lib/python3/dist-packages/oslo_config/cfg.py:2609
2026-04-23 00:40:35.136 127783 DEBUG oslo_service.service [req-e3ab25a9-8cdf-4bce-ab8e-ec82e9c56c08 - - - - -] libvirt.live_migration_downtime_steps = 10 log_opt_values /usr/lib/python3/dist-packages/oslo_config/cfg.py:2609
2026-04-23 00:40:35.136 127783 DEBUG oslo_service.service [req-e3ab25a9-8cdf-4bce-ab8e-ec82e9c56c08 - - - - -] libvirt.live_migration_inbound_addr = None log_opt_values /usr/lib/python3/dist-packages/oslo_config/cfg.py:2609
2026-04-23 00:40:35.136 127783 DEBUG oslo_service.service [req-e3ab25a9-8cdf-4bce-ab8e-ec82e9c56c08 - - - - -] libvirt.live_migration_permit_auto_converge = False log_opt_values /usr/lib/python3/dist-packages/oslo_config/cfg.py:2609
2026-04-23 00:40:35.136 127783 DEBUG oslo_service.service [req-e3ab25a9-8cdf-4bce-ab8e-ec82e9c56c08 - - - - -] libvirt.live_migration_permit_post_copy = False log_opt_values /usr/lib/python3/dist-packages/oslo_config/cfg.py:2609
2026-04-23 00:40:35.136 127783 DEBUG oslo_service.service [req-e3ab25a9-8cdf-4bce-ab8e-ec82e9c56c08 - - - - -] libvirt.live_migration_scheme = None log_opt_values /usr/lib/python3/dist-packages/oslo_config/cfg.py:2609
2026-04-23 00:40:35.137 127783 DEBUG oslo_service.service [req-e3ab25a9-8cdf-4bce-ab8e-ec82e9c56c08 - - - - -] libvirt.live_migration_timeout_action = abort log_opt_values /usr/lib/python3/dist-packages/oslo_config/cfg.py:2609
2026-04-23 00:40:35.137 127783 DEBUG oslo_service.service [req-e3ab25a9-8cdf-4bce-ab8e-ec82e9c56c08 - - - - -] libvirt.live_migration_tunnelled = False log_opt_values /usr/lib/python3/dist-packages/oslo_config/cfg.py:2609
2026-04-23 00:40:35.137 127783 DEBUG oslo_service.service [req-e3ab25a9-8cdf-4bce-ab8e-ec82e9c56c08 - - - - -] libvirt.live_migration_uri = None log_opt_values /usr/lib/python3/dist-packages/oslo_config/cfg.py:2609
2026-04-23 00:40:35.137 127783 DEBUG oslo_service.service [req-e3ab25a9-8cdf-4bce-ab8e-ec82e9c56c08 - - - - -] libvirt.live_migration_with_native_tls = False log_opt_values /usr/lib/python3/dist-packages/oslo_config/cfg.py:2609
2026-04-23 00:40:35.137 127783 DEBUG oslo_service.service [req-e3ab25a9-8cdf-4bce-ab8e-ec82e9c56c08 - - - - -] libvirt.max_queues = None log_opt_values /usr/lib/python3/dist-packages/oslo_config/cfg.py:2609
2026-04-23 00:40:35.137 127783 DEBUG oslo_service.service [req-e3ab25a9-8cdf-4bce-ab8e-ec82e9c56c08 - - - - -] libvirt.mem_stats_period_seconds = 10 log_opt_values /usr/lib/python3/dist-packages/oslo_config/cfg.py:2609
2026-04-23 00:40:35.138 127783 DEBUG oslo_service.service [req-e3ab25a9-8cdf-4bce-ab8e-ec82e9c56c08 - - - - -] libvirt.nfs_mount_options = None log_opt_values /usr/lib/python3/dist-packages/oslo_config/cfg.py:2609
2026-04-23 00:40:35.138 127783 DEBUG oslo_service.service [req-e3ab25a9-8cdf-4bce-ab8e-ec82e9c56c08 - - - - -] libvirt.nfs_mount_point_base = /var/lib/nova/mnt log_opt_values /usr/lib/python3/dist-packages/oslo_config/cfg.py:2609
