2026-04-23 01:46:32.970 7 DEBUG oslo_service.service [-] ml2_type_vxlan.vni_ranges = [] log_opt_values /var/lib/kolla/venv/lib/python3.6/site-packages/oslo_config/cfg.py:2611
2026-04-23 01:46:32.970 7 DEBUG oslo_service.service [-] ml2_type_vxlan.vxlan_group = None log_opt_values /var/lib/kolla/venv/lib/python3.6/site-packages/oslo_config/cfg.py:2611
2026-04-23 01:46:32.970 7 DEBUG oslo_service.service [-] database.backend = sqlalchemy log_opt_values /var/lib/kolla/venv/lib/python3.6/site-packages/oslo_config/cfg.py:2611
2026-04-23 01:46:32.970 7 DEBUG oslo_service.service [-] database.connection = **** log_opt_values /var/lib/kolla/venv/lib/python3.6/site-packages/oslo_config/cfg.py:2611
2026-04-23 01:46:32.970 7 DEBUG oslo_service.service [-] database.connection_debug = 0 log_opt_values /var/lib/kolla/venv/lib/python3.6/site-packages/oslo_config/cfg.py:2611
2026-04-23 01:46:32.970 7 DEBUG oslo_service.service [-] database.connection_parameters = log_opt_values /var/lib/kolla/venv/lib/python3.6/site-packages/oslo_config/cfg.py:2611
2026-04-23 01:46:32.970 7 DEBUG oslo_service.service [-] database.connection_recycle_time = 10 log_opt_values /var/lib/kolla/venv/lib/python3.6/site-packages/oslo_config/cfg.py:2611
2026-04-23 01:46:32.970 7 DEBUG oslo_service.service [-] database.connection_trace = False log_opt_values /var/lib/kolla/venv/lib/python3.6/site-packages/oslo_config/cfg.py:2611
2026-04-23 01:46:32.970 7 DEBUG oslo_service.service [-] database.db_inc_retry_interval = True log_opt_values /var/lib/kolla/venv/lib/python3.6/site-packages/oslo_config/cfg.py:2611
2026-04-23 01:46:32.970 7 DEBUG oslo_service.service [-] database.db_max_retries = 20 log_opt_values /var/lib/kolla/venv/lib/python3.6/site-packages/oslo_config/cfg.py:2611
2026-04-23 01:46:32.970 7 DEBUG oslo_service.service [-] database.db_max_retry_interval = 10 log_opt_values /var/lib/kolla/venv/lib/python3.6/site-packages/oslo_config/cfg.py:2611
2026-04-23 01:46:32.970 7 DEBUG oslo_service.service [-] database.db_retry_interval = 1 log_opt_values /var/lib/kolla/venv/lib/python3.6/site-packages/oslo_config/cfg.py:2611
2026-04-23 01:46:32.970 7 DEBUG oslo_service.service [-] database.max_overflow = 50 log_opt_values /var/lib/kolla/venv/lib/python3.6/site-packages/oslo_config/cfg.py:2611
2026-04-23 01:46:32.970 7 DEBUG oslo_service.service [-] database.max_pool_size = 1 log_opt_values /var/lib/kolla/venv/lib/python3.6/site-packages/oslo_config/cfg.py:2611
2026-04-23 01:46:32.970 7 DEBUG oslo_service.service [-] database.max_retries = -1 log_opt_values /var/lib/kolla/venv/lib/python3.6/site-packages/oslo_config/cfg.py:2611
2026-04-23 01:46:32.970 7 DEBUG oslo_service.service [-] database.mysql_enable_ndb = False log_opt_values /var/lib/kolla/venv/lib/python3.6/site-packages/oslo_config/cfg.py:2611
2026-04-23 01:46:32.970 7 DEBUG oslo_service.service [-] database.mysql_sql_mode = TRADITIONAL log_opt_values /var/lib/kolla/venv/lib/python3.6/site-packages/oslo_config/cfg.py:2611
2026-04-23 01:46:32.971 7 DEBUG oslo_service.service [-] database.pool_timeout = None log_opt_values /var/lib/kolla/venv/lib/python3.6/site-packages/oslo_config/cfg.py:2611
2026-04-23 01:46:32.971 7 DEBUG oslo_service.service [-] database.retry_interval = 10 log_opt_values /var/lib/kolla/venv/lib/python3.6/site-packages/oslo_config/cfg.py:2611
2026-04-23 01:46:32.971 7 DEBUG oslo_service.service [-] database.slave_connection = **** log_opt_values /var/lib/kolla/venv/lib/python3.6/site-packages/oslo_config/cfg.py:2611
2026-04-23 01:46:32.971 7 DEBUG oslo_service.service [-] database.sqlite_synchronous = True log_opt_values /var/lib/kolla/venv/lib/python3.6/site-packages/oslo_config/cfg.py:2611
2026-04-23 01:46:32.971 7 DEBUG oslo_service.service [-] database.use_db_reconnect = False log_opt_values /var/lib/kolla/venv/lib/python3.6/site-packages/oslo_config/cfg.py:2611
2026-04-23 01:46:32.971 7 DEBUG oslo_service.service [-] ******************************************************************************** log_opt_values /var/lib/kolla/venv/lib/python3.6/site-packages/oslo_config/cfg.py:2613
2026-04-23 01:46:32.974 25 DEBUG neutron.services.l3_router.l3_router_plugin [-] neutron.services.l3_router.l3_router_plugin.L3RouterPlugin method start_rpc_listeners called with arguments () {} wrapper /var/lib/kolla/venv/lib/python3.6/site-packages/oslo_log/helpers.py:66
2026-04-23 01:46:34.889 22 DEBUG neutron.wsgi [-] (22) accepted ('10.0.0.38', 49698) server /var/lib/kolla/venv/lib/python3.6/site-packages/eventlet/wsgi.py:1004
2026-04-23 01:46:34.895 22 INFO neutron.wsgi [-] 10.0.0.38 "GET / HTTP/1.1" status: 200 len: 227 time: 0.0048404
2026-04-23 01:46:37.783 23 DEBUG neutron.api.rpc.handlers.dhcp_rpc [req-bec2c838-ac1b-457d-ac71-96a61c505f21 - - - - -] get_active_networks_info from cn-jenkins-deploy-platform-ansible-os-5671-1 get_active_networks_info /var/lib/kolla/venv/lib/python3.6/site-packages/neutron/api/rpc/handlers/dhcp_rpc.py:159
2026-04-23 01:46:37.810 28 DEBUG neutron_lib.callbacks.manager [req-989ba286-9c13-42c7-b27b-e75bcfcb6201 - - - - -] Publish callbacks ['neutron.services.segments.db._update_segment_host_mapping_for_agent-8731208274496', 'neutron.services.l3_router.l3_router_plugin.DVRResourceOperationHandler.create_fip_agent_gw_ports--9223372036853092635'] for agent (3ff761c8-d5b0-4088-b656-ec6d10ae52d1), after_create _notify_loop /var/lib/kolla/venv/lib/python3.6/site-packages/neutron_lib/callbacks/manager.py:177
2026-04-23 01:46:37.824 23 DEBUG neutron.scheduler.dhcp_agent_scheduler [req-bec2c838-ac1b-457d-ac71-96a61c505f21 - - - - -] No non-hosted networks auto_schedule_networks /var/lib/kolla/venv/lib/python3.6/site-packages/neutron/scheduler/dhcp_agent_scheduler.py:60
2026-04-23 01:46:50.603 26 DEBUG neutron_lib.callbacks.manager [req-4f65bf3b-884c-4667-bc6e-be6638f70f15 - - - - -] Publish callbacks ['neutron.services.segments.db._update_segment_host_mapping_for_agent-8731208274496', 'neutron.services.l3_router.l3_router_plugin.DVRResourceOperationHandler.create_fip_agent_gw_ports--9223372036853092635'] for agent (9872e706-0765-4bd8-8dce-0209d2128dfa), after_create _notify_loop /var/lib/kolla/venv/lib/python3.6/site-packages/neutron_lib/callbacks/manager.py:177
2026-04-23 01:47:04.935 22 DEBUG neutron.wsgi [-] (22) accepted ('10.0.0.38', 41742) server /var/lib/kolla/venv/lib/python3.6/site-packages/eventlet/wsgi.py:1004
2026-04-23 01:47:04.939 22 INFO neutron.wsgi [-] 10.0.0.38 "GET / HTTP/1.1" status: 200 len: 227 time: 0.0030279
2026-04-23 01:47:07.796 27 DEBUG neutron_lib.callbacks.manager [req-dc8295f9-4a02-4501-9028-76c3e2caa1bf - - - - -] Publish callbacks ['neutron.services.segments.db._update_segment_host_mapping_for_agent-8731208274496', 'neutron.plugins.ml2.plugin.Ml2Plugin._retry_binding_revived_agents--9223372036853409391'] for agent (3ff761c8-d5b0-4088-b656-ec6d10ae52d1), after_update _notify_loop /var/lib/kolla/venv/lib/python3.6/site-packages/neutron_lib/callbacks/manager.py:177
2026-04-23 01:47:18.945 29 DEBUG neutron.db.agents_db [req-91da1f96-533a-49b9-8d3f-6a8425525b98 - - - - -] Agent healthcheck: found 2 active agents agent_health_check /var/lib/kolla/venv/lib/python3.6/site-packages/neutron/db/agents_db.py:318
2026-04-23 01:47:20.579 23 DEBUG neutron_lib.callbacks.manager [req-4f65bf3b-884c-4667-bc6e-be6638f70f15 - - - - -] Publish callbacks ['neutron.services.segments.db._update_segment_host_mapping_for_agent-8731208274496', 'neutron.plugins.ml2.plugin.Ml2Plugin._retry_binding_revived_agents--9223372036853409391'] for agent (9872e706-0765-4bd8-8dce-0209d2128dfa), after_update _notify_loop /var/lib/kolla/venv/lib/python3.6/site-packages/neutron_lib/callbacks/manager.py:177
2026-04-23 01:47:34.979 22 DEBUG neutron.wsgi [-] (22) accepted ('10.0.0.38', 57476) server /var/lib/kolla/venv/lib/python3.6/site-packages/eventlet/wsgi.py:1004
2026-04-23 01:47:34.983 22 INFO neutron.wsgi [-] 10.0.0.38 "GET / HTTP/1.1" status: 200 len: 227 time: 0.0025680
2026-04-23 01:47:37.798 24 DEBUG neutron_lib.callbacks.manager [req-af1ea16e-9c1f-4523-8f1b-e8e301bfc6bb - - - - -] Publish callbacks ['neutron.services.segments.db._update_segment_host_mapping_for_agent-8731208274496', 'neutron.plugins.ml2.plugin.Ml2Plugin._retry_binding_revived_agents--9223372036853409391'] for agent (3ff761c8-d5b0-4088-b656-ec6d10ae52d1), after_update _notify_loop /var/lib/kolla/venv/lib/python3.6/site-packages/neutron_lib/callbacks/manager.py:177
2026-04-23 01:47:50.596 25 DEBUG neutron_lib.callbacks.manager [req-4f65bf3b-884c-4667-bc6e-be6638f70f15 - - - - -] Publish callbacks ['neutron.services.segments.db._update_segment_host_mapping_for_agent-8731208274496', 'neutron.plugins.ml2.plugin.Ml2Plugin._retry_binding_revived_agents--9223372036853409391'] for agent (9872e706-0765-4bd8-8dce-0209d2128dfa), after_update _notify_loop /var/lib/kolla/venv/lib/python3.6/site-packages/neutron_lib/callbacks/manager.py:177
2026-04-23 01:47:55.944 29 DEBUG neutron.db.agents_db [req-91da1f96-533a-49b9-8d3f-6a8425525b98 - - - - -] Agent healthcheck: found 2 active agents agent_health_check /var/lib/kolla/venv/lib/python3.6/site-packages/neutron/db/agents_db.py:318
2026-04-23 01:48:05.025 22 DEBUG neutron.wsgi [-] (22) accepted ('10.0.0.38', 52052) server /var/lib/kolla/venv/lib/python3.6/site-packages/eventlet/wsgi.py:1004
2026-04-23 01:48:05.028 22 INFO neutron.wsgi [-] 10.0.0.38 "GET / HTTP/1.1" status: 200 len: 227 time: 0.0026159
2026-04-23 01:48:07.781 28 DEBUG neutron_lib.callbacks.manager [req-fd878a38-1ac4-42a3-acae-c85b3898d8ca - - - - -] Publish callbacks ['neutron.services.segments.db._update_segment_host_mapping_for_agent-8731208274496', 'neutron.plugins.ml2.plugin.Ml2Plugin._retry_binding_revived_agents--9223372036853409391'] for agent (3ff761c8-d5b0-4088-b656-ec6d10ae52d1), after_update _notify_loop /var/lib/kolla/venv/lib/python3.6/site-packages/neutron_lib/callbacks/manager.py:177
2026-04-23 01:48:20.583 26 DEBUG neutron_lib.callbacks.manager [req-4f65bf3b-884c-4667-bc6e-be6638f70f15 - - - - -] Publish callbacks ['neutron.services.segments.db._update_segment_host_mapping_for_agent-8731208274496', 'neutron.plugins.ml2.plugin.Ml2Plugin._retry_binding_revived_agents--9223372036853409391'] for agent (9872e706-0765-4bd8-8dce-0209d2128dfa), after_update _notify_loop /var/lib/kolla/venv/lib/python3.6/site-packages/neutron_lib/callbacks/manager.py:177
2026-04-23 01:48:32.943 29 DEBUG neutron.db.agents_db [req-91da1f96-533a-49b9-8d3f-6a8425525b98 - - - - -] Agent healthcheck: found 2 active agents agent_health_check /var/lib/kolla/venv/lib/python3.6/site-packages/neutron/db/agents_db.py:318
2026-04-23 01:48:35.069 22 DEBUG neutron.wsgi [-] (22) accepted ('10.0.0.38', 58362) server /var/lib/kolla/venv/lib/python3.6/site-packages/eventlet/wsgi.py:1004
2026-04-23 01:48:35.074 22 INFO neutron.wsgi [-] 10.0.0.38 "GET / HTTP/1.1" status: 200 len: 227 time: 0.0037425
2026-04-23 01:48:37.776 27 DEBUG neutron_lib.callbacks.manager [req-b08139e8-bd23-44fa-838c-2b223b240956 - - - - -] Publish callbacks ['neutron.services.segments.db._update_segment_host_mapping_for_agent-8731208274496', 'neutron.plugins.ml2.plugin.Ml2Plugin._retry_binding_revived_agents--9223372036853409391'] for agent (3ff761c8-d5b0-4088-b656-ec6d10ae52d1), after_update _notify_loop /var/lib/kolla/venv/lib/python3.6/site-packages/neutron_lib/callbacks/manager.py:177
2026-04-23 01:48:50.583 23 DEBUG neutron_lib.callbacks.manager [req-4f65bf3b-884c-4667-bc6e-be6638f70f15 - - - - -] Publish callbacks ['neutron.services.segments.db._update_segment_host_mapping_for_agent-8731208274496', 'neutron.plugins.ml2.plugin.Ml2Plugin._retry_binding_revived_agents--9223372036853409391'] for agent (9872e706-0765-4bd8-8dce-0209d2128dfa), after_update _notify_loop /var/lib/kolla/venv/lib/python3.6/site-packages/neutron_lib/callbacks/manager.py:177
2026-04-23 01:49:05.116 22 DEBUG neutron.wsgi [-] (22) accepted ('10.0.0.38', 56024) server /var/lib/kolla/venv/lib/python3.6/site-packages/eventlet/wsgi.py:1004
2026-04-23 01:49:05.123 22 INFO neutron.wsgi [-] 10.0.0.38 "GET / HTTP/1.1" status: 200 len: 227 time: 0.0062907
2026-04-23 01:49:07.782 24 DEBUG neutron_lib.callbacks.manager [req-0077714c-51d5-4618-bbce-c8cbb4b144e1 - - - - -] Publish callbacks ['neutron.services.segments.db._update_segment_host_mapping_for_agent-8731208274496', 'neutron.plugins.ml2.plugin.Ml2Plugin._retry_binding_revived_agents--9223372036853409391'] for agent (3ff761c8-d5b0-4088-b656-ec6d10ae52d1), after_update _notify_loop /var/lib/kolla/venv/lib/python3.6/site-packages/neutron_lib/callbacks/manager.py:177
2026-04-23 01:49:09.941 29 DEBUG neutron.db.agents_db [req-91da1f96-533a-49b9-8d3f-6a8425525b98 - - - - -] Agent healthcheck: found 2 active agents agent_health_check /var/lib/kolla/venv/lib/python3.6/site-packages/neutron/db/agents_db.py:318
2026-04-23 01:49:20.585 25 DEBUG neutron_lib.callbacks.manager [req-4f65bf3b-884c-4667-bc6e-be6638f70f15 - - - - -] Publish callbacks ['neutron.services.segments.db._update_segment_host_mapping_for_agent-8731208274496', 'neutron.plugins.ml2.plugin.Ml2Plugin._retry_binding_revived_agents--9223372036853409391'] for agent (9872e706-0765-4bd8-8dce-0209d2128dfa), after_update _notify_loop /var/lib/kolla/venv/lib/python3.6/site-packages/neutron_lib/callbacks/manager.py:177
2026-04-23 01:49:35.164 22 DEBUG neutron.wsgi [-] (22) accepted ('10.0.0.38', 53984) server /var/lib/kolla/venv/lib/python3.6/site-packages/eventlet/wsgi.py:1004
2026-04-23 01:49:35.168 22 INFO neutron.wsgi [-] 10.0.0.38 "GET / HTTP/1.1" status: 200 len: 227 time: 0.0027182
2026-04-23 01:49:37.781 28 DEBUG neutron_lib.callbacks.manager [req-3ab51498-9d10-42b6-91b5-ed0146918bb7 - - - - -] Publish callbacks ['neutron.services.segments.db._update_segment_host_mapping_for_agent-8731208274496', 'neutron.plugins.ml2.plugin.Ml2Plugin._retry_binding_revived_agents--9223372036853409391'] for agent (3ff761c8-d5b0-4088-b656-ec6d10ae52d1), after_update _notify_loop /var/lib/kolla/venv/lib/python3.6/site-packages/neutron_lib/callbacks/manager.py:177
2026-04-23 01:49:46.940 29 DEBUG neutron.db.agents_db [req-91da1f96-533a-49b9-8d3f-6a8425525b98 - - - - -] Agent healthcheck: found 2 active agents agent_health_check /var/lib/kolla/venv/lib/python3.6/site-packages/neutron/db/agents_db.py:318
2026-04-23 01:49:50.587 26 DEBUG neutron_lib.callbacks.manager [req-4f65bf3b-884c-4667-bc6e-be6638f70f15 - - - - -] Publish callbacks ['neutron.services.segments.db._update_segment_host_mapping_for_agent-8731208274496', 'neutron.plugins.ml2.plugin.Ml2Plugin._retry_binding_revived_agents--9223372036853409391'] for agent (9872e706-0765-4bd8-8dce-0209d2128dfa), after_update _notify_loop /var/lib/kolla/venv/lib/python3.6/site-packages/neutron_lib/callbacks/manager.py:177
2026-04-23 01:50:05.212 22 DEBUG neutron.wsgi [-] (22) accepted ('10.0.0.38', 43856) server /var/lib/kolla/venv/lib/python3.6/site-packages/eventlet/wsgi.py:1004
2026-04-23 01:50:05.215 22 INFO neutron.wsgi [-] 10.0.0.38 "GET / HTTP/1.1" status: 200 len: 227 time: 0.0024109
2026-04-23 01:50:07.778 27 DEBUG neutron_lib.callbacks.manager [req-730509de-557d-4d74-9847-c32e2b4cc6cd - - - - -] Publish callbacks ['neutron.services.segments.db._update_segment_host_mapping_for_agent-8731208274496', 'neutron.plugins.ml2.plugin.Ml2Plugin._retry_binding_revived_agents--9223372036853409391'] for agent (3ff761c8-d5b0-4088-b656-ec6d10ae52d1), after_update _notify_loop /var/lib/kolla/venv/lib/python3.6/site-packages/neutron_lib/callbacks/manager.py:177
2026-04-23 01:50:20.592 23 DEBUG neutron_lib.callbacks.manager [req-4f65bf3b-884c-4667-bc6e-be6638f70f15 - - - - -] Publish callbacks ['neutron.services.segments.db._update_segment_host_mapping_for_agent-8731208274496', 'neutron.plugins.ml2.plugin.Ml2Plugin._retry_binding_revived_agents--9223372036853409391'] for agent (9872e706-0765-4bd8-8dce-0209d2128dfa), after_update _notify_loop /var/lib/kolla/venv/lib/python3.6/site-packages/neutron_lib/callbacks/manager.py:177
2026-04-23 01:50:23.946 29 DEBUG neutron.db.agents_db [req-91da1f96-533a-49b9-8d3f-6a8425525b98 - - - - -] Agent healthcheck: found 2 active agents agent_health_check /var/lib/kolla/venv/lib/python3.6/site-packages/neutron/db/agents_db.py:318
2026-04-23 01:50:35.262 22 DEBUG neutron.wsgi [-] (22) accepted ('10.0.0.38', 42132) server /var/lib/kolla/venv/lib/python3.6/site-packages/eventlet/wsgi.py:1004
2026-04-23 01:50:35.266 22 INFO neutron.wsgi [-] 10.0.0.38 "GET / HTTP/1.1" status: 200 len: 227 time: 0.0023458
2026-04-23 01:50:37.775 24 DEBUG neutron_lib.callbacks.manager [req-10808b1d-63ac-4f16-aa82-4b90a5cbfde1 - - - - -] Publish callbacks ['neutron.services.segments.db._update_segment_host_mapping_for_agent-8731208274496', 'neutron.plugins.ml2.plugin.Ml2Plugin._retry_binding_revived_agents--9223372036853409391'] for agent (3ff761c8-d5b0-4088-b656-ec6d10ae52d1), after_update _notify_loop /var/lib/kolla/venv/lib/python3.6/site-packages/neutron_lib/callbacks/manager.py:177
2026-04-23 01:50:50.592 25 DEBUG neutron_lib.callbacks.manager [req-4f65bf3b-884c-4667-bc6e-be6638f70f15 - - - - -] Publish callbacks ['neutron.services.segments.db._update_segment_host_mapping_for_agent-8731208274496', 'neutron.plugins.ml2.plugin.Ml2Plugin._retry_binding_revived_agents--9223372036853409391'] for agent (9872e706-0765-4bd8-8dce-0209d2128dfa), after_update _notify_loop /var/lib/kolla/venv/lib/python3.6/site-packages/neutron_lib/callbacks/manager.py:177
2026-04-23 01:51:00.955 29 DEBUG neutron.db.agents_db [req-91da1f96-533a-49b9-8d3f-6a8425525b98 - - - - -] Agent healthcheck: found 2 active agents agent_health_check /var/lib/kolla/venv/lib/python3.6/site-packages/neutron/db/agents_db.py:318
2026-04-23 01:51:05.308 22 DEBUG neutron.wsgi [-] (22) accepted ('10.0.0.38', 34188) server /var/lib/kolla/venv/lib/python3.6/site-packages/eventlet/wsgi.py:1004
2026-04-23 01:51:05.312 22 INFO neutron.wsgi [-] 10.0.0.38 "GET / HTTP/1.1" status: 200 len: 227 time: 0.0030115
2026-04-23 01:51:07.775 28 DEBUG neutron_lib.callbacks.manager [req-abb64bf4-5b4f-4bf7-9190-b33fecb7d0ed - - - - -] Publish callbacks ['neutron.services.segments.db._update_segment_host_mapping_for_agent-8731208274496', 'neutron.plugins.ml2.plugin.Ml2Plugin._retry_binding_revived_agents--9223372036853409391'] for agent (3ff761c8-d5b0-4088-b656-ec6d10ae52d1), after_update _notify_loop /var/lib/kolla/venv/lib/python3.6/site-packages/neutron_lib/callbacks/manager.py:177
2026-04-23 01:51:20.594 26 DEBUG neutron_lib.callbacks.manager [req-4f65bf3b-884c-4667-bc6e-be6638f70f15 - - - - -] Publish callbacks ['neutron.services.segments.db._update_segment_host_mapping_for_agent-8731208274496', 'neutron.plugins.ml2.plugin.Ml2Plugin._retry_binding_revived_agents--9223372036853409391'] for agent (9872e706-0765-4bd8-8dce-0209d2128dfa), after_update _notify_loop /var/lib/kolla/venv/lib/python3.6/site-packages/neutron_lib/callbacks/manager.py:177
2026-04-23 01:51:35.356 22 DEBUG neutron.wsgi [-] (22) accepted ('10.0.0.38', 41560) server /var/lib/kolla/venv/lib/python3.6/site-packages/eventlet/wsgi.py:1004
2026-04-23 01:51:35.360 22 INFO neutron.wsgi [-] 10.0.0.38 "GET / HTTP/1.1" status: 200 len: 227 time: 0.0028844
2026-04-23 01:51:37.782 27 DEBUG neutron_lib.callbacks.manager [req-f5ca2b0e-676b-4c02-9102-c59a76f6af18 - - - - -] Publish callbacks ['neutron.services.segments.db._update_segment_host_mapping_for_agent-8731208274496', 'neutron.plugins.ml2.plugin.Ml2Plugin._retry_binding_revived_agents--9223372036853409391'] for agent (3ff761c8-d5b0-4088-b656-ec6d10ae52d1), after_update _notify_loop /var/lib/kolla/venv/lib/python3.6/site-packages/neutron_lib/callbacks/manager.py:177
2026-04-23 01:51:37.951 29 DEBUG neutron.db.agents_db [req-91da1f96-533a-49b9-8d3f-6a8425525b98 - - - - -] Agent healthcheck: found 2 active agents agent_health_check /var/lib/kolla/venv/lib/python3.6/site-packages/neutron/db/agents_db.py:318
2026-04-23 01:51:50.596 23 DEBUG neutron_lib.callbacks.manager [req-4f65bf3b-884c-4667-bc6e-be6638f70f15 - - - - -] Publish callbacks ['neutron.services.segments.db._update_segment_host_mapping_for_agent-8731208274496', 'neutron.plugins.ml2.plugin.Ml2Plugin._retry_binding_revived_agents--9223372036853409391'] for agent (9872e706-0765-4bd8-8dce-0209d2128dfa), after_update _notify_loop /var/lib/kolla/venv/lib/python3.6/site-packages/neutron_lib/callbacks/manager.py:177
2026-04-23 01:52:05.406 22 DEBUG neutron.wsgi [-] (22) accepted ('10.0.0.38', 36678) server /var/lib/kolla/venv/lib/python3.6/site-packages/eventlet/wsgi.py:1004
2026-04-23 01:52:05.409 22 INFO neutron.wsgi [-] 10.0.0.38 "GET / HTTP/1.1" status: 200 len: 227 time: 0.0024729
2026-04-23 01:52:07.781 24 DEBUG neutron_lib.callbacks.manager [req-2833f740-cc29-4705-9f0b-0817b7d14d92 - - - - -] Publish callbacks ['neutron.services.segments.db._update_segment_host_mapping_for_agent-8731208274496', 'neutron.plugins.ml2.plugin.Ml2Plugin._retry_binding_revived_agents--9223372036853409391'] for agent (3ff761c8-d5b0-4088-b656-ec6d10ae52d1), after_update _notify_loop /var/lib/kolla/venv/lib/python3.6/site-packages/neutron_lib/callbacks/manager.py:177
2026-04-23 01:52:14.957 29 DEBUG neutron.db.agents_db [req-91da1f96-533a-49b9-8d3f-6a8425525b98 - - - - -] Agent healthcheck: found 2 active agents agent_health_check /var/lib/kolla/venv/lib/python3.6/site-packages/neutron/db/agents_db.py:318
2026-04-23 01:52:20.597 25 DEBUG neutron_lib.callbacks.manager [req-4f65bf3b-884c-4667-bc6e-be6638f70f15 - - - - -] Publish callbacks ['neutron.services.segments.db._update_segment_host_mapping_for_agent-8731208274496', 'neutron.plugins.ml2.plugin.Ml2Plugin._retry_binding_revived_agents--9223372036853409391'] for agent (9872e706-0765-4bd8-8dce-0209d2128dfa), after_update _notify_loop /var/lib/kolla/venv/lib/python3.6/site-packages/neutron_lib/callbacks/manager.py:177
2026-04-23 01:52:35.453 22 DEBUG neutron.wsgi [-] (22) accepted ('10.0.0.38', 56172) server /var/lib/kolla/venv/lib/python3.6/site-packages/eventlet/wsgi.py:1004
2026-04-23 01:52:35.457 22 INFO neutron.wsgi [-] 10.0.0.38 "GET / HTTP/1.1" status: 200 len: 227 time: 0.0027697
2026-04-23 01:52:37.775 28 DEBUG neutron_lib.callbacks.manager [req-16f0f6de-7fd2-4699-a3e1-5cc9d051b021 - - - - -] Publish callbacks ['neutron.services.segments.db._update_segment_host_mapping_for_agent-8731208274496', 'neutron.plugins.ml2.plugin.Ml2Plugin._retry_binding_revived_agents--9223372036853409391'] for agent (3ff761c8-d5b0-4088-b656-ec6d10ae52d1), after_update _notify_loop /var/lib/kolla/venv/lib/python3.6/site-packages/neutron_lib/callbacks/manager.py:177
2026-04-23 01:52:50.602 26 DEBUG neutron_lib.callbacks.manager [req-4f65bf3b-884c-4667-bc6e-be6638f70f15 - - - - -] Publish callbacks ['neutron.services.segments.db._update_segment_host_mapping_for_agent-8731208274496', 'neutron.plugins.ml2.plugin.Ml2Plugin._retry_binding_revived_agents--9223372036853409391'] for agent (9872e706-0765-4bd8-8dce-0209d2128dfa), after_update _notify_loop /var/lib/kolla/venv/lib/python3.6/site-packages/neutron_lib/callbacks/manager.py:177
2026-04-23 01:52:51.952 29 DEBUG neutron.db.agents_db [req-91da1f96-533a-49b9-8d3f-6a8425525b98 - - - - -] Agent healthcheck: found 2 active agents agent_health_check /var/lib/kolla/venv/lib/python3.6/site-packages/neutron/db/agents_db.py:318
2026-04-23 01:53:05.501 22 DEBUG neutron.wsgi [-] (22) accepted ('10.0.0.38', 45396) server /var/lib/kolla/venv/lib/python3.6/site-packages/eventlet/wsgi.py:1004
2026-04-23 01:53:05.504 22 INFO neutron.wsgi [-] 10.0.0.38 "GET / HTTP/1.1" status: 200 len: 227 time: 0.0024731
2026-04-23 01:53:07.780 27 DEBUG neutron_lib.callbacks.manager [req-bee5502b-5eaf-47cb-8fa2-8b656c53ada8 - - - - -] Publish callbacks ['neutron.services.segments.db._update_segment_host_mapping_for_agent-8731208274496', 'neutron.plugins.ml2.plugin.Ml2Plugin._retry_binding_revived_agents--9223372036853409391'] for agent (3ff761c8-d5b0-4088-b656-ec6d10ae52d1), after_update _notify_loop /var/lib/kolla/venv/lib/python3.6/site-packages/neutron_lib/callbacks/manager.py:177
2026-04-23 01:53:20.611 23 DEBUG neutron_lib.callbacks.manager [req-4f65bf3b-884c-4667-bc6e-be6638f70f15 - - - - -] Publish callbacks ['neutron.services.segments.db._update_segment_host_mapping_for_agent-8731208274496', 'neutron.plugins.ml2.plugin.Ml2Plugin._retry_binding_revived_agents--9223372036853409391'] for agent (9872e706-0765-4bd8-8dce-0209d2128dfa), after_update _notify_loop /var/lib/kolla/venv/lib/python3.6/site-packages/neutron_lib/callbacks/manager.py:177
2026-04-23 01:53:28.959 29 DEBUG neutron.db.agents_db [req-91da1f96-533a-49b9-8d3f-6a8425525b98 - - - - -] Agent healthcheck: found 2 active agents agent_health_check /var/lib/kolla/venv/lib/python3.6/site-packages/neutron/db/agents_db.py:318
2026-04-23 01:53:35.548 22 DEBUG neutron.wsgi [-] (22) accepted ('10.0.0.38', 46688) server /var/lib/kolla/venv/lib/python3.6/site-packages/eventlet/wsgi.py:1004
2026-04-23 01:53:35.554 22 INFO neutron.wsgi [-] 10.0.0.38 "GET / HTTP/1.1" status: 200 len: 227 time: 0.0039473
2026-04-23 01:53:37.786 24 DEBUG neutron_lib.callbacks.manager [req-513995ed-098a-475d-be97-fdb43af35a52 - - - - -] Publish callbacks ['neutron.services.segments.db._update_segment_host_mapping_for_agent-8731208274496', 'neutron.plugins.ml2.plugin.Ml2Plugin._retry_binding_revived_agents--9223372036853409391'] for agent (3ff761c8-d5b0-4088-b656-ec6d10ae52d1), after_update _notify_loop /var/lib/kolla/venv/lib/python3.6/site-packages/neutron_lib/callbacks/manager.py:177
2026-04-23 01:53:50.605 25 DEBUG neutron_lib.callbacks.manager [req-4f65bf3b-884c-4667-bc6e-be6638f70f15 - - - - -] Publish callbacks ['neutron.services.segments.db._update_segment_host_mapping_for_agent-8731208274496', 'neutron.plugins.ml2.plugin.Ml2Plugin._retry_binding_revived_agents--9223372036853409391'] for agent (9872e706-0765-4bd8-8dce-0209d2128dfa), after_update _notify_loop /var/lib/kolla/venv/lib/python3.6/site-packages/neutron_lib/callbacks/manager.py:177
2026-04-23 01:54:05.595 22 DEBUG neutron.wsgi [-] (22) accepted ('10.0.0.38', 45956) server /var/lib/kolla/venv/lib/python3.6/site-packages/eventlet/wsgi.py:1004
2026-04-23 01:54:05.599 22 INFO neutron.wsgi [-] 10.0.0.38 "GET / HTTP/1.1" status: 200 len: 227 time: 0.0029681
2026-04-23 01:54:05.957 29 DEBUG neutron.db.agents_db [req-91da1f96-533a-49b9-8d3f-6a8425525b98 - - - - -] Agent healthcheck: found 2 active agents agent_health_check /var/lib/kolla/venv/lib/python3.6/site-packages/neutron/db/agents_db.py:318
2026-04-23 01:54:07.786 28 DEBUG neutron_lib.callbacks.manager [req-c173fcea-5597-4e36-8def-c671b9a0764f - - - - -] Publish callbacks ['neutron.services.segments.db._update_segment_host_mapping_for_agent-8731208274496', 'neutron.plugins.ml2.plugin.Ml2Plugin._retry_binding_revived_agents--9223372036853409391'] for agent (3ff761c8-d5b0-4088-b656-ec6d10ae52d1), after_update _notify_loop /var/lib/kolla/venv/lib/python3.6/site-packages/neutron_lib/callbacks/manager.py:177
2026-04-23 01:54:20.607 26 DEBUG neutron_lib.callbacks.manager [req-4f65bf3b-884c-4667-bc6e-be6638f70f15 - - - - -] Publish callbacks ['neutron.services.segments.db._update_segment_host_mapping_for_agent-8731208274496', 'neutron.plugins.ml2.plugin.Ml2Plugin._retry_binding_revived_agents--9223372036853409391'] for agent (9872e706-0765-4bd8-8dce-0209d2128dfa), after_update _notify_loop /var/lib/kolla/venv/lib/python3.6/site-packages/neutron_lib/callbacks/manager.py:177
2026-04-23 01:54:35.708 22 DEBUG neutron.wsgi [-] (22) accepted ('10.0.0.38', 38026) server /var/lib/kolla/venv/lib/python3.6/site-packages/eventlet/wsgi.py:1004
2026-04-23 01:54:35.712 22 INFO neutron.wsgi [-] 10.0.0.38 "GET / HTTP/1.1" status: 200 len: 227 time: 0.0035436
2026-04-23 01:54:37.783 27 DEBUG neutron_lib.callbacks.manager [req-d339161d-c3ec-44d7-80ea-9fdb80c0e94c - - - - -] Publish callbacks ['neutron.services.segments.db._update_segment_host_mapping_for_agent-8731208274496', 'neutron.plugins.ml2.plugin.Ml2Plugin._retry_binding_revived_agents--9223372036853409391'] for agent (3ff761c8-d5b0-4088-b656-ec6d10ae52d1), after_update _notify_loop /var/lib/kolla/venv/lib/python3.6/site-packages/neutron_lib/callbacks/manager.py:177
2026-04-23 01:54:42.956 29 DEBUG neutron.db.agents_db [req-91da1f96-533a-49b9-8d3f-6a8425525b98 - - - - -] Agent healthcheck: found 2 active agents agent_health_check /var/lib/kolla/venv/lib/python3.6/site-packages/neutron/db/agents_db.py:318
2026-04-23 01:54:48.091 7 INFO oslo_service.service [-] Caught SIGTERM, stopping children
2026-04-23 01:54:48.091 7 DEBUG oslo_concurrency.lockutils [-] Acquired lock "singleton_lock" lock /var/lib/kolla/venv/lib/python3.6/site-packages/oslo_concurrency/lockutils.py:294
2026-04-23 01:54:48.091 7 DEBUG oslo_concurrency.lockutils [-] Releasing lock "singleton_lock" lock /var/lib/kolla/venv/lib/python3.6/site-packages/oslo_concurrency/lockutils.py:312
2026-04-23 01:54:48.092 7 DEBUG oslo_service.service [-] Stop services. stop /var/lib/kolla/venv/lib/python3.6/site-packages/oslo_service/service.py:695
2026-04-23 01:54:48.092 7 DEBUG neutron.service [-] calling RpcWorker stop() stop /var/lib/kolla/venv/lib/python3.6/site-packages/neutron/service.py:138
2026-04-23 01:54:48.092 7 DEBUG neutron.service [-] calling RpcWorker stop() stop /var/lib/kolla/venv/lib/python3.6/site-packages/neutron/service.py:138
2026-04-23 01:54:48.092 7 DEBUG oslo_service.service [-] Killing children. stop /var/lib/kolla/venv/lib/python3.6/site-packages/oslo_service/service.py:700
2026-04-23 01:54:48.092 7 INFO oslo_service.service [-] Waiting on 8 children to exit
2026-04-23 01:54:48.092 27 DEBUG neutron.service [-] calling RpcWorker stop() stop /var/lib/kolla/venv/lib/python3.6/site-packages/neutron/service.py:138
2026-04-23 01:54:48.092 28 DEBUG neutron.service [-] calling RpcWorker stop() stop /var/lib/kolla/venv/lib/python3.6/site-packages/neutron/service.py:138
2026-04-23 01:54:48.092 29 DEBUG neutron.service [-] calling RpcWorker stop() stop /var/lib/kolla/venv/lib/python3.6/site-packages/neutron/service.py:138
2026-04-23 01:54:48.093 29 DEBUG neutron.service [-] calling stop on stop /var/lib/kolla/venv/lib/python3.6/site-packages/neutron/service.py:141
2026-04-23 01:54:48.095 22 INFO neutron.wsgi [-] (22) wsgi exited, is_accepting=True
2026-04-23 01:54:48.093 27 DEBUG neutron.service [-] calling stop on stop /var/lib/kolla/venv/lib/python3.6/site-packages/neutron/service.py:141
2026-04-23 01:54:48.093 28 DEBUG neutron.service [-] calling stop on stop /var/lib/kolla/venv/lib/python3.6/site-packages/neutron/service.py:141
2026-04-23 01:54:48.095 22 DEBUG oslo_concurrency.lockutils [req-e9509444-d159-4697-abf0-ca84dbf0a5dc - - - - -] Acquired lock "singleton_lock" lock /var/lib/kolla/venv/lib/python3.6/site-packages/oslo_concurrency/lockutils.py:294
2026-04-23 01:54:48.096 22 DEBUG oslo_concurrency.lockutils [req-e9509444-d159-4697-abf0-ca84dbf0a5dc - - - - -] Releasing lock "singleton_lock" lock /var/lib/kolla/venv/lib/python3.6/site-packages/oslo_concurrency/lockutils.py:312
2026-04-23 01:54:48.099 25 DEBUG neutron.service [-] calling RpcWorker stop() stop /var/lib/kolla/venv/lib/python3.6/site-packages/neutron/service.py:138
2026-04-23 01:54:48.100 25 DEBUG neutron.service [-] calling stop on stop /var/lib/kolla/venv/lib/python3.6/site-packages/neutron/service.py:141
2026-04-23 01:54:48.102 7 INFO oslo_service.service [-] Child 22 exited with status 0
2026-04-23 01:54:48.107 24 DEBUG neutron.service [-] calling RpcWorker stop() stop /var/lib/kolla/venv/lib/python3.6/site-packages/neutron/service.py:138
2026-04-23 01:54:48.109 26 DEBUG neutron.service [-] calling RpcWorker stop() stop /var/lib/kolla/venv/lib/python3.6/site-packages/neutron/service.py:138
2026-04-23 01:54:48.107 24 DEBUG neutron.service [-] calling stop on stop /var/lib/kolla/venv/lib/python3.6/site-packages/neutron/service.py:141
2026-04-23 01:54:48.110 23 DEBUG neutron.service [-] calling RpcWorker stop() stop /var/lib/kolla/venv/lib/python3.6/site-packages/neutron/service.py:138
2026-04-23 01:54:48.110 23 DEBUG neutron.service [-] calling stop on stop /var/lib/kolla/venv/lib/python3.6/site-packages/neutron/service.py:141
2026-04-23 01:54:48.109 26 DEBUG neutron.service [-] calling stop on stop /var/lib/kolla/venv/lib/python3.6/site-packages/neutron/service.py:141
2026-04-23 01:54:48.803 26 DEBUG oslo_concurrency.lockutils [req-e9509444-d159-4697-abf0-ca84dbf0a5dc - - - - -] Acquired lock "singleton_lock" lock /var/lib/kolla/venv/lib/python3.6/site-packages/oslo_concurrency/lockutils.py:294
2026-04-23 01:54:48.804 26 DEBUG oslo_concurrency.lockutils [req-e9509444-d159-4697-abf0-ca84dbf0a5dc - - - - -] Releasing lock "singleton_lock" lock /var/lib/kolla/venv/lib/python3.6/site-packages/oslo_concurrency/lockutils.py:312
2026-04-23 01:54:48.804 26 DEBUG neutron.service [req-e9509444-d159-4697-abf0-ca84dbf0a5dc - - - - -] calling RpcWorker wait() _wait /var/lib/kolla/venv/lib/python3.6/site-packages/neutron/service.py:128
2026-04-23 01:54:48.805 26 DEBUG neutron.service [req-e9509444-d159-4697-abf0-ca84dbf0a5dc - - - - -] calling wait on _wait /var/lib/kolla/venv/lib/python3.6/site-packages/neutron/service.py:131
2026-04-23 01:54:48.811 26 WARNING amqp [req-e9509444-d159-4697-abf0-ca84dbf0a5dc - - - - -] Received method (60, 30) during closing channel 1. This method will be ignored
2026-04-23 01:54:48.812 26 DEBUG neutron.service [req-e9509444-d159-4697-abf0-ca84dbf0a5dc - - - - -] returning from RpcWorker wait() _wait /var/lib/kolla/venv/lib/python3.6/site-packages/neutron/service.py:135
2026-04-23 01:54:48.816 7 INFO oslo_service.service [-] Child 26 exited with status 0
2026-04-23 01:54:50.609 23 DEBUG neutron_lib.callbacks.manager [req-4f65bf3b-884c-4667-bc6e-be6638f70f15 - - - - -] Publish callbacks ['neutron.services.segments.db._update_segment_host_mapping_for_agent-8731208274496', 'neutron.plugins.ml2.plugin.Ml2Plugin._retry_binding_revived_agents--9223372036853409391'] for agent (9872e706-0765-4bd8-8dce-0209d2128dfa), after_update _notify_loop /var/lib/kolla/venv/lib/python3.6/site-packages/neutron_lib/callbacks/manager.py:177
2026-04-23 01:54:50.985 28 DEBUG oslo_concurrency.lockutils [req-e9509444-d159-4697-abf0-ca84dbf0a5dc - - - - -] Acquired lock "singleton_lock" lock /var/lib/kolla/venv/lib/python3.6/site-packages/oslo_concurrency/lockutils.py:294
2026-04-23 01:54:50.985 27 DEBUG oslo_concurrency.lockutils [req-e9509444-d159-4697-abf0-ca84dbf0a5dc - - - - -] Acquired lock "singleton_lock" lock /var/lib/kolla/venv/lib/python3.6/site-packages/oslo_concurrency/lockutils.py:294
2026-04-23 01:54:50.985 28 DEBUG oslo_concurrency.lockutils [req-e9509444-d159-4697-abf0-ca84dbf0a5dc - - - - -] Releasing lock "singleton_lock" lock /var/lib/kolla/venv/lib/python3.6/site-packages/oslo_concurrency/lockutils.py:312
2026-04-23 01:54:50.985 27 DEBUG oslo_concurrency.lockutils [req-e9509444-d159-4697-abf0-ca84dbf0a5dc - - - - -] Releasing lock "singleton_lock" lock /var/lib/kolla/venv/lib/python3.6/site-packages/oslo_concurrency/lockutils.py:312
2026-04-23 01:54:50.985 28 DEBUG neutron.service [req-e9509444-d159-4697-abf0-ca84dbf0a5dc - - - - -] calling RpcWorker wait() _wait /var/lib/kolla/venv/lib/python3.6/site-packages/neutron/service.py:128
2026-04-23 01:54:50.985 27 DEBUG neutron.service [req-e9509444-d159-4697-abf0-ca84dbf0a5dc - - - - -] calling RpcWorker wait() _wait /var/lib/kolla/venv/lib/python3.6/site-packages/neutron/service.py:128
2026-04-23 01:54:50.985 28 DEBUG neutron.service [req-e9509444-d159-4697-abf0-ca84dbf0a5dc - - - - -] calling wait on _wait /var/lib/kolla/venv/lib/python3.6/site-packages/neutron/service.py:131
2026-04-23 01:54:50.986 27 DEBUG neutron.service [req-e9509444-d159-4697-abf0-ca84dbf0a5dc - - - - -] calling wait on _wait /var/lib/kolla/venv/lib/python3.6/site-packages/neutron/service.py:131
2026-04-23 01:54:50.992 28 WARNING amqp [req-e9509444-d159-4697-abf0-ca84dbf0a5dc - - - - -] Received method (60, 30) during closing channel 1. This method will be ignored
2026-04-23 01:54:50.993 28 DEBUG neutron.service [req-e9509444-d159-4697-abf0-ca84dbf0a5dc - - - - -] returning from RpcWorker wait() _wait /var/lib/kolla/venv/lib/python3.6/site-packages/neutron/service.py:135
2026-04-23 01:54:50.995 27 WARNING amqp [req-e9509444-d159-4697-abf0-ca84dbf0a5dc - - - - -] Received method (60, 30) during closing channel 1. This method will be ignored
2026-04-23 01:54:50.996 27 DEBUG neutron.service [req-e9509444-d159-4697-abf0-ca84dbf0a5dc - - - - -] returning from RpcWorker wait() _wait /var/lib/kolla/venv/lib/python3.6/site-packages/neutron/service.py:135
2026-04-23 01:54:50.998 7 INFO oslo_service.service [-] Child 28 exited with status 0
2026-04-23 01:54:51.001 7 INFO oslo_service.service [-] Child 27 exited with status 0
2026-04-23 01:54:52.939 24 DEBUG neutron.service [-] calling stop on stop /var/lib/kolla/venv/lib/python3.6/site-packages/neutron/service.py:141
2026-04-23 01:54:52.940 23 DEBUG neutron.service [-] calling stop on stop /var/lib/kolla/venv/lib/python3.6/site-packages/neutron/service.py:141
2026-04-23 01:54:52.941 23 DEBUG neutron.service [-] calling stop on stop /var/lib/kolla/venv/lib/python3.6/site-packages/neutron/service.py:141
2026-04-23 01:54:52.962 24 DEBUG neutron.service [-] calling stop on stop /var/lib/kolla/venv/lib/python3.6/site-packages/neutron/service.py:141
2026-04-23 01:54:52.963 29 DEBUG oslo_concurrency.lockutils [req-e9509444-d159-4697-abf0-ca84dbf0a5dc - - - - -] Acquired lock "singleton_lock" lock /var/lib/kolla/venv/lib/python3.6/site-packages/oslo_concurrency/lockutils.py:294
2026-04-23 01:54:52.964 29 DEBUG oslo_concurrency.lockutils [req-e9509444-d159-4697-abf0-ca84dbf0a5dc - - - - -] Releasing lock "singleton_lock" lock /var/lib/kolla/venv/lib/python3.6/site-packages/oslo_concurrency/lockutils.py:312
2026-04-23 01:54:52.964 29 DEBUG neutron.service [req-e9509444-d159-4697-abf0-ca84dbf0a5dc - - - - -] calling RpcWorker wait() _wait /var/lib/kolla/venv/lib/python3.6/site-packages/neutron/service.py:128
2026-04-23 01:54:52.965 29 DEBUG neutron.service [req-e9509444-d159-4697-abf0-ca84dbf0a5dc - - - - -] calling wait on _wait /var/lib/kolla/venv/lib/python3.6/site-packages/neutron/service.py:131
2026-04-23 01:54:52.972 29 WARNING amqp [req-e9509444-d159-4697-abf0-ca84dbf0a5dc - - - - -] Received method (60, 30) during closing channel 1. This method will be ignored
2026-04-23 01:54:52.973 29 DEBUG neutron.service [req-e9509444-d159-4697-abf0-ca84dbf0a5dc - - - - -] returning from RpcWorker wait() _wait /var/lib/kolla/venv/lib/python3.6/site-packages/neutron/service.py:135
2026-04-23 01:54:52.975 25 DEBUG neutron.service [-] calling stop on stop /var/lib/kolla/venv/lib/python3.6/site-packages/neutron/service.py:141
2026-04-23 01:54:52.979 25 DEBUG neutron.service [-] calling stop on stop /var/lib/kolla/venv/lib/python3.6/site-packages/neutron/service.py:141
2026-04-23 01:54:52.979 7 INFO oslo_service.service [-] Child 29 exited with status 0
2026-04-23 01:54:52.980 24 DEBUG neutron.service [-] calling stop on stop /var/lib/kolla/venv/lib/python3.6/site-packages/neutron/service.py:141
2026-04-23 01:54:52.987 25 DEBUG neutron.service [-] calling stop on stop /var/lib/kolla/venv/lib/python3.6/site-packages/neutron/service.py:141
2026-04-23 01:54:52.988 24 DEBUG oslo_concurrency.lockutils [req-e9509444-d159-4697-abf0-ca84dbf0a5dc - - - - -] Acquired lock "singleton_lock" lock /var/lib/kolla/venv/lib/python3.6/site-packages/oslo_concurrency/lockutils.py:294
2026-04-23 01:54:52.988 24 DEBUG oslo_concurrency.lockutils [req-e9509444-d159-4697-abf0-ca84dbf0a5dc - - - - -] Releasing lock "singleton_lock" lock /var/lib/kolla/venv/lib/python3.6/site-packages/oslo_concurrency/lockutils.py:312
2026-04-23 01:54:52.989 24 DEBUG neutron.service [req-e9509444-d159-4697-abf0-ca84dbf0a5dc - - - - -] calling RpcWorker wait() _wait /var/lib/kolla/venv/lib/python3.6/site-packages/neutron/service.py:128
2026-04-23 01:54:52.989 24 DEBUG neutron.service [req-e9509444-d159-4697-abf0-ca84dbf0a5dc - - - - -] calling wait on _wait /var/lib/kolla/venv/lib/python3.6/site-packages/neutron/service.py:131
2026-04-23 01:54:52.994 24 WARNING amqp [req-e9509444-d159-4697-abf0-ca84dbf0a5dc - - - - -] Received method (60, 30) during closing channel 1. This method will be ignored
2026-04-23 01:54:52.995 24 DEBUG neutron.service [req-e9509444-d159-4697-abf0-ca84dbf0a5dc - - - - -] calling wait on _wait /var/lib/kolla/venv/lib/python3.6/site-packages/neutron/service.py:131
2026-04-23 01:54:52.999 25 DEBUG oslo_concurrency.lockutils [req-e9509444-d159-4697-abf0-ca84dbf0a5dc - - - - -] Acquired lock "singleton_lock" lock /var/lib/kolla/venv/lib/python3.6/site-packages/oslo_concurrency/lockutils.py:294
2026-04-23 01:54:52.999 25 DEBUG oslo_concurrency.lockutils [req-e9509444-d159-4697-abf0-ca84dbf0a5dc - - - - -] Releasing lock "singleton_lock" lock /var/lib/kolla/venv/lib/python3.6/site-packages/oslo_concurrency/lockutils.py:312
2026-04-23 01:54:53.000 25 DEBUG neutron.service [req-e9509444-d159-4697-abf0-ca84dbf0a5dc - - - - -] calling RpcWorker wait() _wait /var/lib/kolla/venv/lib/python3.6/site-packages/neutron/service.py:128
2026-04-23 01:54:53.000 25 DEBUG neutron.service [req-e9509444-d159-4697-abf0-ca84dbf0a5dc - - - - -] calling wait on _wait /var/lib/kolla/venv/lib/python3.6/site-packages/neutron/service.py:131
2026-04-23 01:54:53.001 24 WARNING amqp [req-e9509444-d159-4697-abf0-ca84dbf0a5dc - - - - -] Received method (60, 30) during closing channel 1. This method will be ignored
2026-04-23 01:54:53.002 24 DEBUG neutron.service [req-e9509444-d159-4697-abf0-ca84dbf0a5dc - - - - -] calling wait on _wait /var/lib/kolla/venv/lib/python3.6/site-packages/neutron/service.py:131
2026-04-23 01:54:53.005 25 WARNING amqp [req-e9509444-d159-4697-abf0-ca84dbf0a5dc - - - - -] Received method (60, 30) during closing channel 1. This method will be ignored
2026-04-23 01:54:53.006 25 DEBUG neutron.service [req-e9509444-d159-4697-abf0-ca84dbf0a5dc - - - - -] calling wait on _wait /var/lib/kolla/venv/lib/python3.6/site-packages/neutron/service.py:131
2026-04-23 01:54:53.007 24 WARNING amqp [req-e9509444-d159-4697-abf0-ca84dbf0a5dc - - - - -] Received method (60, 30) during closing channel 1. This method will be ignored
2026-04-23 01:54:53.008 24 DEBUG neutron.service [req-e9509444-d159-4697-abf0-ca84dbf0a5dc - - - - -] calling wait on _wait /var/lib/kolla/venv/lib/python3.6/site-packages/neutron/service.py:131
2026-04-23 01:54:53.011 25 WARNING amqp [req-e9509444-d159-4697-abf0-ca84dbf0a5dc - - - - -] Received method (60, 30) during closing channel 1. This method will be ignored
2026-04-23 01:54:53.012 25 DEBUG neutron.service [req-e9509444-d159-4697-abf0-ca84dbf0a5dc - - - - -] calling wait on _wait /var/lib/kolla/venv/lib/python3.6/site-packages/neutron/service.py:131
2026-04-23 01:54:53.013 24 WARNING amqp [req-e9509444-d159-4697-abf0-ca84dbf0a5dc - - - - -] Received method (60, 30) during closing channel 1. This method will be ignored
2026-04-23 01:54:53.014 24 DEBUG neutron.service [req-e9509444-d159-4697-abf0-ca84dbf0a5dc - - - - -] returning from RpcWorker wait() _wait /var/lib/kolla/venv/lib/python3.6/site-packages/neutron/service.py:135
2026-04-23 01:54:53.016 25 WARNING amqp [req-e9509444-d159-4697-abf0-ca84dbf0a5dc - - - - -] Received method (60, 30) during closing channel 1. This method will be ignored
2026-04-23 01:54:53.016 25 DEBUG neutron.service [req-e9509444-d159-4697-abf0-ca84dbf0a5dc - - - - -] calling wait on _wait /var/lib/kolla/venv/lib/python3.6/site-packages/neutron/service.py:131
2026-04-23 01:54:53.019 7 INFO oslo_service.service [-] Child 24 exited with status 0
2026-04-23 01:54:53.021 25 WARNING amqp [req-e9509444-d159-4697-abf0-ca84dbf0a5dc - - - - -] Received method (60, 30) during closing channel 1. This method will be ignored
2026-04-23 01:54:53.021 25 DEBUG neutron.service [req-e9509444-d159-4697-abf0-ca84dbf0a5dc - - - - -] returning from RpcWorker wait() _wait /var/lib/kolla/venv/lib/python3.6/site-packages/neutron/service.py:135
2026-04-23 01:54:53.025 7 INFO oslo_service.service [-] Child 25 exited with status 0
2026-04-23 01:54:54.709 23 DEBUG neutron.service [-] calling stop on stop /var/lib/kolla/venv/lib/python3.6/site-packages/neutron/service.py:141
2026-04-23 01:55:01.068 7 INFO neutron.common.config [-] Logging enabled!
2026-04-23 01:55:01.069 7 INFO neutron.common.config [-] /var/lib/kolla/venv/bin/neutron-server version 20.5.1.dev23
2026-04-23 01:55:01.070 7 DEBUG neutron.common.config [-] command line: /var/lib/kolla/venv/bin/neutron-server --config-file /etc/neutron/neutron.conf --config-file /etc/neutron/ContrailPlugin.ini --config-file /etc/neutron/api-paste.ini setup_logging /var/lib/kolla/venv/lib/python3.6/site-packages/neutron/common/config.py:115
2026-04-23 01:55:01.073 7 INFO neutron.common.config [-] Logging enabled!
2026-04-23 01:55:01.073 7 INFO neutron.common.config [-] /var/lib/kolla/venv/bin/neutron-server version 20.5.1.dev23
2026-04-23 01:55:01.073 7 DEBUG neutron.common.config [-] command line: /var/lib/kolla/venv/bin/neutron-server --config-file /etc/neutron/neutron.conf --config-file /etc/neutron/ContrailPlugin.ini --config-file /etc/neutron/api-paste.ini setup_logging /var/lib/kolla/venv/lib/python3.6/site-packages/neutron/common/config.py:115
2026-04-23 01:55:01.074 7 DEBUG neutron.common.config [-] ******************************************************************************** log_opt_values /var/lib/kolla/venv/lib/python3.6/site-packages/oslo_config/cfg.py:2589
2026-04-23 01:55:01.074 7 DEBUG neutron.common.config [-] Configuration options gathered from: log_opt_values /var/lib/kolla/venv/lib/python3.6/site-packages/oslo_config/cfg.py:2590
2026-04-23 01:55:01.074 7 DEBUG neutron.common.config [-] command line args: ['--config-file', '/etc/neutron/neutron.conf', '--config-file', '/etc/neutron/ContrailPlugin.ini', '--config-file', '/etc/neutron/api-paste.ini'] log_opt_values /var/lib/kolla/venv/lib/python3.6/site-packages/oslo_config/cfg.py:2591
2026-04-23 01:55:01.075 7 DEBUG neutron.common.config [-] config files: ['/etc/neutron/neutron.conf', '/etc/neutron/ContrailPlugin.ini', '/etc/neutron/api-paste.ini'] log_opt_values /var/lib/kolla/venv/lib/python3.6/site-packages/oslo_config/cfg.py:2593
2026-04-23 01:55:01.076 7 DEBUG neutron.common.config [-] ================================================================================ log_opt_values /var/lib/kolla/venv/lib/python3.6/site-packages/oslo_config/cfg.py:2594
2026-04-23 01:55:01.076 7 DEBUG neutron.common.config [-] allow_bulk = True log_opt_values /var/lib/kolla/venv/lib/python3.6/site-packages/oslo_config/cfg.py:2603
2026-04-23 01:55:01.077 7 WARNING oslo_config.cfg [-] Deprecated: Option "allow_overlapping_ips" from group "DEFAULT" is deprecated for removal. Its value may be silently ignored in the future.
2026-04-23 01:55:01.077 7 DEBUG neutron.common.config [-] allow_overlapping_ips = True log_opt_values /var/lib/kolla/venv/lib/python3.6/site-packages/oslo_config/cfg.py:2603
2026-04-23 01:55:01.077 7 DEBUG neutron.common.config [-] api_extensions_path = /opt/plugin/site-packages/neutron_plugin_contrail/extensions:/opt/plugin/site-packages/neutron_lbaas/extensions log_opt_values /var/lib/kolla/venv/lib/python3.6/site-packages/oslo_config/cfg.py:2603
2026-04-23 01:55:01.077 7 DEBUG neutron.common.config [-] api_paste_config = /etc/neutron/api-paste.ini log_opt_values /var/lib/kolla/venv/lib/python3.6/site-packages/oslo_config/cfg.py:2603
2026-04-23 01:55:01.077 7 DEBUG neutron.common.config [-] api_workers = 1 log_opt_values /var/lib/kolla/venv/lib/python3.6/site-packages/oslo_config/cfg.py:2603
2026-04-23 01:55:01.077 7 DEBUG neutron.common.config [-] auth_strategy = keystone log_opt_values /var/lib/kolla/venv/lib/python3.6/site-packages/oslo_config/cfg.py:2603
2026-04-23 01:55:01.077 7 DEBUG neutron.common.config [-] backlog = 4096 log_opt_values /var/lib/kolla/venv/lib/python3.6/site-packages/oslo_config/cfg.py:2603
2026-04-23 01:55:01.077 7 DEBUG neutron.common.config [-] base_mac = fa:16:3e:00:00:00 log_opt_values /var/lib/kolla/venv/lib/python3.6/site-packages/oslo_config/cfg.py:2603
2026-04-23 01:55:01.078 7 DEBUG neutron.common.config [-] bind_host = 10.0.0.38 log_opt_values /var/lib/kolla/venv/lib/python3.6/site-packages/oslo_config/cfg.py:2603
2026-04-23 01:55:01.079 7 DEBUG neutron.common.config [-] bind_port = 9696 log_opt_values /var/lib/kolla/venv/lib/python3.6/site-packages/oslo_config/cfg.py:2603
2026-04-23 01:55:01.079 7 DEBUG neutron.common.config [-] client_socket_timeout = 900 log_opt_values /var/lib/kolla/venv/lib/python3.6/site-packages/oslo_config/cfg.py:2603
2026-04-23 01:55:01.079 7 DEBUG neutron.common.config [-] config_dir = [] log_opt_values /var/lib/kolla/venv/lib/python3.6/site-packages/oslo_config/cfg.py:2603
2026-04-23 01:55:01.079 7 DEBUG neutron.common.config [-] config_file = ['/etc/neutron/neutron.conf', '/etc/neutron/ContrailPlugin.ini', '/etc/neutron/api-paste.ini'] log_opt_values /var/lib/kolla/venv/lib/python3.6/site-packages/oslo_config/cfg.py:2603
2026-04-23 01:55:01.079 7 DEBUG neutron.common.config [-] config_source = [] log_opt_values /var/lib/kolla/venv/lib/python3.6/site-packages/oslo_config/cfg.py:2603
2026-04-23 01:55:01.079 7 DEBUG neutron.common.config [-] control_exchange = neutron log_opt_values /var/lib/kolla/venv/lib/python3.6/site-packages/oslo_config/cfg.py:2603
2026-04-23 01:55:01.079 7 DEBUG neutron.common.config [-] core_plugin = neutron_plugin_contrail.plugins.opencontrail.contrail_plugin.NeutronPluginContrailCoreV2 log_opt_values /var/lib/kolla/venv/lib/python3.6/site-packages/oslo_config/cfg.py:2603
2026-04-23 01:55:01.079 7 DEBUG neutron.common.config [-] debug = True log_opt_values /var/lib/kolla/venv/lib/python3.6/site-packages/oslo_config/cfg.py:2603
