2026-04-20 16:17:44.548 7 DEBUG oslo_service.service [-] ml2_type_geneve.vni_ranges = [] log_opt_values /var/lib/kolla/venv/lib/python3.6/site-packages/oslo_config/cfg.py:2611
2026-04-20 16:17:44.548 7 DEBUG oslo_service.service [-] ml2_type_gre.tunnel_id_ranges = [] log_opt_values /var/lib/kolla/venv/lib/python3.6/site-packages/oslo_config/cfg.py:2611
2026-04-20 16:17:44.548 7 DEBUG oslo_service.service [-] ml2_type_vlan.network_vlan_ranges = [] log_opt_values /var/lib/kolla/venv/lib/python3.6/site-packages/oslo_config/cfg.py:2611
2026-04-20 16:17:44.548 7 DEBUG oslo_service.service [-] ml2_type_vxlan.vni_ranges = [] log_opt_values /var/lib/kolla/venv/lib/python3.6/site-packages/oslo_config/cfg.py:2611
2026-04-20 16:17:44.548 7 DEBUG oslo_service.service [-] ml2_type_vxlan.vxlan_group = None log_opt_values /var/lib/kolla/venv/lib/python3.6/site-packages/oslo_config/cfg.py:2611
2026-04-20 16:17:44.548 7 DEBUG oslo_service.service [-] database.backend = sqlalchemy log_opt_values /var/lib/kolla/venv/lib/python3.6/site-packages/oslo_config/cfg.py:2611
2026-04-20 16:17:44.548 7 DEBUG oslo_service.service [-] database.connection = **** log_opt_values /var/lib/kolla/venv/lib/python3.6/site-packages/oslo_config/cfg.py:2611
2026-04-20 16:17:44.549 7 DEBUG oslo_service.service [-] database.connection_debug = 0 log_opt_values /var/lib/kolla/venv/lib/python3.6/site-packages/oslo_config/cfg.py:2611
2026-04-20 16:17:44.549 7 DEBUG oslo_service.service [-] database.connection_parameters = log_opt_values /var/lib/kolla/venv/lib/python3.6/site-packages/oslo_config/cfg.py:2611
2026-04-20 16:17:44.549 7 DEBUG oslo_service.service [-] database.connection_recycle_time = 10 log_opt_values /var/lib/kolla/venv/lib/python3.6/site-packages/oslo_config/cfg.py:2611
2026-04-20 16:17:44.549 7 DEBUG oslo_service.service [-] database.connection_trace = False log_opt_values /var/lib/kolla/venv/lib/python3.6/site-packages/oslo_config/cfg.py:2611
2026-04-20 16:17:44.549 7 DEBUG oslo_service.service [-] database.db_inc_retry_interval = True log_opt_values /var/lib/kolla/venv/lib/python3.6/site-packages/oslo_config/cfg.py:2611
2026-04-20 16:17:44.549 7 DEBUG oslo_service.service [-] database.db_max_retries = 20 log_opt_values /var/lib/kolla/venv/lib/python3.6/site-packages/oslo_config/cfg.py:2611
2026-04-20 16:17:44.549 7 DEBUG oslo_service.service [-] database.db_max_retry_interval = 10 log_opt_values /var/lib/kolla/venv/lib/python3.6/site-packages/oslo_config/cfg.py:2611
2026-04-20 16:17:44.549 7 DEBUG oslo_service.service [-] database.db_retry_interval = 1 log_opt_values /var/lib/kolla/venv/lib/python3.6/site-packages/oslo_config/cfg.py:2611
2026-04-20 16:17:44.549 7 DEBUG oslo_service.service [-] database.max_overflow = 50 log_opt_values /var/lib/kolla/venv/lib/python3.6/site-packages/oslo_config/cfg.py:2611
2026-04-20 16:17:44.549 7 DEBUG oslo_service.service [-] database.max_pool_size = 1 log_opt_values /var/lib/kolla/venv/lib/python3.6/site-packages/oslo_config/cfg.py:2611
2026-04-20 16:17:44.549 7 DEBUG oslo_service.service [-] database.max_retries = -1 log_opt_values /var/lib/kolla/venv/lib/python3.6/site-packages/oslo_config/cfg.py:2611
2026-04-20 16:17:44.549 7 DEBUG oslo_service.service [-] database.mysql_enable_ndb = False log_opt_values /var/lib/kolla/venv/lib/python3.6/site-packages/oslo_config/cfg.py:2611
2026-04-20 16:17:44.549 7 DEBUG oslo_service.service [-] database.mysql_sql_mode = TRADITIONAL log_opt_values /var/lib/kolla/venv/lib/python3.6/site-packages/oslo_config/cfg.py:2611
2026-04-20 16:17:44.549 7 DEBUG oslo_service.service [-] database.pool_timeout = None log_opt_values /var/lib/kolla/venv/lib/python3.6/site-packages/oslo_config/cfg.py:2611
2026-04-20 16:17:44.549 7 DEBUG oslo_service.service [-] database.retry_interval = 10 log_opt_values /var/lib/kolla/venv/lib/python3.6/site-packages/oslo_config/cfg.py:2611
2026-04-20 16:17:44.549 7 DEBUG oslo_service.service [-] database.slave_connection = **** log_opt_values /var/lib/kolla/venv/lib/python3.6/site-packages/oslo_config/cfg.py:2611
2026-04-20 16:17:44.549 7 DEBUG oslo_service.service [-] database.sqlite_synchronous = True log_opt_values /var/lib/kolla/venv/lib/python3.6/site-packages/oslo_config/cfg.py:2611
2026-04-20 16:17:44.550 7 DEBUG oslo_service.service [-] database.use_db_reconnect = False log_opt_values /var/lib/kolla/venv/lib/python3.6/site-packages/oslo_config/cfg.py:2611
2026-04-20 16:17:44.550 7 DEBUG oslo_service.service [-] ******************************************************************************** log_opt_values /var/lib/kolla/venv/lib/python3.6/site-packages/oslo_config/cfg.py:2613
2026-04-20 16:17:45.832 22 DEBUG neutron.wsgi [-] (22) accepted ('10.0.0.27', 47264) server /var/lib/kolla/venv/lib/python3.6/site-packages/eventlet/wsgi.py:1004
2026-04-20 16:17:45.839 22 INFO neutron.wsgi [-] 10.0.0.27 "GET / HTTP/1.1" status: 200 len: 227 time: 0.0055432
2026-04-20 16:17:48.841 24 DEBUG neutron.api.rpc.handlers.dhcp_rpc [req-d04822ab-f12e-49e1-b9e5-8f64bc1fb6d7 - - - - -] get_active_networks_info from cn-jenkins-deploy-platform-ansible-os-5653-1 get_active_networks_info /var/lib/kolla/venv/lib/python3.6/site-packages/neutron/api/rpc/handlers/dhcp_rpc.py:159
2026-04-20 16:17:48.866 27 DEBUG neutron_lib.callbacks.manager [req-5adb8416-4de2-498d-b939-15c68657ddba - - - - -] Publish callbacks ['neutron.services.segments.db._update_segment_host_mapping_for_agent-8786238278208', 'neutron.services.l3_router.l3_router_plugin.DVRResourceOperationHandler.create_fip_agent_gw_ports-1031613'] for agent (3dea1da5-087e-4054-9d5e-c98b625523fd), after_create _notify_loop /var/lib/kolla/venv/lib/python3.6/site-packages/neutron_lib/callbacks/manager.py:177
2026-04-20 16:17:48.883 24 DEBUG neutron.scheduler.dhcp_agent_scheduler [req-d04822ab-f12e-49e1-b9e5-8f64bc1fb6d7 - - - - -] No non-hosted networks auto_schedule_networks /var/lib/kolla/venv/lib/python3.6/site-packages/neutron/scheduler/dhcp_agent_scheduler.py:60
2026-04-20 16:18:06.725 26 DEBUG neutron_lib.callbacks.manager [req-d4830e1e-016c-40cf-88f1-4712bfdff377 - - - - -] Publish callbacks ['neutron.services.segments.db._update_segment_host_mapping_for_agent-8786238278208', 'neutron.services.l3_router.l3_router_plugin.DVRResourceOperationHandler.create_fip_agent_gw_ports-1031613'] for agent (44c55c3a-777b-4f74-a062-3bcce466e2b3), after_create _notify_loop /var/lib/kolla/venv/lib/python3.6/site-packages/neutron_lib/callbacks/manager.py:177
2026-04-20 16:18:15.891 22 DEBUG neutron.wsgi [-] (22) accepted ('10.0.0.27', 52204) server /var/lib/kolla/venv/lib/python3.6/site-packages/eventlet/wsgi.py:1004
2026-04-20 16:18:15.895 22 INFO neutron.wsgi [-] 10.0.0.27 "GET / HTTP/1.1" status: 200 len: 227 time: 0.0034022
2026-04-20 16:18:18.850 25 DEBUG neutron_lib.callbacks.manager [req-74c0d8c6-4458-45ed-892b-9c2b1470cc40 - - - - -] Publish callbacks ['neutron.services.segments.db._update_segment_host_mapping_for_agent-8786238278208', 'neutron.plugins.ml2.plugin.Ml2Plugin._retry_binding_revived_agents--9223372036850816078'] for agent (3dea1da5-087e-4054-9d5e-c98b625523fd), after_update _notify_loop /var/lib/kolla/venv/lib/python3.6/site-packages/neutron_lib/callbacks/manager.py:177
2026-04-20 16:18:36.702 23 DEBUG neutron_lib.callbacks.manager [req-d4830e1e-016c-40cf-88f1-4712bfdff377 - - - - -] Publish callbacks ['neutron.services.segments.db._update_segment_host_mapping_for_agent-8786238278208', 'neutron.plugins.ml2.plugin.Ml2Plugin._retry_binding_revived_agents--9223372036850816078'] for agent (44c55c3a-777b-4f74-a062-3bcce466e2b3), after_update _notify_loop /var/lib/kolla/venv/lib/python3.6/site-packages/neutron_lib/callbacks/manager.py:177
2026-04-20 16:18:45.941 22 DEBUG neutron.wsgi [-] (22) accepted ('10.0.0.27', 55452) server /var/lib/kolla/venv/lib/python3.6/site-packages/eventlet/wsgi.py:1004
2026-04-20 16:18:45.945 22 INFO neutron.wsgi [-] 10.0.0.27 "GET / HTTP/1.1" status: 200 len: 227 time: 0.0033150
2026-04-20 16:18:48.840 24 DEBUG neutron_lib.callbacks.manager [req-80223195-5e39-42d8-918e-9a00606453de - - - - -] Publish callbacks ['neutron.services.segments.db._update_segment_host_mapping_for_agent-8786238278208', 'neutron.plugins.ml2.plugin.Ml2Plugin._retry_binding_revived_agents--9223372036850816078'] for agent (3dea1da5-087e-4054-9d5e-c98b625523fd), after_update _notify_loop /var/lib/kolla/venv/lib/python3.6/site-packages/neutron_lib/callbacks/manager.py:177
2026-04-20 16:18:53.561 29 DEBUG neutron.db.agents_db [req-486c061d-fd1a-43fc-b3b0-5fd2dcb0752c - - - - -] Agent healthcheck: found 2 active agents agent_health_check /var/lib/kolla/venv/lib/python3.6/site-packages/neutron/db/agents_db.py:318
2026-04-20 16:19:06.702 28 DEBUG neutron_lib.callbacks.manager [req-d4830e1e-016c-40cf-88f1-4712bfdff377 - - - - -] Publish callbacks ['neutron.services.segments.db._update_segment_host_mapping_for_agent-8786238278208', 'neutron.plugins.ml2.plugin.Ml2Plugin._retry_binding_revived_agents--9223372036850816078'] for agent (44c55c3a-777b-4f74-a062-3bcce466e2b3), after_update _notify_loop /var/lib/kolla/venv/lib/python3.6/site-packages/neutron_lib/callbacks/manager.py:177
2026-04-20 16:19:15.992 22 DEBUG neutron.wsgi [-] (22) accepted ('10.0.0.27', 46512) server /var/lib/kolla/venv/lib/python3.6/site-packages/eventlet/wsgi.py:1004
2026-04-20 16:19:15.995 22 INFO neutron.wsgi [-] 10.0.0.27 "GET / HTTP/1.1" status: 200 len: 227 time: 0.0029361
2026-04-20 16:19:18.842 27 DEBUG neutron_lib.callbacks.manager [req-bd618c54-24a1-4b9d-81d7-32921f8e985a - - - - -] Publish callbacks ['neutron.services.segments.db._update_segment_host_mapping_for_agent-8786238278208', 'neutron.plugins.ml2.plugin.Ml2Plugin._retry_binding_revived_agents--9223372036850816078'] for agent (3dea1da5-087e-4054-9d5e-c98b625523fd), after_update _notify_loop /var/lib/kolla/venv/lib/python3.6/site-packages/neutron_lib/callbacks/manager.py:177
2026-04-20 16:19:30.558 29 DEBUG neutron.db.agents_db [req-486c061d-fd1a-43fc-b3b0-5fd2dcb0752c - - - - -] Agent healthcheck: found 2 active agents agent_health_check /var/lib/kolla/venv/lib/python3.6/site-packages/neutron/db/agents_db.py:318
2026-04-20 16:19:36.689 26 DEBUG neutron_lib.callbacks.manager [req-d4830e1e-016c-40cf-88f1-4712bfdff377 - - - - -] Publish callbacks ['neutron.services.segments.db._update_segment_host_mapping_for_agent-8786238278208', 'neutron.plugins.ml2.plugin.Ml2Plugin._retry_binding_revived_agents--9223372036850816078'] for agent (44c55c3a-777b-4f74-a062-3bcce466e2b3), after_update _notify_loop /var/lib/kolla/venv/lib/python3.6/site-packages/neutron_lib/callbacks/manager.py:177
2026-04-20 16:19:46.041 22 DEBUG neutron.wsgi [-] (22) accepted ('10.0.0.27', 40562) server /var/lib/kolla/venv/lib/python3.6/site-packages/eventlet/wsgi.py:1004
2026-04-20 16:19:46.045 22 INFO neutron.wsgi [-] 10.0.0.27 "GET / HTTP/1.1" status: 200 len: 227 time: 0.0032697
2026-04-20 16:19:48.840 25 DEBUG neutron_lib.callbacks.manager [req-6bc7e138-a2da-411b-895e-011518b6820c - - - - -] Publish callbacks ['neutron.services.segments.db._update_segment_host_mapping_for_agent-8786238278208', 'neutron.plugins.ml2.plugin.Ml2Plugin._retry_binding_revived_agents--9223372036850816078'] for agent (3dea1da5-087e-4054-9d5e-c98b625523fd), after_update _notify_loop /var/lib/kolla/venv/lib/python3.6/site-packages/neutron_lib/callbacks/manager.py:177
2026-04-20 16:20:06.691 23 DEBUG neutron_lib.callbacks.manager [req-d4830e1e-016c-40cf-88f1-4712bfdff377 - - - - -] Publish callbacks ['neutron.services.segments.db._update_segment_host_mapping_for_agent-8786238278208', 'neutron.plugins.ml2.plugin.Ml2Plugin._retry_binding_revived_agents--9223372036850816078'] for agent (44c55c3a-777b-4f74-a062-3bcce466e2b3), after_update _notify_loop /var/lib/kolla/venv/lib/python3.6/site-packages/neutron_lib/callbacks/manager.py:177
2026-04-20 16:20:07.557 29 DEBUG neutron.db.agents_db [req-486c061d-fd1a-43fc-b3b0-5fd2dcb0752c - - - - -] Agent healthcheck: found 2 active agents agent_health_check /var/lib/kolla/venv/lib/python3.6/site-packages/neutron/db/agents_db.py:318
2026-04-20 16:20:16.090 22 DEBUG neutron.wsgi [-] (22) accepted ('10.0.0.27', 32960) server /var/lib/kolla/venv/lib/python3.6/site-packages/eventlet/wsgi.py:1004
2026-04-20 16:20:16.095 22 INFO neutron.wsgi [-] 10.0.0.27 "GET / HTTP/1.1" status: 200 len: 227 time: 0.0046566
2026-04-20 16:20:18.846 24 DEBUG neutron_lib.callbacks.manager [req-7be0fd43-53f2-4bcb-a79c-420d32b93e6a - - - - -] Publish callbacks ['neutron.services.segments.db._update_segment_host_mapping_for_agent-8786238278208', 'neutron.plugins.ml2.plugin.Ml2Plugin._retry_binding_revived_agents--9223372036850816078'] for agent (3dea1da5-087e-4054-9d5e-c98b625523fd), after_update _notify_loop /var/lib/kolla/venv/lib/python3.6/site-packages/neutron_lib/callbacks/manager.py:177
2026-04-20 16:20:36.693 28 DEBUG neutron_lib.callbacks.manager [req-d4830e1e-016c-40cf-88f1-4712bfdff377 - - - - -] Publish callbacks ['neutron.services.segments.db._update_segment_host_mapping_for_agent-8786238278208', 'neutron.plugins.ml2.plugin.Ml2Plugin._retry_binding_revived_agents--9223372036850816078'] for agent (44c55c3a-777b-4f74-a062-3bcce466e2b3), after_update _notify_loop /var/lib/kolla/venv/lib/python3.6/site-packages/neutron_lib/callbacks/manager.py:177
2026-04-20 16:20:44.556 29 DEBUG neutron.db.agents_db [req-486c061d-fd1a-43fc-b3b0-5fd2dcb0752c - - - - -] Agent healthcheck: found 2 active agents agent_health_check /var/lib/kolla/venv/lib/python3.6/site-packages/neutron/db/agents_db.py:318
2026-04-20 16:20:46.141 22 DEBUG neutron.wsgi [-] (22) accepted ('10.0.0.27', 42982) server /var/lib/kolla/venv/lib/python3.6/site-packages/eventlet/wsgi.py:1004
2026-04-20 16:20:46.144 22 INFO neutron.wsgi [-] 10.0.0.27 "GET / HTTP/1.1" status: 200 len: 227 time: 0.0029292
2026-04-20 16:20:48.843 27 DEBUG neutron_lib.callbacks.manager [req-f0ef1d0d-8816-4b68-9dc2-14c1d6953cb7 - - - - -] Publish callbacks ['neutron.services.segments.db._update_segment_host_mapping_for_agent-8786238278208', 'neutron.plugins.ml2.plugin.Ml2Plugin._retry_binding_revived_agents--9223372036850816078'] for agent (3dea1da5-087e-4054-9d5e-c98b625523fd), after_update _notify_loop /var/lib/kolla/venv/lib/python3.6/site-packages/neutron_lib/callbacks/manager.py:177
2026-04-20 16:21:06.695 26 DEBUG neutron_lib.callbacks.manager [req-d4830e1e-016c-40cf-88f1-4712bfdff377 - - - - -] Publish callbacks ['neutron.services.segments.db._update_segment_host_mapping_for_agent-8786238278208', 'neutron.plugins.ml2.plugin.Ml2Plugin._retry_binding_revived_agents--9223372036850816078'] for agent (44c55c3a-777b-4f74-a062-3bcce466e2b3), after_update _notify_loop /var/lib/kolla/venv/lib/python3.6/site-packages/neutron_lib/callbacks/manager.py:177
2026-04-20 16:21:16.189 22 DEBUG neutron.wsgi [-] (22) accepted ('10.0.0.27', 36616) server /var/lib/kolla/venv/lib/python3.6/site-packages/eventlet/wsgi.py:1004
2026-04-20 16:21:16.193 22 INFO neutron.wsgi [-] 10.0.0.27 "GET / HTTP/1.1" status: 200 len: 227 time: 0.0028095
2026-04-20 16:21:18.842 25 DEBUG neutron_lib.callbacks.manager [req-306ead93-0900-4169-8f50-d6938e53cf79 - - - - -] Publish callbacks ['neutron.services.segments.db._update_segment_host_mapping_for_agent-8786238278208', 'neutron.plugins.ml2.plugin.Ml2Plugin._retry_binding_revived_agents--9223372036850816078'] for agent (3dea1da5-087e-4054-9d5e-c98b625523fd), after_update _notify_loop /var/lib/kolla/venv/lib/python3.6/site-packages/neutron_lib/callbacks/manager.py:177
2026-04-20 16:21:21.554 29 DEBUG neutron.db.agents_db [req-486c061d-fd1a-43fc-b3b0-5fd2dcb0752c - - - - -] Agent healthcheck: found 2 active agents agent_health_check /var/lib/kolla/venv/lib/python3.6/site-packages/neutron/db/agents_db.py:318
2026-04-20 16:21:36.697 23 DEBUG neutron_lib.callbacks.manager [req-d4830e1e-016c-40cf-88f1-4712bfdff377 - - - - -] Publish callbacks ['neutron.services.segments.db._update_segment_host_mapping_for_agent-8786238278208', 'neutron.plugins.ml2.plugin.Ml2Plugin._retry_binding_revived_agents--9223372036850816078'] for agent (44c55c3a-777b-4f74-a062-3bcce466e2b3), after_update _notify_loop /var/lib/kolla/venv/lib/python3.6/site-packages/neutron_lib/callbacks/manager.py:177
2026-04-20 16:21:46.239 22 DEBUG neutron.wsgi [-] (22) accepted ('10.0.0.27', 43482) server /var/lib/kolla/venv/lib/python3.6/site-packages/eventlet/wsgi.py:1004
2026-04-20 16:21:46.243 22 INFO neutron.wsgi [-] 10.0.0.27 "GET / HTTP/1.1" status: 200 len: 227 time: 0.0029068
2026-04-20 16:21:48.840 24 DEBUG neutron_lib.callbacks.manager [req-08414321-020e-40a4-b2e3-0a74e89dc0a7 - - - - -] Publish callbacks ['neutron.services.segments.db._update_segment_host_mapping_for_agent-8786238278208', 'neutron.plugins.ml2.plugin.Ml2Plugin._retry_binding_revived_agents--9223372036850816078'] for agent (3dea1da5-087e-4054-9d5e-c98b625523fd), after_update _notify_loop /var/lib/kolla/venv/lib/python3.6/site-packages/neutron_lib/callbacks/manager.py:177
2026-04-20 16:21:58.552 29 DEBUG neutron.db.agents_db [req-486c061d-fd1a-43fc-b3b0-5fd2dcb0752c - - - - -] Agent healthcheck: found 2 active agents agent_health_check /var/lib/kolla/venv/lib/python3.6/site-packages/neutron/db/agents_db.py:318
2026-04-20 16:22:06.699 28 DEBUG neutron_lib.callbacks.manager [req-d4830e1e-016c-40cf-88f1-4712bfdff377 - - - - -] Publish callbacks ['neutron.services.segments.db._update_segment_host_mapping_for_agent-8786238278208', 'neutron.plugins.ml2.plugin.Ml2Plugin._retry_binding_revived_agents--9223372036850816078'] for agent (44c55c3a-777b-4f74-a062-3bcce466e2b3), after_update _notify_loop /var/lib/kolla/venv/lib/python3.6/site-packages/neutron_lib/callbacks/manager.py:177
2026-04-20 16:22:16.287 22 DEBUG neutron.wsgi [-] (22) accepted ('10.0.0.27', 45574) server /var/lib/kolla/venv/lib/python3.6/site-packages/eventlet/wsgi.py:1004
2026-04-20 16:22:16.291 22 INFO neutron.wsgi [-] 10.0.0.27 "GET / HTTP/1.1" status: 200 len: 227 time: 0.0028882
2026-04-20 16:22:18.838 27 DEBUG neutron_lib.callbacks.manager [req-aa1aea40-21fa-452a-ac97-ba498380a6ab - - - - -] Publish callbacks ['neutron.services.segments.db._update_segment_host_mapping_for_agent-8786238278208', 'neutron.plugins.ml2.plugin.Ml2Plugin._retry_binding_revived_agents--9223372036850816078'] for agent (3dea1da5-087e-4054-9d5e-c98b625523fd), after_update _notify_loop /var/lib/kolla/venv/lib/python3.6/site-packages/neutron_lib/callbacks/manager.py:177
2026-04-20 16:22:35.548 29 DEBUG neutron.db.agents_db [req-486c061d-fd1a-43fc-b3b0-5fd2dcb0752c - - - - -] Agent healthcheck: found 2 active agents agent_health_check /var/lib/kolla/venv/lib/python3.6/site-packages/neutron/db/agents_db.py:318
2026-04-20 16:22:36.703 26 DEBUG neutron_lib.callbacks.manager [req-d4830e1e-016c-40cf-88f1-4712bfdff377 - - - - -] Publish callbacks ['neutron.services.segments.db._update_segment_host_mapping_for_agent-8786238278208', 'neutron.plugins.ml2.plugin.Ml2Plugin._retry_binding_revived_agents--9223372036850816078'] for agent (44c55c3a-777b-4f74-a062-3bcce466e2b3), after_update _notify_loop /var/lib/kolla/venv/lib/python3.6/site-packages/neutron_lib/callbacks/manager.py:177
2026-04-20 16:22:46.335 22 DEBUG neutron.wsgi [-] (22) accepted ('10.0.0.27', 41272) server /var/lib/kolla/venv/lib/python3.6/site-packages/eventlet/wsgi.py:1004
2026-04-20 16:22:46.339 22 INFO neutron.wsgi [-] 10.0.0.27 "GET / HTTP/1.1" status: 200 len: 227 time: 0.0033684
2026-04-20 16:22:48.836 25 DEBUG neutron_lib.callbacks.manager [req-f1f59aeb-3512-454a-b632-0485cbdd6926 - - - - -] Publish callbacks ['neutron.services.segments.db._update_segment_host_mapping_for_agent-8786238278208', 'neutron.plugins.ml2.plugin.Ml2Plugin._retry_binding_revived_agents--9223372036850816078'] for agent (3dea1da5-087e-4054-9d5e-c98b625523fd), after_update _notify_loop /var/lib/kolla/venv/lib/python3.6/site-packages/neutron_lib/callbacks/manager.py:177
2026-04-20 16:23:06.705 23 DEBUG neutron_lib.callbacks.manager [req-d4830e1e-016c-40cf-88f1-4712bfdff377 - - - - -] Publish callbacks ['neutron.services.segments.db._update_segment_host_mapping_for_agent-8786238278208', 'neutron.plugins.ml2.plugin.Ml2Plugin._retry_binding_revived_agents--9223372036850816078'] for agent (44c55c3a-777b-4f74-a062-3bcce466e2b3), after_update _notify_loop /var/lib/kolla/venv/lib/python3.6/site-packages/neutron_lib/callbacks/manager.py:177
2026-04-20 16:23:12.547 29 DEBUG neutron.db.agents_db [req-486c061d-fd1a-43fc-b3b0-5fd2dcb0752c - - - - -] Agent healthcheck: found 2 active agents agent_health_check /var/lib/kolla/venv/lib/python3.6/site-packages/neutron/db/agents_db.py:318
2026-04-20 16:23:16.384 22 DEBUG neutron.wsgi [-] (22) accepted ('10.0.0.27', 45982) server /var/lib/kolla/venv/lib/python3.6/site-packages/eventlet/wsgi.py:1004
2026-04-20 16:23:16.387 22 INFO neutron.wsgi [-] 10.0.0.27 "GET / HTTP/1.1" status: 200 len: 227 time: 0.0031328
2026-04-20 16:23:18.834 24 DEBUG neutron_lib.callbacks.manager [req-05f00463-530a-42c9-8a21-b986e98f606e - - - - -] Publish callbacks ['neutron.services.segments.db._update_segment_host_mapping_for_agent-8786238278208', 'neutron.plugins.ml2.plugin.Ml2Plugin._retry_binding_revived_agents--9223372036850816078'] for agent (3dea1da5-087e-4054-9d5e-c98b625523fd), after_update _notify_loop /var/lib/kolla/venv/lib/python3.6/site-packages/neutron_lib/callbacks/manager.py:177
2026-04-20 16:23:36.708 28 DEBUG neutron_lib.callbacks.manager [req-d4830e1e-016c-40cf-88f1-4712bfdff377 - - - - -] Publish callbacks ['neutron.services.segments.db._update_segment_host_mapping_for_agent-8786238278208', 'neutron.plugins.ml2.plugin.Ml2Plugin._retry_binding_revived_agents--9223372036850816078'] for agent (44c55c3a-777b-4f74-a062-3bcce466e2b3), after_update _notify_loop /var/lib/kolla/venv/lib/python3.6/site-packages/neutron_lib/callbacks/manager.py:177
2026-04-20 16:23:46.447 22 DEBUG neutron.wsgi [-] (22) accepted ('10.0.0.27', 33802) server /var/lib/kolla/venv/lib/python3.6/site-packages/eventlet/wsgi.py:1004
2026-04-20 16:23:46.450 22 INFO neutron.wsgi [-] 10.0.0.27 "GET / HTTP/1.1" status: 200 len: 227 time: 0.0029862
2026-04-20 16:23:48.832 27 DEBUG neutron_lib.callbacks.manager [req-2d3baabd-b149-4f0b-a6d2-1dd5117deb38 - - - - -] Publish callbacks ['neutron.services.segments.db._update_segment_host_mapping_for_agent-8786238278208', 'neutron.plugins.ml2.plugin.Ml2Plugin._retry_binding_revived_agents--9223372036850816078'] for agent (3dea1da5-087e-4054-9d5e-c98b625523fd), after_update _notify_loop /var/lib/kolla/venv/lib/python3.6/site-packages/neutron_lib/callbacks/manager.py:177
2026-04-20 16:23:49.546 29 DEBUG neutron.db.agents_db [req-486c061d-fd1a-43fc-b3b0-5fd2dcb0752c - - - - -] Agent healthcheck: found 2 active agents agent_health_check /var/lib/kolla/venv/lib/python3.6/site-packages/neutron/db/agents_db.py:318
2026-04-20 16:24:06.708 26 DEBUG neutron_lib.callbacks.manager [req-d4830e1e-016c-40cf-88f1-4712bfdff377 - - - - -] Publish callbacks ['neutron.services.segments.db._update_segment_host_mapping_for_agent-8786238278208', 'neutron.plugins.ml2.plugin.Ml2Plugin._retry_binding_revived_agents--9223372036850816078'] for agent (44c55c3a-777b-4f74-a062-3bcce466e2b3), after_update _notify_loop /var/lib/kolla/venv/lib/python3.6/site-packages/neutron_lib/callbacks/manager.py:177
2026-04-20 16:24:16.496 22 DEBUG neutron.wsgi [-] (22) accepted ('10.0.0.27', 36000) server /var/lib/kolla/venv/lib/python3.6/site-packages/eventlet/wsgi.py:1004
2026-04-20 16:24:16.500 22 INFO neutron.wsgi [-] 10.0.0.27 "GET / HTTP/1.1" status: 200 len: 227 time: 0.0028155
2026-04-20 16:24:18.831 25 DEBUG neutron_lib.callbacks.manager [req-b45365e8-fc20-439c-bc2a-b15dd9566b31 - - - - -] Publish callbacks ['neutron.services.segments.db._update_segment_host_mapping_for_agent-8786238278208', 'neutron.plugins.ml2.plugin.Ml2Plugin._retry_binding_revived_agents--9223372036850816078'] for agent (3dea1da5-087e-4054-9d5e-c98b625523fd), after_update _notify_loop /var/lib/kolla/venv/lib/python3.6/site-packages/neutron_lib/callbacks/manager.py:177
2026-04-20 16:24:26.554 29 DEBUG neutron.db.agents_db [req-486c061d-fd1a-43fc-b3b0-5fd2dcb0752c - - - - -] Agent healthcheck: found 2 active agents agent_health_check /var/lib/kolla/venv/lib/python3.6/site-packages/neutron/db/agents_db.py:318
2026-04-20 16:24:36.711 23 DEBUG neutron_lib.callbacks.manager [req-d4830e1e-016c-40cf-88f1-4712bfdff377 - - - - -] Publish callbacks ['neutron.services.segments.db._update_segment_host_mapping_for_agent-8786238278208', 'neutron.plugins.ml2.plugin.Ml2Plugin._retry_binding_revived_agents--9223372036850816078'] for agent (44c55c3a-777b-4f74-a062-3bcce466e2b3), after_update _notify_loop /var/lib/kolla/venv/lib/python3.6/site-packages/neutron_lib/callbacks/manager.py:177
2026-04-20 16:24:46.550 22 DEBUG neutron.wsgi [-] (22) accepted ('10.0.0.27', 51020) server /var/lib/kolla/venv/lib/python3.6/site-packages/eventlet/wsgi.py:1004
2026-04-20 16:24:46.553 22 INFO neutron.wsgi [-] 10.0.0.27 "GET / HTTP/1.1" status: 200 len: 227 time: 0.0027246
2026-04-20 16:24:48.829 24 DEBUG neutron_lib.callbacks.manager [req-2b9c9c9b-6234-4af2-8ca3-5b26e6d45668 - - - - -] Publish callbacks ['neutron.services.segments.db._update_segment_host_mapping_for_agent-8786238278208', 'neutron.plugins.ml2.plugin.Ml2Plugin._retry_binding_revived_agents--9223372036850816078'] for agent (3dea1da5-087e-4054-9d5e-c98b625523fd), after_update _notify_loop /var/lib/kolla/venv/lib/python3.6/site-packages/neutron_lib/callbacks/manager.py:177
2026-04-20 16:25:03.555 29 DEBUG neutron.db.agents_db [req-486c061d-fd1a-43fc-b3b0-5fd2dcb0752c - - - - -] Agent healthcheck: found 2 active agents agent_health_check /var/lib/kolla/venv/lib/python3.6/site-packages/neutron/db/agents_db.py:318
2026-04-20 16:25:06.715 28 DEBUG neutron_lib.callbacks.manager [req-d4830e1e-016c-40cf-88f1-4712bfdff377 - - - - -] Publish callbacks ['neutron.services.segments.db._update_segment_host_mapping_for_agent-8786238278208', 'neutron.plugins.ml2.plugin.Ml2Plugin._retry_binding_revived_agents--9223372036850816078'] for agent (44c55c3a-777b-4f74-a062-3bcce466e2b3), after_update _notify_loop /var/lib/kolla/venv/lib/python3.6/site-packages/neutron_lib/callbacks/manager.py:177
2026-04-20 16:25:16.614 22 DEBUG neutron.wsgi [-] (22) accepted ('10.0.0.27', 39064) server /var/lib/kolla/venv/lib/python3.6/site-packages/eventlet/wsgi.py:1004
2026-04-20 16:25:16.618 22 INFO neutron.wsgi [-] 10.0.0.27 "GET / HTTP/1.1" status: 200 len: 227 time: 0.0038309
2026-04-20 16:25:18.828 27 DEBUG neutron_lib.callbacks.manager [req-971c1ba6-18bc-4a2c-8971-080dce6062de - - - - -] Publish callbacks ['neutron.services.segments.db._update_segment_host_mapping_for_agent-8786238278208', 'neutron.plugins.ml2.plugin.Ml2Plugin._retry_binding_revived_agents--9223372036850816078'] for agent (3dea1da5-087e-4054-9d5e-c98b625523fd), after_update _notify_loop /var/lib/kolla/venv/lib/python3.6/site-packages/neutron_lib/callbacks/manager.py:177
2026-04-20 16:25:36.716 26 DEBUG neutron_lib.callbacks.manager [req-d4830e1e-016c-40cf-88f1-4712bfdff377 - - - - -] Publish callbacks ['neutron.services.segments.db._update_segment_host_mapping_for_agent-8786238278208', 'neutron.plugins.ml2.plugin.Ml2Plugin._retry_binding_revived_agents--9223372036850816078'] for agent (44c55c3a-777b-4f74-a062-3bcce466e2b3), after_update _notify_loop /var/lib/kolla/venv/lib/python3.6/site-packages/neutron_lib/callbacks/manager.py:177
2026-04-20 16:25:40.552 29 DEBUG neutron.db.agents_db [req-486c061d-fd1a-43fc-b3b0-5fd2dcb0752c - - - - -] Agent healthcheck: found 2 active agents agent_health_check /var/lib/kolla/venv/lib/python3.6/site-packages/neutron/db/agents_db.py:318
2026-04-20 16:25:46.691 22 DEBUG neutron.wsgi [-] (22) accepted ('10.0.0.27', 46336) server /var/lib/kolla/venv/lib/python3.6/site-packages/eventlet/wsgi.py:1004
2026-04-20 16:25:46.694 22 INFO neutron.wsgi [-] 10.0.0.27 "GET / HTTP/1.1" status: 200 len: 227 time: 0.0025175
2026-04-20 16:25:48.832 25 DEBUG neutron_lib.callbacks.manager [req-4a285367-b3c4-43d9-b8e2-22c0482d5ca5 - - - - -] Publish callbacks ['neutron.services.segments.db._update_segment_host_mapping_for_agent-8786238278208', 'neutron.plugins.ml2.plugin.Ml2Plugin._retry_binding_revived_agents--9223372036850816078'] for agent (3dea1da5-087e-4054-9d5e-c98b625523fd), after_update _notify_loop /var/lib/kolla/venv/lib/python3.6/site-packages/neutron_lib/callbacks/manager.py:177
2026-04-20 16:26:06.722 23 DEBUG neutron_lib.callbacks.manager [req-d4830e1e-016c-40cf-88f1-4712bfdff377 - - - - -] Publish callbacks ['neutron.services.segments.db._update_segment_host_mapping_for_agent-8786238278208', 'neutron.plugins.ml2.plugin.Ml2Plugin._retry_binding_revived_agents--9223372036850816078'] for agent (44c55c3a-777b-4f74-a062-3bcce466e2b3), after_update _notify_loop /var/lib/kolla/venv/lib/python3.6/site-packages/neutron_lib/callbacks/manager.py:177
2026-04-20 16:26:16.763 22 DEBUG neutron.wsgi [-] (22) accepted ('10.0.0.27', 55266) server /var/lib/kolla/venv/lib/python3.6/site-packages/eventlet/wsgi.py:1004
2026-04-20 16:26:16.767 22 INFO neutron.wsgi [-] 10.0.0.27 "GET / HTTP/1.1" status: 200 len: 227 time: 0.0029383
2026-04-20 16:26:17.552 29 DEBUG neutron.db.agents_db [req-486c061d-fd1a-43fc-b3b0-5fd2dcb0752c - - - - -] Agent healthcheck: found 2 active agents agent_health_check /var/lib/kolla/venv/lib/python3.6/site-packages/neutron/db/agents_db.py:318
2026-04-20 16:26:18.830 24 DEBUG neutron_lib.callbacks.manager [req-3535093f-ca4f-43f5-a699-53af2c3e2a9a - - - - -] Publish callbacks ['neutron.services.segments.db._update_segment_host_mapping_for_agent-8786238278208', 'neutron.plugins.ml2.plugin.Ml2Plugin._retry_binding_revived_agents--9223372036850816078'] for agent (3dea1da5-087e-4054-9d5e-c98b625523fd), after_update _notify_loop /var/lib/kolla/venv/lib/python3.6/site-packages/neutron_lib/callbacks/manager.py:177
2026-04-20 16:26:36.722 28 DEBUG neutron_lib.callbacks.manager [req-d4830e1e-016c-40cf-88f1-4712bfdff377 - - - - -] Publish callbacks ['neutron.services.segments.db._update_segment_host_mapping_for_agent-8786238278208', 'neutron.plugins.ml2.plugin.Ml2Plugin._retry_binding_revived_agents--9223372036850816078'] for agent (44c55c3a-777b-4f74-a062-3bcce466e2b3), after_update _notify_loop /var/lib/kolla/venv/lib/python3.6/site-packages/neutron_lib/callbacks/manager.py:177
2026-04-20 16:26:46.830 22 DEBUG neutron.wsgi [-] (22) accepted ('10.0.0.27', 33922) server /var/lib/kolla/venv/lib/python3.6/site-packages/eventlet/wsgi.py:1004
2026-04-20 16:26:46.834 22 INFO neutron.wsgi [-] 10.0.0.27 "GET / HTTP/1.1" status: 200 len: 227 time: 0.0029135
2026-04-20 16:26:48.929 27 DEBUG neutron_lib.callbacks.manager [req-99198d08-a4a8-4410-9456-5b29ed2d9940 - - - - -] Publish callbacks ['neutron.services.segments.db._update_segment_host_mapping_for_agent-8786238278208', 'neutron.plugins.ml2.plugin.Ml2Plugin._retry_binding_revived_agents--9223372036850816078'] for agent (3dea1da5-087e-4054-9d5e-c98b625523fd), after_update _notify_loop /var/lib/kolla/venv/lib/python3.6/site-packages/neutron_lib/callbacks/manager.py:177
2026-04-20 16:26:54.553 29 DEBUG neutron.db.agents_db [req-486c061d-fd1a-43fc-b3b0-5fd2dcb0752c - - - - -] Agent healthcheck: found 2 active agents agent_health_check /var/lib/kolla/venv/lib/python3.6/site-packages/neutron/db/agents_db.py:318
2026-04-20 16:27:06.728 26 DEBUG neutron_lib.callbacks.manager [req-d4830e1e-016c-40cf-88f1-4712bfdff377 - - - - -] Publish callbacks ['neutron.services.segments.db._update_segment_host_mapping_for_agent-8786238278208', 'neutron.plugins.ml2.plugin.Ml2Plugin._retry_binding_revived_agents--9223372036850816078'] for agent (44c55c3a-777b-4f74-a062-3bcce466e2b3), after_update _notify_loop /var/lib/kolla/venv/lib/python3.6/site-packages/neutron_lib/callbacks/manager.py:177
2026-04-20 16:27:09.751 7 INFO oslo_service.service [-] Caught SIGTERM, stopping children
2026-04-20 16:27:09.752 7 DEBUG oslo_concurrency.lockutils [-] Acquired lock "singleton_lock" lock /var/lib/kolla/venv/lib/python3.6/site-packages/oslo_concurrency/lockutils.py:294
2026-04-20 16:27:09.752 7 DEBUG oslo_concurrency.lockutils [-] Releasing lock "singleton_lock" lock /var/lib/kolla/venv/lib/python3.6/site-packages/oslo_concurrency/lockutils.py:312
2026-04-20 16:27:09.752 7 DEBUG oslo_service.service [-] Stop services. stop /var/lib/kolla/venv/lib/python3.6/site-packages/oslo_service/service.py:695
2026-04-20 16:27:09.753 7 DEBUG neutron.service [-] calling RpcWorker stop() stop /var/lib/kolla/venv/lib/python3.6/site-packages/neutron/service.py:138
2026-04-20 16:27:09.753 7 DEBUG neutron.service [-] calling RpcWorker stop() stop /var/lib/kolla/venv/lib/python3.6/site-packages/neutron/service.py:138
2026-04-20 16:27:09.753 7 DEBUG oslo_service.service [-] Killing children. stop /var/lib/kolla/venv/lib/python3.6/site-packages/oslo_service/service.py:700
2026-04-20 16:27:09.753 7 INFO oslo_service.service [-] Waiting on 8 children to exit
2026-04-20 16:27:09.754 22 INFO neutron.wsgi [-] (22) wsgi exited, is_accepting=True
2026-04-20 16:27:09.754 26 DEBUG neutron.service [-] calling RpcWorker stop() stop /var/lib/kolla/venv/lib/python3.6/site-packages/neutron/service.py:138
2026-04-20 16:27:09.754 28 DEBUG neutron.service [-] calling RpcWorker stop() stop /var/lib/kolla/venv/lib/python3.6/site-packages/neutron/service.py:138
2026-04-20 16:27:09.754 23 DEBUG neutron.service [-] calling RpcWorker stop() stop /var/lib/kolla/venv/lib/python3.6/site-packages/neutron/service.py:138
2026-04-20 16:27:09.754 25 DEBUG neutron.service [-] calling RpcWorker stop() stop /var/lib/kolla/venv/lib/python3.6/site-packages/neutron/service.py:138
2026-04-20 16:27:09.754 24 DEBUG neutron.service [-] calling RpcWorker stop() stop /var/lib/kolla/venv/lib/python3.6/site-packages/neutron/service.py:138
2026-04-20 16:27:09.754 22 DEBUG oslo_concurrency.lockutils [req-78ea20de-5bdb-4a00-86a8-67578c71a189 - - - - -] Acquired lock "singleton_lock" lock /var/lib/kolla/venv/lib/python3.6/site-packages/oslo_concurrency/lockutils.py:294
2026-04-20 16:27:09.755 22 DEBUG oslo_concurrency.lockutils [req-78ea20de-5bdb-4a00-86a8-67578c71a189 - - - - -] Releasing lock "singleton_lock" lock /var/lib/kolla/venv/lib/python3.6/site-packages/oslo_concurrency/lockutils.py:312
2026-04-20 16:27:09.754 24 DEBUG neutron.service [-] calling stop on stop /var/lib/kolla/venv/lib/python3.6/site-packages/neutron/service.py:141
2026-04-20 16:27:09.756 27 DEBUG neutron.service [-] calling RpcWorker stop() stop /var/lib/kolla/venv/lib/python3.6/site-packages/neutron/service.py:138
2026-04-20 16:27:09.754 26 DEBUG neutron.service [-] calling stop on stop /var/lib/kolla/venv/lib/python3.6/site-packages/neutron/service.py:141
2026-04-20 16:27:09.754 28 DEBUG neutron.service [-] calling stop on stop /var/lib/kolla/venv/lib/python3.6/site-packages/neutron/service.py:141
2026-04-20 16:27:09.754 25 DEBUG neutron.service [-] calling stop on stop /var/lib/kolla/venv/lib/python3.6/site-packages/neutron/service.py:141
2026-04-20 16:27:09.754 23 DEBUG neutron.service [-] calling stop on stop /var/lib/kolla/venv/lib/python3.6/site-packages/neutron/service.py:141
2026-04-20 16:27:09.757 29 DEBUG neutron.service [-] calling RpcWorker stop() stop /var/lib/kolla/venv/lib/python3.6/site-packages/neutron/service.py:138
2026-04-20 16:27:09.758 7 INFO oslo_service.service [-] Child 22 exited with status 0
2026-04-20 16:27:09.757 29 DEBUG neutron.service [-] calling stop on stop /var/lib/kolla/venv/lib/python3.6/site-packages/neutron/service.py:141
2026-04-20 16:27:09.756 27 DEBUG neutron.service [-] calling stop on stop /var/lib/kolla/venv/lib/python3.6/site-packages/neutron/service.py:141
2026-04-20 16:27:09.937 28 DEBUG oslo_concurrency.lockutils [req-78ea20de-5bdb-4a00-86a8-67578c71a189 - - - - -] Acquired lock "singleton_lock" lock /var/lib/kolla/venv/lib/python3.6/site-packages/oslo_concurrency/lockutils.py:294
2026-04-20 16:27:09.938 28 DEBUG oslo_concurrency.lockutils [req-78ea20de-5bdb-4a00-86a8-67578c71a189 - - - - -] Releasing lock "singleton_lock" lock /var/lib/kolla/venv/lib/python3.6/site-packages/oslo_concurrency/lockutils.py:312
2026-04-20 16:27:09.938 28 DEBUG neutron.service [req-78ea20de-5bdb-4a00-86a8-67578c71a189 - - - - -] calling RpcWorker wait() _wait /var/lib/kolla/venv/lib/python3.6/site-packages/neutron/service.py:128
2026-04-20 16:27:09.938 28 DEBUG neutron.service [req-78ea20de-5bdb-4a00-86a8-67578c71a189 - - - - -] calling wait on _wait /var/lib/kolla/venv/lib/python3.6/site-packages/neutron/service.py:131
2026-04-20 16:27:09.948 28 WARNING amqp [req-78ea20de-5bdb-4a00-86a8-67578c71a189 - - - - -] Received method (60, 30) during closing channel 1. This method will be ignored
2026-04-20 16:27:09.949 28 DEBUG neutron.service [req-78ea20de-5bdb-4a00-86a8-67578c71a189 - - - - -] returning from RpcWorker wait() _wait /var/lib/kolla/venv/lib/python3.6/site-packages/neutron/service.py:135
2026-04-20 16:27:09.954 7 INFO oslo_service.service [-] Child 28 exited with status 0
2026-04-20 16:27:10.822 26 DEBUG oslo_concurrency.lockutils [req-78ea20de-5bdb-4a00-86a8-67578c71a189 - - - - -] Acquired lock "singleton_lock" lock /var/lib/kolla/venv/lib/python3.6/site-packages/oslo_concurrency/lockutils.py:294
2026-04-20 16:27:10.823 26 DEBUG oslo_concurrency.lockutils [req-78ea20de-5bdb-4a00-86a8-67578c71a189 - - - - -] Releasing lock "singleton_lock" lock /var/lib/kolla/venv/lib/python3.6/site-packages/oslo_concurrency/lockutils.py:312
2026-04-20 16:27:10.823 26 DEBUG neutron.service [req-78ea20de-5bdb-4a00-86a8-67578c71a189 - - - - -] calling RpcWorker wait() _wait /var/lib/kolla/venv/lib/python3.6/site-packages/neutron/service.py:128
2026-04-20 16:27:10.823 26 DEBUG neutron.service [req-78ea20de-5bdb-4a00-86a8-67578c71a189 - - - - -] calling wait on _wait /var/lib/kolla/venv/lib/python3.6/site-packages/neutron/service.py:131
2026-04-20 16:27:10.837 26 WARNING amqp [req-78ea20de-5bdb-4a00-86a8-67578c71a189 - - - - -] Received method (60, 30) during closing channel 1. This method will be ignored
2026-04-20 16:27:10.838 26 DEBUG neutron.service [req-78ea20de-5bdb-4a00-86a8-67578c71a189 - - - - -] returning from RpcWorker wait() _wait /var/lib/kolla/venv/lib/python3.6/site-packages/neutron/service.py:135
2026-04-20 16:27:10.843 7 INFO oslo_service.service [-] Child 26 exited with status 0
2026-04-20 16:27:12.025 27 DEBUG oslo_concurrency.lockutils [req-78ea20de-5bdb-4a00-86a8-67578c71a189 - - - - -] Acquired lock "singleton_lock" lock /var/lib/kolla/venv/lib/python3.6/site-packages/oslo_concurrency/lockutils.py:294
2026-04-20 16:27:12.026 27 DEBUG oslo_concurrency.lockutils [req-78ea20de-5bdb-4a00-86a8-67578c71a189 - - - - -] Releasing lock "singleton_lock" lock /var/lib/kolla/venv/lib/python3.6/site-packages/oslo_concurrency/lockutils.py:312
2026-04-20 16:27:12.026 27 DEBUG neutron.service [req-78ea20de-5bdb-4a00-86a8-67578c71a189 - - - - -] calling RpcWorker wait() _wait /var/lib/kolla/venv/lib/python3.6/site-packages/neutron/service.py:128
2026-04-20 16:27:12.026 27 DEBUG neutron.service [req-78ea20de-5bdb-4a00-86a8-67578c71a189 - - - - -] calling wait on _wait /var/lib/kolla/venv/lib/python3.6/site-packages/neutron/service.py:131
2026-04-20 16:27:12.038 27 WARNING amqp [req-78ea20de-5bdb-4a00-86a8-67578c71a189 - - - - -] Received method (60, 30) during closing channel 1. This method will be ignored
2026-04-20 16:27:12.040 27 DEBUG neutron.service [req-78ea20de-5bdb-4a00-86a8-67578c71a189 - - - - -] returning from RpcWorker wait() _wait /var/lib/kolla/venv/lib/python3.6/site-packages/neutron/service.py:135
2026-04-20 16:27:12.045 7 INFO oslo_service.service [-] Child 27 exited with status 0
2026-04-20 16:27:18.828 25 DEBUG neutron_lib.callbacks.manager [req-e46932ee-86db-41d0-a07d-b0a8100bf164 - - - - -] Publish callbacks ['neutron.services.segments.db._update_segment_host_mapping_for_agent-8786238278208', 'neutron.plugins.ml2.plugin.Ml2Plugin._retry_binding_revived_agents--9223372036850816078'] for agent (3dea1da5-087e-4054-9d5e-c98b625523fd), after_update _notify_loop /var/lib/kolla/venv/lib/python3.6/site-packages/neutron_lib/callbacks/manager.py:177
2026-04-20 16:27:23.701 7 INFO neutron.common.config [-] Logging enabled!
2026-04-20 16:27:23.701 7 INFO neutron.common.config [-] /var/lib/kolla/venv/bin/neutron-server version 20.5.1.dev23
2026-04-20 16:27:23.701 7 DEBUG neutron.common.config [-] command line: /var/lib/kolla/venv/bin/neutron-server --config-file /etc/neutron/neutron.conf --config-file /etc/neutron/ContrailPlugin.ini --config-file /etc/neutron/api-paste.ini setup_logging /var/lib/kolla/venv/lib/python3.6/site-packages/neutron/common/config.py:115
2026-04-20 16:27:23.705 7 INFO neutron.common.config [-] Logging enabled!
2026-04-20 16:27:23.705 7 INFO neutron.common.config [-] /var/lib/kolla/venv/bin/neutron-server version 20.5.1.dev23
2026-04-20 16:27:23.705 7 DEBUG neutron.common.config [-] command line: /var/lib/kolla/venv/bin/neutron-server --config-file /etc/neutron/neutron.conf --config-file /etc/neutron/ContrailPlugin.ini --config-file /etc/neutron/api-paste.ini setup_logging /var/lib/kolla/venv/lib/python3.6/site-packages/neutron/common/config.py:115
2026-04-20 16:27:23.705 7 DEBUG neutron.common.config [-] ******************************************************************************** log_opt_values /var/lib/kolla/venv/lib/python3.6/site-packages/oslo_config/cfg.py:2589
2026-04-20 16:27:23.706 7 DEBUG neutron.common.config [-] Configuration options gathered from: log_opt_values /var/lib/kolla/venv/lib/python3.6/site-packages/oslo_config/cfg.py:2590
2026-04-20 16:27:23.706 7 DEBUG neutron.common.config [-] command line args: ['--config-file', '/etc/neutron/neutron.conf', '--config-file', '/etc/neutron/ContrailPlugin.ini', '--config-file', '/etc/neutron/api-paste.ini'] log_opt_values /var/lib/kolla/venv/lib/python3.6/site-packages/oslo_config/cfg.py:2591
2026-04-20 16:27:23.707 7 DEBUG neutron.common.config [-] config files: ['/etc/neutron/neutron.conf', '/etc/neutron/ContrailPlugin.ini', '/etc/neutron/api-paste.ini'] log_opt_values /var/lib/kolla/venv/lib/python3.6/site-packages/oslo_config/cfg.py:2593
2026-04-20 16:27:23.707 7 DEBUG neutron.common.config [-] ================================================================================ log_opt_values /var/lib/kolla/venv/lib/python3.6/site-packages/oslo_config/cfg.py:2594
2026-04-20 16:27:23.707 7 DEBUG neutron.common.config [-] allow_bulk = True log_opt_values /var/lib/kolla/venv/lib/python3.6/site-packages/oslo_config/cfg.py:2603
2026-04-20 16:27:23.707 7 WARNING oslo_config.cfg [-] Deprecated: Option "allow_overlapping_ips" from group "DEFAULT" is deprecated for removal. Its value may be silently ignored in the future.
2026-04-20 16:27:23.707 7 DEBUG neutron.common.config [-] allow_overlapping_ips = True log_opt_values /var/lib/kolla/venv/lib/python3.6/site-packages/oslo_config/cfg.py:2603
2026-04-20 16:27:23.707 7 DEBUG neutron.common.config [-] api_extensions_path = /opt/plugin/site-packages/neutron_plugin_contrail/extensions:/opt/plugin/site-packages/neutron_lbaas/extensions log_opt_values /var/lib/kolla/venv/lib/python3.6/site-packages/oslo_config/cfg.py:2603
2026-04-20 16:27:23.707 7 DEBUG neutron.common.config [-] api_paste_config = /etc/neutron/api-paste.ini log_opt_values /var/lib/kolla/venv/lib/python3.6/site-packages/oslo_config/cfg.py:2603
2026-04-20 16:27:23.707 7 DEBUG neutron.common.config [-] api_workers = 1 log_opt_values /var/lib/kolla/venv/lib/python3.6/site-packages/oslo_config/cfg.py:2603
2026-04-20 16:27:23.708 7 DEBUG neutron.common.config [-] auth_strategy = keystone log_opt_values /var/lib/kolla/venv/lib/python3.6/site-packages/oslo_config/cfg.py:2603
2026-04-20 16:27:23.708 7 DEBUG neutron.common.config [-] backlog = 4096 log_opt_values /var/lib/kolla/venv/lib/python3.6/site-packages/oslo_config/cfg.py:2603
2026-04-20 16:27:23.708 7 DEBUG neutron.common.config [-] base_mac = fa:16:3e:00:00:00 log_opt_values /var/lib/kolla/venv/lib/python3.6/site-packages/oslo_config/cfg.py:2603
2026-04-20 16:27:23.708 7 DEBUG neutron.common.config [-] bind_host = 10.0.0.27 log_opt_values /var/lib/kolla/venv/lib/python3.6/site-packages/oslo_config/cfg.py:2603
2026-04-20 16:27:23.708 7 DEBUG neutron.common.config [-] bind_port = 9696 log_opt_values /var/lib/kolla/venv/lib/python3.6/site-packages/oslo_config/cfg.py:2603
2026-04-20 16:27:23.708 7 DEBUG neutron.common.config [-] client_socket_timeout = 900 log_opt_values /var/lib/kolla/venv/lib/python3.6/site-packages/oslo_config/cfg.py:2603
2026-04-20 16:27:23.708 7 DEBUG neutron.common.config [-] config_dir = [] log_opt_values /var/lib/kolla/venv/lib/python3.6/site-packages/oslo_config/cfg.py:2603
2026-04-20 16:27:23.708 7 DEBUG neutron.common.config [-] config_file = ['/etc/neutron/neutron.conf', '/etc/neutron/ContrailPlugin.ini', '/etc/neutron/api-paste.ini'] log_opt_values /var/lib/kolla/venv/lib/python3.6/site-packages/oslo_config/cfg.py:2603
2026-04-20 16:27:23.709 7 DEBUG neutron.common.config [-] config_source = [] log_opt_values /var/lib/kolla/venv/lib/python3.6/site-packages/oslo_config/cfg.py:2603
2026-04-20 16:27:23.709 7 DEBUG neutron.common.config [-] control_exchange = neutron log_opt_values /var/lib/kolla/venv/lib/python3.6/site-packages/oslo_config/cfg.py:2603
2026-04-20 16:27:23.709 7 DEBUG neutron.common.config [-] core_plugin = neutron_plugin_contrail.plugins.opencontrail.contrail_plugin.NeutronPluginContrailCoreV2 log_opt_values /var/lib/kolla/venv/lib/python3.6/site-packages/oslo_config/cfg.py:2603
2026-04-20 16:27:23.709 7 DEBUG neutron.common.config [-] debug = True log_opt_values /var/lib/kolla/venv/lib/python3.6/site-packages/oslo_config/cfg.py:2603
2026-04-20 16:27:23.709 7 DEBUG neutron.common.config [-] default_availability_zones = [] log_opt_values /var/lib/kolla/venv/lib/python3.6/site-packages/oslo_config/cfg.py:2603
2026-04-20 16:27:23.709 7 DEBUG neutron.common.config [-] default_log_levels = ['amqp=WARN', 'amqplib=WARN', 'boto=WARN', 'qpid=WARN', 'sqlalchemy=WARN', 'suds=INFO', 'oslo.messaging=INFO', 'oslo_messaging=INFO', 'iso8601=WARN', 'requests.packages.urllib3.connectionpool=WARN', 'urllib3.connectionpool=WARN', 'websocket=WARN', 'requests.packages.urllib3.util.retry=WARN', 'urllib3.util.retry=WARN', 'keystonemiddleware=WARN', 'routes.middleware=WARN', 'stevedore=WARN', 'taskflow=WARN', 'keystoneauth=WARN', 'oslo.cache=INFO', 'oslo_policy=INFO', 'dogpile.core.dogpile=INFO', 'OFPHandler=INFO', 'OfctlService=INFO', 'os_ken.base.app_manager=INFO', 'os_ken.controller.controller=INFO'] log_opt_values /var/lib/kolla/venv/lib/python3.6/site-packages/oslo_config/cfg.py:2603
2026-04-20 16:27:23.709 7 DEBUG neutron.common.config [-] dhcp_agent_notification = True log_opt_values /var/lib/kolla/venv/lib/python3.6/site-packages/oslo_config/cfg.py:2603
2026-04-20 16:27:23.709 7 DEBUG neutron.common.config [-] dhcp_lease_duration = 86400 log_opt_values /var/lib/kolla/venv/lib/python3.6/site-packages/oslo_config/cfg.py:2603
2026-04-20 16:27:23.710 7 DEBUG neutron.common.config [-] dns_domain = openstacklocal log_opt_values /var/lib/kolla/venv/lib/python3.6/site-packages/oslo_config/cfg.py:2603
2026-04-20 16:27:23.710 7 DEBUG neutron.common.config [-] enable_traditional_dhcp = True log_opt_values /var/lib/kolla/venv/lib/python3.6/site-packages/oslo_config/cfg.py:2603
2026-04-20 16:27:23.710 7 DEBUG neutron.common.config [-] external_dns_driver = None log_opt_values /var/lib/kolla/venv/lib/python3.6/site-packages/oslo_config/cfg.py:2603
2026-04-20 16:27:23.710 7 DEBUG neutron.common.config [-] filter_validation = True log_opt_values /var/lib/kolla/venv/lib/python3.6/site-packages/oslo_config/cfg.py:2603
2026-04-20 16:27:23.710 7 DEBUG neutron.common.config [-] global_physnet_mtu = 1500 log_opt_values /var/lib/kolla/venv/lib/python3.6/site-packages/oslo_config/cfg.py:2603
2026-04-20 16:27:23.710 7 DEBUG neutron.common.config [-] host = cn-jenkins-deploy-platform-ansible-os-5653-1 log_opt_values /var/lib/kolla/venv/lib/python3.6/site-packages/oslo_config/cfg.py:2603
2026-04-20 16:27:23.710 7 DEBUG neutron.common.config [-] http_retries = 3 log_opt_values /var/lib/kolla/venv/lib/python3.6/site-packages/oslo_config/cfg.py:2603
2026-04-20 16:27:23.710 7 DEBUG neutron.common.config [-] instance_format = [instance: %(uuid)s] log_opt_values /var/lib/kolla/venv/lib/python3.6/site-packages/oslo_config/cfg.py:2603
2026-04-20 16:27:23.711 7 DEBUG neutron.common.config [-] instance_uuid_format = [instance: %(uuid)s] log_opt_values /var/lib/kolla/venv/lib/python3.6/site-packages/oslo_config/cfg.py:2603
2026-04-20 16:27:23.711 7 DEBUG neutron.common.config [-] ipam_driver = internal log_opt_values /var/lib/kolla/venv/lib/python3.6/site-packages/oslo_config/cfg.py:2603
2026-04-20 16:27:23.711 7 DEBUG neutron.common.config [-] ipv6_pd_enabled = False log_opt_values /var/lib/kolla/venv/lib/python3.6/site-packages/oslo_config/cfg.py:2603
2026-04-20 16:27:23.711 7 DEBUG neutron.common.config [-] log_config_append = None log_opt_values /var/lib/kolla/venv/lib/python3.6/site-packages/oslo_config/cfg.py:2603
2026-04-20 16:27:23.711 7 DEBUG neutron.common.config [-] log_date_format = %Y-%m-%d %H:%M:%S log_opt_values /var/lib/kolla/venv/lib/python3.6/site-packages/oslo_config/cfg.py:2603
2026-04-20 16:27:23.711 7 DEBUG neutron.common.config [-] log_dir = /var/log/kolla/neutron log_opt_values /var/lib/kolla/venv/lib/python3.6/site-packages/oslo_config/cfg.py:2603
2026-04-20 16:27:23.711 7 DEBUG neutron.common.config [-] log_file = None log_opt_values /var/lib/kolla/venv/lib/python3.6/site-packages/oslo_config/cfg.py:2603
2026-04-20 16:27:23.711 7 DEBUG neutron.common.config [-] log_rotate_interval = 1 log_opt_values /var/lib/kolla/venv/lib/python3.6/site-packages/oslo_config/cfg.py:2603
2026-04-20 16:27:23.711 7 DEBUG neutron.common.config [-] log_rotate_interval_type = days log_opt_values /var/lib/kolla/venv/lib/python3.6/site-packages/oslo_config/cfg.py:2603
