2026-04-20 00:48:31.106 147222 DEBUG oslo_db.sqlalchemy.engines [req-e2f192f2-67c5-4f00-8914-dc0291d6a472 - - - - -] MySQL server mode set to STRICT_TRANS_TABLES,STRICT_ALL_TABLES,NO_ZERO_IN_DATE,NO_ZERO_DATE,ERROR_FOR_DIVISION_BY_ZERO,TRADITIONAL,NO_ENGINE_SUBSTITUTION _check_effective_sql_mode /usr/lib/python3/dist-packages/oslo_db/sqlalchemy/engines.py:314
2026-04-20 00:48:31.107 147095 DEBUG oslo_service.service [req-092dfae3-0a5c-46df-b1d5-aed22aa823c4 - - - - -] initial_cpu_allocation_ratio = 16.0 log_opt_values /usr/lib/python3/dist-packages/oslo_config/cfg.py:2602
2026-04-20 00:48:31.108 147095 DEBUG oslo_service.service [req-092dfae3-0a5c-46df-b1d5-aed22aa823c4 - - - - -] initial_disk_allocation_ratio = 1.0 log_opt_values /usr/lib/python3/dist-packages/oslo_config/cfg.py:2602
2026-04-20 00:48:31.109 147095 DEBUG oslo_service.service [req-092dfae3-0a5c-46df-b1d5-aed22aa823c4 - - - - -] initial_ram_allocation_ratio = 1.5 log_opt_values /usr/lib/python3/dist-packages/oslo_config/cfg.py:2602
2026-04-20 00:48:31.109 147095 DEBUG oslo_service.service [req-092dfae3-0a5c-46df-b1d5-aed22aa823c4 - - - - -] injected_network_template = /usr/lib/python3/dist-packages/nova/virt/interfaces.template log_opt_values /usr/lib/python3/dist-packages/oslo_config/cfg.py:2602
2026-04-20 00:48:31.110 147095 DEBUG oslo_service.service [req-092dfae3-0a5c-46df-b1d5-aed22aa823c4 - - - - -] instance_build_timeout = 0 log_opt_values /usr/lib/python3/dist-packages/oslo_config/cfg.py:2602
2026-04-20 00:48:31.111 147095 DEBUG oslo_service.service [req-092dfae3-0a5c-46df-b1d5-aed22aa823c4 - - - - -] instance_delete_interval = 300 log_opt_values /usr/lib/python3/dist-packages/oslo_config/cfg.py:2602
2026-04-20 00:48:31.112 147095 DEBUG oslo_service.service [req-092dfae3-0a5c-46df-b1d5-aed22aa823c4 - - - - -] instance_format = [instance: %(uuid)s] log_opt_values /usr/lib/python3/dist-packages/oslo_config/cfg.py:2602
2026-04-20 00:48:31.112 147095 DEBUG oslo_service.service [req-092dfae3-0a5c-46df-b1d5-aed22aa823c4 - - - - -] instance_name_template = instance-%08x log_opt_values /usr/lib/python3/dist-packages/oslo_config/cfg.py:2602
2026-04-20 00:48:31.112 147095 DEBUG oslo_service.service [req-092dfae3-0a5c-46df-b1d5-aed22aa823c4 - - - - -] instance_usage_audit = False log_opt_values /usr/lib/python3/dist-packages/oslo_config/cfg.py:2602
2026-04-20 00:48:31.113 147095 DEBUG oslo_service.service [req-092dfae3-0a5c-46df-b1d5-aed22aa823c4 - - - - -] instance_usage_audit_period = month log_opt_values /usr/lib/python3/dist-packages/oslo_config/cfg.py:2602
2026-04-20 00:48:31.112 147221 DEBUG nova.service [req-0aed8408-9507-46f0-8d19-4ccf8349c743 - - - - -] Creating RPC server for service scheduler start /usr/lib/python3/dist-packages/nova/service.py:182
2026-04-20 00:48:31.113 147095 DEBUG oslo_service.service [req-092dfae3-0a5c-46df-b1d5-aed22aa823c4 - - - - -] instance_uuid_format = [instance: %(uuid)s] log_opt_values /usr/lib/python3/dist-packages/oslo_config/cfg.py:2602
2026-04-20 00:48:31.113 147095 DEBUG oslo_service.service [req-092dfae3-0a5c-46df-b1d5-aed22aa823c4 - - - - -] instances_path = /var/lib/nova/instances log_opt_values /usr/lib/python3/dist-packages/oslo_config/cfg.py:2602
2026-04-20 00:48:31.115 147095 DEBUG oslo_service.service [req-092dfae3-0a5c-46df-b1d5-aed22aa823c4 - - - - -] internal_service_availability_zone = internal log_opt_values /usr/lib/python3/dist-packages/oslo_config/cfg.py:2602
2026-04-20 00:48:31.116 147095 DEBUG oslo_service.service [req-092dfae3-0a5c-46df-b1d5-aed22aa823c4 - - - - -] key = None log_opt_values /usr/lib/python3/dist-packages/oslo_config/cfg.py:2602
2026-04-20 00:48:31.116 147095 DEBUG oslo_service.service [req-092dfae3-0a5c-46df-b1d5-aed22aa823c4 - - - - -] live_migration_retry_count = 30 log_opt_values /usr/lib/python3/dist-packages/oslo_config/cfg.py:2602
2026-04-20 00:48:31.117 147095 DEBUG oslo_service.service [req-092dfae3-0a5c-46df-b1d5-aed22aa823c4 - - - - -] log_config_append = None log_opt_values /usr/lib/python3/dist-packages/oslo_config/cfg.py:2602
2026-04-20 00:48:31.117 147095 DEBUG oslo_service.service [req-092dfae3-0a5c-46df-b1d5-aed22aa823c4 - - - - -] log_date_format = %Y-%m-%d %H:%M:%S log_opt_values /usr/lib/python3/dist-packages/oslo_config/cfg.py:2602
2026-04-20 00:48:31.117 147095 DEBUG oslo_service.service [req-092dfae3-0a5c-46df-b1d5-aed22aa823c4 - - - - -] log_dir = /var/log/nova log_opt_values /usr/lib/python3/dist-packages/oslo_config/cfg.py:2602
2026-04-20 00:48:31.117 147095 DEBUG oslo_service.service [req-092dfae3-0a5c-46df-b1d5-aed22aa823c4 - - - - -] log_file = /var/log/nova/nova-scheduler.log log_opt_values /usr/lib/python3/dist-packages/oslo_config/cfg.py:2602
2026-04-20 00:48:31.117 147095 DEBUG oslo_service.service [req-092dfae3-0a5c-46df-b1d5-aed22aa823c4 - - - - -] log_options = True log_opt_values /usr/lib/python3/dist-packages/oslo_config/cfg.py:2602
2026-04-20 00:48:31.118 147095 DEBUG oslo_service.service [req-092dfae3-0a5c-46df-b1d5-aed22aa823c4 - - - - -] log_rotate_interval = 1 log_opt_values /usr/lib/python3/dist-packages/oslo_config/cfg.py:2602
2026-04-20 00:48:31.118 147095 DEBUG oslo_service.service [req-092dfae3-0a5c-46df-b1d5-aed22aa823c4 - - - - -] log_rotate_interval_type = days log_opt_values /usr/lib/python3/dist-packages/oslo_config/cfg.py:2602
2026-04-20 00:48:31.118 147095 DEBUG oslo_service.service [req-092dfae3-0a5c-46df-b1d5-aed22aa823c4 - - - - -] log_rotation_type = none log_opt_values /usr/lib/python3/dist-packages/oslo_config/cfg.py:2602
2026-04-20 00:48:31.119 147095 DEBUG oslo_service.service [req-092dfae3-0a5c-46df-b1d5-aed22aa823c4 - - - - -] logging_context_format_string = %(asctime)s.%(msecs)03d %(process)d %(levelname)s %(name)s [%(request_id)s %(user_identity)s] %(instance)s%(message)s log_opt_values /usr/lib/python3/dist-packages/oslo_config/cfg.py:2602
2026-04-20 00:48:31.122 147223 DEBUG nova.service [req-35bf88f0-aef0-40e3-995d-59d3bdf17f55 - - - - -] Creating RPC server for service scheduler start /usr/lib/python3/dist-packages/nova/service.py:182
2026-04-20 00:48:31.124 147095 DEBUG oslo_service.service [req-092dfae3-0a5c-46df-b1d5-aed22aa823c4 - - - - -] logging_debug_format_suffix = %(funcName)s %(pathname)s:%(lineno)d log_opt_values /usr/lib/python3/dist-packages/oslo_config/cfg.py:2602
2026-04-20 00:48:31.128 147095 DEBUG oslo_service.service [req-092dfae3-0a5c-46df-b1d5-aed22aa823c4 - - - - -] logging_default_format_string = %(asctime)s.%(msecs)03d %(process)d %(levelname)s %(name)s [-] %(instance)s%(message)s log_opt_values /usr/lib/python3/dist-packages/oslo_config/cfg.py:2602
2026-04-20 00:48:31.128 147095 DEBUG oslo_service.service [req-092dfae3-0a5c-46df-b1d5-aed22aa823c4 - - - - -] logging_exception_prefix = %(asctime)s.%(msecs)03d %(process)d ERROR %(name)s %(instance)s log_opt_values /usr/lib/python3/dist-packages/oslo_config/cfg.py:2602
2026-04-20 00:48:31.129 147220 DEBUG oslo_messaging._drivers.amqpdriver [-] Listener is running poll /usr/lib/python3/dist-packages/oslo_messaging/_drivers/amqpdriver.py:343
2026-04-20 00:48:31.129 147220 DEBUG oslo_messaging._drivers.amqpdriver [-] AMQPListener connection consume poll /usr/lib/python3/dist-packages/oslo_messaging/_drivers/amqpdriver.py:357
2026-04-20 00:48:31.129 147095 DEBUG oslo_service.service [req-092dfae3-0a5c-46df-b1d5-aed22aa823c4 - - - - -] logging_user_identity_format = %(user)s %(project)s %(domain)s %(user_domain)s %(project_domain)s log_opt_values /usr/lib/python3/dist-packages/oslo_config/cfg.py:2602
2026-04-20 00:48:31.130 147095 DEBUG oslo_service.service [req-092dfae3-0a5c-46df-b1d5-aed22aa823c4 - - - - -] long_rpc_timeout = 1800 log_opt_values /usr/lib/python3/dist-packages/oslo_config/cfg.py:2602
2026-04-20 00:48:31.130 147095 DEBUG oslo_service.service [req-092dfae3-0a5c-46df-b1d5-aed22aa823c4 - - - - -] max_concurrent_builds = 10 log_opt_values /usr/lib/python3/dist-packages/oslo_config/cfg.py:2602
2026-04-20 00:48:31.131 147095 DEBUG oslo_service.service [req-092dfae3-0a5c-46df-b1d5-aed22aa823c4 - - - - -] max_concurrent_live_migrations = 1 log_opt_values /usr/lib/python3/dist-packages/oslo_config/cfg.py:2602
2026-04-20 00:48:31.131 147220 DEBUG nova.service [req-a57303d8-6d0f-4e9d-8b33-dcc8b61bcdd1 - - - - -] Join ServiceGroup membership for this service scheduler start /usr/lib/python3/dist-packages/nova/service.py:199
2026-04-20 00:48:31.131 147095 DEBUG oslo_service.service [req-092dfae3-0a5c-46df-b1d5-aed22aa823c4 - - - - -] max_concurrent_snapshots = 5 log_opt_values /usr/lib/python3/dist-packages/oslo_config/cfg.py:2602
2026-04-20 00:48:31.132 147095 DEBUG oslo_service.service [req-092dfae3-0a5c-46df-b1d5-aed22aa823c4 - - - - -] max_local_block_devices = 3 log_opt_values /usr/lib/python3/dist-packages/oslo_config/cfg.py:2602
2026-04-20 00:48:31.132 147095 DEBUG oslo_service.service [req-092dfae3-0a5c-46df-b1d5-aed22aa823c4 - - - - -] max_logfile_count = 30 log_opt_values /usr/lib/python3/dist-packages/oslo_config/cfg.py:2602
2026-04-20 00:48:31.133 147220 DEBUG nova.servicegroup.drivers.db [req-a57303d8-6d0f-4e9d-8b33-dcc8b61bcdd1 - - - - -] DB_Driver: join new ServiceGroup member juju-1f6644-0-lxd-7 to the scheduler group, service = join /usr/lib/python3/dist-packages/nova/servicegroup/drivers/db.py:44
2026-04-20 00:48:31.134 147095 DEBUG oslo_service.service [req-092dfae3-0a5c-46df-b1d5-aed22aa823c4 - - - - -] max_logfile_size_mb = 200 log_opt_values /usr/lib/python3/dist-packages/oslo_config/cfg.py:2602
2026-04-20 00:48:31.134 147095 DEBUG oslo_service.service [req-092dfae3-0a5c-46df-b1d5-aed22aa823c4 - - - - -] maximum_instance_delete_attempts = 5 log_opt_values /usr/lib/python3/dist-packages/oslo_config/cfg.py:2602
2026-04-20 00:48:31.135 147095 DEBUG oslo_service.service [req-092dfae3-0a5c-46df-b1d5-aed22aa823c4 - - - - -] metadata_listen = 0.0.0.0 log_opt_values /usr/lib/python3/dist-packages/oslo_config/cfg.py:2602
2026-04-20 00:48:31.135 147095 DEBUG oslo_service.service [req-092dfae3-0a5c-46df-b1d5-aed22aa823c4 - - - - -] metadata_listen_port = 8765 log_opt_values /usr/lib/python3/dist-packages/oslo_config/cfg.py:2602
2026-04-20 00:48:31.135 147095 DEBUG oslo_service.service [req-092dfae3-0a5c-46df-b1d5-aed22aa823c4 - - - - -] metadata_workers = None log_opt_values /usr/lib/python3/dist-packages/oslo_config/cfg.py:2602
2026-04-20 00:48:31.135 147095 DEBUG oslo_service.service [req-092dfae3-0a5c-46df-b1d5-aed22aa823c4 - - - - -] migrate_max_retries = -1 log_opt_values /usr/lib/python3/dist-packages/oslo_config/cfg.py:2602
2026-04-20 00:48:31.136 147095 DEBUG oslo_service.service [req-092dfae3-0a5c-46df-b1d5-aed22aa823c4 - - - - -] mkisofs_cmd = genisoimage log_opt_values /usr/lib/python3/dist-packages/oslo_config/cfg.py:2602
2026-04-20 00:48:31.136 147095 DEBUG oslo_service.service [req-092dfae3-0a5c-46df-b1d5-aed22aa823c4 - - - - -] my_block_storage_ip = 252.129.181.228 log_opt_values /usr/lib/python3/dist-packages/oslo_config/cfg.py:2602
2026-04-20 00:48:31.137 147095 DEBUG oslo_service.service [req-092dfae3-0a5c-46df-b1d5-aed22aa823c4 - - - - -] my_ip = 252.129.181.228 log_opt_values /usr/lib/python3/dist-packages/oslo_config/cfg.py:2602
2026-04-20 00:48:31.137 147095 DEBUG oslo_service.service [req-092dfae3-0a5c-46df-b1d5-aed22aa823c4 - - - - -] network_allocate_retries = 0 log_opt_values /usr/lib/python3/dist-packages/oslo_config/cfg.py:2602
2026-04-20 00:48:31.137 147095 DEBUG oslo_service.service [req-092dfae3-0a5c-46df-b1d5-aed22aa823c4 - - - - -] non_inheritable_image_properties = ['cache_in_nova', 'bittorrent'] log_opt_values /usr/lib/python3/dist-packages/oslo_config/cfg.py:2602
2026-04-20 00:48:31.137 147095 DEBUG oslo_service.service [req-092dfae3-0a5c-46df-b1d5-aed22aa823c4 - - - - -] osapi_compute_listen = 0.0.0.0 log_opt_values /usr/lib/python3/dist-packages/oslo_config/cfg.py:2602
2026-04-20 00:48:31.138 147095 DEBUG oslo_service.service [req-092dfae3-0a5c-46df-b1d5-aed22aa823c4 - - - - -] osapi_compute_listen_port = 8764 log_opt_values /usr/lib/python3/dist-packages/oslo_config/cfg.py:2602
2026-04-20 00:48:31.138 147095 DEBUG oslo_service.service [req-092dfae3-0a5c-46df-b1d5-aed22aa823c4 - - - - -] osapi_compute_unique_server_name_scope = log_opt_values /usr/lib/python3/dist-packages/oslo_config/cfg.py:2602
2026-04-20 00:48:31.138 147095 DEBUG oslo_service.service [req-092dfae3-0a5c-46df-b1d5-aed22aa823c4 - - - - -] osapi_compute_workers = 4 log_opt_values /usr/lib/python3/dist-packages/oslo_config/cfg.py:2602
2026-04-20 00:48:31.138 147095 DEBUG oslo_service.service [req-092dfae3-0a5c-46df-b1d5-aed22aa823c4 - - - - -] password_length = 12 log_opt_values /usr/lib/python3/dist-packages/oslo_config/cfg.py:2602
2026-04-20 00:48:31.138 147220 DEBUG oslo_messaging._drivers.amqpdriver [-] AMQPListener connection timeout poll /usr/lib/python3/dist-packages/oslo_messaging/_drivers/amqpdriver.py:360
2026-04-20 00:48:31.139 147095 DEBUG oslo_service.service [req-092dfae3-0a5c-46df-b1d5-aed22aa823c4 - - - - -] periodic_enable = True log_opt_values /usr/lib/python3/dist-packages/oslo_config/cfg.py:2602
2026-04-20 00:48:31.139 147095 DEBUG oslo_service.service [req-092dfae3-0a5c-46df-b1d5-aed22aa823c4 - - - - -] periodic_fuzzy_delay = 60 log_opt_values /usr/lib/python3/dist-packages/oslo_config/cfg.py:2602
2026-04-20 00:48:31.139 147095 DEBUG oslo_service.service [req-092dfae3-0a5c-46df-b1d5-aed22aa823c4 - - - - -] pointer_model = usbtablet log_opt_values /usr/lib/python3/dist-packages/oslo_config/cfg.py:2602
2026-04-20 00:48:31.139 147095 DEBUG oslo_service.service [req-092dfae3-0a5c-46df-b1d5-aed22aa823c4 - - - - -] preallocate_images = none log_opt_values /usr/lib/python3/dist-packages/oslo_config/cfg.py:2602
2026-04-20 00:48:31.140 147095 DEBUG oslo_service.service [req-092dfae3-0a5c-46df-b1d5-aed22aa823c4 - - - - -] publish_errors = False log_opt_values /usr/lib/python3/dist-packages/oslo_config/cfg.py:2602
2026-04-20 00:48:31.140 147095 DEBUG oslo_service.service [req-092dfae3-0a5c-46df-b1d5-aed22aa823c4 - - - - -] pybasedir = /usr/lib/python3/dist-packages log_opt_values /usr/lib/python3/dist-packages/oslo_config/cfg.py:2602
2026-04-20 00:48:31.139 147220 DEBUG oslo_messaging._drivers.amqpdriver [-] Listener is running poll /usr/lib/python3/dist-packages/oslo_messaging/_drivers/amqpdriver.py:343
2026-04-20 00:48:31.140 147095 DEBUG oslo_service.service [req-092dfae3-0a5c-46df-b1d5-aed22aa823c4 - - - - -] ram_allocation_ratio = 0.98 log_opt_values /usr/lib/python3/dist-packages/oslo_config/cfg.py:2602
2026-04-20 00:48:31.140 147220 DEBUG oslo_messaging._drivers.amqpdriver [-] AMQPListener connection consume poll /usr/lib/python3/dist-packages/oslo_messaging/_drivers/amqpdriver.py:357
2026-04-20 00:48:31.140 147095 DEBUG oslo_service.service [req-092dfae3-0a5c-46df-b1d5-aed22aa823c4 - - - - -] rate_limit_burst = 0 log_opt_values /usr/lib/python3/dist-packages/oslo_config/cfg.py:2602
2026-04-20 00:48:31.141 147095 DEBUG oslo_service.service [req-092dfae3-0a5c-46df-b1d5-aed22aa823c4 - - - - -] rate_limit_except_level = CRITICAL log_opt_values /usr/lib/python3/dist-packages/oslo_config/cfg.py:2602
2026-04-20 00:48:31.141 147095 DEBUG oslo_service.service [req-092dfae3-0a5c-46df-b1d5-aed22aa823c4 - - - - -] rate_limit_interval = 0 log_opt_values /usr/lib/python3/dist-packages/oslo_config/cfg.py:2602
2026-04-20 00:48:31.141 147095 DEBUG oslo_service.service [req-092dfae3-0a5c-46df-b1d5-aed22aa823c4 - - - - -] reboot_timeout = 0 log_opt_values /usr/lib/python3/dist-packages/oslo_config/cfg.py:2602
2026-04-20 00:48:31.142 147095 DEBUG oslo_service.service [req-092dfae3-0a5c-46df-b1d5-aed22aa823c4 - - - - -] reclaim_instance_interval = 0 log_opt_values /usr/lib/python3/dist-packages/oslo_config/cfg.py:2602
2026-04-20 00:48:31.142 147095 DEBUG oslo_service.service [req-092dfae3-0a5c-46df-b1d5-aed22aa823c4 - - - - -] record = None log_opt_values /usr/lib/python3/dist-packages/oslo_config/cfg.py:2602
2026-04-20 00:48:31.142 147095 DEBUG oslo_service.service [req-092dfae3-0a5c-46df-b1d5-aed22aa823c4 - - - - -] report_interval = 10 log_opt_values /usr/lib/python3/dist-packages/oslo_config/cfg.py:2602
2026-04-20 00:48:31.143 147095 DEBUG oslo_service.service [req-092dfae3-0a5c-46df-b1d5-aed22aa823c4 - - - - -] rescue_timeout = 0 log_opt_values /usr/lib/python3/dist-packages/oslo_config/cfg.py:2602
2026-04-20 00:48:31.143 147095 DEBUG oslo_service.service [req-092dfae3-0a5c-46df-b1d5-aed22aa823c4 - - - - -] reserved_host_cpus = 0 log_opt_values /usr/lib/python3/dist-packages/oslo_config/cfg.py:2602
2026-04-20 00:48:31.143 147095 DEBUG oslo_service.service [req-092dfae3-0a5c-46df-b1d5-aed22aa823c4 - - - - -] reserved_host_disk_mb = 0 log_opt_values /usr/lib/python3/dist-packages/oslo_config/cfg.py:2602
2026-04-20 00:48:31.143 147095 DEBUG oslo_service.service [req-092dfae3-0a5c-46df-b1d5-aed22aa823c4 - - - - -] reserved_host_memory_mb = 512 log_opt_values /usr/lib/python3/dist-packages/oslo_config/cfg.py:2602
2026-04-20 00:48:31.143 147095 DEBUG oslo_service.service [req-092dfae3-0a5c-46df-b1d5-aed22aa823c4 - - - - -] reserved_huge_pages = None log_opt_values /usr/lib/python3/dist-packages/oslo_config/cfg.py:2602
2026-04-20 00:48:31.144 147095 DEBUG oslo_service.service [req-092dfae3-0a5c-46df-b1d5-aed22aa823c4 - - - - -] resize_confirm_window = 0 log_opt_values /usr/lib/python3/dist-packages/oslo_config/cfg.py:2602
2026-04-20 00:48:31.144 147095 DEBUG oslo_service.service [req-092dfae3-0a5c-46df-b1d5-aed22aa823c4 - - - - -] resize_fs_using_block_device = False log_opt_values /usr/lib/python3/dist-packages/oslo_config/cfg.py:2602
2026-04-20 00:48:31.144 147095 DEBUG oslo_service.service [req-092dfae3-0a5c-46df-b1d5-aed22aa823c4 - - - - -] resume_guests_state_on_host_boot = False log_opt_values /usr/lib/python3/dist-packages/oslo_config/cfg.py:2602
2026-04-20 00:48:31.145 147095 DEBUG oslo_service.service [req-092dfae3-0a5c-46df-b1d5-aed22aa823c4 - - - - -] rootwrap_config = /etc/nova/rootwrap.conf log_opt_values /usr/lib/python3/dist-packages/oslo_config/cfg.py:2602
2026-04-20 00:48:31.145 147095 DEBUG oslo_service.service [req-092dfae3-0a5c-46df-b1d5-aed22aa823c4 - - - - -] run_external_periodic_tasks = True log_opt_values /usr/lib/python3/dist-packages/oslo_config/cfg.py:2602
2026-04-20 00:48:31.145 147095 DEBUG oslo_service.service [req-092dfae3-0a5c-46df-b1d5-aed22aa823c4 - - - - -] running_deleted_instance_action = reap log_opt_values /usr/lib/python3/dist-packages/oslo_config/cfg.py:2602
2026-04-20 00:48:31.145 147095 DEBUG oslo_service.service [req-092dfae3-0a5c-46df-b1d5-aed22aa823c4 - - - - -] running_deleted_instance_poll_interval = 1800 log_opt_values /usr/lib/python3/dist-packages/oslo_config/cfg.py:2602
2026-04-20 00:48:31.146 147095 DEBUG oslo_service.service [req-092dfae3-0a5c-46df-b1d5-aed22aa823c4 - - - - -] running_deleted_instance_timeout = 0 log_opt_values /usr/lib/python3/dist-packages/oslo_config/cfg.py:2602
2026-04-20 00:48:31.146 147095 DEBUG oslo_service.service [req-092dfae3-0a5c-46df-b1d5-aed22aa823c4 - - - - -] scheduler_instance_sync_interval = 120 log_opt_values /usr/lib/python3/dist-packages/oslo_config/cfg.py:2602
2026-04-20 00:48:31.146 147095 DEBUG oslo_service.service [req-092dfae3-0a5c-46df-b1d5-aed22aa823c4 - - - - -] service_down_time = 60 log_opt_values /usr/lib/python3/dist-packages/oslo_config/cfg.py:2602
2026-04-20 00:48:31.146 147095 DEBUG oslo_service.service [req-092dfae3-0a5c-46df-b1d5-aed22aa823c4 - - - - -] servicegroup_driver = db log_opt_values /usr/lib/python3/dist-packages/oslo_config/cfg.py:2602
2026-04-20 00:48:31.147 147095 DEBUG oslo_service.service [req-092dfae3-0a5c-46df-b1d5-aed22aa823c4 - - - - -] shelved_offload_time = 0 log_opt_values /usr/lib/python3/dist-packages/oslo_config/cfg.py:2602
2026-04-20 00:48:31.147 147095 DEBUG oslo_service.service [req-092dfae3-0a5c-46df-b1d5-aed22aa823c4 - - - - -] shelved_poll_interval = 3600 log_opt_values /usr/lib/python3/dist-packages/oslo_config/cfg.py:2602
2026-04-20 00:48:31.147 147095 DEBUG oslo_service.service [req-092dfae3-0a5c-46df-b1d5-aed22aa823c4 - - - - -] shutdown_timeout = 60 log_opt_values /usr/lib/python3/dist-packages/oslo_config/cfg.py:2602
2026-04-20 00:48:31.147 147095 DEBUG oslo_service.service [req-092dfae3-0a5c-46df-b1d5-aed22aa823c4 - - - - -] source_is_ipv6 = False log_opt_values /usr/lib/python3/dist-packages/oslo_config/cfg.py:2602
2026-04-20 00:48:31.148 147095 DEBUG oslo_service.service [req-092dfae3-0a5c-46df-b1d5-aed22aa823c4 - - - - -] ssl_only = False log_opt_values /usr/lib/python3/dist-packages/oslo_config/cfg.py:2602
2026-04-20 00:48:31.148 147095 DEBUG oslo_service.service [req-092dfae3-0a5c-46df-b1d5-aed22aa823c4 - - - - -] state_path = /var/lib/nova log_opt_values /usr/lib/python3/dist-packages/oslo_config/cfg.py:2602
2026-04-20 00:48:31.147 147222 DEBUG nova.service [req-e2f192f2-67c5-4f00-8914-dc0291d6a472 - - - - -] Creating RPC server for service scheduler start /usr/lib/python3/dist-packages/nova/service.py:182
2026-04-20 00:48:31.148 147095 DEBUG oslo_service.service [req-092dfae3-0a5c-46df-b1d5-aed22aa823c4 - - - - -] sync_power_state_interval = 600 log_opt_values /usr/lib/python3/dist-packages/oslo_config/cfg.py:2602
2026-04-20 00:48:31.148 147095 DEBUG oslo_service.service [req-092dfae3-0a5c-46df-b1d5-aed22aa823c4 - - - - -] sync_power_state_pool_size = 1000 log_opt_values /usr/lib/python3/dist-packages/oslo_config/cfg.py:2602
2026-04-20 00:48:31.148 147095 DEBUG oslo_service.service [req-092dfae3-0a5c-46df-b1d5-aed22aa823c4 - - - - -] syslog_log_facility = LOG_USER log_opt_values /usr/lib/python3/dist-packages/oslo_config/cfg.py:2602
2026-04-20 00:48:31.149 147095 DEBUG oslo_service.service [req-092dfae3-0a5c-46df-b1d5-aed22aa823c4 - - - - -] tempdir = None log_opt_values /usr/lib/python3/dist-packages/oslo_config/cfg.py:2602
2026-04-20 00:48:31.149 147095 DEBUG oslo_service.service [req-092dfae3-0a5c-46df-b1d5-aed22aa823c4 - - - - -] timeout_nbd = 10 log_opt_values /usr/lib/python3/dist-packages/oslo_config/cfg.py:2602
2026-04-20 00:48:31.149 147095 DEBUG oslo_service.service [req-092dfae3-0a5c-46df-b1d5-aed22aa823c4 - - - - -] transport_url = **** log_opt_values /usr/lib/python3/dist-packages/oslo_config/cfg.py:2602
2026-04-20 00:48:31.149 147095 DEBUG oslo_service.service [req-092dfae3-0a5c-46df-b1d5-aed22aa823c4 - - - - -] update_resources_interval = 0 log_opt_values /usr/lib/python3/dist-packages/oslo_config/cfg.py:2602
2026-04-20 00:48:31.149 147095 DEBUG oslo_service.service [req-092dfae3-0a5c-46df-b1d5-aed22aa823c4 - - - - -] use_cow_images = True log_opt_values /usr/lib/python3/dist-packages/oslo_config/cfg.py:2602
2026-04-20 00:48:31.150 147095 DEBUG oslo_service.service [req-092dfae3-0a5c-46df-b1d5-aed22aa823c4 - - - - -] use_eventlog = False log_opt_values /usr/lib/python3/dist-packages/oslo_config/cfg.py:2602
2026-04-20 00:48:31.150 147095 DEBUG oslo_service.service [req-092dfae3-0a5c-46df-b1d5-aed22aa823c4 - - - - -] use_journal = False log_opt_values /usr/lib/python3/dist-packages/oslo_config/cfg.py:2602
2026-04-20 00:48:31.150 147095 DEBUG oslo_service.service [req-092dfae3-0a5c-46df-b1d5-aed22aa823c4 - - - - -] use_json = False log_opt_values /usr/lib/python3/dist-packages/oslo_config/cfg.py:2602
2026-04-20 00:48:31.150 147095 DEBUG oslo_service.service [req-092dfae3-0a5c-46df-b1d5-aed22aa823c4 - - - - -] use_rootwrap_daemon = False log_opt_values /usr/lib/python3/dist-packages/oslo_config/cfg.py:2602
2026-04-20 00:48:31.151 147095 DEBUG oslo_service.service [req-092dfae3-0a5c-46df-b1d5-aed22aa823c4 - - - - -] use_stderr = False log_opt_values /usr/lib/python3/dist-packages/oslo_config/cfg.py:2602
2026-04-20 00:48:31.151 147095 DEBUG oslo_service.service [req-092dfae3-0a5c-46df-b1d5-aed22aa823c4 - - - - -] use_syslog = False log_opt_values /usr/lib/python3/dist-packages/oslo_config/cfg.py:2602
2026-04-20 00:48:31.151 147095 DEBUG oslo_service.service [req-092dfae3-0a5c-46df-b1d5-aed22aa823c4 - - - - -] vcpu_pin_set = None log_opt_values /usr/lib/python3/dist-packages/oslo_config/cfg.py:2602
2026-04-20 00:48:31.151 147095 DEBUG oslo_service.service [req-092dfae3-0a5c-46df-b1d5-aed22aa823c4 - - - - -] vif_plugging_is_fatal = True log_opt_values /usr/lib/python3/dist-packages/oslo_config/cfg.py:2602
2026-04-20 00:48:31.152 147095 DEBUG oslo_service.service [req-092dfae3-0a5c-46df-b1d5-aed22aa823c4 - - - - -] vif_plugging_timeout = 300 log_opt_values /usr/lib/python3/dist-packages/oslo_config/cfg.py:2602
2026-04-20 00:48:31.152 147095 DEBUG oslo_service.service [req-092dfae3-0a5c-46df-b1d5-aed22aa823c4 - - - - -] virt_mkfs = [] log_opt_values /usr/lib/python3/dist-packages/oslo_config/cfg.py:2602
2026-04-20 00:48:31.152 147095 DEBUG oslo_service.service [req-092dfae3-0a5c-46df-b1d5-aed22aa823c4 - - - - -] volume_usage_poll_interval = 0 log_opt_values /usr/lib/python3/dist-packages/oslo_config/cfg.py:2602
2026-04-20 00:48:31.152 147095 DEBUG oslo_service.service [req-092dfae3-0a5c-46df-b1d5-aed22aa823c4 - - - - -] watch_log_file = False log_opt_values /usr/lib/python3/dist-packages/oslo_config/cfg.py:2602
2026-04-20 00:48:31.153 147095 DEBUG oslo_service.service [req-092dfae3-0a5c-46df-b1d5-aed22aa823c4 - - - - -] web = /usr/share/spice-html5 log_opt_values /usr/lib/python3/dist-packages/oslo_config/cfg.py:2602
2026-04-20 00:48:31.153 147095 DEBUG oslo_service.service [req-092dfae3-0a5c-46df-b1d5-aed22aa823c4 - - - - -] oslo_concurrency.disable_process_locking = False log_opt_values /usr/lib/python3/dist-packages/oslo_config/cfg.py:2609
2026-04-20 00:48:31.153 147095 DEBUG oslo_service.service [req-092dfae3-0a5c-46df-b1d5-aed22aa823c4 - - - - -] oslo_concurrency.lock_path = /var/lock/nova log_opt_values /usr/lib/python3/dist-packages/oslo_config/cfg.py:2609
2026-04-20 00:48:31.154 147095 WARNING oslo_config.cfg [req-092dfae3-0a5c-46df-b1d5-aed22aa823c4 - - - - -] Deprecated: Option "auth_strategy" from group "api" is deprecated for removal ( The only non-default choice, ``noauth2``, is for internal development and testing purposes only and should not be used in deployments. This option and its middleware, NoAuthMiddleware[V2_18], will be removed in a future release. ). Its value may be silently ignored in the future.
2026-04-20 00:48:31.154 147095 DEBUG oslo_service.service [req-092dfae3-0a5c-46df-b1d5-aed22aa823c4 - - - - -] api.auth_strategy = keystone log_opt_values /usr/lib/python3/dist-packages/oslo_config/cfg.py:2609
2026-04-20 00:48:31.155 147095 DEBUG oslo_service.service [req-092dfae3-0a5c-46df-b1d5-aed22aa823c4 - - - - -] api.compute_link_prefix = None log_opt_values /usr/lib/python3/dist-packages/oslo_config/cfg.py:2609
2026-04-20 00:48:31.155 147095 DEBUG oslo_service.service [req-092dfae3-0a5c-46df-b1d5-aed22aa823c4 - - - - -] api.config_drive_skip_versions = 1.0 2007-01-19 2007-03-01 2007-08-29 2007-10-10 2007-12-15 2008-02-01 2008-09-01 log_opt_values /usr/lib/python3/dist-packages/oslo_config/cfg.py:2609
2026-04-20 00:48:31.155 147095 DEBUG oslo_service.service [req-092dfae3-0a5c-46df-b1d5-aed22aa823c4 - - - - -] api.dhcp_domain = novalocal log_opt_values /usr/lib/python3/dist-packages/oslo_config/cfg.py:2609
2026-04-20 00:48:31.155 147221 DEBUG oslo_messaging._drivers.amqpdriver [-] Listener is running poll /usr/lib/python3/dist-packages/oslo_messaging/_drivers/amqpdriver.py:343
2026-04-20 00:48:31.156 147095 DEBUG oslo_service.service [req-092dfae3-0a5c-46df-b1d5-aed22aa823c4 - - - - -] api.enable_instance_password = True log_opt_values /usr/lib/python3/dist-packages/oslo_config/cfg.py:2609
2026-04-20 00:48:31.156 147095 DEBUG oslo_service.service [req-092dfae3-0a5c-46df-b1d5-aed22aa823c4 - - - - -] api.glance_link_prefix = None log_opt_values /usr/lib/python3/dist-packages/oslo_config/cfg.py:2609
2026-04-20 00:48:31.156 147095 DEBUG oslo_service.service [req-092dfae3-0a5c-46df-b1d5-aed22aa823c4 - - - - -] api.instance_list_cells_batch_fixed_size = 100 log_opt_values /usr/lib/python3/dist-packages/oslo_config/cfg.py:2609
2026-04-20 00:48:31.156 147221 DEBUG oslo_messaging._drivers.amqpdriver [-] AMQPListener connection consume poll /usr/lib/python3/dist-packages/oslo_messaging/_drivers/amqpdriver.py:357
2026-04-20 00:48:31.157 147095 DEBUG oslo_service.service [req-092dfae3-0a5c-46df-b1d5-aed22aa823c4 - - - - -] api.instance_list_cells_batch_strategy = distributed log_opt_values /usr/lib/python3/dist-packages/oslo_config/cfg.py:2609
2026-04-20 00:48:31.157 147095 DEBUG oslo_service.service [req-092dfae3-0a5c-46df-b1d5-aed22aa823c4 - - - - -] api.instance_list_per_project_cells = False log_opt_values /usr/lib/python3/dist-packages/oslo_config/cfg.py:2609
2026-04-20 00:48:31.157 147095 DEBUG oslo_service.service [req-092dfae3-0a5c-46df-b1d5-aed22aa823c4 - - - - -] api.list_records_by_skipping_down_cells = True log_opt_values /usr/lib/python3/dist-packages/oslo_config/cfg.py:2609
2026-04-20 00:48:31.157 147095 DEBUG oslo_service.service [req-092dfae3-0a5c-46df-b1d5-aed22aa823c4 - - - - -] api.local_metadata_per_cell = False log_opt_values /usr/lib/python3/dist-packages/oslo_config/cfg.py:2609
2026-04-20 00:48:31.158 147095 DEBUG oslo_service.service [req-092dfae3-0a5c-46df-b1d5-aed22aa823c4 - - - - -] api.max_limit = 1000 log_opt_values /usr/lib/python3/dist-packages/oslo_config/cfg.py:2609
2026-04-20 00:48:31.158 147095 DEBUG oslo_service.service [req-092dfae3-0a5c-46df-b1d5-aed22aa823c4 - - - - -] api.metadata_cache_expiration = 15 log_opt_values /usr/lib/python3/dist-packages/oslo_config/cfg.py:2609
2026-04-20 00:48:31.158 147095 DEBUG oslo_service.service [req-092dfae3-0a5c-46df-b1d5-aed22aa823c4 - - - - -] api.neutron_default_tenant_id = default log_opt_values /usr/lib/python3/dist-packages/oslo_config/cfg.py:2609
2026-04-20 00:48:31.158 147095 DEBUG oslo_service.service [req-092dfae3-0a5c-46df-b1d5-aed22aa823c4 - - - - -] api.use_forwarded_for = False log_opt_values /usr/lib/python3/dist-packages/oslo_config/cfg.py:2609
2026-04-20 00:48:31.158 147095 DEBUG oslo_service.service [req-092dfae3-0a5c-46df-b1d5-aed22aa823c4 - - - - -] api.use_neutron_default_nets = False log_opt_values /usr/lib/python3/dist-packages/oslo_config/cfg.py:2609
2026-04-20 00:48:31.159 147095 DEBUG oslo_service.service [req-092dfae3-0a5c-46df-b1d5-aed22aa823c4 - - - - -] api.vendordata_dynamic_connect_timeout = 5 log_opt_values /usr/lib/python3/dist-packages/oslo_config/cfg.py:2609
2026-04-20 00:48:31.157 147221 DEBUG nova.service [req-0aed8408-9507-46f0-8d19-4ccf8349c743 - - - - -] Join ServiceGroup membership for this service scheduler start /usr/lib/python3/dist-packages/nova/service.py:199
2026-04-20 00:48:31.159 147095 DEBUG oslo_service.service [req-092dfae3-0a5c-46df-b1d5-aed22aa823c4 - - - - -] api.vendordata_dynamic_failure_fatal = False log_opt_values /usr/lib/python3/dist-packages/oslo_config/cfg.py:2609
2026-04-20 00:48:31.159 147095 DEBUG oslo_service.service [req-092dfae3-0a5c-46df-b1d5-aed22aa823c4 - - - - -] api.vendordata_dynamic_read_timeout = 5 log_opt_values /usr/lib/python3/dist-packages/oslo_config/cfg.py:2609
2026-04-20 00:48:31.159 147095 DEBUG oslo_service.service [req-092dfae3-0a5c-46df-b1d5-aed22aa823c4 - - - - -] api.vendordata_dynamic_ssl_certfile = log_opt_values /usr/lib/python3/dist-packages/oslo_config/cfg.py:2609
2026-04-20 00:48:31.160 147095 DEBUG oslo_service.service [req-092dfae3-0a5c-46df-b1d5-aed22aa823c4 - - - - -] api.vendordata_dynamic_targets = [] log_opt_values /usr/lib/python3/dist-packages/oslo_config/cfg.py:2609
2026-04-20 00:48:31.160 147095 DEBUG oslo_service.service [req-092dfae3-0a5c-46df-b1d5-aed22aa823c4 - - - - -] api.vendordata_jsonfile_path = None log_opt_values /usr/lib/python3/dist-packages/oslo_config/cfg.py:2609
2026-04-20 00:48:31.160 147095 DEBUG oslo_service.service [req-092dfae3-0a5c-46df-b1d5-aed22aa823c4 - - - - -] api.vendordata_providers = ['StaticJSON'] log_opt_values /usr/lib/python3/dist-packages/oslo_config/cfg.py:2609
2026-04-20 00:48:31.160 147095 DEBUG oslo_service.service [req-092dfae3-0a5c-46df-b1d5-aed22aa823c4 - - - - -] cache.backend = dogpile.cache.null log_opt_values /usr/lib/python3/dist-packages/oslo_config/cfg.py:2609
2026-04-20 00:48:31.161 147095 DEBUG oslo_service.service [req-092dfae3-0a5c-46df-b1d5-aed22aa823c4 - - - - -] cache.backend_argument = **** log_opt_values /usr/lib/python3/dist-packages/oslo_config/cfg.py:2609
2026-04-20 00:48:31.161 147095 DEBUG oslo_service.service [req-092dfae3-0a5c-46df-b1d5-aed22aa823c4 - - - - -] cache.config_prefix = cache.oslo log_opt_values /usr/lib/python3/dist-packages/oslo_config/cfg.py:2609
2026-04-20 00:48:31.161 147095 DEBUG oslo_service.service [req-092dfae3-0a5c-46df-b1d5-aed22aa823c4 - - - - -] cache.debug_cache_backend = False log_opt_values /usr/lib/python3/dist-packages/oslo_config/cfg.py:2609
2026-04-20 00:48:31.162 147095 DEBUG oslo_service.service [req-092dfae3-0a5c-46df-b1d5-aed22aa823c4 - - - - -] cache.enabled = False log_opt_values /usr/lib/python3/dist-packages/oslo_config/cfg.py:2609
2026-04-20 00:48:31.162 147095 DEBUG oslo_service.service [req-092dfae3-0a5c-46df-b1d5-aed22aa823c4 - - - - -] cache.expiration_time = 600 log_opt_values /usr/lib/python3/dist-packages/oslo_config/cfg.py:2609
2026-04-20 00:48:31.162 147095 DEBUG oslo_service.service [req-092dfae3-0a5c-46df-b1d5-aed22aa823c4 - - - - -] cache.memcache_dead_retry = 300 log_opt_values /usr/lib/python3/dist-packages/oslo_config/cfg.py:2609
2026-04-20 00:48:31.162 147095 DEBUG oslo_service.service [req-092dfae3-0a5c-46df-b1d5-aed22aa823c4 - - - - -] cache.memcache_pool_connection_get_timeout = 10 log_opt_values /usr/lib/python3/dist-packages/oslo_config/cfg.py:2609
2026-04-20 00:48:31.163 147095 DEBUG oslo_service.service [req-092dfae3-0a5c-46df-b1d5-aed22aa823c4 - - - - -] cache.memcache_pool_flush_on_reconnect = False log_opt_values /usr/lib/python3/dist-packages/oslo_config/cfg.py:2609
2026-04-20 00:48:31.163 147095 DEBUG oslo_service.service [req-092dfae3-0a5c-46df-b1d5-aed22aa823c4 - - - - -] cache.memcache_pool_maxsize = 10 log_opt_values /usr/lib/python3/dist-packages/oslo_config/cfg.py:2609
2026-04-20 00:48:31.163 147095 DEBUG oslo_service.service [req-092dfae3-0a5c-46df-b1d5-aed22aa823c4 - - - - -] cache.memcache_pool_unused_timeout = 60 log_opt_values /usr/lib/python3/dist-packages/oslo_config/cfg.py:2609
2026-04-20 00:48:31.163 147221 DEBUG nova.servicegroup.drivers.db [req-0aed8408-9507-46f0-8d19-4ccf8349c743 - - - - -] DB_Driver: join new ServiceGroup member juju-1f6644-0-lxd-7 to the scheduler group, service = join /usr/lib/python3/dist-packages/nova/servicegroup/drivers/db.py:44
2026-04-20 00:48:31.163 147095 DEBUG oslo_service.service [req-092dfae3-0a5c-46df-b1d5-aed22aa823c4 - - - - -] cache.memcache_servers = ['localhost:11211'] log_opt_values /usr/lib/python3/dist-packages/oslo_config/cfg.py:2609
2026-04-20 00:48:31.164 147095 DEBUG oslo_service.service [req-092dfae3-0a5c-46df-b1d5-aed22aa823c4 - - - - -] cache.memcache_socket_timeout = 1.0 log_opt_values /usr/lib/python3/dist-packages/oslo_config/cfg.py:2609
2026-04-20 00:48:31.164 147095 DEBUG oslo_service.service [req-092dfae3-0a5c-46df-b1d5-aed22aa823c4 - - - - -] cache.proxies = [] log_opt_values /usr/lib/python3/dist-packages/oslo_config/cfg.py:2609
2026-04-20 00:48:31.164 147095 DEBUG oslo_service.service [req-092dfae3-0a5c-46df-b1d5-aed22aa823c4 - - - - -] cache.tls_allowed_ciphers = None log_opt_values /usr/lib/python3/dist-packages/oslo_config/cfg.py:2609
2026-04-20 00:48:31.164 147095 DEBUG oslo_service.service [req-092dfae3-0a5c-46df-b1d5-aed22aa823c4 - - - - -] cache.tls_cafile = None log_opt_values /usr/lib/python3/dist-packages/oslo_config/cfg.py:2609
2026-04-20 00:48:31.165 147095 DEBUG oslo_service.service [req-092dfae3-0a5c-46df-b1d5-aed22aa823c4 - - - - -] cache.tls_certfile = None log_opt_values /usr/lib/python3/dist-packages/oslo_config/cfg.py:2609
2026-04-20 00:48:31.165 147095 DEBUG oslo_service.service [req-092dfae3-0a5c-46df-b1d5-aed22aa823c4 - - - - -] cache.tls_enabled = False log_opt_values /usr/lib/python3/dist-packages/oslo_config/cfg.py:2609
2026-04-20 00:48:31.165 147095 DEBUG oslo_service.service [req-092dfae3-0a5c-46df-b1d5-aed22aa823c4 - - - - -] cache.tls_keyfile = None log_opt_values /usr/lib/python3/dist-packages/oslo_config/cfg.py:2609
2026-04-20 00:48:31.165 147095 DEBUG oslo_service.service [req-092dfae3-0a5c-46df-b1d5-aed22aa823c4 - - - - -] cinder.auth_section = None log_opt_values /usr/lib/python3/dist-packages/oslo_config/cfg.py:2609
2026-04-20 00:48:31.166 147095 DEBUG oslo_service.service [req-092dfae3-0a5c-46df-b1d5-aed22aa823c4 - - - - -] cinder.auth_type = None log_opt_values /usr/lib/python3/dist-packages/oslo_config/cfg.py:2609
2026-04-20 00:48:31.166 147223 DEBUG oslo_messaging._drivers.amqpdriver [-] Listener is running poll /usr/lib/python3/dist-packages/oslo_messaging/_drivers/amqpdriver.py:343
2026-04-20 00:48:31.166 147095 DEBUG oslo_service.service [req-092dfae3-0a5c-46df-b1d5-aed22aa823c4 - - - - -] cinder.cafile = None log_opt_values /usr/lib/python3/dist-packages/oslo_config/cfg.py:2609
2026-04-20 00:48:31.166 147223 DEBUG oslo_messaging._drivers.amqpdriver [-] AMQPListener connection consume poll /usr/lib/python3/dist-packages/oslo_messaging/_drivers/amqpdriver.py:357
2026-04-20 00:48:31.166 147095 DEBUG oslo_service.service [req-092dfae3-0a5c-46df-b1d5-aed22aa823c4 - - - - -] cinder.catalog_info = volumev3::publicURL log_opt_values /usr/lib/python3/dist-packages/oslo_config/cfg.py:2609
2026-04-20 00:48:31.167 147095 DEBUG oslo_service.service [req-092dfae3-0a5c-46df-b1d5-aed22aa823c4 - - - - -] cinder.certfile = None log_opt_values /usr/lib/python3/dist-packages/oslo_config/cfg.py:2609
2026-04-20 00:48:31.167 147095 DEBUG oslo_service.service [req-092dfae3-0a5c-46df-b1d5-aed22aa823c4 - - - - -] cinder.collect_timing = False log_opt_values /usr/lib/python3/dist-packages/oslo_config/cfg.py:2609
2026-04-20 00:48:31.167 147095 DEBUG oslo_service.service [req-092dfae3-0a5c-46df-b1d5-aed22aa823c4 - - - - -] cinder.cross_az_attach = True log_opt_values /usr/lib/python3/dist-packages/oslo_config/cfg.py:2609
2026-04-20 00:48:31.167 147095 DEBUG oslo_service.service [req-092dfae3-0a5c-46df-b1d5-aed22aa823c4 - - - - -] cinder.debug = False log_opt_values /usr/lib/python3/dist-packages/oslo_config/cfg.py:2609
2026-04-20 00:48:31.168 147095 DEBUG oslo_service.service [req-092dfae3-0a5c-46df-b1d5-aed22aa823c4 - - - - -] cinder.endpoint_template = None log_opt_values /usr/lib/python3/dist-packages/oslo_config/cfg.py:2609
2026-04-20 00:48:31.167 147221 DEBUG oslo_messaging._drivers.amqpdriver [-] AMQPListener connection timeout poll /usr/lib/python3/dist-packages/oslo_messaging/_drivers/amqpdriver.py:360
2026-04-20 00:48:31.168 147095 DEBUG oslo_service.service [req-092dfae3-0a5c-46df-b1d5-aed22aa823c4 - - - - -] cinder.http_retries = 3 log_opt_values /usr/lib/python3/dist-packages/oslo_config/cfg.py:2609
2026-04-20 00:48:31.168 147221 DEBUG oslo_messaging._drivers.amqpdriver [-] Listener is running poll /usr/lib/python3/dist-packages/oslo_messaging/_drivers/amqpdriver.py:343
2026-04-20 00:48:31.167 147223 DEBUG nova.service [req-35bf88f0-aef0-40e3-995d-59d3bdf17f55 - - - - -] Join ServiceGroup membership for this service scheduler start /usr/lib/python3/dist-packages/nova/service.py:199
2026-04-20 00:48:31.168 147095 DEBUG oslo_service.service [req-092dfae3-0a5c-46df-b1d5-aed22aa823c4 - - - - -] cinder.insecure = False log_opt_values /usr/lib/python3/dist-packages/oslo_config/cfg.py:2609
2026-04-20 00:48:31.168 147221 DEBUG oslo_messaging._drivers.amqpdriver [-] AMQPListener connection consume poll /usr/lib/python3/dist-packages/oslo_messaging/_drivers/amqpdriver.py:357
2026-04-20 00:48:31.168 147095 DEBUG oslo_service.service [req-092dfae3-0a5c-46df-b1d5-aed22aa823c4 - - - - -] cinder.keyfile = None log_opt_values /usr/lib/python3/dist-packages/oslo_config/cfg.py:2609
2026-04-20 00:48:31.168 147223 DEBUG nova.servicegroup.drivers.db [req-35bf88f0-aef0-40e3-995d-59d3bdf17f55 - - - - -] DB_Driver: join new ServiceGroup member juju-1f6644-0-lxd-7 to the scheduler group, service = join /usr/lib/python3/dist-packages/nova/servicegroup/drivers/db.py:44
2026-04-20 00:48:31.168 147095 DEBUG oslo_service.service [req-092dfae3-0a5c-46df-b1d5-aed22aa823c4 - - - - -] cinder.os_region_name = None log_opt_values /usr/lib/python3/dist-packages/oslo_config/cfg.py:2609
2026-04-20 00:48:31.169 147095 DEBUG oslo_service.service [req-092dfae3-0a5c-46df-b1d5-aed22aa823c4 - - - - -] cinder.split_loggers = False log_opt_values /usr/lib/python3/dist-packages/oslo_config/cfg.py:2609
2026-04-20 00:48:31.169 147095 DEBUG oslo_service.service [req-092dfae3-0a5c-46df-b1d5-aed22aa823c4 - - - - -] cinder.timeout = None log_opt_values /usr/lib/python3/dist-packages/oslo_config/cfg.py:2609
2026-04-20 00:48:31.169 147095 DEBUG oslo_service.service [req-092dfae3-0a5c-46df-b1d5-aed22aa823c4 - - - - -] compute.consecutive_build_service_disable_threshold = 10 log_opt_values /usr/lib/python3/dist-packages/oslo_config/cfg.py:2609
2026-04-20 00:48:31.169 147095 DEBUG oslo_service.service [req-092dfae3-0a5c-46df-b1d5-aed22aa823c4 - - - - -] compute.cpu_dedicated_set = None log_opt_values /usr/lib/python3/dist-packages/oslo_config/cfg.py:2609
2026-04-20 00:48:31.170 147095 DEBUG oslo_service.service [req-092dfae3-0a5c-46df-b1d5-aed22aa823c4 - - - - -] compute.cpu_shared_set = None log_opt_values /usr/lib/python3/dist-packages/oslo_config/cfg.py:2609
2026-04-20 00:48:31.170 147095 DEBUG oslo_service.service [req-092dfae3-0a5c-46df-b1d5-aed22aa823c4 - - - - -] compute.image_type_exclude_list = [] log_opt_values /usr/lib/python3/dist-packages/oslo_config/cfg.py:2609
2026-04-20 00:48:31.170 147095 DEBUG oslo_service.service [req-092dfae3-0a5c-46df-b1d5-aed22aa823c4 - - - - -] compute.live_migration_wait_for_vif_plug = True log_opt_values /usr/lib/python3/dist-packages/oslo_config/cfg.py:2609
2026-04-20 00:48:31.170 147095 DEBUG oslo_service.service [req-092dfae3-0a5c-46df-b1d5-aed22aa823c4 - - - - -] compute.max_concurrent_disk_ops = 0 log_opt_values /usr/lib/python3/dist-packages/oslo_config/cfg.py:2609
2026-04-20 00:48:31.170 147095 DEBUG oslo_service.service [req-092dfae3-0a5c-46df-b1d5-aed22aa823c4 - - - - -] compute.max_disk_devices_to_attach = -1 log_opt_values /usr/lib/python3/dist-packages/oslo_config/cfg.py:2609
2026-04-20 00:48:31.171 147095 DEBUG oslo_service.service [req-092dfae3-0a5c-46df-b1d5-aed22aa823c4 - - - - -] compute.packing_host_numa_cells_allocation_strategy = True log_opt_values /usr/lib/python3/dist-packages/oslo_config/cfg.py:2609
2026-04-20 00:48:31.171 147095 DEBUG oslo_service.service [req-092dfae3-0a5c-46df-b1d5-aed22aa823c4 - - - - -] compute.provider_config_location = /etc/nova/provider_config/ log_opt_values /usr/lib/python3/dist-packages/oslo_config/cfg.py:2609
2026-04-20 00:48:31.171 147095 DEBUG oslo_service.service [req-092dfae3-0a5c-46df-b1d5-aed22aa823c4 - - - - -] compute.resource_provider_association_refresh = 300 log_opt_values /usr/lib/python3/dist-packages/oslo_config/cfg.py:2609
2026-04-20 00:48:31.171 147095 DEBUG oslo_service.service [req-092dfae3-0a5c-46df-b1d5-aed22aa823c4 - - - - -] compute.shutdown_retry_interval = 10 log_opt_values /usr/lib/python3/dist-packages/oslo_config/cfg.py:2609
2026-04-20 00:48:31.172 147095 DEBUG oslo_service.service [req-092dfae3-0a5c-46df-b1d5-aed22aa823c4 - - - - -] compute.vmdk_allowed_types = ['streamOptimized', 'monolithicSparse'] log_opt_values /usr/lib/python3/dist-packages/oslo_config/cfg.py:2609
2026-04-20 00:48:31.172 147095 DEBUG oslo_service.service [req-092dfae3-0a5c-46df-b1d5-aed22aa823c4 - - - - -] conductor.workers = 4 log_opt_values /usr/lib/python3/dist-packages/oslo_config/cfg.py:2609
2026-04-20 00:48:31.172 147223 DEBUG oslo_messaging._drivers.amqpdriver [-] AMQPListener connection timeout poll /usr/lib/python3/dist-packages/oslo_messaging/_drivers/amqpdriver.py:360
2026-04-20 00:48:31.172 147095 DEBUG oslo_service.service [req-092dfae3-0a5c-46df-b1d5-aed22aa823c4 - - - - -] console.allowed_origins = [] log_opt_values /usr/lib/python3/dist-packages/oslo_config/cfg.py:2609
2026-04-20 00:48:31.173 147223 DEBUG oslo_messaging._drivers.amqpdriver [-] Listener is running poll /usr/lib/python3/dist-packages/oslo_messaging/_drivers/amqpdriver.py:343
2026-04-20 00:48:31.173 147095 DEBUG oslo_service.service [req-092dfae3-0a5c-46df-b1d5-aed22aa823c4 - - - - -] console.ssl_ciphers = None log_opt_values /usr/lib/python3/dist-packages/oslo_config/cfg.py:2609
2026-04-20 00:48:31.173 147223 DEBUG oslo_messaging._drivers.amqpdriver [-] AMQPListener connection consume poll /usr/lib/python3/dist-packages/oslo_messaging/_drivers/amqpdriver.py:357
2026-04-20 00:48:31.173 147095 DEBUG oslo_service.service [req-092dfae3-0a5c-46df-b1d5-aed22aa823c4 - - - - -] console.ssl_minimum_version = default log_opt_values /usr/lib/python3/dist-packages/oslo_config/cfg.py:2609
2026-04-20 00:48:31.173 147095 DEBUG oslo_service.service [req-092dfae3-0a5c-46df-b1d5-aed22aa823c4 - - - - -] consoleauth.token_ttl = 600 log_opt_values /usr/lib/python3/dist-packages/oslo_config/cfg.py:2609
2026-04-20 00:48:31.174 147095 DEBUG oslo_service.service [req-092dfae3-0a5c-46df-b1d5-aed22aa823c4 - - - - -] cyborg.cafile = None log_opt_values /usr/lib/python3/dist-packages/oslo_config/cfg.py:2609
2026-04-20 00:48:31.174 147095 DEBUG oslo_service.service [req-092dfae3-0a5c-46df-b1d5-aed22aa823c4 - - - - -] cyborg.certfile = None log_opt_values /usr/lib/python3/dist-packages/oslo_config/cfg.py:2609
2026-04-20 00:48:31.174 147095 DEBUG oslo_service.service [req-092dfae3-0a5c-46df-b1d5-aed22aa823c4 - - - - -] cyborg.collect_timing = False log_opt_values /usr/lib/python3/dist-packages/oslo_config/cfg.py:2609
2026-04-20 00:48:31.174 147095 DEBUG oslo_service.service [req-092dfae3-0a5c-46df-b1d5-aed22aa823c4 - - - - -] cyborg.connect_retries = None log_opt_values /usr/lib/python3/dist-packages/oslo_config/cfg.py:2609
2026-04-20 00:48:31.175 147095 DEBUG oslo_service.service [req-092dfae3-0a5c-46df-b1d5-aed22aa823c4 - - - - -] cyborg.connect_retry_delay = None log_opt_values /usr/lib/python3/dist-packages/oslo_config/cfg.py:2609
2026-04-20 00:48:31.175 147095 DEBUG oslo_service.service [req-092dfae3-0a5c-46df-b1d5-aed22aa823c4 - - - - -] cyborg.endpoint_override = None log_opt_values /usr/lib/python3/dist-packages/oslo_config/cfg.py:2609
2026-04-20 00:48:31.175 147095 DEBUG oslo_service.service [req-092dfae3-0a5c-46df-b1d5-aed22aa823c4 - - - - -] cyborg.insecure = False log_opt_values /usr/lib/python3/dist-packages/oslo_config/cfg.py:2609
2026-04-20 00:48:31.176 147095 DEBUG oslo_service.service [req-092dfae3-0a5c-46df-b1d5-aed22aa823c4 - - - - -] cyborg.keyfile = None log_opt_values /usr/lib/python3/dist-packages/oslo_config/cfg.py:2609
2026-04-20 00:48:31.176 147095 DEBUG oslo_service.service [req-092dfae3-0a5c-46df-b1d5-aed22aa823c4 - - - - -] cyborg.max_version = None log_opt_values /usr/lib/python3/dist-packages/oslo_config/cfg.py:2609
2026-04-20 00:48:31.176 147095 DEBUG oslo_service.service [req-092dfae3-0a5c-46df-b1d5-aed22aa823c4 - - - - -] cyborg.min_version = None log_opt_values /usr/lib/python3/dist-packages/oslo_config/cfg.py:2609
2026-04-20 00:48:31.177 147095 DEBUG oslo_service.service [req-092dfae3-0a5c-46df-b1d5-aed22aa823c4 - - - - -] cyborg.region_name = None log_opt_values /usr/lib/python3/dist-packages/oslo_config/cfg.py:2609
2026-04-20 00:48:31.177 147095 DEBUG oslo_service.service [req-092dfae3-0a5c-46df-b1d5-aed22aa823c4 - - - - -] cyborg.service_name = None log_opt_values /usr/lib/python3/dist-packages/oslo_config/cfg.py:2609
2026-04-20 00:48:31.177 147095 DEBUG oslo_service.service [req-092dfae3-0a5c-46df-b1d5-aed22aa823c4 - - - - -] cyborg.service_type = accelerator log_opt_values /usr/lib/python3/dist-packages/oslo_config/cfg.py:2609
2026-04-20 00:48:31.178 147095 DEBUG oslo_service.service [req-092dfae3-0a5c-46df-b1d5-aed22aa823c4 - - - - -] cyborg.split_loggers = False log_opt_values /usr/lib/python3/dist-packages/oslo_config/cfg.py:2609
2026-04-20 00:48:31.178 147095 DEBUG oslo_service.service [req-092dfae3-0a5c-46df-b1d5-aed22aa823c4 - - - - -] cyborg.status_code_retries = None log_opt_values /usr/lib/python3/dist-packages/oslo_config/cfg.py:2609
2026-04-20 00:48:31.178 147095 DEBUG oslo_service.service [req-092dfae3-0a5c-46df-b1d5-aed22aa823c4 - - - - -] cyborg.status_code_retry_delay = None log_opt_values /usr/lib/python3/dist-packages/oslo_config/cfg.py:2609
2026-04-20 00:48:31.178 147095 DEBUG oslo_service.service [req-092dfae3-0a5c-46df-b1d5-aed22aa823c4 - - - - -] cyborg.timeout = None log_opt_values /usr/lib/python3/dist-packages/oslo_config/cfg.py:2609
2026-04-20 00:48:31.179 147095 DEBUG oslo_service.service [req-092dfae3-0a5c-46df-b1d5-aed22aa823c4 - - - - -] cyborg.valid_interfaces = ['internal', 'public'] log_opt_values /usr/lib/python3/dist-packages/oslo_config/cfg.py:2609
2026-04-20 00:48:31.179 147095 DEBUG oslo_service.service [req-092dfae3-0a5c-46df-b1d5-aed22aa823c4 - - - - -] cyborg.version = None log_opt_values /usr/lib/python3/dist-packages/oslo_config/cfg.py:2609
2026-04-20 00:48:31.179 147095 DEBUG oslo_service.service [req-092dfae3-0a5c-46df-b1d5-aed22aa823c4 - - - - -] database.backend = sqlalchemy log_opt_values /usr/lib/python3/dist-packages/oslo_config/cfg.py:2609
2026-04-20 00:48:31.180 147095 DEBUG oslo_service.service [req-092dfae3-0a5c-46df-b1d5-aed22aa823c4 - - - - -] database.connection = **** log_opt_values /usr/lib/python3/dist-packages/oslo_config/cfg.py:2609
2026-04-20 00:48:31.180 147095 DEBUG oslo_service.service [req-092dfae3-0a5c-46df-b1d5-aed22aa823c4 - - - - -] database.connection_debug = 0 log_opt_values /usr/lib/python3/dist-packages/oslo_config/cfg.py:2609
2026-04-20 00:48:31.180 147095 DEBUG oslo_service.service [req-092dfae3-0a5c-46df-b1d5-aed22aa823c4 - - - - -] database.connection_parameters = log_opt_values /usr/lib/python3/dist-packages/oslo_config/cfg.py:2609
