2026-04-20 00:48:31.947 147214 DEBUG oslo_service.service [req-61cc9d6c-ca88-4b5a-8537-95916aaf46dd - - - - -] rootwrap_config = /etc/nova/rootwrap.conf log_opt_values /usr/lib/python3/dist-packages/oslo_config/cfg.py:2602
2026-04-20 00:48:31.947 147214 DEBUG oslo_service.service [req-61cc9d6c-ca88-4b5a-8537-95916aaf46dd - - - - -] rpc_response_timeout = 60 log_opt_values /usr/lib/python3/dist-packages/oslo_config/cfg.py:2602
2026-04-20 00:48:31.948 147214 DEBUG oslo_service.service [req-61cc9d6c-ca88-4b5a-8537-95916aaf46dd - - - - -] run_external_periodic_tasks = True log_opt_values /usr/lib/python3/dist-packages/oslo_config/cfg.py:2602
2026-04-20 00:48:31.948 147214 DEBUG oslo_service.service [req-61cc9d6c-ca88-4b5a-8537-95916aaf46dd - - - - -] running_deleted_instance_action = reap log_opt_values /usr/lib/python3/dist-packages/oslo_config/cfg.py:2602
2026-04-20 00:48:31.948 147214 DEBUG oslo_service.service [req-61cc9d6c-ca88-4b5a-8537-95916aaf46dd - - - - -] running_deleted_instance_poll_interval = 1800 log_opt_values /usr/lib/python3/dist-packages/oslo_config/cfg.py:2602
2026-04-20 00:48:31.948 147214 DEBUG oslo_service.service [req-61cc9d6c-ca88-4b5a-8537-95916aaf46dd - - - - -] running_deleted_instance_timeout = 0 log_opt_values /usr/lib/python3/dist-packages/oslo_config/cfg.py:2602
2026-04-20 00:48:31.948 147214 DEBUG oslo_service.service [req-61cc9d6c-ca88-4b5a-8537-95916aaf46dd - - - - -] scheduler_instance_sync_interval = 120 log_opt_values /usr/lib/python3/dist-packages/oslo_config/cfg.py:2602
2026-04-20 00:48:31.948 147214 DEBUG oslo_service.service [req-61cc9d6c-ca88-4b5a-8537-95916aaf46dd - - - - -] service_down_time = 60 log_opt_values /usr/lib/python3/dist-packages/oslo_config/cfg.py:2602
2026-04-20 00:48:31.949 147214 DEBUG oslo_service.service [req-61cc9d6c-ca88-4b5a-8537-95916aaf46dd - - - - -] servicegroup_driver = db log_opt_values /usr/lib/python3/dist-packages/oslo_config/cfg.py:2602
2026-04-20 00:48:31.949 147214 DEBUG oslo_service.service [req-61cc9d6c-ca88-4b5a-8537-95916aaf46dd - - - - -] shelved_offload_time = 0 log_opt_values /usr/lib/python3/dist-packages/oslo_config/cfg.py:2602
2026-04-20 00:48:31.949 147214 DEBUG oslo_service.service [req-61cc9d6c-ca88-4b5a-8537-95916aaf46dd - - - - -] shelved_poll_interval = 3600 log_opt_values /usr/lib/python3/dist-packages/oslo_config/cfg.py:2602
2026-04-20 00:48:31.949 147214 DEBUG oslo_service.service [req-61cc9d6c-ca88-4b5a-8537-95916aaf46dd - - - - -] shutdown_timeout = 60 log_opt_values /usr/lib/python3/dist-packages/oslo_config/cfg.py:2602
2026-04-20 00:48:31.949 147214 DEBUG oslo_service.service [req-61cc9d6c-ca88-4b5a-8537-95916aaf46dd - - - - -] source_is_ipv6 = False log_opt_values /usr/lib/python3/dist-packages/oslo_config/cfg.py:2602
2026-04-20 00:48:31.949 147214 DEBUG oslo_service.service [req-61cc9d6c-ca88-4b5a-8537-95916aaf46dd - - - - -] ssl_only = False log_opt_values /usr/lib/python3/dist-packages/oslo_config/cfg.py:2602
2026-04-20 00:48:31.949 147214 DEBUG oslo_service.service [req-61cc9d6c-ca88-4b5a-8537-95916aaf46dd - - - - -] state_path = /var/lib/nova log_opt_values /usr/lib/python3/dist-packages/oslo_config/cfg.py:2602
2026-04-20 00:48:31.950 147214 DEBUG oslo_service.service [req-61cc9d6c-ca88-4b5a-8537-95916aaf46dd - - - - -] sync_power_state_interval = 600 log_opt_values /usr/lib/python3/dist-packages/oslo_config/cfg.py:2602
2026-04-20 00:48:31.950 147538 DEBUG nova.service [req-70dfde0e-df1f-4fff-89c3-a319a84f8698 - - - - -] Creating RPC server for service conductor start /usr/lib/python3/dist-packages/nova/service.py:182
2026-04-20 00:48:31.950 147214 DEBUG oslo_service.service [req-61cc9d6c-ca88-4b5a-8537-95916aaf46dd - - - - -] sync_power_state_pool_size = 1000 log_opt_values /usr/lib/python3/dist-packages/oslo_config/cfg.py:2602
2026-04-20 00:48:31.950 147214 DEBUG oslo_service.service [req-61cc9d6c-ca88-4b5a-8537-95916aaf46dd - - - - -] syslog_log_facility = LOG_USER log_opt_values /usr/lib/python3/dist-packages/oslo_config/cfg.py:2602
2026-04-20 00:48:31.950 147214 DEBUG oslo_service.service [req-61cc9d6c-ca88-4b5a-8537-95916aaf46dd - - - - -] tempdir = None log_opt_values /usr/lib/python3/dist-packages/oslo_config/cfg.py:2602
2026-04-20 00:48:31.950 147214 DEBUG oslo_service.service [req-61cc9d6c-ca88-4b5a-8537-95916aaf46dd - - - - -] timeout_nbd = 10 log_opt_values /usr/lib/python3/dist-packages/oslo_config/cfg.py:2602
2026-04-20 00:48:31.950 147214 DEBUG oslo_service.service [req-61cc9d6c-ca88-4b5a-8537-95916aaf46dd - - - - -] transport_url = **** log_opt_values /usr/lib/python3/dist-packages/oslo_config/cfg.py:2602
2026-04-20 00:48:31.951 147214 DEBUG oslo_service.service [req-61cc9d6c-ca88-4b5a-8537-95916aaf46dd - - - - -] update_resources_interval = 0 log_opt_values /usr/lib/python3/dist-packages/oslo_config/cfg.py:2602
2026-04-20 00:48:31.951 147214 DEBUG oslo_service.service [req-61cc9d6c-ca88-4b5a-8537-95916aaf46dd - - - - -] use_cow_images = True log_opt_values /usr/lib/python3/dist-packages/oslo_config/cfg.py:2602
2026-04-20 00:48:31.951 147214 DEBUG oslo_service.service [req-61cc9d6c-ca88-4b5a-8537-95916aaf46dd - - - - -] use_eventlog = False log_opt_values /usr/lib/python3/dist-packages/oslo_config/cfg.py:2602
2026-04-20 00:48:31.951 147214 DEBUG oslo_service.service [req-61cc9d6c-ca88-4b5a-8537-95916aaf46dd - - - - -] use_journal = False log_opt_values /usr/lib/python3/dist-packages/oslo_config/cfg.py:2602
2026-04-20 00:48:31.952 147214 DEBUG oslo_service.service [req-61cc9d6c-ca88-4b5a-8537-95916aaf46dd - - - - -] use_json = False log_opt_values /usr/lib/python3/dist-packages/oslo_config/cfg.py:2602
2026-04-20 00:48:31.952 147214 DEBUG oslo_service.service [req-61cc9d6c-ca88-4b5a-8537-95916aaf46dd - - - - -] use_rootwrap_daemon = False log_opt_values /usr/lib/python3/dist-packages/oslo_config/cfg.py:2602
2026-04-20 00:48:31.953 147214 DEBUG oslo_service.service [req-61cc9d6c-ca88-4b5a-8537-95916aaf46dd - - - - -] use_stderr = False log_opt_values /usr/lib/python3/dist-packages/oslo_config/cfg.py:2602
2026-04-20 00:48:31.953 147539 DEBUG nova.service [req-1ff04da8-6410-42ea-bb25-388fe3b4959a - - - - -] Creating RPC server for service conductor start /usr/lib/python3/dist-packages/nova/service.py:182
2026-04-20 00:48:31.954 147214 DEBUG oslo_service.service [req-61cc9d6c-ca88-4b5a-8537-95916aaf46dd - - - - -] use_syslog = False log_opt_values /usr/lib/python3/dist-packages/oslo_config/cfg.py:2602
2026-04-20 00:48:31.955 147214 DEBUG oslo_service.service [req-61cc9d6c-ca88-4b5a-8537-95916aaf46dd - - - - -] vcpu_pin_set = None log_opt_values /usr/lib/python3/dist-packages/oslo_config/cfg.py:2602
2026-04-20 00:48:31.955 147214 DEBUG oslo_service.service [req-61cc9d6c-ca88-4b5a-8537-95916aaf46dd - - - - -] vif_plugging_is_fatal = True log_opt_values /usr/lib/python3/dist-packages/oslo_config/cfg.py:2602
2026-04-20 00:48:31.955 147214 DEBUG oslo_service.service [req-61cc9d6c-ca88-4b5a-8537-95916aaf46dd - - - - -] vif_plugging_timeout = 300 log_opt_values /usr/lib/python3/dist-packages/oslo_config/cfg.py:2602
2026-04-20 00:48:31.956 147214 DEBUG oslo_service.service [req-61cc9d6c-ca88-4b5a-8537-95916aaf46dd - - - - -] virt_mkfs = [] log_opt_values /usr/lib/python3/dist-packages/oslo_config/cfg.py:2602
2026-04-20 00:48:31.957 147214 DEBUG oslo_service.service [req-61cc9d6c-ca88-4b5a-8537-95916aaf46dd - - - - -] volume_usage_poll_interval = 0 log_opt_values /usr/lib/python3/dist-packages/oslo_config/cfg.py:2602
2026-04-20 00:48:31.957 147214 DEBUG oslo_service.service [req-61cc9d6c-ca88-4b5a-8537-95916aaf46dd - - - - -] watch_log_file = False log_opt_values /usr/lib/python3/dist-packages/oslo_config/cfg.py:2602
2026-04-20 00:48:31.958 147214 DEBUG oslo_service.service [req-61cc9d6c-ca88-4b5a-8537-95916aaf46dd - - - - -] web = /usr/share/spice-html5 log_opt_values /usr/lib/python3/dist-packages/oslo_config/cfg.py:2602
2026-04-20 00:48:31.958 147214 DEBUG oslo_service.service [req-61cc9d6c-ca88-4b5a-8537-95916aaf46dd - - - - -] oslo_concurrency.disable_process_locking = False log_opt_values /usr/lib/python3/dist-packages/oslo_config/cfg.py:2609
2026-04-20 00:48:31.965 147214 DEBUG oslo_service.service [req-61cc9d6c-ca88-4b5a-8537-95916aaf46dd - - - - -] oslo_concurrency.lock_path = /var/lock/nova log_opt_values /usr/lib/python3/dist-packages/oslo_config/cfg.py:2609
2026-04-20 00:48:31.965 147214 DEBUG oslo_service.service [req-61cc9d6c-ca88-4b5a-8537-95916aaf46dd - - - - -] oslo_messaging_metrics.metrics_buffer_size = 1000 log_opt_values /usr/lib/python3/dist-packages/oslo_config/cfg.py:2609
2026-04-20 00:48:31.966 147214 DEBUG oslo_service.service [req-61cc9d6c-ca88-4b5a-8537-95916aaf46dd - - - - -] oslo_messaging_metrics.metrics_enabled = False log_opt_values /usr/lib/python3/dist-packages/oslo_config/cfg.py:2609
2026-04-20 00:48:31.966 147214 DEBUG oslo_service.service [req-61cc9d6c-ca88-4b5a-8537-95916aaf46dd - - - - -] oslo_messaging_metrics.metrics_process_name = log_opt_values /usr/lib/python3/dist-packages/oslo_config/cfg.py:2609
2026-04-20 00:48:31.966 147214 DEBUG oslo_service.service [req-61cc9d6c-ca88-4b5a-8537-95916aaf46dd - - - - -] oslo_messaging_metrics.metrics_socket_file = /var/tmp/metrics_collector.sock log_opt_values /usr/lib/python3/dist-packages/oslo_config/cfg.py:2609
2026-04-20 00:48:31.966 147214 DEBUG oslo_service.service [req-61cc9d6c-ca88-4b5a-8537-95916aaf46dd - - - - -] oslo_messaging_metrics.metrics_thread_stop_timeout = 10 log_opt_values /usr/lib/python3/dist-packages/oslo_config/cfg.py:2609
2026-04-20 00:48:31.967 147214 WARNING oslo_config.cfg [req-61cc9d6c-ca88-4b5a-8537-95916aaf46dd - - - - -] Deprecated: Option "auth_strategy" from group "api" is deprecated for removal ( The only non-default choice, ``noauth2``, is for internal development and testing purposes only and should not be used in deployments. This option and its middleware, NoAuthMiddleware[V2_18], will be removed in a future release. ). Its value may be silently ignored in the future.
2026-04-20 00:48:31.967 147214 DEBUG oslo_service.service [req-61cc9d6c-ca88-4b5a-8537-95916aaf46dd - - - - -] api.auth_strategy = keystone log_opt_values /usr/lib/python3/dist-packages/oslo_config/cfg.py:2609
2026-04-20 00:48:31.968 147536 DEBUG oslo_messaging._drivers.amqpdriver [-] Listener is running poll /usr/lib/python3/dist-packages/oslo_messaging/_drivers/amqpdriver.py:343
2026-04-20 00:48:31.968 147214 DEBUG oslo_service.service [req-61cc9d6c-ca88-4b5a-8537-95916aaf46dd - - - - -] api.compute_link_prefix = None log_opt_values /usr/lib/python3/dist-packages/oslo_config/cfg.py:2609
2026-04-20 00:48:31.968 147536 DEBUG oslo_messaging._drivers.amqpdriver [-] AMQPListener connection consume poll /usr/lib/python3/dist-packages/oslo_messaging/_drivers/amqpdriver.py:357
2026-04-20 00:48:31.969 147214 DEBUG oslo_service.service [req-61cc9d6c-ca88-4b5a-8537-95916aaf46dd - - - - -] api.config_drive_skip_versions = 1.0 2007-01-19 2007-03-01 2007-08-29 2007-10-10 2007-12-15 2008-02-01 2008-09-01 log_opt_values /usr/lib/python3/dist-packages/oslo_config/cfg.py:2609
2026-04-20 00:48:31.969 147214 DEBUG oslo_service.service [req-61cc9d6c-ca88-4b5a-8537-95916aaf46dd - - - - -] api.dhcp_domain = novalocal log_opt_values /usr/lib/python3/dist-packages/oslo_config/cfg.py:2609
2026-04-20 00:48:31.970 147214 DEBUG oslo_service.service [req-61cc9d6c-ca88-4b5a-8537-95916aaf46dd - - - - -] api.enable_instance_password = True log_opt_values /usr/lib/python3/dist-packages/oslo_config/cfg.py:2609
2026-04-20 00:48:31.971 147537 DEBUG oslo_messaging._drivers.amqpdriver [-] Listener is running poll /usr/lib/python3/dist-packages/oslo_messaging/_drivers/amqpdriver.py:343
2026-04-20 00:48:31.969 147536 DEBUG nova.service [req-1d0c9db0-b976-4d28-9ffd-44cb541fd403 - - - - -] Join ServiceGroup membership for this service conductor start /usr/lib/python3/dist-packages/nova/service.py:199
2026-04-20 00:48:31.971 147537 DEBUG oslo_messaging._drivers.amqpdriver [-] AMQPListener connection consume poll /usr/lib/python3/dist-packages/oslo_messaging/_drivers/amqpdriver.py:357
2026-04-20 00:48:31.971 147536 DEBUG nova.servicegroup.drivers.db [req-1d0c9db0-b976-4d28-9ffd-44cb541fd403 - - - - -] DB_Driver: join new ServiceGroup member juju-1f6644-0-lxd-7 to the conductor group, service = join /usr/lib/python3/dist-packages/nova/servicegroup/drivers/db.py:44
2026-04-20 00:48:31.972 147537 DEBUG nova.service [req-f997f667-a8b5-46f6-8821-c023376cb977 - - - - -] Join ServiceGroup membership for this service conductor start /usr/lib/python3/dist-packages/nova/service.py:199
2026-04-20 00:48:31.972 147537 DEBUG nova.servicegroup.drivers.db [req-f997f667-a8b5-46f6-8821-c023376cb977 - - - - -] DB_Driver: join new ServiceGroup member juju-1f6644-0-lxd-7 to the conductor group, service = join /usr/lib/python3/dist-packages/nova/servicegroup/drivers/db.py:44
2026-04-20 00:48:31.970 147214 DEBUG oslo_service.service [req-61cc9d6c-ca88-4b5a-8537-95916aaf46dd - - - - -] api.glance_link_prefix = None log_opt_values /usr/lib/python3/dist-packages/oslo_config/cfg.py:2609
2026-04-20 00:48:31.974 147214 DEBUG oslo_service.service [req-61cc9d6c-ca88-4b5a-8537-95916aaf46dd - - - - -] api.instance_list_cells_batch_fixed_size = 100 log_opt_values /usr/lib/python3/dist-packages/oslo_config/cfg.py:2609
2026-04-20 00:48:31.974 147214 DEBUG oslo_service.service [req-61cc9d6c-ca88-4b5a-8537-95916aaf46dd - - - - -] api.instance_list_cells_batch_strategy = distributed log_opt_values /usr/lib/python3/dist-packages/oslo_config/cfg.py:2609
2026-04-20 00:48:31.975 147214 DEBUG oslo_service.service [req-61cc9d6c-ca88-4b5a-8537-95916aaf46dd - - - - -] api.instance_list_per_project_cells = False log_opt_values /usr/lib/python3/dist-packages/oslo_config/cfg.py:2609
2026-04-20 00:48:31.975 147214 DEBUG oslo_service.service [req-61cc9d6c-ca88-4b5a-8537-95916aaf46dd - - - - -] api.list_records_by_skipping_down_cells = True log_opt_values /usr/lib/python3/dist-packages/oslo_config/cfg.py:2609
2026-04-20 00:48:31.975 147214 DEBUG oslo_service.service [req-61cc9d6c-ca88-4b5a-8537-95916aaf46dd - - - - -] api.local_metadata_per_cell = False log_opt_values /usr/lib/python3/dist-packages/oslo_config/cfg.py:2609
2026-04-20 00:48:31.975 147214 DEBUG oslo_service.service [req-61cc9d6c-ca88-4b5a-8537-95916aaf46dd - - - - -] api.max_limit = 1000 log_opt_values /usr/lib/python3/dist-packages/oslo_config/cfg.py:2609
2026-04-20 00:48:31.976 147214 DEBUG oslo_service.service [req-61cc9d6c-ca88-4b5a-8537-95916aaf46dd - - - - -] api.metadata_cache_expiration = 15 log_opt_values /usr/lib/python3/dist-packages/oslo_config/cfg.py:2609
2026-04-20 00:48:31.976 147537 DEBUG oslo_messaging._drivers.amqpdriver [-] AMQPListener connection timeout poll /usr/lib/python3/dist-packages/oslo_messaging/_drivers/amqpdriver.py:360
2026-04-20 00:48:31.976 147536 DEBUG oslo_messaging._drivers.amqpdriver [-] AMQPListener connection timeout poll /usr/lib/python3/dist-packages/oslo_messaging/_drivers/amqpdriver.py:360
2026-04-20 00:48:31.976 147214 DEBUG oslo_service.service [req-61cc9d6c-ca88-4b5a-8537-95916aaf46dd - - - - -] api.neutron_default_tenant_id = default log_opt_values /usr/lib/python3/dist-packages/oslo_config/cfg.py:2609
2026-04-20 00:48:31.976 147537 DEBUG oslo_messaging._drivers.amqpdriver [-] Listener is running poll /usr/lib/python3/dist-packages/oslo_messaging/_drivers/amqpdriver.py:343
2026-04-20 00:48:31.976 147214 DEBUG oslo_service.service [req-61cc9d6c-ca88-4b5a-8537-95916aaf46dd - - - - -] api.use_forwarded_for = False log_opt_values /usr/lib/python3/dist-packages/oslo_config/cfg.py:2609
2026-04-20 00:48:31.976 147536 DEBUG oslo_messaging._drivers.amqpdriver [-] Listener is running poll /usr/lib/python3/dist-packages/oslo_messaging/_drivers/amqpdriver.py:343
2026-04-20 00:48:31.976 147537 DEBUG oslo_messaging._drivers.amqpdriver [-] AMQPListener connection consume poll /usr/lib/python3/dist-packages/oslo_messaging/_drivers/amqpdriver.py:357
2026-04-20 00:48:31.976 147214 DEBUG oslo_service.service [req-61cc9d6c-ca88-4b5a-8537-95916aaf46dd - - - - -] api.use_neutron_default_nets = False log_opt_values /usr/lib/python3/dist-packages/oslo_config/cfg.py:2609
2026-04-20 00:48:31.976 147536 DEBUG oslo_messaging._drivers.amqpdriver [-] AMQPListener connection consume poll /usr/lib/python3/dist-packages/oslo_messaging/_drivers/amqpdriver.py:357
2026-04-20 00:48:31.977 147214 DEBUG oslo_service.service [req-61cc9d6c-ca88-4b5a-8537-95916aaf46dd - - - - -] api.vendordata_dynamic_connect_timeout = 5 log_opt_values /usr/lib/python3/dist-packages/oslo_config/cfg.py:2609
2026-04-20 00:48:31.977 147214 DEBUG oslo_service.service [req-61cc9d6c-ca88-4b5a-8537-95916aaf46dd - - - - -] api.vendordata_dynamic_failure_fatal = False log_opt_values /usr/lib/python3/dist-packages/oslo_config/cfg.py:2609
2026-04-20 00:48:31.977 147214 DEBUG oslo_service.service [req-61cc9d6c-ca88-4b5a-8537-95916aaf46dd - - - - -] api.vendordata_dynamic_read_timeout = 5 log_opt_values /usr/lib/python3/dist-packages/oslo_config/cfg.py:2609
2026-04-20 00:48:31.978 147214 DEBUG oslo_service.service [req-61cc9d6c-ca88-4b5a-8537-95916aaf46dd - - - - -] api.vendordata_dynamic_ssl_certfile = log_opt_values /usr/lib/python3/dist-packages/oslo_config/cfg.py:2609
2026-04-20 00:48:31.978 147214 DEBUG oslo_service.service [req-61cc9d6c-ca88-4b5a-8537-95916aaf46dd - - - - -] api.vendordata_dynamic_targets = [] log_opt_values /usr/lib/python3/dist-packages/oslo_config/cfg.py:2609
2026-04-20 00:48:31.979 147214 DEBUG oslo_service.service [req-61cc9d6c-ca88-4b5a-8537-95916aaf46dd - - - - -] api.vendordata_jsonfile_path = None log_opt_values /usr/lib/python3/dist-packages/oslo_config/cfg.py:2609
2026-04-20 00:48:31.979 147214 DEBUG oslo_service.service [req-61cc9d6c-ca88-4b5a-8537-95916aaf46dd - - - - -] api.vendordata_providers = ['StaticJSON'] log_opt_values /usr/lib/python3/dist-packages/oslo_config/cfg.py:2609
2026-04-20 00:48:31.979 147214 DEBUG oslo_service.service [req-61cc9d6c-ca88-4b5a-8537-95916aaf46dd - - - - -] cache.backend = dogpile.cache.null log_opt_values /usr/lib/python3/dist-packages/oslo_config/cfg.py:2609
2026-04-20 00:48:31.980 147214 DEBUG oslo_service.service [req-61cc9d6c-ca88-4b5a-8537-95916aaf46dd - - - - -] cache.backend_argument = **** log_opt_values /usr/lib/python3/dist-packages/oslo_config/cfg.py:2609
2026-04-20 00:48:31.980 147214 DEBUG oslo_service.service [req-61cc9d6c-ca88-4b5a-8537-95916aaf46dd - - - - -] cache.config_prefix = cache.oslo log_opt_values /usr/lib/python3/dist-packages/oslo_config/cfg.py:2609
2026-04-20 00:48:31.980 147538 DEBUG oslo_messaging._drivers.amqpdriver [-] Listener is running poll /usr/lib/python3/dist-packages/oslo_messaging/_drivers/amqpdriver.py:343
2026-04-20 00:48:31.981 147214 DEBUG oslo_service.service [req-61cc9d6c-ca88-4b5a-8537-95916aaf46dd - - - - -] cache.debug_cache_backend = False log_opt_values /usr/lib/python3/dist-packages/oslo_config/cfg.py:2609
2026-04-20 00:48:31.981 147538 DEBUG oslo_messaging._drivers.amqpdriver [-] AMQPListener connection consume poll /usr/lib/python3/dist-packages/oslo_messaging/_drivers/amqpdriver.py:357
2026-04-20 00:48:31.981 147214 DEBUG oslo_service.service [req-61cc9d6c-ca88-4b5a-8537-95916aaf46dd - - - - -] cache.enabled = False log_opt_values /usr/lib/python3/dist-packages/oslo_config/cfg.py:2609
2026-04-20 00:48:31.981 147214 DEBUG oslo_service.service [req-61cc9d6c-ca88-4b5a-8537-95916aaf46dd - - - - -] cache.expiration_time = 600 log_opt_values /usr/lib/python3/dist-packages/oslo_config/cfg.py:2609
2026-04-20 00:48:31.981 147214 DEBUG oslo_service.service [req-61cc9d6c-ca88-4b5a-8537-95916aaf46dd - - - - -] cache.memcache_dead_retry = 300 log_opt_values /usr/lib/python3/dist-packages/oslo_config/cfg.py:2609
2026-04-20 00:48:31.981 147214 DEBUG oslo_service.service [req-61cc9d6c-ca88-4b5a-8537-95916aaf46dd - - - - -] cache.memcache_pool_connection_get_timeout = 10 log_opt_values /usr/lib/python3/dist-packages/oslo_config/cfg.py:2609
2026-04-20 00:48:31.981 147538 DEBUG nova.service [req-70dfde0e-df1f-4fff-89c3-a319a84f8698 - - - - -] Join ServiceGroup membership for this service conductor start /usr/lib/python3/dist-packages/nova/service.py:199
2026-04-20 00:48:31.982 147214 DEBUG oslo_service.service [req-61cc9d6c-ca88-4b5a-8537-95916aaf46dd - - - - -] cache.memcache_pool_flush_on_reconnect = False log_opt_values /usr/lib/python3/dist-packages/oslo_config/cfg.py:2609
2026-04-20 00:48:31.982 147538 DEBUG nova.servicegroup.drivers.db [req-70dfde0e-df1f-4fff-89c3-a319a84f8698 - - - - -] DB_Driver: join new ServiceGroup member juju-1f6644-0-lxd-7 to the conductor group, service = join /usr/lib/python3/dist-packages/nova/servicegroup/drivers/db.py:44
2026-04-20 00:48:31.982 147214 DEBUG oslo_service.service [req-61cc9d6c-ca88-4b5a-8537-95916aaf46dd - - - - -] cache.memcache_pool_maxsize = 10 log_opt_values /usr/lib/python3/dist-packages/oslo_config/cfg.py:2609
2026-04-20 00:48:31.982 147214 DEBUG oslo_service.service [req-61cc9d6c-ca88-4b5a-8537-95916aaf46dd - - - - -] cache.memcache_pool_unused_timeout = 60 log_opt_values /usr/lib/python3/dist-packages/oslo_config/cfg.py:2609
2026-04-20 00:48:31.982 147214 DEBUG oslo_service.service [req-61cc9d6c-ca88-4b5a-8537-95916aaf46dd - - - - -] cache.memcache_servers = ['localhost:11211'] log_opt_values /usr/lib/python3/dist-packages/oslo_config/cfg.py:2609
2026-04-20 00:48:31.983 147214 DEBUG oslo_service.service [req-61cc9d6c-ca88-4b5a-8537-95916aaf46dd - - - - -] cache.memcache_socket_timeout = 1.0 log_opt_values /usr/lib/python3/dist-packages/oslo_config/cfg.py:2609
2026-04-20 00:48:31.983 147214 DEBUG oslo_service.service [req-61cc9d6c-ca88-4b5a-8537-95916aaf46dd - - - - -] cache.proxies = [] log_opt_values /usr/lib/python3/dist-packages/oslo_config/cfg.py:2609
2026-04-20 00:48:31.983 147214 DEBUG oslo_service.service [req-61cc9d6c-ca88-4b5a-8537-95916aaf46dd - - - - -] cache.tls_allowed_ciphers = None log_opt_values /usr/lib/python3/dist-packages/oslo_config/cfg.py:2609
2026-04-20 00:48:31.983 147214 DEBUG oslo_service.service [req-61cc9d6c-ca88-4b5a-8537-95916aaf46dd - - - - -] cache.tls_cafile = None log_opt_values /usr/lib/python3/dist-packages/oslo_config/cfg.py:2609
2026-04-20 00:48:31.984 147214 DEBUG oslo_service.service [req-61cc9d6c-ca88-4b5a-8537-95916aaf46dd - - - - -] cache.tls_certfile = None log_opt_values /usr/lib/python3/dist-packages/oslo_config/cfg.py:2609
2026-04-20 00:48:31.984 147214 DEBUG oslo_service.service [req-61cc9d6c-ca88-4b5a-8537-95916aaf46dd - - - - -] cache.tls_enabled = False log_opt_values /usr/lib/python3/dist-packages/oslo_config/cfg.py:2609
2026-04-20 00:48:31.984 147214 DEBUG oslo_service.service [req-61cc9d6c-ca88-4b5a-8537-95916aaf46dd - - - - -] cache.tls_keyfile = None log_opt_values /usr/lib/python3/dist-packages/oslo_config/cfg.py:2609
2026-04-20 00:48:31.985 147214 DEBUG oslo_service.service [req-61cc9d6c-ca88-4b5a-8537-95916aaf46dd - - - - -] cinder.auth_section = None log_opt_values /usr/lib/python3/dist-packages/oslo_config/cfg.py:2609
2026-04-20 00:48:31.985 147214 DEBUG oslo_service.service [req-61cc9d6c-ca88-4b5a-8537-95916aaf46dd - - - - -] cinder.auth_type = None log_opt_values /usr/lib/python3/dist-packages/oslo_config/cfg.py:2609
2026-04-20 00:48:31.985 147214 DEBUG oslo_service.service [req-61cc9d6c-ca88-4b5a-8537-95916aaf46dd - - - - -] cinder.cafile = None log_opt_values /usr/lib/python3/dist-packages/oslo_config/cfg.py:2609
2026-04-20 00:48:31.986 147214 DEBUG oslo_service.service [req-61cc9d6c-ca88-4b5a-8537-95916aaf46dd - - - - -] cinder.catalog_info = volumev3::publicURL log_opt_values /usr/lib/python3/dist-packages/oslo_config/cfg.py:2609
2026-04-20 00:48:31.985 147538 DEBUG oslo_messaging._drivers.amqpdriver [-] AMQPListener connection timeout poll /usr/lib/python3/dist-packages/oslo_messaging/_drivers/amqpdriver.py:360
2026-04-20 00:48:31.986 147214 DEBUG oslo_service.service [req-61cc9d6c-ca88-4b5a-8537-95916aaf46dd - - - - -] cinder.certfile = None log_opt_values /usr/lib/python3/dist-packages/oslo_config/cfg.py:2609
2026-04-20 00:48:31.986 147538 DEBUG oslo_messaging._drivers.amqpdriver [-] Listener is running poll /usr/lib/python3/dist-packages/oslo_messaging/_drivers/amqpdriver.py:343
2026-04-20 00:48:31.986 147538 DEBUG oslo_messaging._drivers.amqpdriver [-] AMQPListener connection consume poll /usr/lib/python3/dist-packages/oslo_messaging/_drivers/amqpdriver.py:357
2026-04-20 00:48:31.986 147214 DEBUG oslo_service.service [req-61cc9d6c-ca88-4b5a-8537-95916aaf46dd - - - - -] cinder.collect_timing = False log_opt_values /usr/lib/python3/dist-packages/oslo_config/cfg.py:2609
2026-04-20 00:48:31.987 147214 DEBUG oslo_service.service [req-61cc9d6c-ca88-4b5a-8537-95916aaf46dd - - - - -] cinder.cross_az_attach = True log_opt_values /usr/lib/python3/dist-packages/oslo_config/cfg.py:2609
2026-04-20 00:48:31.987 147214 DEBUG oslo_service.service [req-61cc9d6c-ca88-4b5a-8537-95916aaf46dd - - - - -] cinder.debug = False log_opt_values /usr/lib/python3/dist-packages/oslo_config/cfg.py:2609
2026-04-20 00:48:31.987 147214 DEBUG oslo_service.service [req-61cc9d6c-ca88-4b5a-8537-95916aaf46dd - - - - -] cinder.endpoint_template = None log_opt_values /usr/lib/python3/dist-packages/oslo_config/cfg.py:2609
2026-04-20 00:48:31.987 147539 DEBUG oslo_messaging._drivers.amqpdriver [-] Listener is running poll /usr/lib/python3/dist-packages/oslo_messaging/_drivers/amqpdriver.py:343
2026-04-20 00:48:31.987 147214 DEBUG oslo_service.service [req-61cc9d6c-ca88-4b5a-8537-95916aaf46dd - - - - -] cinder.http_retries = 3 log_opt_values /usr/lib/python3/dist-packages/oslo_config/cfg.py:2609
2026-04-20 00:48:31.987 147539 DEBUG oslo_messaging._drivers.amqpdriver [-] AMQPListener connection consume poll /usr/lib/python3/dist-packages/oslo_messaging/_drivers/amqpdriver.py:357
2026-04-20 00:48:31.988 147214 DEBUG oslo_service.service [req-61cc9d6c-ca88-4b5a-8537-95916aaf46dd - - - - -] cinder.insecure = False log_opt_values /usr/lib/python3/dist-packages/oslo_config/cfg.py:2609
2026-04-20 00:48:31.988 147214 DEBUG oslo_service.service [req-61cc9d6c-ca88-4b5a-8537-95916aaf46dd - - - - -] cinder.keyfile = None log_opt_values /usr/lib/python3/dist-packages/oslo_config/cfg.py:2609
2026-04-20 00:48:31.988 147214 DEBUG oslo_service.service [req-61cc9d6c-ca88-4b5a-8537-95916aaf46dd - - - - -] cinder.os_region_name = None log_opt_values /usr/lib/python3/dist-packages/oslo_config/cfg.py:2609
2026-04-20 00:48:31.989 147214 DEBUG oslo_service.service [req-61cc9d6c-ca88-4b5a-8537-95916aaf46dd - - - - -] cinder.split_loggers = False log_opt_values /usr/lib/python3/dist-packages/oslo_config/cfg.py:2609
2026-04-20 00:48:31.989 147214 DEBUG oslo_service.service [req-61cc9d6c-ca88-4b5a-8537-95916aaf46dd - - - - -] cinder.timeout = None log_opt_values /usr/lib/python3/dist-packages/oslo_config/cfg.py:2609
2026-04-20 00:48:31.989 147539 DEBUG nova.service [req-1ff04da8-6410-42ea-bb25-388fe3b4959a - - - - -] Join ServiceGroup membership for this service conductor start /usr/lib/python3/dist-packages/nova/service.py:199
2026-04-20 00:48:31.989 147214 DEBUG oslo_service.service [req-61cc9d6c-ca88-4b5a-8537-95916aaf46dd - - - - -] compute.consecutive_build_service_disable_threshold = 10 log_opt_values /usr/lib/python3/dist-packages/oslo_config/cfg.py:2609
2026-04-20 00:48:31.989 147214 DEBUG oslo_service.service [req-61cc9d6c-ca88-4b5a-8537-95916aaf46dd - - - - -] compute.cpu_dedicated_set = None log_opt_values /usr/lib/python3/dist-packages/oslo_config/cfg.py:2609
2026-04-20 00:48:31.989 147539 DEBUG nova.servicegroup.drivers.db [req-1ff04da8-6410-42ea-bb25-388fe3b4959a - - - - -] DB_Driver: join new ServiceGroup member juju-1f6644-0-lxd-7 to the conductor group, service = join /usr/lib/python3/dist-packages/nova/servicegroup/drivers/db.py:44
2026-04-20 00:48:31.990 147214 DEBUG oslo_service.service [req-61cc9d6c-ca88-4b5a-8537-95916aaf46dd - - - - -] compute.cpu_shared_set = None log_opt_values /usr/lib/python3/dist-packages/oslo_config/cfg.py:2609
2026-04-20 00:48:31.990 147214 DEBUG oslo_service.service [req-61cc9d6c-ca88-4b5a-8537-95916aaf46dd - - - - -] compute.image_type_exclude_list = [] log_opt_values /usr/lib/python3/dist-packages/oslo_config/cfg.py:2609
2026-04-20 00:48:31.990 147214 DEBUG oslo_service.service [req-61cc9d6c-ca88-4b5a-8537-95916aaf46dd - - - - -] compute.live_migration_wait_for_vif_plug = True log_opt_values /usr/lib/python3/dist-packages/oslo_config/cfg.py:2609
2026-04-20 00:48:31.990 147214 DEBUG oslo_service.service [req-61cc9d6c-ca88-4b5a-8537-95916aaf46dd - - - - -] compute.max_concurrent_disk_ops = 0 log_opt_values /usr/lib/python3/dist-packages/oslo_config/cfg.py:2609
2026-04-20 00:48:31.991 147214 DEBUG oslo_service.service [req-61cc9d6c-ca88-4b5a-8537-95916aaf46dd - - - - -] compute.max_disk_devices_to_attach = -1 log_opt_values /usr/lib/python3/dist-packages/oslo_config/cfg.py:2609
2026-04-20 00:48:31.991 147214 DEBUG oslo_service.service [req-61cc9d6c-ca88-4b5a-8537-95916aaf46dd - - - - -] compute.packing_host_numa_cells_allocation_strategy = True log_opt_values /usr/lib/python3/dist-packages/oslo_config/cfg.py:2609
2026-04-20 00:48:31.991 147214 DEBUG oslo_service.service [req-61cc9d6c-ca88-4b5a-8537-95916aaf46dd - - - - -] compute.provider_config_location = /etc/nova/provider_config/ log_opt_values /usr/lib/python3/dist-packages/oslo_config/cfg.py:2609
2026-04-20 00:48:31.991 147214 DEBUG oslo_service.service [req-61cc9d6c-ca88-4b5a-8537-95916aaf46dd - - - - -] compute.resource_provider_association_refresh = 300 log_opt_values /usr/lib/python3/dist-packages/oslo_config/cfg.py:2609
2026-04-20 00:48:31.991 147214 DEBUG oslo_service.service [req-61cc9d6c-ca88-4b5a-8537-95916aaf46dd - - - - -] compute.shutdown_retry_interval = 10 log_opt_values /usr/lib/python3/dist-packages/oslo_config/cfg.py:2609
2026-04-20 00:48:31.991 147539 DEBUG oslo_messaging._drivers.amqpdriver [-] AMQPListener connection timeout poll /usr/lib/python3/dist-packages/oslo_messaging/_drivers/amqpdriver.py:360
2026-04-20 00:48:31.992 147214 DEBUG oslo_service.service [req-61cc9d6c-ca88-4b5a-8537-95916aaf46dd - - - - -] compute.vmdk_allowed_types = ['streamOptimized', 'monolithicSparse'] log_opt_values /usr/lib/python3/dist-packages/oslo_config/cfg.py:2609
2026-04-20 00:48:31.992 147214 DEBUG oslo_service.service [req-61cc9d6c-ca88-4b5a-8537-95916aaf46dd - - - - -] conductor.workers = 4 log_opt_values /usr/lib/python3/dist-packages/oslo_config/cfg.py:2609
2026-04-20 00:48:31.992 147539 DEBUG oslo_messaging._drivers.amqpdriver [-] Listener is running poll /usr/lib/python3/dist-packages/oslo_messaging/_drivers/amqpdriver.py:343
2026-04-20 00:48:31.992 147214 DEBUG oslo_service.service [req-61cc9d6c-ca88-4b5a-8537-95916aaf46dd - - - - -] console.allowed_origins = [] log_opt_values /usr/lib/python3/dist-packages/oslo_config/cfg.py:2609
2026-04-20 00:48:31.992 147539 DEBUG oslo_messaging._drivers.amqpdriver [-] AMQPListener connection consume poll /usr/lib/python3/dist-packages/oslo_messaging/_drivers/amqpdriver.py:357
2026-04-20 00:48:31.992 147214 DEBUG oslo_service.service [req-61cc9d6c-ca88-4b5a-8537-95916aaf46dd - - - - -] console.ssl_ciphers = None log_opt_values /usr/lib/python3/dist-packages/oslo_config/cfg.py:2609
2026-04-20 00:48:31.992 147214 DEBUG oslo_service.service [req-61cc9d6c-ca88-4b5a-8537-95916aaf46dd - - - - -] console.ssl_minimum_version = default log_opt_values /usr/lib/python3/dist-packages/oslo_config/cfg.py:2609
2026-04-20 00:48:31.992 147214 DEBUG oslo_service.service [req-61cc9d6c-ca88-4b5a-8537-95916aaf46dd - - - - -] consoleauth.token_ttl = 600 log_opt_values /usr/lib/python3/dist-packages/oslo_config/cfg.py:2609
2026-04-20 00:48:31.993 147214 DEBUG oslo_service.service [req-61cc9d6c-ca88-4b5a-8537-95916aaf46dd - - - - -] cyborg.cafile = None log_opt_values /usr/lib/python3/dist-packages/oslo_config/cfg.py:2609
2026-04-20 00:48:31.993 147214 DEBUG oslo_service.service [req-61cc9d6c-ca88-4b5a-8537-95916aaf46dd - - - - -] cyborg.certfile = None log_opt_values /usr/lib/python3/dist-packages/oslo_config/cfg.py:2609
2026-04-20 00:48:31.993 147214 DEBUG oslo_service.service [req-61cc9d6c-ca88-4b5a-8537-95916aaf46dd - - - - -] cyborg.collect_timing = False log_opt_values /usr/lib/python3/dist-packages/oslo_config/cfg.py:2609
2026-04-20 00:48:31.993 147214 DEBUG oslo_service.service [req-61cc9d6c-ca88-4b5a-8537-95916aaf46dd - - - - -] cyborg.connect_retries = None log_opt_values /usr/lib/python3/dist-packages/oslo_config/cfg.py:2609
2026-04-20 00:48:31.993 147214 DEBUG oslo_service.service [req-61cc9d6c-ca88-4b5a-8537-95916aaf46dd - - - - -] cyborg.connect_retry_delay = None log_opt_values /usr/lib/python3/dist-packages/oslo_config/cfg.py:2609
2026-04-20 00:48:31.994 147214 DEBUG oslo_service.service [req-61cc9d6c-ca88-4b5a-8537-95916aaf46dd - - - - -] cyborg.endpoint_override = None log_opt_values /usr/lib/python3/dist-packages/oslo_config/cfg.py:2609
2026-04-20 00:48:31.994 147214 DEBUG oslo_service.service [req-61cc9d6c-ca88-4b5a-8537-95916aaf46dd - - - - -] cyborg.insecure = False log_opt_values /usr/lib/python3/dist-packages/oslo_config/cfg.py:2609
2026-04-20 00:48:31.994 147214 DEBUG oslo_service.service [req-61cc9d6c-ca88-4b5a-8537-95916aaf46dd - - - - -] cyborg.keyfile = None log_opt_values /usr/lib/python3/dist-packages/oslo_config/cfg.py:2609
2026-04-20 00:48:31.994 147214 DEBUG oslo_service.service [req-61cc9d6c-ca88-4b5a-8537-95916aaf46dd - - - - -] cyborg.max_version = None log_opt_values /usr/lib/python3/dist-packages/oslo_config/cfg.py:2609
2026-04-20 00:48:31.994 147214 DEBUG oslo_service.service [req-61cc9d6c-ca88-4b5a-8537-95916aaf46dd - - - - -] cyborg.min_version = None log_opt_values /usr/lib/python3/dist-packages/oslo_config/cfg.py:2609
2026-04-20 00:48:31.995 147214 DEBUG oslo_service.service [req-61cc9d6c-ca88-4b5a-8537-95916aaf46dd - - - - -] cyborg.region_name = None log_opt_values /usr/lib/python3/dist-packages/oslo_config/cfg.py:2609
2026-04-20 00:48:31.995 147214 DEBUG oslo_service.service [req-61cc9d6c-ca88-4b5a-8537-95916aaf46dd - - - - -] cyborg.service_name = None log_opt_values /usr/lib/python3/dist-packages/oslo_config/cfg.py:2609
2026-04-20 00:48:31.995 147214 DEBUG oslo_service.service [req-61cc9d6c-ca88-4b5a-8537-95916aaf46dd - - - - -] cyborg.service_type = accelerator log_opt_values /usr/lib/python3/dist-packages/oslo_config/cfg.py:2609
2026-04-20 00:48:31.995 147214 DEBUG oslo_service.service [req-61cc9d6c-ca88-4b5a-8537-95916aaf46dd - - - - -] cyborg.split_loggers = False log_opt_values /usr/lib/python3/dist-packages/oslo_config/cfg.py:2609
2026-04-20 00:48:31.995 147214 DEBUG oslo_service.service [req-61cc9d6c-ca88-4b5a-8537-95916aaf46dd - - - - -] cyborg.status_code_retries = None log_opt_values /usr/lib/python3/dist-packages/oslo_config/cfg.py:2609
2026-04-20 00:48:31.996 147214 DEBUG oslo_service.service [req-61cc9d6c-ca88-4b5a-8537-95916aaf46dd - - - - -] cyborg.status_code_retry_delay = None log_opt_values /usr/lib/python3/dist-packages/oslo_config/cfg.py:2609
2026-04-20 00:48:31.996 147214 DEBUG oslo_service.service [req-61cc9d6c-ca88-4b5a-8537-95916aaf46dd - - - - -] cyborg.timeout = None log_opt_values /usr/lib/python3/dist-packages/oslo_config/cfg.py:2609
2026-04-20 00:48:31.996 147214 DEBUG oslo_service.service [req-61cc9d6c-ca88-4b5a-8537-95916aaf46dd - - - - -] cyborg.valid_interfaces = ['internal', 'public'] log_opt_values /usr/lib/python3/dist-packages/oslo_config/cfg.py:2609
2026-04-20 00:48:31.996 147214 DEBUG oslo_service.service [req-61cc9d6c-ca88-4b5a-8537-95916aaf46dd - - - - -] cyborg.version = None log_opt_values /usr/lib/python3/dist-packages/oslo_config/cfg.py:2609
2026-04-20 00:48:31.996 147214 DEBUG oslo_service.service [req-61cc9d6c-ca88-4b5a-8537-95916aaf46dd - - - - -] database.backend = sqlalchemy log_opt_values /usr/lib/python3/dist-packages/oslo_config/cfg.py:2609
2026-04-20 00:48:31.997 147214 DEBUG oslo_service.service [req-61cc9d6c-ca88-4b5a-8537-95916aaf46dd - - - - -] database.connection = **** log_opt_values /usr/lib/python3/dist-packages/oslo_config/cfg.py:2609
2026-04-20 00:48:31.997 147214 DEBUG oslo_service.service [req-61cc9d6c-ca88-4b5a-8537-95916aaf46dd - - - - -] database.connection_debug = 0 log_opt_values /usr/lib/python3/dist-packages/oslo_config/cfg.py:2609
2026-04-20 00:48:31.997 147214 DEBUG oslo_service.service [req-61cc9d6c-ca88-4b5a-8537-95916aaf46dd - - - - -] database.connection_parameters = log_opt_values /usr/lib/python3/dist-packages/oslo_config/cfg.py:2609
2026-04-20 00:48:31.997 147214 DEBUG oslo_service.service [req-61cc9d6c-ca88-4b5a-8537-95916aaf46dd - - - - -] database.connection_recycle_time = 3600 log_opt_values /usr/lib/python3/dist-packages/oslo_config/cfg.py:2609
2026-04-20 00:48:31.997 147214 DEBUG oslo_service.service [req-61cc9d6c-ca88-4b5a-8537-95916aaf46dd - - - - -] database.connection_trace = False log_opt_values /usr/lib/python3/dist-packages/oslo_config/cfg.py:2609
2026-04-20 00:48:31.997 147214 DEBUG oslo_service.service [req-61cc9d6c-ca88-4b5a-8537-95916aaf46dd - - - - -] database.db_inc_retry_interval = True log_opt_values /usr/lib/python3/dist-packages/oslo_config/cfg.py:2609
2026-04-20 00:48:31.998 147214 DEBUG oslo_service.service [req-61cc9d6c-ca88-4b5a-8537-95916aaf46dd - - - - -] database.db_max_retries = 20 log_opt_values /usr/lib/python3/dist-packages/oslo_config/cfg.py:2609
2026-04-20 00:48:31.998 147214 DEBUG oslo_service.service [req-61cc9d6c-ca88-4b5a-8537-95916aaf46dd - - - - -] database.db_max_retry_interval = 10 log_opt_values /usr/lib/python3/dist-packages/oslo_config/cfg.py:2609
2026-04-20 00:48:31.998 147214 DEBUG oslo_service.service [req-61cc9d6c-ca88-4b5a-8537-95916aaf46dd - - - - -] database.db_retry_interval = 1 log_opt_values /usr/lib/python3/dist-packages/oslo_config/cfg.py:2609
2026-04-20 00:48:31.998 147214 DEBUG oslo_service.service [req-61cc9d6c-ca88-4b5a-8537-95916aaf46dd - - - - -] database.max_overflow = 50 log_opt_values /usr/lib/python3/dist-packages/oslo_config/cfg.py:2609
2026-04-20 00:48:31.998 147214 DEBUG oslo_service.service [req-61cc9d6c-ca88-4b5a-8537-95916aaf46dd - - - - -] database.max_pool_size = 4 log_opt_values /usr/lib/python3/dist-packages/oslo_config/cfg.py:2609
2026-04-20 00:48:32.000 147214 DEBUG oslo_service.service [req-61cc9d6c-ca88-4b5a-8537-95916aaf46dd - - - - -] database.max_retries = 10 log_opt_values /usr/lib/python3/dist-packages/oslo_config/cfg.py:2609
2026-04-20 00:48:32.001 147214 DEBUG oslo_service.service [req-61cc9d6c-ca88-4b5a-8537-95916aaf46dd - - - - -] database.mysql_enable_ndb = False log_opt_values /usr/lib/python3/dist-packages/oslo_config/cfg.py:2609
2026-04-20 00:48:32.001 147214 DEBUG oslo_service.service [req-61cc9d6c-ca88-4b5a-8537-95916aaf46dd - - - - -] database.mysql_sql_mode = TRADITIONAL log_opt_values /usr/lib/python3/dist-packages/oslo_config/cfg.py:2609
2026-04-20 00:48:32.001 147214 DEBUG oslo_service.service [req-61cc9d6c-ca88-4b5a-8537-95916aaf46dd - - - - -] database.pool_timeout = None log_opt_values /usr/lib/python3/dist-packages/oslo_config/cfg.py:2609
2026-04-20 00:48:32.001 147214 DEBUG oslo_service.service [req-61cc9d6c-ca88-4b5a-8537-95916aaf46dd - - - - -] database.retry_interval = 10 log_opt_values /usr/lib/python3/dist-packages/oslo_config/cfg.py:2609
2026-04-20 00:48:32.002 147214 DEBUG oslo_service.service [req-61cc9d6c-ca88-4b5a-8537-95916aaf46dd - - - - -] database.slave_connection = **** log_opt_values /usr/lib/python3/dist-packages/oslo_config/cfg.py:2609
2026-04-20 00:48:32.002 147214 DEBUG oslo_service.service [req-61cc9d6c-ca88-4b5a-8537-95916aaf46dd - - - - -] database.sqlite_synchronous = True log_opt_values /usr/lib/python3/dist-packages/oslo_config/cfg.py:2609
2026-04-20 00:48:32.002 147214 DEBUG oslo_service.service [req-61cc9d6c-ca88-4b5a-8537-95916aaf46dd - - - - -] database.use_db_reconnect = False log_opt_values /usr/lib/python3/dist-packages/oslo_config/cfg.py:2609
2026-04-20 00:48:32.002 147214 DEBUG oslo_service.service [req-61cc9d6c-ca88-4b5a-8537-95916aaf46dd - - - - -] api_database.backend = sqlalchemy log_opt_values /usr/lib/python3/dist-packages/oslo_config/cfg.py:2609
2026-04-20 00:48:32.002 147214 DEBUG oslo_service.service [req-61cc9d6c-ca88-4b5a-8537-95916aaf46dd - - - - -] api_database.connection = **** log_opt_values /usr/lib/python3/dist-packages/oslo_config/cfg.py:2609
2026-04-20 00:48:32.002 147214 DEBUG oslo_service.service [req-61cc9d6c-ca88-4b5a-8537-95916aaf46dd - - - - -] api_database.connection_debug = 0 log_opt_values /usr/lib/python3/dist-packages/oslo_config/cfg.py:2609
2026-04-20 00:48:32.003 147214 DEBUG oslo_service.service [req-61cc9d6c-ca88-4b5a-8537-95916aaf46dd - - - - -] api_database.connection_parameters = log_opt_values /usr/lib/python3/dist-packages/oslo_config/cfg.py:2609
2026-04-20 00:48:32.003 147214 DEBUG oslo_service.service [req-61cc9d6c-ca88-4b5a-8537-95916aaf46dd - - - - -] api_database.connection_recycle_time = 3600 log_opt_values /usr/lib/python3/dist-packages/oslo_config/cfg.py:2609
2026-04-20 00:48:32.003 147214 DEBUG oslo_service.service [req-61cc9d6c-ca88-4b5a-8537-95916aaf46dd - - - - -] api_database.connection_trace = False log_opt_values /usr/lib/python3/dist-packages/oslo_config/cfg.py:2609
2026-04-20 00:48:32.003 147214 DEBUG oslo_service.service [req-61cc9d6c-ca88-4b5a-8537-95916aaf46dd - - - - -] api_database.db_inc_retry_interval = True log_opt_values /usr/lib/python3/dist-packages/oslo_config/cfg.py:2609
2026-04-20 00:48:32.003 147214 DEBUG oslo_service.service [req-61cc9d6c-ca88-4b5a-8537-95916aaf46dd - - - - -] api_database.db_max_retries = 20 log_opt_values /usr/lib/python3/dist-packages/oslo_config/cfg.py:2609
2026-04-20 00:48:32.003 147214 DEBUG oslo_service.service [req-61cc9d6c-ca88-4b5a-8537-95916aaf46dd - - - - -] api_database.db_max_retry_interval = 10 log_opt_values /usr/lib/python3/dist-packages/oslo_config/cfg.py:2609
2026-04-20 00:48:32.004 147214 DEBUG oslo_service.service [req-61cc9d6c-ca88-4b5a-8537-95916aaf46dd - - - - -] api_database.db_retry_interval = 1 log_opt_values /usr/lib/python3/dist-packages/oslo_config/cfg.py:2609
2026-04-20 00:48:32.004 147214 DEBUG oslo_service.service [req-61cc9d6c-ca88-4b5a-8537-95916aaf46dd - - - - -] api_database.max_overflow = 50 log_opt_values /usr/lib/python3/dist-packages/oslo_config/cfg.py:2609
2026-04-20 00:48:32.004 147214 DEBUG oslo_service.service [req-61cc9d6c-ca88-4b5a-8537-95916aaf46dd - - - - -] api_database.max_pool_size = 4 log_opt_values /usr/lib/python3/dist-packages/oslo_config/cfg.py:2609
2026-04-20 00:48:32.004 147214 DEBUG oslo_service.service [req-61cc9d6c-ca88-4b5a-8537-95916aaf46dd - - - - -] api_database.max_retries = 10 log_opt_values /usr/lib/python3/dist-packages/oslo_config/cfg.py:2609
2026-04-20 00:48:32.004 147214 DEBUG oslo_service.service [req-61cc9d6c-ca88-4b5a-8537-95916aaf46dd - - - - -] api_database.mysql_enable_ndb = False log_opt_values /usr/lib/python3/dist-packages/oslo_config/cfg.py:2609
2026-04-20 00:48:32.005 147214 DEBUG oslo_service.service [req-61cc9d6c-ca88-4b5a-8537-95916aaf46dd - - - - -] api_database.mysql_sql_mode = TRADITIONAL log_opt_values /usr/lib/python3/dist-packages/oslo_config/cfg.py:2609
2026-04-20 00:48:32.005 147214 DEBUG oslo_service.service [req-61cc9d6c-ca88-4b5a-8537-95916aaf46dd - - - - -] api_database.pool_timeout = None log_opt_values /usr/lib/python3/dist-packages/oslo_config/cfg.py:2609
2026-04-20 00:48:32.005 147214 DEBUG oslo_service.service [req-61cc9d6c-ca88-4b5a-8537-95916aaf46dd - - - - -] api_database.retry_interval = 10 log_opt_values /usr/lib/python3/dist-packages/oslo_config/cfg.py:2609
2026-04-20 00:48:32.005 147214 DEBUG oslo_service.service [req-61cc9d6c-ca88-4b5a-8537-95916aaf46dd - - - - -] api_database.slave_connection = **** log_opt_values /usr/lib/python3/dist-packages/oslo_config/cfg.py:2609
2026-04-20 00:48:32.005 147214 DEBUG oslo_service.service [req-61cc9d6c-ca88-4b5a-8537-95916aaf46dd - - - - -] api_database.sqlite_synchronous = True log_opt_values /usr/lib/python3/dist-packages/oslo_config/cfg.py:2609
2026-04-20 00:48:32.005 147214 DEBUG oslo_service.service [req-61cc9d6c-ca88-4b5a-8537-95916aaf46dd - - - - -] devices.enabled_mdev_types = [] log_opt_values /usr/lib/python3/dist-packages/oslo_config/cfg.py:2609
2026-04-20 00:48:32.006 147214 DEBUG oslo_service.service [req-61cc9d6c-ca88-4b5a-8537-95916aaf46dd - - - - -] ephemeral_storage_encryption.cipher = aes-xts-plain64 log_opt_values /usr/lib/python3/dist-packages/oslo_config/cfg.py:2609
2026-04-20 00:48:32.006 147214 DEBUG oslo_service.service [req-61cc9d6c-ca88-4b5a-8537-95916aaf46dd - - - - -] ephemeral_storage_encryption.enabled = False log_opt_values /usr/lib/python3/dist-packages/oslo_config/cfg.py:2609
2026-04-20 00:48:32.006 147214 DEBUG oslo_service.service [req-61cc9d6c-ca88-4b5a-8537-95916aaf46dd - - - - -] ephemeral_storage_encryption.key_size = 512 log_opt_values /usr/lib/python3/dist-packages/oslo_config/cfg.py:2609
2026-04-20 00:48:32.007 147214 WARNING oslo_config.cfg [req-61cc9d6c-ca88-4b5a-8537-95916aaf46dd - - - - -] Deprecated: Option "api_servers" from group "glance" is deprecated for removal ( Support for image service configuration via standard keystoneauth1 Adapter options was added in the 17.0.0 Queens release. The api_servers option was retained temporarily to allow consumers time to cut over to a real load balancing solution. ). Its value may be silently ignored in the future.
2026-04-20 00:48:32.007 147214 DEBUG oslo_service.service [req-61cc9d6c-ca88-4b5a-8537-95916aaf46dd - - - - -] glance.api_servers = ['http://252.129.149.15:9292'] log_opt_values /usr/lib/python3/dist-packages/oslo_config/cfg.py:2609
2026-04-20 00:48:32.007 147214 DEBUG oslo_service.service [req-61cc9d6c-ca88-4b5a-8537-95916aaf46dd - - - - -] glance.cafile = None log_opt_values /usr/lib/python3/dist-packages/oslo_config/cfg.py:2609
2026-04-20 00:48:32.007 147214 DEBUG oslo_service.service [req-61cc9d6c-ca88-4b5a-8537-95916aaf46dd - - - - -] glance.certfile = None log_opt_values /usr/lib/python3/dist-packages/oslo_config/cfg.py:2609
2026-04-20 00:48:32.008 147214 DEBUG oslo_service.service [req-61cc9d6c-ca88-4b5a-8537-95916aaf46dd - - - - -] glance.collect_timing = False log_opt_values /usr/lib/python3/dist-packages/oslo_config/cfg.py:2609
2026-04-20 00:48:32.008 147214 DEBUG oslo_service.service [req-61cc9d6c-ca88-4b5a-8537-95916aaf46dd - - - - -] glance.connect_retries = None log_opt_values /usr/lib/python3/dist-packages/oslo_config/cfg.py:2609
2026-04-20 00:48:32.008 147214 DEBUG oslo_service.service [req-61cc9d6c-ca88-4b5a-8537-95916aaf46dd - - - - -] glance.connect_retry_delay = None log_opt_values /usr/lib/python3/dist-packages/oslo_config/cfg.py:2609
2026-04-20 00:48:32.008 147214 DEBUG oslo_service.service [req-61cc9d6c-ca88-4b5a-8537-95916aaf46dd - - - - -] glance.debug = False log_opt_values /usr/lib/python3/dist-packages/oslo_config/cfg.py:2609
2026-04-20 00:48:32.008 147214 DEBUG oslo_service.service [req-61cc9d6c-ca88-4b5a-8537-95916aaf46dd - - - - -] glance.default_trusted_certificate_ids = [] log_opt_values /usr/lib/python3/dist-packages/oslo_config/cfg.py:2609
2026-04-20 00:48:32.009 147214 DEBUG oslo_service.service [req-61cc9d6c-ca88-4b5a-8537-95916aaf46dd - - - - -] glance.enable_certificate_validation = False log_opt_values /usr/lib/python3/dist-packages/oslo_config/cfg.py:2609
2026-04-20 00:48:32.009 147214 DEBUG oslo_service.service [req-61cc9d6c-ca88-4b5a-8537-95916aaf46dd - - - - -] glance.enable_rbd_download = False log_opt_values /usr/lib/python3/dist-packages/oslo_config/cfg.py:2609
2026-04-20 00:48:32.009 147214 DEBUG oslo_service.service [req-61cc9d6c-ca88-4b5a-8537-95916aaf46dd - - - - -] glance.endpoint_override = None log_opt_values /usr/lib/python3/dist-packages/oslo_config/cfg.py:2609
2026-04-20 00:48:32.009 147214 DEBUG oslo_service.service [req-61cc9d6c-ca88-4b5a-8537-95916aaf46dd - - - - -] glance.insecure = False log_opt_values /usr/lib/python3/dist-packages/oslo_config/cfg.py:2609
2026-04-20 00:48:32.009 147214 DEBUG oslo_service.service [req-61cc9d6c-ca88-4b5a-8537-95916aaf46dd - - - - -] glance.keyfile = None log_opt_values /usr/lib/python3/dist-packages/oslo_config/cfg.py:2609
2026-04-20 00:48:32.009 147214 DEBUG oslo_service.service [req-61cc9d6c-ca88-4b5a-8537-95916aaf46dd - - - - -] glance.max_version = None log_opt_values /usr/lib/python3/dist-packages/oslo_config/cfg.py:2609
2026-04-20 00:48:32.009 147214 DEBUG oslo_service.service [req-61cc9d6c-ca88-4b5a-8537-95916aaf46dd - - - - -] glance.min_version = None log_opt_values /usr/lib/python3/dist-packages/oslo_config/cfg.py:2609
2026-04-20 00:48:32.010 147214 DEBUG oslo_service.service [req-61cc9d6c-ca88-4b5a-8537-95916aaf46dd - - - - -] glance.num_retries = 3 log_opt_values /usr/lib/python3/dist-packages/oslo_config/cfg.py:2609
2026-04-20 00:48:32.010 147214 DEBUG oslo_service.service [req-61cc9d6c-ca88-4b5a-8537-95916aaf46dd - - - - -] glance.rbd_ceph_conf = log_opt_values /usr/lib/python3/dist-packages/oslo_config/cfg.py:2609
2026-04-20 00:48:32.010 147214 DEBUG oslo_service.service [req-61cc9d6c-ca88-4b5a-8537-95916aaf46dd - - - - -] glance.rbd_connect_timeout = 5 log_opt_values /usr/lib/python3/dist-packages/oslo_config/cfg.py:2609
2026-04-20 00:48:32.010 147214 DEBUG oslo_service.service [req-61cc9d6c-ca88-4b5a-8537-95916aaf46dd - - - - -] glance.rbd_pool = log_opt_values /usr/lib/python3/dist-packages/oslo_config/cfg.py:2609
2026-04-20 00:48:32.010 147214 DEBUG oslo_service.service [req-61cc9d6c-ca88-4b5a-8537-95916aaf46dd - - - - -] glance.rbd_user = log_opt_values /usr/lib/python3/dist-packages/oslo_config/cfg.py:2609
2026-04-20 00:48:32.011 147214 DEBUG oslo_service.service [req-61cc9d6c-ca88-4b5a-8537-95916aaf46dd - - - - -] glance.region_name = None log_opt_values /usr/lib/python3/dist-packages/oslo_config/cfg.py:2609
