2026-04-13 01:37:23.505 63550 DEBUG oslo_service.service [-] clients_barbican.ca_file = None log_opt_values /usr/lib/python3/dist-packages/oslo_config/cfg.py:2609
2026-04-13 01:37:23.505 63550 DEBUG oslo_service.service [-] clients_barbican.cert_file = None log_opt_values /usr/lib/python3/dist-packages/oslo_config/cfg.py:2609
2026-04-13 01:37:23.506 63550 DEBUG oslo_service.service [-] clients_barbican.endpoint_type = None log_opt_values /usr/lib/python3/dist-packages/oslo_config/cfg.py:2609
2026-04-13 01:37:23.506 63550 DEBUG oslo_service.service [-] clients_barbican.insecure = None log_opt_values /usr/lib/python3/dist-packages/oslo_config/cfg.py:2609
2026-04-13 01:37:23.506 63550 DEBUG oslo_service.service [-] clients_barbican.key_file = None log_opt_values /usr/lib/python3/dist-packages/oslo_config/cfg.py:2609
2026-04-13 01:37:23.506 63550 DEBUG oslo_service.service [-] clients_cinder.ca_file = None log_opt_values /usr/lib/python3/dist-packages/oslo_config/cfg.py:2609
2026-04-13 01:37:23.506 63550 DEBUG oslo_service.service [-] clients_cinder.cert_file = None log_opt_values /usr/lib/python3/dist-packages/oslo_config/cfg.py:2609
2026-04-13 01:37:23.506 63550 DEBUG oslo_service.service [-] clients_cinder.endpoint_type = None log_opt_values /usr/lib/python3/dist-packages/oslo_config/cfg.py:2609
2026-04-13 01:37:23.506 63550 DEBUG oslo_service.service [-] clients_cinder.http_log_debug = False log_opt_values /usr/lib/python3/dist-packages/oslo_config/cfg.py:2609
2026-04-13 01:37:23.506 63550 DEBUG oslo_service.service [-] clients_cinder.insecure = None log_opt_values /usr/lib/python3/dist-packages/oslo_config/cfg.py:2609
2026-04-13 01:37:23.506 63550 DEBUG oslo_service.service [-] clients_cinder.key_file = None log_opt_values /usr/lib/python3/dist-packages/oslo_config/cfg.py:2609
2026-04-13 01:37:23.507 63550 DEBUG oslo_service.service [-] clients_designate.ca_file = None log_opt_values /usr/lib/python3/dist-packages/oslo_config/cfg.py:2609
2026-04-13 01:37:23.507 63550 DEBUG oslo_service.service [-] clients_designate.cert_file = None log_opt_values /usr/lib/python3/dist-packages/oslo_config/cfg.py:2609
2026-04-13 01:37:23.507 63550 DEBUG oslo_service.service [-] clients_designate.endpoint_type = None log_opt_values /usr/lib/python3/dist-packages/oslo_config/cfg.py:2609
2026-04-13 01:37:23.507 63550 DEBUG oslo_service.service [-] clients_designate.insecure = None log_opt_values /usr/lib/python3/dist-packages/oslo_config/cfg.py:2609
2026-04-13 01:37:23.507 63550 DEBUG oslo_service.service [-] clients_designate.key_file = None log_opt_values /usr/lib/python3/dist-packages/oslo_config/cfg.py:2609
2026-04-13 01:37:23.507 63550 DEBUG oslo_service.service [-] clients_glance.ca_file = None log_opt_values /usr/lib/python3/dist-packages/oslo_config/cfg.py:2609
2026-04-13 01:37:23.507 63550 DEBUG oslo_service.service [-] clients_glance.cert_file = None log_opt_values /usr/lib/python3/dist-packages/oslo_config/cfg.py:2609
2026-04-13 01:37:23.507 63550 DEBUG oslo_service.service [-] clients_glance.endpoint_type = None log_opt_values /usr/lib/python3/dist-packages/oslo_config/cfg.py:2609
2026-04-13 01:37:23.507 63550 DEBUG oslo_service.service [-] clients_glance.insecure = None log_opt_values /usr/lib/python3/dist-packages/oslo_config/cfg.py:2609
2026-04-13 01:37:23.507 63550 DEBUG oslo_service.service [-] clients_glance.key_file = None log_opt_values /usr/lib/python3/dist-packages/oslo_config/cfg.py:2609
2026-04-13 01:37:23.508 63550 DEBUG oslo_service.service [-] clients_heat.ca_file = None log_opt_values /usr/lib/python3/dist-packages/oslo_config/cfg.py:2609
2026-04-13 01:37:23.508 63550 DEBUG oslo_service.service [-] clients_heat.cert_file = None log_opt_values /usr/lib/python3/dist-packages/oslo_config/cfg.py:2609
2026-04-13 01:37:23.508 63550 DEBUG oslo_service.service [-] clients_heat.endpoint_type = None log_opt_values /usr/lib/python3/dist-packages/oslo_config/cfg.py:2609
2026-04-13 01:37:23.508 63550 DEBUG oslo_service.service [-] clients_heat.insecure = None log_opt_values /usr/lib/python3/dist-packages/oslo_config/cfg.py:2609
2026-04-13 01:37:23.508 63550 DEBUG oslo_service.service [-] clients_heat.key_file = None log_opt_values /usr/lib/python3/dist-packages/oslo_config/cfg.py:2609
2026-04-13 01:37:23.508 63550 DEBUG oslo_service.service [-] clients_heat.url = log_opt_values /usr/lib/python3/dist-packages/oslo_config/cfg.py:2609
2026-04-13 01:37:23.509 63550 DEBUG oslo_service.service [-] clients_keystone.auth_uri = http://252.129.205.251:5050 log_opt_values /usr/lib/python3/dist-packages/oslo_config/cfg.py:2609
2026-04-13 01:37:23.509 63550 DEBUG oslo_service.service [-] clients_keystone.ca_file = None log_opt_values /usr/lib/python3/dist-packages/oslo_config/cfg.py:2609
2026-04-13 01:37:23.509 63550 DEBUG oslo_service.service [-] clients_keystone.cert_file = None log_opt_values /usr/lib/python3/dist-packages/oslo_config/cfg.py:2609
2026-04-13 01:37:23.509 63550 DEBUG oslo_service.service [-] clients_keystone.endpoint_type = None log_opt_values /usr/lib/python3/dist-packages/oslo_config/cfg.py:2609
2026-04-13 01:37:23.510 63550 DEBUG oslo_service.service [-] clients_keystone.insecure = None log_opt_values /usr/lib/python3/dist-packages/oslo_config/cfg.py:2609
2026-04-13 01:37:23.510 63550 DEBUG oslo_service.service [-] clients_keystone.key_file = None log_opt_values /usr/lib/python3/dist-packages/oslo_config/cfg.py:2609
2026-04-13 01:37:23.510 63550 DEBUG oslo_service.service [-] clients_magnum.ca_file = None log_opt_values /usr/lib/python3/dist-packages/oslo_config/cfg.py:2609
2026-04-13 01:37:23.510 63550 DEBUG oslo_service.service [-] clients_magnum.cert_file = None log_opt_values /usr/lib/python3/dist-packages/oslo_config/cfg.py:2609
2026-04-13 01:37:23.510 63550 DEBUG oslo_service.service [-] clients_magnum.endpoint_type = None log_opt_values /usr/lib/python3/dist-packages/oslo_config/cfg.py:2609
2026-04-13 01:37:23.510 63550 DEBUG oslo_service.service [-] clients_magnum.insecure = None log_opt_values /usr/lib/python3/dist-packages/oslo_config/cfg.py:2609
2026-04-13 01:37:23.510 63550 DEBUG oslo_service.service [-] clients_magnum.key_file = None log_opt_values /usr/lib/python3/dist-packages/oslo_config/cfg.py:2609
2026-04-13 01:37:23.510 63550 DEBUG oslo_service.service [-] clients_manila.ca_file = None log_opt_values /usr/lib/python3/dist-packages/oslo_config/cfg.py:2609
2026-04-13 01:37:23.510 63550 DEBUG oslo_service.service [-] clients_manila.cert_file = None log_opt_values /usr/lib/python3/dist-packages/oslo_config/cfg.py:2609
2026-04-13 01:37:23.511 63550 DEBUG oslo_service.service [-] clients_manila.endpoint_type = None log_opt_values /usr/lib/python3/dist-packages/oslo_config/cfg.py:2609
2026-04-13 01:37:23.511 63550 DEBUG oslo_service.service [-] clients_manila.insecure = None log_opt_values /usr/lib/python3/dist-packages/oslo_config/cfg.py:2609
2026-04-13 01:37:23.511 63550 DEBUG oslo_service.service [-] clients_manila.key_file = None log_opt_values /usr/lib/python3/dist-packages/oslo_config/cfg.py:2609
2026-04-13 01:37:23.511 63550 DEBUG oslo_service.service [-] clients_mistral.ca_file = None log_opt_values /usr/lib/python3/dist-packages/oslo_config/cfg.py:2609
2026-04-13 01:37:23.511 63550 DEBUG oslo_service.service [-] clients_mistral.cert_file = None log_opt_values /usr/lib/python3/dist-packages/oslo_config/cfg.py:2609
2026-04-13 01:37:23.511 63550 DEBUG oslo_service.service [-] clients_mistral.endpoint_type = None log_opt_values /usr/lib/python3/dist-packages/oslo_config/cfg.py:2609
2026-04-13 01:37:23.511 63550 DEBUG oslo_service.service [-] clients_mistral.insecure = None log_opt_values /usr/lib/python3/dist-packages/oslo_config/cfg.py:2609
2026-04-13 01:37:23.511 63550 DEBUG oslo_service.service [-] clients_mistral.key_file = None log_opt_values /usr/lib/python3/dist-packages/oslo_config/cfg.py:2609
2026-04-13 01:37:23.511 63550 DEBUG oslo_service.service [-] clients_monasca.ca_file = None log_opt_values /usr/lib/python3/dist-packages/oslo_config/cfg.py:2609
2026-04-13 01:37:23.511 63550 DEBUG oslo_service.service [-] clients_monasca.cert_file = None log_opt_values /usr/lib/python3/dist-packages/oslo_config/cfg.py:2609
2026-04-13 01:37:23.512 63550 DEBUG oslo_service.service [-] clients_monasca.endpoint_type = None log_opt_values /usr/lib/python3/dist-packages/oslo_config/cfg.py:2609
2026-04-13 01:37:23.512 63550 DEBUG oslo_service.service [-] clients_monasca.insecure = None log_opt_values /usr/lib/python3/dist-packages/oslo_config/cfg.py:2609
2026-04-13 01:37:23.512 63550 DEBUG oslo_service.service [-] clients_monasca.key_file = None log_opt_values /usr/lib/python3/dist-packages/oslo_config/cfg.py:2609
2026-04-13 01:37:23.512 63550 DEBUG oslo_service.service [-] clients_neutron.ca_file = None log_opt_values /usr/lib/python3/dist-packages/oslo_config/cfg.py:2609
2026-04-13 01:37:23.512 63550 DEBUG oslo_service.service [-] clients_neutron.cert_file = None log_opt_values /usr/lib/python3/dist-packages/oslo_config/cfg.py:2609
2026-04-13 01:37:23.512 63550 DEBUG oslo_service.service [-] clients_neutron.endpoint_type = None log_opt_values /usr/lib/python3/dist-packages/oslo_config/cfg.py:2609
2026-04-13 01:37:23.512 63550 DEBUG oslo_service.service [-] clients_neutron.insecure = None log_opt_values /usr/lib/python3/dist-packages/oslo_config/cfg.py:2609
2026-04-13 01:37:23.512 63550 DEBUG oslo_service.service [-] clients_neutron.key_file = None log_opt_values /usr/lib/python3/dist-packages/oslo_config/cfg.py:2609
2026-04-13 01:37:23.512 63550 DEBUG oslo_service.service [-] clients_nova.ca_file = None log_opt_values /usr/lib/python3/dist-packages/oslo_config/cfg.py:2609
2026-04-13 01:37:23.513 63550 DEBUG oslo_service.service [-] clients_nova.cert_file = None log_opt_values /usr/lib/python3/dist-packages/oslo_config/cfg.py:2609
2026-04-13 01:37:23.513 63550 DEBUG oslo_service.service [-] clients_nova.endpoint_type = None log_opt_values /usr/lib/python3/dist-packages/oslo_config/cfg.py:2609
2026-04-13 01:37:23.513 63550 DEBUG oslo_service.service [-] clients_nova.http_log_debug = False log_opt_values /usr/lib/python3/dist-packages/oslo_config/cfg.py:2609
2026-04-13 01:37:23.513 63550 DEBUG oslo_service.service [-] clients_nova.insecure = None log_opt_values /usr/lib/python3/dist-packages/oslo_config/cfg.py:2609
2026-04-13 01:37:23.513 63550 DEBUG oslo_service.service [-] clients_nova.key_file = None log_opt_values /usr/lib/python3/dist-packages/oslo_config/cfg.py:2609
2026-04-13 01:37:23.513 63550 DEBUG oslo_service.service [-] clients_octavia.ca_file = None log_opt_values /usr/lib/python3/dist-packages/oslo_config/cfg.py:2609
2026-04-13 01:37:23.513 63550 DEBUG oslo_service.service [-] clients_octavia.cert_file = None log_opt_values /usr/lib/python3/dist-packages/oslo_config/cfg.py:2609
2026-04-13 01:37:23.513 63550 DEBUG oslo_service.service [-] clients_octavia.endpoint_type = None log_opt_values /usr/lib/python3/dist-packages/oslo_config/cfg.py:2609
2026-04-13 01:37:23.513 63550 DEBUG oslo_service.service [-] clients_octavia.insecure = None log_opt_values /usr/lib/python3/dist-packages/oslo_config/cfg.py:2609
2026-04-13 01:37:23.513 63550 DEBUG oslo_service.service [-] clients_octavia.key_file = None log_opt_values /usr/lib/python3/dist-packages/oslo_config/cfg.py:2609
2026-04-13 01:37:23.514 63550 DEBUG oslo_service.service [-] clients_sahara.ca_file = None log_opt_values /usr/lib/python3/dist-packages/oslo_config/cfg.py:2609
2026-04-13 01:37:23.514 63550 DEBUG oslo_service.service [-] clients_sahara.cert_file = None log_opt_values /usr/lib/python3/dist-packages/oslo_config/cfg.py:2609
2026-04-13 01:37:23.514 63550 DEBUG oslo_service.service [-] clients_sahara.endpoint_type = None log_opt_values /usr/lib/python3/dist-packages/oslo_config/cfg.py:2609
2026-04-13 01:37:23.514 63550 DEBUG oslo_service.service [-] clients_sahara.insecure = None log_opt_values /usr/lib/python3/dist-packages/oslo_config/cfg.py:2609
2026-04-13 01:37:23.514 63550 DEBUG oslo_service.service [-] clients_sahara.key_file = None log_opt_values /usr/lib/python3/dist-packages/oslo_config/cfg.py:2609
2026-04-13 01:37:23.514 63550 DEBUG oslo_service.service [-] clients_senlin.ca_file = None log_opt_values /usr/lib/python3/dist-packages/oslo_config/cfg.py:2609
2026-04-13 01:37:23.514 63550 DEBUG oslo_service.service [-] clients_senlin.cert_file = None log_opt_values /usr/lib/python3/dist-packages/oslo_config/cfg.py:2609
2026-04-13 01:37:23.514 63550 DEBUG oslo_service.service [-] clients_senlin.endpoint_type = None log_opt_values /usr/lib/python3/dist-packages/oslo_config/cfg.py:2609
2026-04-13 01:37:23.514 63550 DEBUG oslo_service.service [-] clients_senlin.insecure = None log_opt_values /usr/lib/python3/dist-packages/oslo_config/cfg.py:2609
2026-04-13 01:37:23.514 63550 DEBUG oslo_service.service [-] clients_senlin.key_file = None log_opt_values /usr/lib/python3/dist-packages/oslo_config/cfg.py:2609
2026-04-13 01:37:23.515 63550 DEBUG oslo_service.service [-] clients_swift.ca_file = None log_opt_values /usr/lib/python3/dist-packages/oslo_config/cfg.py:2609
2026-04-13 01:37:23.515 63550 DEBUG oslo_service.service [-] clients_swift.cert_file = None log_opt_values /usr/lib/python3/dist-packages/oslo_config/cfg.py:2609
2026-04-13 01:37:23.515 63550 DEBUG oslo_service.service [-] clients_swift.endpoint_type = None log_opt_values /usr/lib/python3/dist-packages/oslo_config/cfg.py:2609
2026-04-13 01:37:23.515 63550 DEBUG oslo_service.service [-] clients_swift.insecure = None log_opt_values /usr/lib/python3/dist-packages/oslo_config/cfg.py:2609
2026-04-13 01:37:23.515 63550 DEBUG oslo_service.service [-] clients_swift.key_file = None log_opt_values /usr/lib/python3/dist-packages/oslo_config/cfg.py:2609
2026-04-13 01:37:23.515 63550 DEBUG oslo_service.service [-] clients_trove.ca_file = None log_opt_values /usr/lib/python3/dist-packages/oslo_config/cfg.py:2609
2026-04-13 01:37:23.515 63550 DEBUG oslo_service.service [-] clients_trove.cert_file = None log_opt_values /usr/lib/python3/dist-packages/oslo_config/cfg.py:2609
2026-04-13 01:37:23.515 63550 DEBUG oslo_service.service [-] clients_trove.endpoint_type = None log_opt_values /usr/lib/python3/dist-packages/oslo_config/cfg.py:2609
2026-04-13 01:37:23.515 63550 DEBUG oslo_service.service [-] clients_trove.insecure = None log_opt_values /usr/lib/python3/dist-packages/oslo_config/cfg.py:2609
2026-04-13 01:37:23.515 63550 DEBUG oslo_service.service [-] clients_trove.key_file = None log_opt_values /usr/lib/python3/dist-packages/oslo_config/cfg.py:2609
2026-04-13 01:37:23.516 63550 DEBUG oslo_service.service [-] clients_vitrage.ca_file = None log_opt_values /usr/lib/python3/dist-packages/oslo_config/cfg.py:2609
2026-04-13 01:37:23.515 63785 INFO heat.engine.worker [-] Starting engine_worker (1.4) in engine fccfe1ec-4c3e-480f-86b5-c0d2085b91c4.
2026-04-13 01:37:23.516 63550 DEBUG oslo_service.service [-] clients_vitrage.cert_file = None log_opt_values /usr/lib/python3/dist-packages/oslo_config/cfg.py:2609
2026-04-13 01:37:23.516 63550 DEBUG oslo_service.service [-] clients_vitrage.endpoint_type = None log_opt_values /usr/lib/python3/dist-packages/oslo_config/cfg.py:2609
2026-04-13 01:37:23.516 63550 DEBUG oslo_service.service [-] clients_vitrage.insecure = None log_opt_values /usr/lib/python3/dist-packages/oslo_config/cfg.py:2609
2026-04-13 01:37:23.516 63550 DEBUG oslo_service.service [-] clients_vitrage.key_file = None log_opt_values /usr/lib/python3/dist-packages/oslo_config/cfg.py:2609
2026-04-13 01:37:23.516 63550 DEBUG oslo_service.service [-] clients_zaqar.ca_file = None log_opt_values /usr/lib/python3/dist-packages/oslo_config/cfg.py:2609
2026-04-13 01:37:23.516 63784 INFO heat.engine.worker [-] Starting engine_worker (1.4) in engine 2d51b137-d62b-4481-8324-6fe77f183cf2.
2026-04-13 01:37:23.516 63550 DEBUG oslo_service.service [-] clients_zaqar.cert_file = None log_opt_values /usr/lib/python3/dist-packages/oslo_config/cfg.py:2609
2026-04-13 01:37:23.516 63550 DEBUG oslo_service.service [-] clients_zaqar.endpoint_type = None log_opt_values /usr/lib/python3/dist-packages/oslo_config/cfg.py:2609
2026-04-13 01:37:23.516 63550 DEBUG oslo_service.service [-] clients_zaqar.insecure = None log_opt_values /usr/lib/python3/dist-packages/oslo_config/cfg.py:2609
2026-04-13 01:37:23.517 63550 DEBUG oslo_service.service [-] clients_zaqar.key_file = None log_opt_values /usr/lib/python3/dist-packages/oslo_config/cfg.py:2609
2026-04-13 01:37:23.517 63550 DEBUG oslo_service.service [-] database.backend = sqlalchemy log_opt_values /usr/lib/python3/dist-packages/oslo_config/cfg.py:2609
2026-04-13 01:37:23.517 63550 DEBUG oslo_service.service [-] database.connection = **** log_opt_values /usr/lib/python3/dist-packages/oslo_config/cfg.py:2609
2026-04-13 01:37:23.517 63550 DEBUG oslo_service.service [-] database.connection_debug = 0 log_opt_values /usr/lib/python3/dist-packages/oslo_config/cfg.py:2609
2026-04-13 01:37:23.517 63550 DEBUG oslo_service.service [-] database.connection_parameters = log_opt_values /usr/lib/python3/dist-packages/oslo_config/cfg.py:2609
2026-04-13 01:37:23.517 63550 DEBUG oslo_service.service [-] database.connection_recycle_time = 3600 log_opt_values /usr/lib/python3/dist-packages/oslo_config/cfg.py:2609
2026-04-13 01:37:23.517 63550 DEBUG oslo_service.service [-] database.connection_trace = False log_opt_values /usr/lib/python3/dist-packages/oslo_config/cfg.py:2609
2026-04-13 01:37:23.517 63550 DEBUG oslo_service.service [-] database.db_inc_retry_interval = True log_opt_values /usr/lib/python3/dist-packages/oslo_config/cfg.py:2609
2026-04-13 01:37:23.518 63550 DEBUG oslo_service.service [-] database.db_max_retries = 20 log_opt_values /usr/lib/python3/dist-packages/oslo_config/cfg.py:2609
2026-04-13 01:37:23.518 63550 DEBUG oslo_service.service [-] database.db_max_retry_interval = 10 log_opt_values /usr/lib/python3/dist-packages/oslo_config/cfg.py:2609
2026-04-13 01:37:23.518 63550 DEBUG oslo_service.service [-] database.db_retry_interval = 1 log_opt_values /usr/lib/python3/dist-packages/oslo_config/cfg.py:2609
2026-04-13 01:37:23.518 63550 DEBUG oslo_service.service [-] database.max_overflow = 50 log_opt_values /usr/lib/python3/dist-packages/oslo_config/cfg.py:2609
2026-04-13 01:37:23.518 63550 DEBUG oslo_service.service [-] database.max_pool_size = 5 log_opt_values /usr/lib/python3/dist-packages/oslo_config/cfg.py:2609
2026-04-13 01:37:23.518 63550 DEBUG oslo_service.service [-] database.max_retries = 10 log_opt_values /usr/lib/python3/dist-packages/oslo_config/cfg.py:2609
2026-04-13 01:37:23.518 63550 DEBUG oslo_service.service [-] database.mysql_enable_ndb = False log_opt_values /usr/lib/python3/dist-packages/oslo_config/cfg.py:2609
2026-04-13 01:37:23.518 63550 DEBUG oslo_service.service [-] database.mysql_sql_mode = TRADITIONAL log_opt_values /usr/lib/python3/dist-packages/oslo_config/cfg.py:2609
2026-04-13 01:37:23.518 63550 DEBUG oslo_service.service [-] database.pool_timeout = None log_opt_values /usr/lib/python3/dist-packages/oslo_config/cfg.py:2609
2026-04-13 01:37:23.519 63550 DEBUG oslo_service.service [-] database.retry_interval = 10 log_opt_values /usr/lib/python3/dist-packages/oslo_config/cfg.py:2609
2026-04-13 01:37:23.519 63550 DEBUG oslo_service.service [-] database.slave_connection = **** log_opt_values /usr/lib/python3/dist-packages/oslo_config/cfg.py:2609
2026-04-13 01:37:23.519 63550 DEBUG oslo_service.service [-] database.sqlite_synchronous = True log_opt_values /usr/lib/python3/dist-packages/oslo_config/cfg.py:2609
2026-04-13 01:37:23.519 63550 DEBUG oslo_service.service [-] database.use_db_reconnect = False log_opt_values /usr/lib/python3/dist-packages/oslo_config/cfg.py:2609
2026-04-13 01:37:23.519 63550 DEBUG oslo_service.service [-] oslo_messaging_metrics.metrics_buffer_size = 1000 log_opt_values /usr/lib/python3/dist-packages/oslo_config/cfg.py:2609
2026-04-13 01:37:23.519 63550 DEBUG oslo_service.service [-] oslo_messaging_metrics.metrics_enabled = False log_opt_values /usr/lib/python3/dist-packages/oslo_config/cfg.py:2609
2026-04-13 01:37:23.519 63550 DEBUG oslo_service.service [-] oslo_messaging_metrics.metrics_process_name = log_opt_values /usr/lib/python3/dist-packages/oslo_config/cfg.py:2609
2026-04-13 01:37:23.519 63550 DEBUG oslo_service.service [-] oslo_messaging_metrics.metrics_socket_file = /var/tmp/metrics_collector.sock log_opt_values /usr/lib/python3/dist-packages/oslo_config/cfg.py:2609
2026-04-13 01:37:23.520 63550 DEBUG oslo_service.service [-] oslo_messaging_metrics.metrics_thread_stop_timeout = 10 log_opt_values /usr/lib/python3/dist-packages/oslo_config/cfg.py:2609
2026-04-13 01:37:23.520 63550 DEBUG oslo_service.service [-] oslo_policy.enforce_new_defaults = False log_opt_values /usr/lib/python3/dist-packages/oslo_config/cfg.py:2609
2026-04-13 01:37:23.520 63550 DEBUG oslo_service.service [-] oslo_policy.enforce_scope = False log_opt_values /usr/lib/python3/dist-packages/oslo_config/cfg.py:2609
2026-04-13 01:37:23.520 63550 DEBUG oslo_service.service [-] oslo_policy.policy_default_rule = default log_opt_values /usr/lib/python3/dist-packages/oslo_config/cfg.py:2609
2026-04-13 01:37:23.520 63550 DEBUG oslo_service.service [-] oslo_policy.policy_dirs = ['policy.d'] log_opt_values /usr/lib/python3/dist-packages/oslo_config/cfg.py:2609
2026-04-13 01:37:23.520 63550 DEBUG oslo_service.service [-] oslo_policy.policy_file = policy.yaml log_opt_values /usr/lib/python3/dist-packages/oslo_config/cfg.py:2609
2026-04-13 01:37:23.520 63550 DEBUG oslo_service.service [-] oslo_policy.remote_content_type = application/x-www-form-urlencoded log_opt_values /usr/lib/python3/dist-packages/oslo_config/cfg.py:2609
2026-04-13 01:37:23.521 63550 DEBUG oslo_service.service [-] oslo_policy.remote_ssl_ca_crt_file = None log_opt_values /usr/lib/python3/dist-packages/oslo_config/cfg.py:2609
2026-04-13 01:37:23.521 63550 DEBUG oslo_service.service [-] oslo_policy.remote_ssl_client_crt_file = None log_opt_values /usr/lib/python3/dist-packages/oslo_config/cfg.py:2609
2026-04-13 01:37:23.521 63550 DEBUG oslo_service.service [-] oslo_policy.remote_ssl_client_key_file = None log_opt_values /usr/lib/python3/dist-packages/oslo_config/cfg.py:2609
2026-04-13 01:37:23.521 63550 DEBUG oslo_service.service [-] oslo_policy.remote_ssl_verify_server_crt = False log_opt_values /usr/lib/python3/dist-packages/oslo_config/cfg.py:2609
2026-04-13 01:37:23.521 63550 DEBUG oslo_service.service [-] trustee.auth_section = None log_opt_values /usr/lib/python3/dist-packages/oslo_config/cfg.py:2609
2026-04-13 01:37:23.521 63550 WARNING oslo_config.cfg [-] Deprecated: Option "auth_plugin" from group "trustee" is deprecated. Use option "auth_type" from group "trustee".
2026-04-13 01:37:23.522 63550 DEBUG oslo_service.service [-] trustee.auth_type = password log_opt_values /usr/lib/python3/dist-packages/oslo_config/cfg.py:2609
2026-04-13 01:37:23.522 63550 DEBUG oslo_service.service [-] oslo_versionedobjects.fatal_exception_format_errors = False log_opt_values /usr/lib/python3/dist-packages/oslo_config/cfg.py:2609
2026-04-13 01:37:23.522 63550 DEBUG oslo_service.service [-] oslo_messaging_rabbit.amqp_auto_delete = False log_opt_values /usr/lib/python3/dist-packages/oslo_config/cfg.py:2609
2026-04-13 01:37:23.522 63550 DEBUG oslo_service.service [-] oslo_messaging_rabbit.amqp_durable_queues = False log_opt_values /usr/lib/python3/dist-packages/oslo_config/cfg.py:2609
2026-04-13 01:37:23.522 63550 DEBUG oslo_service.service [-] oslo_messaging_rabbit.conn_pool_min_size = 2 log_opt_values /usr/lib/python3/dist-packages/oslo_config/cfg.py:2609
2026-04-13 01:37:23.522 63550 DEBUG oslo_service.service [-] oslo_messaging_rabbit.conn_pool_ttl = 1200 log_opt_values /usr/lib/python3/dist-packages/oslo_config/cfg.py:2609
2026-04-13 01:37:23.522 63550 DEBUG oslo_service.service [-] oslo_messaging_rabbit.direct_mandatory_flag = True log_opt_values /usr/lib/python3/dist-packages/oslo_config/cfg.py:2609
2026-04-13 01:37:23.522 63550 DEBUG oslo_service.service [-] oslo_messaging_rabbit.enable_cancel_on_failover = False log_opt_values /usr/lib/python3/dist-packages/oslo_config/cfg.py:2609
2026-04-13 01:37:23.523 63550 DEBUG oslo_service.service [-] oslo_messaging_rabbit.heartbeat_in_pthread = False log_opt_values /usr/lib/python3/dist-packages/oslo_config/cfg.py:2609
2026-04-13 01:37:23.523 63550 DEBUG oslo_service.service [-] oslo_messaging_rabbit.heartbeat_rate = 2 log_opt_values /usr/lib/python3/dist-packages/oslo_config/cfg.py:2609
2026-04-13 01:37:23.523 63550 DEBUG oslo_service.service [-] oslo_messaging_rabbit.heartbeat_timeout_threshold = 60 log_opt_values /usr/lib/python3/dist-packages/oslo_config/cfg.py:2609
2026-04-13 01:37:23.523 63550 DEBUG oslo_service.service [-] oslo_messaging_rabbit.kombu_compression = None log_opt_values /usr/lib/python3/dist-packages/oslo_config/cfg.py:2609
2026-04-13 01:37:23.523 63550 DEBUG oslo_service.service [-] oslo_messaging_rabbit.kombu_failover_strategy = round-robin log_opt_values /usr/lib/python3/dist-packages/oslo_config/cfg.py:2609
2026-04-13 01:37:23.523 63550 DEBUG oslo_service.service [-] oslo_messaging_rabbit.kombu_missing_consumer_retry_timeout = 60 log_opt_values /usr/lib/python3/dist-packages/oslo_config/cfg.py:2609
2026-04-13 01:37:23.523 63550 DEBUG oslo_service.service [-] oslo_messaging_rabbit.kombu_reconnect_delay = 1.0 log_opt_values /usr/lib/python3/dist-packages/oslo_config/cfg.py:2609
2026-04-13 01:37:23.524 63550 DEBUG oslo_service.service [-] oslo_messaging_rabbit.rabbit_ha_queues = False log_opt_values /usr/lib/python3/dist-packages/oslo_config/cfg.py:2609
2026-04-13 01:37:23.524 63550 DEBUG oslo_service.service [-] oslo_messaging_rabbit.rabbit_interval_max = 30 log_opt_values /usr/lib/python3/dist-packages/oslo_config/cfg.py:2609
2026-04-13 01:37:23.524 63550 DEBUG oslo_service.service [-] oslo_messaging_rabbit.rabbit_login_method = AMQPLAIN log_opt_values /usr/lib/python3/dist-packages/oslo_config/cfg.py:2609
2026-04-13 01:37:23.524 63550 DEBUG oslo_service.service [-] oslo_messaging_rabbit.rabbit_qos_prefetch_count = 0 log_opt_values /usr/lib/python3/dist-packages/oslo_config/cfg.py:2609
2026-04-13 01:37:23.524 63550 DEBUG oslo_service.service [-] oslo_messaging_rabbit.rabbit_quorum_queue = False log_opt_values /usr/lib/python3/dist-packages/oslo_config/cfg.py:2609
2026-04-13 01:37:23.524 63550 DEBUG oslo_service.service [-] oslo_messaging_rabbit.rabbit_retry_backoff = 2 log_opt_values /usr/lib/python3/dist-packages/oslo_config/cfg.py:2609
2026-04-13 01:37:23.524 63550 DEBUG oslo_service.service [-] oslo_messaging_rabbit.rabbit_retry_interval = 1 log_opt_values /usr/lib/python3/dist-packages/oslo_config/cfg.py:2609
2026-04-13 01:37:23.524 63550 DEBUG oslo_service.service [-] oslo_messaging_rabbit.rabbit_transient_queues_ttl = 1800 log_opt_values /usr/lib/python3/dist-packages/oslo_config/cfg.py:2609
2026-04-13 01:37:23.524 63550 DEBUG oslo_service.service [-] oslo_messaging_rabbit.rpc_conn_pool_size = 30 log_opt_values /usr/lib/python3/dist-packages/oslo_config/cfg.py:2609
2026-04-13 01:37:23.525 63550 DEBUG oslo_service.service [-] oslo_messaging_rabbit.ssl = False log_opt_values /usr/lib/python3/dist-packages/oslo_config/cfg.py:2609
2026-04-13 01:37:23.525 63550 DEBUG oslo_service.service [-] oslo_messaging_rabbit.ssl_ca_file = log_opt_values /usr/lib/python3/dist-packages/oslo_config/cfg.py:2609
2026-04-13 01:37:23.525 63550 DEBUG oslo_service.service [-] oslo_messaging_rabbit.ssl_cert_file = log_opt_values /usr/lib/python3/dist-packages/oslo_config/cfg.py:2609
2026-04-13 01:37:23.525 63550 DEBUG oslo_service.service [-] oslo_messaging_rabbit.ssl_key_file = log_opt_values /usr/lib/python3/dist-packages/oslo_config/cfg.py:2609
2026-04-13 01:37:23.525 63550 DEBUG oslo_service.service [-] oslo_messaging_rabbit.ssl_version = log_opt_values /usr/lib/python3/dist-packages/oslo_config/cfg.py:2609
2026-04-13 01:37:23.525 63550 DEBUG oslo_service.service [-] oslo_messaging_notifications.driver = [] log_opt_values /usr/lib/python3/dist-packages/oslo_config/cfg.py:2609
2026-04-13 01:37:23.525 63550 DEBUG oslo_service.service [-] oslo_messaging_notifications.retry = -1 log_opt_values /usr/lib/python3/dist-packages/oslo_config/cfg.py:2609
2026-04-13 01:37:23.525 63550 DEBUG oslo_service.service [-] oslo_messaging_notifications.topics = ['notifications'] log_opt_values /usr/lib/python3/dist-packages/oslo_config/cfg.py:2609
2026-04-13 01:37:23.526 63550 DEBUG oslo_service.service [-] oslo_messaging_notifications.transport_url = **** log_opt_values /usr/lib/python3/dist-packages/oslo_config/cfg.py:2609
2026-04-13 01:37:23.526 63550 DEBUG oslo_service.service [-] cache.backend = dogpile.cache.null log_opt_values /usr/lib/python3/dist-packages/oslo_config/cfg.py:2609
2026-04-13 01:37:23.526 63550 DEBUG oslo_service.service [-] cache.backend_argument = **** log_opt_values /usr/lib/python3/dist-packages/oslo_config/cfg.py:2609
2026-04-13 01:37:23.526 63550 DEBUG oslo_service.service [-] cache.config_prefix = cache.oslo log_opt_values /usr/lib/python3/dist-packages/oslo_config/cfg.py:2609
2026-04-13 01:37:23.527 63550 DEBUG oslo_service.service [-] cache.debug_cache_backend = False log_opt_values /usr/lib/python3/dist-packages/oslo_config/cfg.py:2609
2026-04-13 01:37:23.527 63550 DEBUG oslo_service.service [-] cache.enabled = False log_opt_values /usr/lib/python3/dist-packages/oslo_config/cfg.py:2609
2026-04-13 01:37:23.527 63550 DEBUG oslo_service.service [-] cache.expiration_time = 600 log_opt_values /usr/lib/python3/dist-packages/oslo_config/cfg.py:2609
2026-04-13 01:37:23.527 63550 DEBUG oslo_service.service [-] cache.memcache_dead_retry = 300 log_opt_values /usr/lib/python3/dist-packages/oslo_config/cfg.py:2609
2026-04-13 01:37:23.528 63550 DEBUG oslo_service.service [-] cache.memcache_pool_connection_get_timeout = 10 log_opt_values /usr/lib/python3/dist-packages/oslo_config/cfg.py:2609
2026-04-13 01:37:23.528 63550 DEBUG oslo_service.service [-] cache.memcache_pool_flush_on_reconnect = False log_opt_values /usr/lib/python3/dist-packages/oslo_config/cfg.py:2609
2026-04-13 01:37:23.528 63550 DEBUG oslo_service.service [-] cache.memcache_pool_maxsize = 10 log_opt_values /usr/lib/python3/dist-packages/oslo_config/cfg.py:2609
2026-04-13 01:37:23.529 63550 DEBUG oslo_service.service [-] cache.memcache_pool_unused_timeout = 60 log_opt_values /usr/lib/python3/dist-packages/oslo_config/cfg.py:2609
2026-04-13 01:37:23.529 63550 DEBUG oslo_service.service [-] cache.memcache_servers = ['localhost:11211'] log_opt_values /usr/lib/python3/dist-packages/oslo_config/cfg.py:2609
2026-04-13 01:37:23.529 63550 DEBUG oslo_service.service [-] cache.memcache_socket_timeout = 1.0 log_opt_values /usr/lib/python3/dist-packages/oslo_config/cfg.py:2609
2026-04-13 01:37:23.529 63550 DEBUG oslo_service.service [-] cache.proxies = [] log_opt_values /usr/lib/python3/dist-packages/oslo_config/cfg.py:2609
2026-04-13 01:37:23.529 63550 DEBUG oslo_service.service [-] cache.tls_allowed_ciphers = None log_opt_values /usr/lib/python3/dist-packages/oslo_config/cfg.py:2609
2026-04-13 01:37:23.529 63550 DEBUG oslo_service.service [-] cache.tls_cafile = None log_opt_values /usr/lib/python3/dist-packages/oslo_config/cfg.py:2609
2026-04-13 01:37:23.529 63550 DEBUG oslo_service.service [-] cache.tls_certfile = None log_opt_values /usr/lib/python3/dist-packages/oslo_config/cfg.py:2609
2026-04-13 01:37:23.529 63550 DEBUG oslo_service.service [-] cache.tls_enabled = False log_opt_values /usr/lib/python3/dist-packages/oslo_config/cfg.py:2609
2026-04-13 01:37:23.529 63550 DEBUG oslo_service.service [-] cache.tls_keyfile = None log_opt_values /usr/lib/python3/dist-packages/oslo_config/cfg.py:2609
2026-04-13 01:37:23.530 63550 DEBUG oslo_service.service [-] constraint_validation_cache.caching = True log_opt_values /usr/lib/python3/dist-packages/oslo_config/cfg.py:2609
2026-04-13 01:37:23.530 63550 DEBUG oslo_service.service [-] constraint_validation_cache.expiration_time = 60 log_opt_values /usr/lib/python3/dist-packages/oslo_config/cfg.py:2609
2026-04-13 01:37:23.530 63550 DEBUG oslo_service.service [-] service_extension_cache.caching = True log_opt_values /usr/lib/python3/dist-packages/oslo_config/cfg.py:2609
2026-04-13 01:37:23.530 63550 DEBUG oslo_service.service [-] service_extension_cache.expiration_time = 3600 log_opt_values /usr/lib/python3/dist-packages/oslo_config/cfg.py:2609
2026-04-13 01:37:23.530 63550 DEBUG oslo_service.service [-] resource_finder_cache.caching = True log_opt_values /usr/lib/python3/dist-packages/oslo_config/cfg.py:2609
2026-04-13 01:37:23.530 63550 DEBUG oslo_service.service [-] resource_finder_cache.expiration_time = 3600 log_opt_values /usr/lib/python3/dist-packages/oslo_config/cfg.py:2609
2026-04-13 01:37:23.530 63550 DEBUG oslo_service.service [-] yaql.limit_iterators = 200 log_opt_values /usr/lib/python3/dist-packages/oslo_config/cfg.py:2609
2026-04-13 01:37:23.530 63550 DEBUG oslo_service.service [-] yaql.memory_quota = 10000 log_opt_values /usr/lib/python3/dist-packages/oslo_config/cfg.py:2609
2026-04-13 01:37:23.530 63550 DEBUG oslo_service.service [-] ******************************************************************************** log_opt_values /usr/lib/python3/dist-packages/oslo_config/cfg.py:2613
2026-04-13 01:37:23.540 63783 INFO heat.engine.worker [-] Starting engine_worker (1.4) in engine 3db47678-1215-438a-9024-68e976660918.
2026-04-13 01:37:23.577 63782 DEBUG oslo_db.sqlalchemy.engines [req-c04b1b2b-a4ad-4576-bf5d-6d4cc07acdfe - - - - -] MySQL server mode set to STRICT_TRANS_TABLES,STRICT_ALL_TABLES,NO_ZERO_IN_DATE,NO_ZERO_DATE,ERROR_FOR_DIVISION_BY_ZERO,TRADITIONAL,NO_ENGINE_SUBSTITUTION _check_effective_sql_mode /usr/lib/python3/dist-packages/oslo_db/sqlalchemy/engines.py:314
2026-04-13 01:37:23.586 63784 DEBUG oslo_db.sqlalchemy.engines [req-751838e3-5a07-462d-836d-23e630e11009 - - - - -] MySQL server mode set to STRICT_TRANS_TABLES,STRICT_ALL_TABLES,NO_ZERO_IN_DATE,NO_ZERO_DATE,ERROR_FOR_DIVISION_BY_ZERO,TRADITIONAL,NO_ENGINE_SUBSTITUTION _check_effective_sql_mode /usr/lib/python3/dist-packages/oslo_db/sqlalchemy/engines.py:314
2026-04-13 01:37:23.593 63785 DEBUG oslo_db.sqlalchemy.engines [req-ba71138b-0571-4a01-896d-a3616d85c3a5 - - - - -] MySQL server mode set to STRICT_TRANS_TABLES,STRICT_ALL_TABLES,NO_ZERO_IN_DATE,NO_ZERO_DATE,ERROR_FOR_DIVISION_BY_ZERO,TRADITIONAL,NO_ENGINE_SUBSTITUTION _check_effective_sql_mode /usr/lib/python3/dist-packages/oslo_db/sqlalchemy/engines.py:314
2026-04-13 01:37:23.613 63783 DEBUG oslo_db.sqlalchemy.engines [req-f5479a61-4e31-4187-8763-e4bdd31a7d6e - - - - -] MySQL server mode set to STRICT_TRANS_TABLES,STRICT_ALL_TABLES,NO_ZERO_IN_DATE,NO_ZERO_DATE,ERROR_FOR_DIVISION_BY_ZERO,TRADITIONAL,NO_ENGINE_SUBSTITUTION _check_effective_sql_mode /usr/lib/python3/dist-packages/oslo_db/sqlalchemy/engines.py:314
2026-04-13 01:37:23.623 63782 DEBUG heat.engine.service [req-c04b1b2b-a4ad-4576-bf5d-6d4cc07acdfe - - - - -] Service 0a64ee00-cec3-427b-8007-af8f031eb2cc was aborted service_manage_cleanup /usr/lib/python3/dist-packages/heat/engine/service.py:2391
2026-04-13 01:37:23.637 63784 DEBUG heat.engine.service [req-751838e3-5a07-462d-836d-23e630e11009 - - - - -] Service 0a64ee00-cec3-427b-8007-af8f031eb2cc was aborted service_manage_cleanup /usr/lib/python3/dist-packages/heat/engine/service.py:2391
2026-04-13 01:37:23.641 63782 DEBUG heat.engine.service [req-c04b1b2b-a4ad-4576-bf5d-6d4cc07acdfe - - - - -] Service 0a720530-5a2b-45e6-bf04-4b29085611f0 was aborted service_manage_cleanup /usr/lib/python3/dist-packages/heat/engine/service.py:2391
2026-04-13 01:37:23.647 63784 DEBUG heat.engine.service [req-751838e3-5a07-462d-836d-23e630e11009 - - - - -] Service 0a720530-5a2b-45e6-bf04-4b29085611f0 was aborted service_manage_cleanup /usr/lib/python3/dist-packages/heat/engine/service.py:2391
2026-04-13 01:37:23.652 63785 DEBUG heat.engine.service [req-ba71138b-0571-4a01-896d-a3616d85c3a5 - - - - -] Service 0a720530-5a2b-45e6-bf04-4b29085611f0 was aborted service_manage_cleanup /usr/lib/python3/dist-packages/heat/engine/service.py:2391
2026-04-13 01:37:23.653 63782 DEBUG heat.engine.service [req-c04b1b2b-a4ad-4576-bf5d-6d4cc07acdfe - - - - -] Service 1e198084-0f57-4346-86c8-edf8b825ce98 was aborted service_manage_cleanup /usr/lib/python3/dist-packages/heat/engine/service.py:2391
2026-04-13 01:37:23.655 63784 DEBUG heat.engine.service [req-751838e3-5a07-462d-836d-23e630e11009 - - - - -] Service 1e198084-0f57-4346-86c8-edf8b825ce98 was aborted service_manage_cleanup /usr/lib/python3/dist-packages/heat/engine/service.py:2391
2026-04-13 01:37:23.663 63785 DEBUG heat.engine.service [req-ba71138b-0571-4a01-896d-a3616d85c3a5 - - - - -] Service 1e198084-0f57-4346-86c8-edf8b825ce98 was aborted service_manage_cleanup /usr/lib/python3/dist-packages/heat/engine/service.py:2391
2026-04-13 01:37:23.670 63784 DEBUG heat.engine.service [req-751838e3-5a07-462d-836d-23e630e11009 - - - - -] Service 2c854106-ecd2-41c8-adbe-32710735d5e2 was aborted service_manage_cleanup /usr/lib/python3/dist-packages/heat/engine/service.py:2391
2026-04-13 01:37:23.670 63785 DEBUG heat.engine.service [req-ba71138b-0571-4a01-896d-a3616d85c3a5 - - - - -] Service 2c854106-ecd2-41c8-adbe-32710735d5e2 was aborted service_manage_cleanup /usr/lib/python3/dist-packages/heat/engine/service.py:2391
2026-04-13 01:37:23.671 63782 DEBUG heat.engine.service [req-c04b1b2b-a4ad-4576-bf5d-6d4cc07acdfe - - - - -] Service 2c854106-ecd2-41c8-adbe-32710735d5e2 was aborted service_manage_cleanup /usr/lib/python3/dist-packages/heat/engine/service.py:2391
2026-04-13 01:37:23.676 63783 DEBUG heat.engine.service [req-f5479a61-4e31-4187-8763-e4bdd31a7d6e - - - - -] Service 2c854106-ecd2-41c8-adbe-32710735d5e2 was aborted service_manage_cleanup /usr/lib/python3/dist-packages/heat/engine/service.py:2391
2026-04-13 01:37:23.684 63784 DEBUG heat.engine.service [req-751838e3-5a07-462d-836d-23e630e11009 - - - - -] Service 3b9d91c9-8414-46ae-a27d-90f922f54c18 was aborted service_manage_cleanup /usr/lib/python3/dist-packages/heat/engine/service.py:2391
2026-04-13 01:37:23.685 63782 DEBUG heat.engine.service [req-c04b1b2b-a4ad-4576-bf5d-6d4cc07acdfe - - - - -] Service 3b9d91c9-8414-46ae-a27d-90f922f54c18 was aborted service_manage_cleanup /usr/lib/python3/dist-packages/heat/engine/service.py:2391
2026-04-13 01:37:23.686 63785 DEBUG heat.engine.service [req-ba71138b-0571-4a01-896d-a3616d85c3a5 - - - - -] Service 3b9d91c9-8414-46ae-a27d-90f922f54c18 was aborted service_manage_cleanup /usr/lib/python3/dist-packages/heat/engine/service.py:2391
2026-04-13 01:37:23.690 63783 DEBUG heat.engine.service [req-f5479a61-4e31-4187-8763-e4bdd31a7d6e - - - - -] Service 3b9d91c9-8414-46ae-a27d-90f922f54c18 was aborted service_manage_cleanup /usr/lib/python3/dist-packages/heat/engine/service.py:2391
2026-04-13 01:37:23.696 63784 DEBUG heat.engine.service [req-751838e3-5a07-462d-836d-23e630e11009 - - - - -] Service 58c8f84c-cddc-4bf6-9cde-24a2217dd306 was aborted service_manage_cleanup /usr/lib/python3/dist-packages/heat/engine/service.py:2391
2026-04-13 01:37:23.697 63782 DEBUG heat.engine.service [req-c04b1b2b-a4ad-4576-bf5d-6d4cc07acdfe - - - - -] Service 58c8f84c-cddc-4bf6-9cde-24a2217dd306 was aborted service_manage_cleanup /usr/lib/python3/dist-packages/heat/engine/service.py:2391
2026-04-13 01:37:23.697 63785 DEBUG heat.engine.service [req-ba71138b-0571-4a01-896d-a3616d85c3a5 - - - - -] Service 58c8f84c-cddc-4bf6-9cde-24a2217dd306 was aborted service_manage_cleanup /usr/lib/python3/dist-packages/heat/engine/service.py:2391
2026-04-13 01:37:23.698 63783 DEBUG heat.engine.service [req-f5479a61-4e31-4187-8763-e4bdd31a7d6e - - - - -] Service 58c8f84c-cddc-4bf6-9cde-24a2217dd306 was aborted service_manage_cleanup /usr/lib/python3/dist-packages/heat/engine/service.py:2391
2026-04-13 01:37:23.708 63785 DEBUG heat.engine.service [req-ba71138b-0571-4a01-896d-a3616d85c3a5 - - - - -] Service 5ebbd40c-459e-4198-8ca0-47353fcb7d1c was aborted service_manage_cleanup /usr/lib/python3/dist-packages/heat/engine/service.py:2391
2026-04-13 01:37:23.709 63784 DEBUG heat.engine.service [req-751838e3-5a07-462d-836d-23e630e11009 - - - - -] Service 5ebbd40c-459e-4198-8ca0-47353fcb7d1c was aborted service_manage_cleanup /usr/lib/python3/dist-packages/heat/engine/service.py:2391
2026-04-13 01:37:23.710 63782 DEBUG heat.engine.service [req-c04b1b2b-a4ad-4576-bf5d-6d4cc07acdfe - - - - -] Service 5ebbd40c-459e-4198-8ca0-47353fcb7d1c was aborted service_manage_cleanup /usr/lib/python3/dist-packages/heat/engine/service.py:2391
2026-04-13 01:37:23.715 63783 DEBUG heat.engine.service [req-f5479a61-4e31-4187-8763-e4bdd31a7d6e - - - - -] Service 5ebbd40c-459e-4198-8ca0-47353fcb7d1c was aborted service_manage_cleanup /usr/lib/python3/dist-packages/heat/engine/service.py:2391
2026-04-13 01:37:23.721 63785 DEBUG heat.engine.service [req-ba71138b-0571-4a01-896d-a3616d85c3a5 - - - - -] Service 7001e6f5-57b3-48b1-8162-be49a1a14bca was aborted service_manage_cleanup /usr/lib/python3/dist-packages/heat/engine/service.py:2391
2026-04-13 01:37:23.721 63784 DEBUG heat.engine.service [req-751838e3-5a07-462d-836d-23e630e11009 - - - - -] Service 7001e6f5-57b3-48b1-8162-be49a1a14bca was aborted service_manage_cleanup /usr/lib/python3/dist-packages/heat/engine/service.py:2391
2026-04-13 01:37:23.723 63782 DEBUG heat.engine.service [req-c04b1b2b-a4ad-4576-bf5d-6d4cc07acdfe - - - - -] Service 7001e6f5-57b3-48b1-8162-be49a1a14bca was aborted service_manage_cleanup /usr/lib/python3/dist-packages/heat/engine/service.py:2391
2026-04-13 01:37:23.723 63783 DEBUG heat.engine.service [req-f5479a61-4e31-4187-8763-e4bdd31a7d6e - - - - -] Service 7001e6f5-57b3-48b1-8162-be49a1a14bca was aborted service_manage_cleanup /usr/lib/python3/dist-packages/heat/engine/service.py:2391
2026-04-13 01:37:23.737 63785 DEBUG heat.engine.service [req-ba71138b-0571-4a01-896d-a3616d85c3a5 - - - - -] Service 7083457a-3e29-4bc8-aedd-349087aa0119 was aborted service_manage_cleanup /usr/lib/python3/dist-packages/heat/engine/service.py:2391
2026-04-13 01:37:23.738 63784 DEBUG heat.engine.service [req-751838e3-5a07-462d-836d-23e630e11009 - - - - -] Service 7083457a-3e29-4bc8-aedd-349087aa0119 was aborted service_manage_cleanup /usr/lib/python3/dist-packages/heat/engine/service.py:2391
2026-04-13 01:37:23.739 63783 DEBUG heat.engine.service [req-f5479a61-4e31-4187-8763-e4bdd31a7d6e - - - - -] Service 7083457a-3e29-4bc8-aedd-349087aa0119 was aborted service_manage_cleanup /usr/lib/python3/dist-packages/heat/engine/service.py:2391
2026-04-13 01:37:23.740 63782 DEBUG heat.engine.service [req-c04b1b2b-a4ad-4576-bf5d-6d4cc07acdfe - - - - -] Service 7083457a-3e29-4bc8-aedd-349087aa0119 was aborted service_manage_cleanup /usr/lib/python3/dist-packages/heat/engine/service.py:2391
2026-04-13 01:37:23.750 63785 DEBUG heat.engine.service [req-ba71138b-0571-4a01-896d-a3616d85c3a5 - - - - -] Service 90ef2cd0-f759-43dc-919a-f14eff8a7ff7 was aborted service_manage_cleanup /usr/lib/python3/dist-packages/heat/engine/service.py:2391
2026-04-13 01:37:23.750 63784 DEBUG heat.engine.service [req-751838e3-5a07-462d-836d-23e630e11009 - - - - -] Service 90ef2cd0-f759-43dc-919a-f14eff8a7ff7 was aborted service_manage_cleanup /usr/lib/python3/dist-packages/heat/engine/service.py:2391
2026-04-13 01:37:23.752 63783 DEBUG heat.engine.service [req-f5479a61-4e31-4187-8763-e4bdd31a7d6e - - - - -] Service 90ef2cd0-f759-43dc-919a-f14eff8a7ff7 was aborted service_manage_cleanup /usr/lib/python3/dist-packages/heat/engine/service.py:2391
2026-04-13 01:37:23.752 63782 DEBUG heat.engine.service [req-c04b1b2b-a4ad-4576-bf5d-6d4cc07acdfe - - - - -] Service 90ef2cd0-f759-43dc-919a-f14eff8a7ff7 was aborted service_manage_cleanup /usr/lib/python3/dist-packages/heat/engine/service.py:2391
2026-04-13 01:37:23.762 63784 DEBUG heat.engine.service [req-751838e3-5a07-462d-836d-23e630e11009 - - - - -] Service eb0d3954-502a-4ab8-b57b-d94566e342b1 was aborted service_manage_cleanup /usr/lib/python3/dist-packages/heat/engine/service.py:2391
2026-04-13 01:37:23.763 63785 DEBUG heat.engine.service [req-ba71138b-0571-4a01-896d-a3616d85c3a5 - - - - -] Service eb0d3954-502a-4ab8-b57b-d94566e342b1 was aborted service_manage_cleanup /usr/lib/python3/dist-packages/heat/engine/service.py:2391
2026-04-13 01:37:23.765 63782 DEBUG heat.engine.service [req-c04b1b2b-a4ad-4576-bf5d-6d4cc07acdfe - - - - -] Service eb0d3954-502a-4ab8-b57b-d94566e342b1 was aborted service_manage_cleanup /usr/lib/python3/dist-packages/heat/engine/service.py:2391
2026-04-13 01:37:23.766 63783 DEBUG heat.engine.service [req-f5479a61-4e31-4187-8763-e4bdd31a7d6e - - - - -] Service eb0d3954-502a-4ab8-b57b-d94566e342b1 was aborted service_manage_cleanup /usr/lib/python3/dist-packages/heat/engine/service.py:2391
2026-04-13 01:37:23.776 63784 DEBUG heat.engine.service [req-751838e3-5a07-462d-836d-23e630e11009 - - - - -] Service fa63d620-0853-46ab-bb44-f7767c74cc2e was aborted service_manage_cleanup /usr/lib/python3/dist-packages/heat/engine/service.py:2391
2026-04-13 01:37:23.777 63785 DEBUG heat.engine.service [req-ba71138b-0571-4a01-896d-a3616d85c3a5 - - - - -] Service fa63d620-0853-46ab-bb44-f7767c74cc2e was aborted service_manage_cleanup /usr/lib/python3/dist-packages/heat/engine/service.py:2391
2026-04-13 01:37:23.777 63783 DEBUG heat.engine.service [req-f5479a61-4e31-4187-8763-e4bdd31a7d6e - - - - -] Service fa63d620-0853-46ab-bb44-f7767c74cc2e was aborted service_manage_cleanup /usr/lib/python3/dist-packages/heat/engine/service.py:2391
2026-04-13 01:37:23.778 63782 DEBUG heat.engine.service [req-c04b1b2b-a4ad-4576-bf5d-6d4cc07acdfe - - - - -] Service fa63d620-0853-46ab-bb44-f7767c74cc2e was aborted service_manage_cleanup /usr/lib/python3/dist-packages/heat/engine/service.py:2391
2026-04-13 01:37:23.806 63782 DEBUG heat.engine.service [req-8ee0da4f-4006-44e0-b31a-3fe2abe5cfbc - - - - -] Service 9b022ad4-d608-4369-ae2c-fccb07ac39e2 is started service_manage_report /usr/lib/python3/dist-packages/heat/engine/service.py:2363
2026-04-13 01:37:23.807 63784 DEBUG heat.engine.service [req-31385f14-ed4b-4393-a9dd-e4930d8145d5 - - - - -] Service cabb7d0a-028e-4147-b7bc-55c440cf57da is started service_manage_report /usr/lib/python3/dist-packages/heat/engine/service.py:2363
2026-04-13 01:37:23.814 63785 DEBUG heat.engine.service [req-be78bf71-fa6b-4ee1-8390-8667f6bb320e - - - - -] Service 159309c8-e018-4591-93dc-e653af5bbe4f is started service_manage_report /usr/lib/python3/dist-packages/heat/engine/service.py:2363
2026-04-13 01:37:23.818 63783 DEBUG heat.engine.service [req-92729f99-7255-4eb3-98b1-b63a213242cf - - - - -] Service fd8055b4-616f-46bf-8eb3-93e40c0bd207 is started service_manage_report /usr/lib/python3/dist-packages/heat/engine/service.py:2363
2026-04-13 01:37:23.822 63782 DEBUG heat.engine.service [req-8ee0da4f-4006-44e0-b31a-3fe2abe5cfbc - - - - -] Service 9b022ad4-d608-4369-ae2c-fccb07ac39e2 is updated service_manage_report /usr/lib/python3/dist-packages/heat/engine/service.py:2370
2026-04-13 01:37:23.823 63784 DEBUG heat.engine.service [req-31385f14-ed4b-4393-a9dd-e4930d8145d5 - - - - -] Service cabb7d0a-028e-4147-b7bc-55c440cf57da is updated service_manage_report /usr/lib/python3/dist-packages/heat/engine/service.py:2370
2026-04-13 01:37:23.831 63785 DEBUG heat.engine.service [req-be78bf71-fa6b-4ee1-8390-8667f6bb320e - - - - -] Service 159309c8-e018-4591-93dc-e653af5bbe4f is updated service_manage_report /usr/lib/python3/dist-packages/heat/engine/service.py:2370
2026-04-13 01:37:23.835 63783 DEBUG heat.engine.service [req-92729f99-7255-4eb3-98b1-b63a213242cf - - - - -] Service fd8055b4-616f-46bf-8eb3-93e40c0bd207 is updated service_manage_report /usr/lib/python3/dist-packages/heat/engine/service.py:2370
2026-04-13 01:38:23.802 63784 DEBUG heat.engine.service [req-5d339a0a-1a3f-42fd-ab64-097a115e064e - - - - -] Service cabb7d0a-028e-4147-b7bc-55c440cf57da is updated service_manage_report /usr/lib/python3/dist-packages/heat/engine/service.py:2370
2026-04-13 01:38:23.809 63785 DEBUG heat.engine.service [req-72b6e9f5-83f6-49a7-a268-371fbecd95a0 - - - - -] Service 159309c8-e018-4591-93dc-e653af5bbe4f is updated service_manage_report /usr/lib/python3/dist-packages/heat/engine/service.py:2370
2026-04-13 01:38:23.813 63783 DEBUG heat.engine.service [req-01fa8710-b6b1-4b22-b3c5-8b4c658ee3f4 - - - - -] Service fd8055b4-616f-46bf-8eb3-93e40c0bd207 is updated service_manage_report /usr/lib/python3/dist-packages/heat/engine/service.py:2370
2026-04-13 01:38:23.813 63782 DEBUG heat.engine.service [req-f6eb66e0-0454-4891-9be1-2a11defe8117 - - - - -] Service 9b022ad4-d608-4369-ae2c-fccb07ac39e2 is updated service_manage_report /usr/lib/python3/dist-packages/heat/engine/service.py:2370
2026-04-13 01:38:33.560 63784 DEBUG heat.engine.service [-] Attempting to stop engine service... _stop_rpc_server /usr/lib/python3/dist-packages/heat/engine/service.py:437
2026-04-13 01:38:33.560 63782 DEBUG heat.engine.service [-] Attempting to stop engine service... _stop_rpc_server /usr/lib/python3/dist-packages/heat/engine/service.py:437
2026-04-13 01:38:33.560 63783 DEBUG heat.engine.service [-] Attempting to stop engine service... _stop_rpc_server /usr/lib/python3/dist-packages/heat/engine/service.py:437
2026-04-13 01:38:33.561 63785 DEBUG heat.engine.service [-] Attempting to stop engine service... _stop_rpc_server /usr/lib/python3/dist-packages/heat/engine/service.py:437
2026-04-13 01:38:33.568 63550 INFO oslo_service.service [-] Caught SIGTERM, stopping children
2026-04-13 01:38:33.569 63550 DEBUG oslo_concurrency.lockutils [-] Acquired lock "singleton_lock" lock /usr/lib/python3/dist-packages/oslo_concurrency/lockutils.py:294
2026-04-13 01:38:33.569 63550 DEBUG oslo_concurrency.lockutils [-] Releasing lock "singleton_lock" lock /usr/lib/python3/dist-packages/oslo_concurrency/lockutils.py:312
2026-04-13 01:38:33.569 63550 DEBUG oslo_service.service [-] Stop services. stop /usr/lib/python3/dist-packages/oslo_service/service.py:695
