2026-04-13 00:34:35.709 37701 DEBUG oslo_service.service [-] clients_cinder.insecure = None log_opt_values /usr/lib/python3/dist-packages/oslo_config/cfg.py:2609
2026-04-13 00:34:35.709 37701 DEBUG oslo_service.service [-] clients_cinder.key_file = None log_opt_values /usr/lib/python3/dist-packages/oslo_config/cfg.py:2609
2026-04-13 00:34:35.710 37701 DEBUG oslo_service.service [-] clients_designate.ca_file = None log_opt_values /usr/lib/python3/dist-packages/oslo_config/cfg.py:2609
2026-04-13 00:34:35.710 37701 DEBUG oslo_service.service [-] clients_designate.cert_file = None log_opt_values /usr/lib/python3/dist-packages/oslo_config/cfg.py:2609
2026-04-13 00:34:35.710 37701 DEBUG oslo_service.service [-] clients_designate.endpoint_type = None log_opt_values /usr/lib/python3/dist-packages/oslo_config/cfg.py:2609
2026-04-13 00:34:35.710 37701 DEBUG oslo_service.service [-] clients_designate.insecure = None log_opt_values /usr/lib/python3/dist-packages/oslo_config/cfg.py:2609
2026-04-13 00:34:35.712 37701 DEBUG oslo_service.service [-] clients_designate.key_file = None log_opt_values /usr/lib/python3/dist-packages/oslo_config/cfg.py:2609
2026-04-13 00:34:35.712 37701 DEBUG oslo_service.service [-] clients_glance.ca_file = None log_opt_values /usr/lib/python3/dist-packages/oslo_config/cfg.py:2609
2026-04-13 00:34:35.713 37701 DEBUG oslo_service.service [-] clients_glance.cert_file = None log_opt_values /usr/lib/python3/dist-packages/oslo_config/cfg.py:2609
2026-04-13 00:34:35.713 37701 DEBUG oslo_service.service [-] clients_glance.endpoint_type = None log_opt_values /usr/lib/python3/dist-packages/oslo_config/cfg.py:2609
2026-04-13 00:34:35.714 37701 DEBUG oslo_service.service [-] clients_glance.insecure = None log_opt_values /usr/lib/python3/dist-packages/oslo_config/cfg.py:2609
2026-04-13 00:34:35.714 37701 DEBUG oslo_service.service [-] clients_glance.key_file = None log_opt_values /usr/lib/python3/dist-packages/oslo_config/cfg.py:2609
2026-04-13 00:34:35.714 37701 DEBUG oslo_service.service [-] clients_heat.ca_file = None log_opt_values /usr/lib/python3/dist-packages/oslo_config/cfg.py:2609
2026-04-13 00:34:35.714 37701 DEBUG oslo_service.service [-] clients_heat.cert_file = None log_opt_values /usr/lib/python3/dist-packages/oslo_config/cfg.py:2609
2026-04-13 00:34:35.714 37701 DEBUG oslo_service.service [-] clients_heat.endpoint_type = None log_opt_values /usr/lib/python3/dist-packages/oslo_config/cfg.py:2609
2026-04-13 00:34:35.715 37701 DEBUG oslo_service.service [-] clients_heat.insecure = None log_opt_values /usr/lib/python3/dist-packages/oslo_config/cfg.py:2609
2026-04-13 00:34:35.715 37701 DEBUG oslo_service.service [-] clients_heat.key_file = None log_opt_values /usr/lib/python3/dist-packages/oslo_config/cfg.py:2609
2026-04-13 00:34:35.716 37701 DEBUG oslo_service.service [-] clients_heat.url = log_opt_values /usr/lib/python3/dist-packages/oslo_config/cfg.py:2609
2026-04-13 00:34:35.718 37701 DEBUG oslo_service.service [-] clients_keystone.auth_uri = http://252.129.205.251:5050 log_opt_values /usr/lib/python3/dist-packages/oslo_config/cfg.py:2609
2026-04-13 00:34:35.718 37701 DEBUG oslo_service.service [-] clients_keystone.ca_file = None log_opt_values /usr/lib/python3/dist-packages/oslo_config/cfg.py:2609
2026-04-13 00:34:35.718 37701 DEBUG oslo_service.service [-] clients_keystone.cert_file = None log_opt_values /usr/lib/python3/dist-packages/oslo_config/cfg.py:2609
2026-04-13 00:34:35.718 37701 DEBUG oslo_service.service [-] clients_keystone.endpoint_type = None log_opt_values /usr/lib/python3/dist-packages/oslo_config/cfg.py:2609
2026-04-13 00:34:35.718 37701 DEBUG oslo_service.service [-] clients_keystone.insecure = None log_opt_values /usr/lib/python3/dist-packages/oslo_config/cfg.py:2609
2026-04-13 00:34:35.718 37701 DEBUG oslo_service.service [-] clients_keystone.key_file = None log_opt_values /usr/lib/python3/dist-packages/oslo_config/cfg.py:2609
2026-04-13 00:34:35.718 37701 DEBUG oslo_service.service [-] clients_magnum.ca_file = None log_opt_values /usr/lib/python3/dist-packages/oslo_config/cfg.py:2609
2026-04-13 00:34:35.718 37701 DEBUG oslo_service.service [-] clients_magnum.cert_file = None log_opt_values /usr/lib/python3/dist-packages/oslo_config/cfg.py:2609
2026-04-13 00:34:35.721 37701 DEBUG oslo_service.service [-] clients_magnum.endpoint_type = None log_opt_values /usr/lib/python3/dist-packages/oslo_config/cfg.py:2609
2026-04-13 00:34:35.725 37701 DEBUG oslo_service.service [-] clients_magnum.insecure = None log_opt_values /usr/lib/python3/dist-packages/oslo_config/cfg.py:2609
2026-04-13 00:34:35.725 37701 DEBUG oslo_service.service [-] clients_magnum.key_file = None log_opt_values /usr/lib/python3/dist-packages/oslo_config/cfg.py:2609
2026-04-13 00:34:35.725 37701 DEBUG oslo_service.service [-] clients_manila.ca_file = None log_opt_values /usr/lib/python3/dist-packages/oslo_config/cfg.py:2609
2026-04-13 00:34:35.725 37701 DEBUG oslo_service.service [-] clients_manila.cert_file = None log_opt_values /usr/lib/python3/dist-packages/oslo_config/cfg.py:2609
2026-04-13 00:34:35.726 37701 DEBUG oslo_service.service [-] clients_manila.endpoint_type = None log_opt_values /usr/lib/python3/dist-packages/oslo_config/cfg.py:2609
2026-04-13 00:34:35.728 37701 DEBUG oslo_service.service [-] clients_manila.insecure = None log_opt_values /usr/lib/python3/dist-packages/oslo_config/cfg.py:2609
2026-04-13 00:34:35.729 37701 DEBUG oslo_service.service [-] clients_manila.key_file = None log_opt_values /usr/lib/python3/dist-packages/oslo_config/cfg.py:2609
2026-04-13 00:34:35.729 37925 INFO heat.engine.worker [-] Starting engine_worker (1.4) in engine fed91817-1195-49d2-867d-d91d9613ebe9.
2026-04-13 00:34:35.729 37701 DEBUG oslo_service.service [-] clients_mistral.ca_file = None log_opt_values /usr/lib/python3/dist-packages/oslo_config/cfg.py:2609
2026-04-13 00:34:35.729 37701 DEBUG oslo_service.service [-] clients_mistral.cert_file = None log_opt_values /usr/lib/python3/dist-packages/oslo_config/cfg.py:2609
2026-04-13 00:34:35.729 37701 DEBUG oslo_service.service [-] clients_mistral.endpoint_type = None log_opt_values /usr/lib/python3/dist-packages/oslo_config/cfg.py:2609
2026-04-13 00:34:35.729 37701 DEBUG oslo_service.service [-] clients_mistral.insecure = None log_opt_values /usr/lib/python3/dist-packages/oslo_config/cfg.py:2609
2026-04-13 00:34:35.729 37701 DEBUG oslo_service.service [-] clients_mistral.key_file = None log_opt_values /usr/lib/python3/dist-packages/oslo_config/cfg.py:2609
2026-04-13 00:34:35.729 37701 DEBUG oslo_service.service [-] clients_monasca.ca_file = None log_opt_values /usr/lib/python3/dist-packages/oslo_config/cfg.py:2609
2026-04-13 00:34:35.729 37701 DEBUG oslo_service.service [-] clients_monasca.cert_file = None log_opt_values /usr/lib/python3/dist-packages/oslo_config/cfg.py:2609
2026-04-13 00:34:35.729 37701 DEBUG oslo_service.service [-] clients_monasca.endpoint_type = None log_opt_values /usr/lib/python3/dist-packages/oslo_config/cfg.py:2609
2026-04-13 00:34:35.730 37701 DEBUG oslo_service.service [-] clients_monasca.insecure = None log_opt_values /usr/lib/python3/dist-packages/oslo_config/cfg.py:2609
2026-04-13 00:34:35.730 37701 DEBUG oslo_service.service [-] clients_monasca.key_file = None log_opt_values /usr/lib/python3/dist-packages/oslo_config/cfg.py:2609
2026-04-13 00:34:35.730 37701 DEBUG oslo_service.service [-] clients_neutron.ca_file = None log_opt_values /usr/lib/python3/dist-packages/oslo_config/cfg.py:2609
2026-04-13 00:34:35.730 37701 DEBUG oslo_service.service [-] clients_neutron.cert_file = None log_opt_values /usr/lib/python3/dist-packages/oslo_config/cfg.py:2609
2026-04-13 00:34:35.730 37701 DEBUG oslo_service.service [-] clients_neutron.endpoint_type = None log_opt_values /usr/lib/python3/dist-packages/oslo_config/cfg.py:2609
2026-04-13 00:34:35.730 37701 DEBUG oslo_service.service [-] clients_neutron.insecure = None log_opt_values /usr/lib/python3/dist-packages/oslo_config/cfg.py:2609
2026-04-13 00:34:35.730 37701 DEBUG oslo_service.service [-] clients_neutron.key_file = None log_opt_values /usr/lib/python3/dist-packages/oslo_config/cfg.py:2609
2026-04-13 00:34:35.730 37701 DEBUG oslo_service.service [-] clients_nova.ca_file = None log_opt_values /usr/lib/python3/dist-packages/oslo_config/cfg.py:2609
2026-04-13 00:34:35.730 37701 DEBUG oslo_service.service [-] clients_nova.cert_file = None log_opt_values /usr/lib/python3/dist-packages/oslo_config/cfg.py:2609
2026-04-13 00:34:35.731 37701 DEBUG oslo_service.service [-] clients_nova.endpoint_type = None log_opt_values /usr/lib/python3/dist-packages/oslo_config/cfg.py:2609
2026-04-13 00:34:35.731 37701 DEBUG oslo_service.service [-] clients_nova.http_log_debug = False log_opt_values /usr/lib/python3/dist-packages/oslo_config/cfg.py:2609
2026-04-13 00:34:35.731 37701 DEBUG oslo_service.service [-] clients_nova.insecure = None log_opt_values /usr/lib/python3/dist-packages/oslo_config/cfg.py:2609
2026-04-13 00:34:35.731 37701 DEBUG oslo_service.service [-] clients_nova.key_file = None log_opt_values /usr/lib/python3/dist-packages/oslo_config/cfg.py:2609
2026-04-13 00:34:35.731 37701 DEBUG oslo_service.service [-] clients_octavia.ca_file = None log_opt_values /usr/lib/python3/dist-packages/oslo_config/cfg.py:2609
2026-04-13 00:34:35.731 37701 DEBUG oslo_service.service [-] clients_octavia.cert_file = None log_opt_values /usr/lib/python3/dist-packages/oslo_config/cfg.py:2609
2026-04-13 00:34:35.731 37701 DEBUG oslo_service.service [-] clients_octavia.endpoint_type = None log_opt_values /usr/lib/python3/dist-packages/oslo_config/cfg.py:2609
2026-04-13 00:34:35.731 37701 DEBUG oslo_service.service [-] clients_octavia.insecure = None log_opt_values /usr/lib/python3/dist-packages/oslo_config/cfg.py:2609
2026-04-13 00:34:35.731 37701 DEBUG oslo_service.service [-] clients_octavia.key_file = None log_opt_values /usr/lib/python3/dist-packages/oslo_config/cfg.py:2609
2026-04-13 00:34:35.731 37701 DEBUG oslo_service.service [-] clients_sahara.ca_file = None log_opt_values /usr/lib/python3/dist-packages/oslo_config/cfg.py:2609
2026-04-13 00:34:35.732 37701 DEBUG oslo_service.service [-] clients_sahara.cert_file = None log_opt_values /usr/lib/python3/dist-packages/oslo_config/cfg.py:2609
2026-04-13 00:34:35.732 37701 DEBUG oslo_service.service [-] clients_sahara.endpoint_type = None log_opt_values /usr/lib/python3/dist-packages/oslo_config/cfg.py:2609
2026-04-13 00:34:35.732 37701 DEBUG oslo_service.service [-] clients_sahara.insecure = None log_opt_values /usr/lib/python3/dist-packages/oslo_config/cfg.py:2609
2026-04-13 00:34:35.732 37701 DEBUG oslo_service.service [-] clients_sahara.key_file = None log_opt_values /usr/lib/python3/dist-packages/oslo_config/cfg.py:2609
2026-04-13 00:34:35.732 37701 DEBUG oslo_service.service [-] clients_senlin.ca_file = None log_opt_values /usr/lib/python3/dist-packages/oslo_config/cfg.py:2609
2026-04-13 00:34:35.732 37701 DEBUG oslo_service.service [-] clients_senlin.cert_file = None log_opt_values /usr/lib/python3/dist-packages/oslo_config/cfg.py:2609
2026-04-13 00:34:35.735 37701 DEBUG oslo_service.service [-] clients_senlin.endpoint_type = None log_opt_values /usr/lib/python3/dist-packages/oslo_config/cfg.py:2609
2026-04-13 00:34:35.736 37701 DEBUG oslo_service.service [-] clients_senlin.insecure = None log_opt_values /usr/lib/python3/dist-packages/oslo_config/cfg.py:2609
2026-04-13 00:34:35.736 37701 DEBUG oslo_service.service [-] clients_senlin.key_file = None log_opt_values /usr/lib/python3/dist-packages/oslo_config/cfg.py:2609
2026-04-13 00:34:35.737 37701 DEBUG oslo_service.service [-] clients_swift.ca_file = None log_opt_values /usr/lib/python3/dist-packages/oslo_config/cfg.py:2609
2026-04-13 00:34:35.737 37701 DEBUG oslo_service.service [-] clients_swift.cert_file = None log_opt_values /usr/lib/python3/dist-packages/oslo_config/cfg.py:2609
2026-04-13 00:34:35.737 37701 DEBUG oslo_service.service [-] clients_swift.endpoint_type = None log_opt_values /usr/lib/python3/dist-packages/oslo_config/cfg.py:2609
2026-04-13 00:34:35.737 37701 DEBUG oslo_service.service [-] clients_swift.insecure = None log_opt_values /usr/lib/python3/dist-packages/oslo_config/cfg.py:2609
2026-04-13 00:34:35.738 37701 DEBUG oslo_service.service [-] clients_swift.key_file = None log_opt_values /usr/lib/python3/dist-packages/oslo_config/cfg.py:2609
2026-04-13 00:34:35.739 37701 DEBUG oslo_service.service [-] clients_trove.ca_file = None log_opt_values /usr/lib/python3/dist-packages/oslo_config/cfg.py:2609
2026-04-13 00:34:35.739 37701 DEBUG oslo_service.service [-] clients_trove.cert_file = None log_opt_values /usr/lib/python3/dist-packages/oslo_config/cfg.py:2609
2026-04-13 00:34:35.739 37701 DEBUG oslo_service.service [-] clients_trove.endpoint_type = None log_opt_values /usr/lib/python3/dist-packages/oslo_config/cfg.py:2609
2026-04-13 00:34:35.739 37701 DEBUG oslo_service.service [-] clients_trove.insecure = None log_opt_values /usr/lib/python3/dist-packages/oslo_config/cfg.py:2609
2026-04-13 00:34:35.739 37701 DEBUG oslo_service.service [-] clients_trove.key_file = None log_opt_values /usr/lib/python3/dist-packages/oslo_config/cfg.py:2609
2026-04-13 00:34:35.740 37701 DEBUG oslo_service.service [-] clients_vitrage.ca_file = None log_opt_values /usr/lib/python3/dist-packages/oslo_config/cfg.py:2609
2026-04-13 00:34:35.740 37701 DEBUG oslo_service.service [-] clients_vitrage.cert_file = None log_opt_values /usr/lib/python3/dist-packages/oslo_config/cfg.py:2609
2026-04-13 00:34:35.740 37701 DEBUG oslo_service.service [-] clients_vitrage.endpoint_type = None log_opt_values /usr/lib/python3/dist-packages/oslo_config/cfg.py:2609
2026-04-13 00:34:35.740 37701 DEBUG oslo_service.service [-] clients_vitrage.insecure = None log_opt_values /usr/lib/python3/dist-packages/oslo_config/cfg.py:2609
2026-04-13 00:34:35.741 37701 DEBUG oslo_service.service [-] clients_vitrage.key_file = None log_opt_values /usr/lib/python3/dist-packages/oslo_config/cfg.py:2609
2026-04-13 00:34:35.741 37701 DEBUG oslo_service.service [-] clients_zaqar.ca_file = None log_opt_values /usr/lib/python3/dist-packages/oslo_config/cfg.py:2609
2026-04-13 00:34:35.741 37701 DEBUG oslo_service.service [-] clients_zaqar.cert_file = None log_opt_values /usr/lib/python3/dist-packages/oslo_config/cfg.py:2609
2026-04-13 00:34:35.744 37701 DEBUG oslo_service.service [-] clients_zaqar.endpoint_type = None log_opt_values /usr/lib/python3/dist-packages/oslo_config/cfg.py:2609
2026-04-13 00:34:35.745 37701 DEBUG oslo_service.service [-] clients_zaqar.insecure = None log_opt_values /usr/lib/python3/dist-packages/oslo_config/cfg.py:2609
2026-04-13 00:34:35.745 37701 DEBUG oslo_service.service [-] clients_zaqar.key_file = None log_opt_values /usr/lib/python3/dist-packages/oslo_config/cfg.py:2609
2026-04-13 00:34:35.745 37701 DEBUG oslo_service.service [-] database.backend = sqlalchemy log_opt_values /usr/lib/python3/dist-packages/oslo_config/cfg.py:2609
2026-04-13 00:34:35.745 37701 DEBUG oslo_service.service [-] database.connection = **** log_opt_values /usr/lib/python3/dist-packages/oslo_config/cfg.py:2609
2026-04-13 00:34:35.745 37701 DEBUG oslo_service.service [-] database.connection_debug = 0 log_opt_values /usr/lib/python3/dist-packages/oslo_config/cfg.py:2609
2026-04-13 00:34:35.745 37701 DEBUG oslo_service.service [-] database.connection_parameters = log_opt_values /usr/lib/python3/dist-packages/oslo_config/cfg.py:2609
2026-04-13 00:34:35.746 37701 DEBUG oslo_service.service [-] database.connection_recycle_time = 3600 log_opt_values /usr/lib/python3/dist-packages/oslo_config/cfg.py:2609
2026-04-13 00:34:35.746 37701 DEBUG oslo_service.service [-] database.connection_trace = False log_opt_values /usr/lib/python3/dist-packages/oslo_config/cfg.py:2609
2026-04-13 00:34:35.746 37701 DEBUG oslo_service.service [-] database.db_inc_retry_interval = True log_opt_values /usr/lib/python3/dist-packages/oslo_config/cfg.py:2609
2026-04-13 00:34:35.746 37701 DEBUG oslo_service.service [-] database.db_max_retries = 20 log_opt_values /usr/lib/python3/dist-packages/oslo_config/cfg.py:2609
2026-04-13 00:34:35.746 37701 DEBUG oslo_service.service [-] database.db_max_retry_interval = 10 log_opt_values /usr/lib/python3/dist-packages/oslo_config/cfg.py:2609
2026-04-13 00:34:35.746 37701 DEBUG oslo_service.service [-] database.db_retry_interval = 1 log_opt_values /usr/lib/python3/dist-packages/oslo_config/cfg.py:2609
2026-04-13 00:34:35.747 37701 DEBUG oslo_service.service [-] database.max_overflow = 50 log_opt_values /usr/lib/python3/dist-packages/oslo_config/cfg.py:2609
2026-04-13 00:34:35.747 37701 DEBUG oslo_service.service [-] database.max_pool_size = 5 log_opt_values /usr/lib/python3/dist-packages/oslo_config/cfg.py:2609
2026-04-13 00:34:35.747 37701 DEBUG oslo_service.service [-] database.max_retries = 10 log_opt_values /usr/lib/python3/dist-packages/oslo_config/cfg.py:2609
2026-04-13 00:34:35.747 37701 DEBUG oslo_service.service [-] database.mysql_enable_ndb = False log_opt_values /usr/lib/python3/dist-packages/oslo_config/cfg.py:2609
2026-04-13 00:34:35.747 37701 DEBUG oslo_service.service [-] database.mysql_sql_mode = TRADITIONAL log_opt_values /usr/lib/python3/dist-packages/oslo_config/cfg.py:2609
2026-04-13 00:34:35.747 37701 DEBUG oslo_service.service [-] database.pool_timeout = None log_opt_values /usr/lib/python3/dist-packages/oslo_config/cfg.py:2609
2026-04-13 00:34:35.748 37701 DEBUG oslo_service.service [-] database.retry_interval = 10 log_opt_values /usr/lib/python3/dist-packages/oslo_config/cfg.py:2609
2026-04-13 00:34:35.748 37701 DEBUG oslo_service.service [-] database.slave_connection = **** log_opt_values /usr/lib/python3/dist-packages/oslo_config/cfg.py:2609
2026-04-13 00:34:35.748 37701 DEBUG oslo_service.service [-] database.sqlite_synchronous = True log_opt_values /usr/lib/python3/dist-packages/oslo_config/cfg.py:2609
2026-04-13 00:34:35.748 37701 DEBUG oslo_service.service [-] database.use_db_reconnect = False log_opt_values /usr/lib/python3/dist-packages/oslo_config/cfg.py:2609
2026-04-13 00:34:35.748 37701 DEBUG oslo_service.service [-] oslo_messaging_metrics.metrics_buffer_size = 1000 log_opt_values /usr/lib/python3/dist-packages/oslo_config/cfg.py:2609
2026-04-13 00:34:35.748 37701 DEBUG oslo_service.service [-] oslo_messaging_metrics.metrics_enabled = False log_opt_values /usr/lib/python3/dist-packages/oslo_config/cfg.py:2609
2026-04-13 00:34:35.748 37701 DEBUG oslo_service.service [-] oslo_messaging_metrics.metrics_process_name = log_opt_values /usr/lib/python3/dist-packages/oslo_config/cfg.py:2609
2026-04-13 00:34:35.749 37701 DEBUG oslo_service.service [-] oslo_messaging_metrics.metrics_socket_file = /var/tmp/metrics_collector.sock log_opt_values /usr/lib/python3/dist-packages/oslo_config/cfg.py:2609
2026-04-13 00:34:35.749 37701 DEBUG oslo_service.service [-] oslo_messaging_metrics.metrics_thread_stop_timeout = 10 log_opt_values /usr/lib/python3/dist-packages/oslo_config/cfg.py:2609
2026-04-13 00:34:35.749 37701 DEBUG oslo_service.service [-] oslo_policy.enforce_new_defaults = False log_opt_values /usr/lib/python3/dist-packages/oslo_config/cfg.py:2609
2026-04-13 00:34:35.749 37701 DEBUG oslo_service.service [-] oslo_policy.enforce_scope = False log_opt_values /usr/lib/python3/dist-packages/oslo_config/cfg.py:2609
2026-04-13 00:34:35.749 37701 DEBUG oslo_service.service [-] oslo_policy.policy_default_rule = default log_opt_values /usr/lib/python3/dist-packages/oslo_config/cfg.py:2609
2026-04-13 00:34:35.749 37701 DEBUG oslo_service.service [-] oslo_policy.policy_dirs = ['policy.d'] log_opt_values /usr/lib/python3/dist-packages/oslo_config/cfg.py:2609
2026-04-13 00:34:35.749 37701 DEBUG oslo_service.service [-] oslo_policy.policy_file = policy.yaml log_opt_values /usr/lib/python3/dist-packages/oslo_config/cfg.py:2609
2026-04-13 00:34:35.749 37701 DEBUG oslo_service.service [-] oslo_policy.remote_content_type = application/x-www-form-urlencoded log_opt_values /usr/lib/python3/dist-packages/oslo_config/cfg.py:2609
2026-04-13 00:34:35.750 37701 DEBUG oslo_service.service [-] oslo_policy.remote_ssl_ca_crt_file = None log_opt_values /usr/lib/python3/dist-packages/oslo_config/cfg.py:2609
2026-04-13 00:34:35.750 37701 DEBUG oslo_service.service [-] oslo_policy.remote_ssl_client_crt_file = None log_opt_values /usr/lib/python3/dist-packages/oslo_config/cfg.py:2609
2026-04-13 00:34:35.750 37701 DEBUG oslo_service.service [-] oslo_policy.remote_ssl_client_key_file = None log_opt_values /usr/lib/python3/dist-packages/oslo_config/cfg.py:2609
2026-04-13 00:34:35.752 37701 DEBUG oslo_service.service [-] oslo_policy.remote_ssl_verify_server_crt = False log_opt_values /usr/lib/python3/dist-packages/oslo_config/cfg.py:2609
2026-04-13 00:34:35.752 37701 DEBUG oslo_service.service [-] trustee.auth_section = None log_opt_values /usr/lib/python3/dist-packages/oslo_config/cfg.py:2609
2026-04-13 00:34:35.753 37701 WARNING oslo_config.cfg [-] Deprecated: Option "auth_plugin" from group "trustee" is deprecated. Use option "auth_type" from group "trustee".
2026-04-13 00:34:35.753 37701 DEBUG oslo_service.service [-] trustee.auth_type = password log_opt_values /usr/lib/python3/dist-packages/oslo_config/cfg.py:2609
2026-04-13 00:34:35.753 37701 DEBUG oslo_service.service [-] oslo_versionedobjects.fatal_exception_format_errors = False log_opt_values /usr/lib/python3/dist-packages/oslo_config/cfg.py:2609
2026-04-13 00:34:35.753 37701 DEBUG oslo_service.service [-] oslo_messaging_rabbit.amqp_auto_delete = False log_opt_values /usr/lib/python3/dist-packages/oslo_config/cfg.py:2609
2026-04-13 00:34:35.753 37701 DEBUG oslo_service.service [-] oslo_messaging_rabbit.amqp_durable_queues = False log_opt_values /usr/lib/python3/dist-packages/oslo_config/cfg.py:2609
2026-04-13 00:34:35.753 37701 DEBUG oslo_service.service [-] oslo_messaging_rabbit.conn_pool_min_size = 2 log_opt_values /usr/lib/python3/dist-packages/oslo_config/cfg.py:2609
2026-04-13 00:34:35.757 37701 DEBUG oslo_service.service [-] oslo_messaging_rabbit.conn_pool_ttl = 1200 log_opt_values /usr/lib/python3/dist-packages/oslo_config/cfg.py:2609
2026-04-13 00:34:35.758 37701 DEBUG oslo_service.service [-] oslo_messaging_rabbit.direct_mandatory_flag = True log_opt_values /usr/lib/python3/dist-packages/oslo_config/cfg.py:2609
2026-04-13 00:34:35.761 37923 DEBUG oslo_db.sqlalchemy.engines [req-2be76a0d-6bc9-45d0-970b-dbdca8a15d3a - - - - -] MySQL server mode set to STRICT_TRANS_TABLES,STRICT_ALL_TABLES,NO_ZERO_IN_DATE,NO_ZERO_DATE,ERROR_FOR_DIVISION_BY_ZERO,TRADITIONAL,NO_ENGINE_SUBSTITUTION _check_effective_sql_mode /usr/lib/python3/dist-packages/oslo_db/sqlalchemy/engines.py:314
2026-04-13 00:34:35.764 37924 DEBUG oslo_db.sqlalchemy.engines [req-11c2b8a2-7b71-4ad0-acc1-5595735cc395 - - - - -] MySQL server mode set to STRICT_TRANS_TABLES,STRICT_ALL_TABLES,NO_ZERO_IN_DATE,NO_ZERO_DATE,ERROR_FOR_DIVISION_BY_ZERO,TRADITIONAL,NO_ENGINE_SUBSTITUTION _check_effective_sql_mode /usr/lib/python3/dist-packages/oslo_db/sqlalchemy/engines.py:314
2026-04-13 00:34:35.758 37701 DEBUG oslo_service.service [-] oslo_messaging_rabbit.enable_cancel_on_failover = False log_opt_values /usr/lib/python3/dist-packages/oslo_config/cfg.py:2609
2026-04-13 00:34:35.765 37701 DEBUG oslo_service.service [-] oslo_messaging_rabbit.heartbeat_in_pthread = False log_opt_values /usr/lib/python3/dist-packages/oslo_config/cfg.py:2609
2026-04-13 00:34:35.765 37701 DEBUG oslo_service.service [-] oslo_messaging_rabbit.heartbeat_rate = 2 log_opt_values /usr/lib/python3/dist-packages/oslo_config/cfg.py:2609
2026-04-13 00:34:35.765 37701 DEBUG oslo_service.service [-] oslo_messaging_rabbit.heartbeat_timeout_threshold = 60 log_opt_values /usr/lib/python3/dist-packages/oslo_config/cfg.py:2609
2026-04-13 00:34:35.765 37701 DEBUG oslo_service.service [-] oslo_messaging_rabbit.kombu_compression = None log_opt_values /usr/lib/python3/dist-packages/oslo_config/cfg.py:2609
2026-04-13 00:34:35.765 37701 DEBUG oslo_service.service [-] oslo_messaging_rabbit.kombu_failover_strategy = round-robin log_opt_values /usr/lib/python3/dist-packages/oslo_config/cfg.py:2609
2026-04-13 00:34:35.767 37701 DEBUG oslo_service.service [-] oslo_messaging_rabbit.kombu_missing_consumer_retry_timeout = 60 log_opt_values /usr/lib/python3/dist-packages/oslo_config/cfg.py:2609
2026-04-13 00:34:35.768 37701 DEBUG oslo_service.service [-] oslo_messaging_rabbit.kombu_reconnect_delay = 1.0 log_opt_values /usr/lib/python3/dist-packages/oslo_config/cfg.py:2609
2026-04-13 00:34:35.768 37701 DEBUG oslo_service.service [-] oslo_messaging_rabbit.rabbit_ha_queues = False log_opt_values /usr/lib/python3/dist-packages/oslo_config/cfg.py:2609
2026-04-13 00:34:35.769 37701 DEBUG oslo_service.service [-] oslo_messaging_rabbit.rabbit_interval_max = 30 log_opt_values /usr/lib/python3/dist-packages/oslo_config/cfg.py:2609
2026-04-13 00:34:35.769 37701 DEBUG oslo_service.service [-] oslo_messaging_rabbit.rabbit_login_method = AMQPLAIN log_opt_values /usr/lib/python3/dist-packages/oslo_config/cfg.py:2609
2026-04-13 00:34:35.769 37701 DEBUG oslo_service.service [-] oslo_messaging_rabbit.rabbit_qos_prefetch_count = 0 log_opt_values /usr/lib/python3/dist-packages/oslo_config/cfg.py:2609
2026-04-13 00:34:35.770 37701 DEBUG oslo_service.service [-] oslo_messaging_rabbit.rabbit_quorum_queue = False log_opt_values /usr/lib/python3/dist-packages/oslo_config/cfg.py:2609
2026-04-13 00:34:35.770 37701 DEBUG oslo_service.service [-] oslo_messaging_rabbit.rabbit_retry_backoff = 2 log_opt_values /usr/lib/python3/dist-packages/oslo_config/cfg.py:2609
2026-04-13 00:34:35.770 37701 DEBUG oslo_service.service [-] oslo_messaging_rabbit.rabbit_retry_interval = 1 log_opt_values /usr/lib/python3/dist-packages/oslo_config/cfg.py:2609
2026-04-13 00:34:35.770 37701 DEBUG oslo_service.service [-] oslo_messaging_rabbit.rabbit_transient_queues_ttl = 1800 log_opt_values /usr/lib/python3/dist-packages/oslo_config/cfg.py:2609
2026-04-13 00:34:35.770 37701 DEBUG oslo_service.service [-] oslo_messaging_rabbit.rpc_conn_pool_size = 30 log_opt_values /usr/lib/python3/dist-packages/oslo_config/cfg.py:2609
2026-04-13 00:34:35.770 37701 DEBUG oslo_service.service [-] oslo_messaging_rabbit.ssl = False log_opt_values /usr/lib/python3/dist-packages/oslo_config/cfg.py:2609
2026-04-13 00:34:35.770 37701 DEBUG oslo_service.service [-] oslo_messaging_rabbit.ssl_ca_file = log_opt_values /usr/lib/python3/dist-packages/oslo_config/cfg.py:2609
2026-04-13 00:34:35.770 37701 DEBUG oslo_service.service [-] oslo_messaging_rabbit.ssl_cert_file = log_opt_values /usr/lib/python3/dist-packages/oslo_config/cfg.py:2609
2026-04-13 00:34:35.770 37701 DEBUG oslo_service.service [-] oslo_messaging_rabbit.ssl_key_file = log_opt_values /usr/lib/python3/dist-packages/oslo_config/cfg.py:2609
2026-04-13 00:34:35.771 37701 DEBUG oslo_service.service [-] oslo_messaging_rabbit.ssl_version = log_opt_values /usr/lib/python3/dist-packages/oslo_config/cfg.py:2609
2026-04-13 00:34:35.771 37701 DEBUG oslo_service.service [-] oslo_messaging_notifications.driver = [] log_opt_values /usr/lib/python3/dist-packages/oslo_config/cfg.py:2609
2026-04-13 00:34:35.771 37701 DEBUG oslo_service.service [-] oslo_messaging_notifications.retry = -1 log_opt_values /usr/lib/python3/dist-packages/oslo_config/cfg.py:2609
2026-04-13 00:34:35.771 37701 DEBUG oslo_service.service [-] oslo_messaging_notifications.topics = ['notifications'] log_opt_values /usr/lib/python3/dist-packages/oslo_config/cfg.py:2609
2026-04-13 00:34:35.771 37701 DEBUG oslo_service.service [-] oslo_messaging_notifications.transport_url = **** log_opt_values /usr/lib/python3/dist-packages/oslo_config/cfg.py:2609
2026-04-13 00:34:35.771 37701 DEBUG oslo_service.service [-] cache.backend = dogpile.cache.null log_opt_values /usr/lib/python3/dist-packages/oslo_config/cfg.py:2609
2026-04-13 00:34:35.773 37701 DEBUG oslo_service.service [-] cache.backend_argument = **** log_opt_values /usr/lib/python3/dist-packages/oslo_config/cfg.py:2609
2026-04-13 00:34:35.775 37701 DEBUG oslo_service.service [-] cache.config_prefix = cache.oslo log_opt_values /usr/lib/python3/dist-packages/oslo_config/cfg.py:2609
2026-04-13 00:34:35.775 37701 DEBUG oslo_service.service [-] cache.debug_cache_backend = False log_opt_values /usr/lib/python3/dist-packages/oslo_config/cfg.py:2609
2026-04-13 00:34:35.775 37701 DEBUG oslo_service.service [-] cache.enabled = False log_opt_values /usr/lib/python3/dist-packages/oslo_config/cfg.py:2609
2026-04-13 00:34:35.776 37701 DEBUG oslo_service.service [-] cache.expiration_time = 600 log_opt_values /usr/lib/python3/dist-packages/oslo_config/cfg.py:2609
2026-04-13 00:34:35.776 37701 DEBUG oslo_service.service [-] cache.memcache_dead_retry = 300 log_opt_values /usr/lib/python3/dist-packages/oslo_config/cfg.py:2609
2026-04-13 00:34:35.776 37701 DEBUG oslo_service.service [-] cache.memcache_pool_connection_get_timeout = 10 log_opt_values /usr/lib/python3/dist-packages/oslo_config/cfg.py:2609
2026-04-13 00:34:35.776 37701 DEBUG oslo_service.service [-] cache.memcache_pool_flush_on_reconnect = False log_opt_values /usr/lib/python3/dist-packages/oslo_config/cfg.py:2609
2026-04-13 00:34:35.776 37701 DEBUG oslo_service.service [-] cache.memcache_pool_maxsize = 10 log_opt_values /usr/lib/python3/dist-packages/oslo_config/cfg.py:2609
2026-04-13 00:34:35.776 37701 DEBUG oslo_service.service [-] cache.memcache_pool_unused_timeout = 60 log_opt_values /usr/lib/python3/dist-packages/oslo_config/cfg.py:2609
2026-04-13 00:34:35.776 37701 DEBUG oslo_service.service [-] cache.memcache_servers = ['localhost:11211'] log_opt_values /usr/lib/python3/dist-packages/oslo_config/cfg.py:2609
2026-04-13 00:34:35.776 37701 DEBUG oslo_service.service [-] cache.memcache_socket_timeout = 1.0 log_opt_values /usr/lib/python3/dist-packages/oslo_config/cfg.py:2609
2026-04-13 00:34:35.776 37701 DEBUG oslo_service.service [-] cache.proxies = [] log_opt_values /usr/lib/python3/dist-packages/oslo_config/cfg.py:2609
2026-04-13 00:34:35.777 37701 DEBUG oslo_service.service [-] cache.tls_allowed_ciphers = None log_opt_values /usr/lib/python3/dist-packages/oslo_config/cfg.py:2609
2026-04-13 00:34:35.777 37701 DEBUG oslo_service.service [-] cache.tls_cafile = None log_opt_values /usr/lib/python3/dist-packages/oslo_config/cfg.py:2609
2026-04-13 00:34:35.777 37701 DEBUG oslo_service.service [-] cache.tls_certfile = None log_opt_values /usr/lib/python3/dist-packages/oslo_config/cfg.py:2609
2026-04-13 00:34:35.777 37701 DEBUG oslo_service.service [-] cache.tls_enabled = False log_opt_values /usr/lib/python3/dist-packages/oslo_config/cfg.py:2609
2026-04-13 00:34:35.777 37701 DEBUG oslo_service.service [-] cache.tls_keyfile = None log_opt_values /usr/lib/python3/dist-packages/oslo_config/cfg.py:2609
2026-04-13 00:34:35.778 37701 DEBUG oslo_service.service [-] constraint_validation_cache.caching = True log_opt_values /usr/lib/python3/dist-packages/oslo_config/cfg.py:2609
2026-04-13 00:34:35.778 37701 DEBUG oslo_service.service [-] constraint_validation_cache.expiration_time = 60 log_opt_values /usr/lib/python3/dist-packages/oslo_config/cfg.py:2609
2026-04-13 00:34:35.778 37701 DEBUG oslo_service.service [-] service_extension_cache.caching = True log_opt_values /usr/lib/python3/dist-packages/oslo_config/cfg.py:2609
2026-04-13 00:34:35.778 37701 DEBUG oslo_service.service [-] service_extension_cache.expiration_time = 3600 log_opt_values /usr/lib/python3/dist-packages/oslo_config/cfg.py:2609
2026-04-13 00:34:35.779 37701 DEBUG oslo_service.service [-] resource_finder_cache.caching = True log_opt_values /usr/lib/python3/dist-packages/oslo_config/cfg.py:2609
2026-04-13 00:34:35.779 37701 DEBUG oslo_service.service [-] resource_finder_cache.expiration_time = 3600 log_opt_values /usr/lib/python3/dist-packages/oslo_config/cfg.py:2609
2026-04-13 00:34:35.779 37701 DEBUG oslo_service.service [-] yaql.limit_iterators = 200 log_opt_values /usr/lib/python3/dist-packages/oslo_config/cfg.py:2609
2026-04-13 00:34:35.779 37701 DEBUG oslo_service.service [-] yaql.memory_quota = 10000 log_opt_values /usr/lib/python3/dist-packages/oslo_config/cfg.py:2609
2026-04-13 00:34:35.779 37701 DEBUG oslo_service.service [-] ******************************************************************************** log_opt_values /usr/lib/python3/dist-packages/oslo_config/cfg.py:2613
2026-04-13 00:34:35.783 37922 DEBUG oslo_db.sqlalchemy.engines [req-9a3b98ba-6635-4373-9396-fb0c5bd89bfb - - - - -] MySQL server mode set to STRICT_TRANS_TABLES,STRICT_ALL_TABLES,NO_ZERO_IN_DATE,NO_ZERO_DATE,ERROR_FOR_DIVISION_BY_ZERO,TRADITIONAL,NO_ENGINE_SUBSTITUTION _check_effective_sql_mode /usr/lib/python3/dist-packages/oslo_db/sqlalchemy/engines.py:314
2026-04-13 00:34:35.835 37925 DEBUG oslo_db.sqlalchemy.engines [req-abf39100-d919-446f-9f93-8b6a917a98a9 - - - - -] MySQL server mode set to STRICT_TRANS_TABLES,STRICT_ALL_TABLES,NO_ZERO_IN_DATE,NO_ZERO_DATE,ERROR_FOR_DIVISION_BY_ZERO,TRADITIONAL,NO_ENGINE_SUBSTITUTION _check_effective_sql_mode /usr/lib/python3/dist-packages/oslo_db/sqlalchemy/engines.py:314
2026-04-13 00:34:35.841 37924 DEBUG heat.engine.service [req-a256e736-f558-496b-adcd-68db6a4c0790 - - - - -] Service 3b9d91c9-8414-46ae-a27d-90f922f54c18 is started service_manage_report /usr/lib/python3/dist-packages/heat/engine/service.py:2363
2026-04-13 00:34:35.855 37923 DEBUG heat.engine.service [req-a1e0b27f-8f2e-488a-9604-4b1d5dfc3274 - - - - -] Service 5ebbd40c-459e-4198-8ca0-47353fcb7d1c is started service_manage_report /usr/lib/python3/dist-packages/heat/engine/service.py:2363
2026-04-13 00:34:35.878 37923 DEBUG heat.engine.service [req-a1e0b27f-8f2e-488a-9604-4b1d5dfc3274 - - - - -] Service 5ebbd40c-459e-4198-8ca0-47353fcb7d1c is updated service_manage_report /usr/lib/python3/dist-packages/heat/engine/service.py:2370
2026-04-13 00:34:35.883 37924 DEBUG heat.engine.service [req-a256e736-f558-496b-adcd-68db6a4c0790 - - - - -] Service 3b9d91c9-8414-46ae-a27d-90f922f54c18 is updated service_manage_report /usr/lib/python3/dist-packages/heat/engine/service.py:2370
2026-04-13 00:34:35.891 37922 DEBUG heat.engine.service [req-1ca6ba44-9ece-48c1-8aac-c1c0ed927ae2 - - - - -] Service 1e198084-0f57-4346-86c8-edf8b825ce98 is started service_manage_report /usr/lib/python3/dist-packages/heat/engine/service.py:2363
2026-04-13 00:34:35.913 37922 DEBUG heat.engine.service [req-1ca6ba44-9ece-48c1-8aac-c1c0ed927ae2 - - - - -] Service 1e198084-0f57-4346-86c8-edf8b825ce98 is updated service_manage_report /usr/lib/python3/dist-packages/heat/engine/service.py:2370
2026-04-13 00:34:35.922 37925 DEBUG heat.engine.service [req-e79247d0-a352-46e7-890a-8e4c1b2be7bc - - - - -] Service 0a64ee00-cec3-427b-8007-af8f031eb2cc is started service_manage_report /usr/lib/python3/dist-packages/heat/engine/service.py:2363
2026-04-13 00:34:35.943 37925 DEBUG heat.engine.service [req-e79247d0-a352-46e7-890a-8e4c1b2be7bc - - - - -] Service 0a64ee00-cec3-427b-8007-af8f031eb2cc is updated service_manage_report /usr/lib/python3/dist-packages/heat/engine/service.py:2370
2026-04-13 00:35:35.840 37924 DEBUG heat.engine.service [req-f68b05e0-2db3-41fd-a719-5c9ce5870fc8 - - - - -] Service 3b9d91c9-8414-46ae-a27d-90f922f54c18 is updated service_manage_report /usr/lib/python3/dist-packages/heat/engine/service.py:2370
2026-04-13 00:35:35.842 37923 DEBUG heat.engine.service [req-1bd86263-9e35-422e-8a6b-964ad02d8006 - - - - -] Service 5ebbd40c-459e-4198-8ca0-47353fcb7d1c is updated service_manage_report /usr/lib/python3/dist-packages/heat/engine/service.py:2370
2026-04-13 00:35:35.879 37922 DEBUG heat.engine.service [req-14b4adb7-190d-4f0e-80a0-37bd66c9a991 - - - - -] Service 1e198084-0f57-4346-86c8-edf8b825ce98 is updated service_manage_report /usr/lib/python3/dist-packages/heat/engine/service.py:2370
2026-04-13 00:35:35.919 37925 DEBUG heat.engine.service [req-1168d73b-522a-4bfa-8093-02596004e9a4 - - - - -] Service 0a64ee00-cec3-427b-8007-af8f031eb2cc is updated service_manage_report /usr/lib/python3/dist-packages/heat/engine/service.py:2370
2026-04-13 00:36:35.834 37924 DEBUG heat.engine.service [req-fb5781c1-0c90-493e-a4e1-4fc3b4c26680 - - - - -] Service 3b9d91c9-8414-46ae-a27d-90f922f54c18 is updated service_manage_report /usr/lib/python3/dist-packages/heat/engine/service.py:2370
2026-04-13 00:36:35.849 37923 DEBUG heat.engine.service [req-294f26b7-32d6-4319-a2b1-487deaa73c8c - - - - -] Service 5ebbd40c-459e-4198-8ca0-47353fcb7d1c is updated service_manage_report /usr/lib/python3/dist-packages/heat/engine/service.py:2370
2026-04-13 00:36:35.886 37922 DEBUG heat.engine.service [req-51629a3e-dbd1-4df5-9571-7b6141bb2f35 - - - - -] Service 1e198084-0f57-4346-86c8-edf8b825ce98 is updated service_manage_report /usr/lib/python3/dist-packages/heat/engine/service.py:2370
2026-04-13 00:36:35.915 37925 DEBUG heat.engine.service [req-a97c4ac4-2230-4510-a502-f04f5830a673 - - - - -] Service 0a64ee00-cec3-427b-8007-af8f031eb2cc is updated service_manage_report /usr/lib/python3/dist-packages/heat/engine/service.py:2370
2026-04-13 00:37:35.840 37924 DEBUG heat.engine.service [req-9547494a-7439-4ab7-83d2-4bd26ed1e7db - - - - -] Service 3b9d91c9-8414-46ae-a27d-90f922f54c18 is updated service_manage_report /usr/lib/python3/dist-packages/heat/engine/service.py:2370
2026-04-13 00:37:35.846 37923 DEBUG heat.engine.service [req-9c6433a3-1ef7-43c5-a919-ab7b5955b990 - - - - -] Service 5ebbd40c-459e-4198-8ca0-47353fcb7d1c is updated service_manage_report /usr/lib/python3/dist-packages/heat/engine/service.py:2370
2026-04-13 00:37:35.882 37922 DEBUG heat.engine.service [req-0fc6f556-6902-448e-9ca9-4cd52f651fe1 - - - - -] Service 1e198084-0f57-4346-86c8-edf8b825ce98 is updated service_manage_report /usr/lib/python3/dist-packages/heat/engine/service.py:2370
2026-04-13 00:37:35.909 37925 DEBUG heat.engine.service [req-636bbd9f-10e5-4031-8193-cfa1455d3992 - - - - -] Service 0a64ee00-cec3-427b-8007-af8f031eb2cc is updated service_manage_report /usr/lib/python3/dist-packages/heat/engine/service.py:2370
2026-04-13 00:38:35.845 37923 DEBUG heat.engine.service [req-e55ea8c9-3a0c-48ed-a12b-b94b25759799 - - - - -] Service 5ebbd40c-459e-4198-8ca0-47353fcb7d1c is updated service_manage_report /usr/lib/python3/dist-packages/heat/engine/service.py:2370
2026-04-13 00:38:35.850 37924 DEBUG heat.engine.service [req-9ceb0d0b-1b87-4fd7-aecd-763ecdb1c852 - - - - -] Service 3b9d91c9-8414-46ae-a27d-90f922f54c18 is updated service_manage_report /usr/lib/python3/dist-packages/heat/engine/service.py:2370
2026-04-13 00:38:35.888 37922 DEBUG heat.engine.service [req-3012cdd6-47b4-4dba-a4d6-b021eea9a113 - - - - -] Service 1e198084-0f57-4346-86c8-edf8b825ce98 is updated service_manage_report /usr/lib/python3/dist-packages/heat/engine/service.py:2370
2026-04-13 00:38:35.914 37925 DEBUG heat.engine.service [req-9e14d62c-5bce-41d6-af61-db9de001b3cf - - - - -] Service 0a64ee00-cec3-427b-8007-af8f031eb2cc is updated service_manage_report /usr/lib/python3/dist-packages/heat/engine/service.py:2370
2026-04-13 00:39:35.853 37923 DEBUG heat.engine.service [req-cbd7b32c-9e28-49dd-8359-9579e8cee673 - - - - -] Service 5ebbd40c-459e-4198-8ca0-47353fcb7d1c is updated service_manage_report /usr/lib/python3/dist-packages/heat/engine/service.py:2370
2026-04-13 00:39:35.856 37924 DEBUG heat.engine.service [req-c57b4469-4eec-4554-a7a3-cc35ae2ad2d8 - - - - -] Service 3b9d91c9-8414-46ae-a27d-90f922f54c18 is updated service_manage_report /usr/lib/python3/dist-packages/heat/engine/service.py:2370
2026-04-13 00:39:35.896 37922 DEBUG heat.engine.service [req-6ede2f4e-ee36-4431-bcda-e551cf041588 - - - - -] Service 1e198084-0f57-4346-86c8-edf8b825ce98 is updated service_manage_report /usr/lib/python3/dist-packages/heat/engine/service.py:2370
2026-04-13 00:39:35.929 37925 DEBUG heat.engine.service [req-58ce1410-e663-40c7-9e0b-a804ac8fb5b6 - - - - -] Service 0a64ee00-cec3-427b-8007-af8f031eb2cc is updated service_manage_report /usr/lib/python3/dist-packages/heat/engine/service.py:2370
2026-04-13 00:40:35.853 37923 DEBUG heat.engine.service [req-06621e09-349e-4191-80c2-14107d7ebae6 - - - - -] Service 5ebbd40c-459e-4198-8ca0-47353fcb7d1c is updated service_manage_report /usr/lib/python3/dist-packages/heat/engine/service.py:2370
2026-04-13 00:40:35.862 37924 DEBUG heat.engine.service [req-b5186749-fdf6-4248-a5a4-2ad219acb8d0 - - - - -] Service 3b9d91c9-8414-46ae-a27d-90f922f54c18 is updated service_manage_report /usr/lib/python3/dist-packages/heat/engine/service.py:2370
2026-04-13 00:40:35.904 37922 DEBUG heat.engine.service [req-b60725ce-54d1-45f4-8f39-eace1a3e434f - - - - -] Service 1e198084-0f57-4346-86c8-edf8b825ce98 is updated service_manage_report /usr/lib/python3/dist-packages/heat/engine/service.py:2370
2026-04-13 00:40:35.935 37925 DEBUG heat.engine.service [req-698efa7a-066e-4fea-bb09-614c155438e1 - - - - -] Service 0a64ee00-cec3-427b-8007-af8f031eb2cc is updated service_manage_report /usr/lib/python3/dist-packages/heat/engine/service.py:2370
2026-04-13 00:41:35.837 37923 DEBUG heat.engine.service [req-b8f1c876-4842-44de-8c89-d45313f6114c - - - - -] Service 5ebbd40c-459e-4198-8ca0-47353fcb7d1c is updated service_manage_report /usr/lib/python3/dist-packages/heat/engine/service.py:2370
2026-04-13 00:41:35.844 37924 DEBUG heat.engine.service [req-cac9e53f-8aba-4e7c-a3c8-aaf2ba329a37 - - - - -] Service 3b9d91c9-8414-46ae-a27d-90f922f54c18 is updated service_manage_report /usr/lib/python3/dist-packages/heat/engine/service.py:2370
2026-04-13 00:41:35.879 37922 DEBUG heat.engine.service [req-3d680c6e-0254-4143-9f68-b3e5ecb2934a - - - - -] Service 1e198084-0f57-4346-86c8-edf8b825ce98 is updated service_manage_report /usr/lib/python3/dist-packages/heat/engine/service.py:2370
2026-04-13 00:41:35.930 37925 DEBUG heat.engine.service [req-12689de3-8bf2-40c8-89a9-8151af89be01 - - - - -] Service 0a64ee00-cec3-427b-8007-af8f031eb2cc is updated service_manage_report /usr/lib/python3/dist-packages/heat/engine/service.py:2370
2026-04-13 00:42:35.841 37923 DEBUG heat.engine.service [req-ef98312f-a249-41be-8254-db85822212bc - - - - -] Service 5ebbd40c-459e-4198-8ca0-47353fcb7d1c is updated service_manage_report /usr/lib/python3/dist-packages/heat/engine/service.py:2370
2026-04-13 00:42:35.847 37924 DEBUG heat.engine.service [req-a1dea512-230c-493b-bfe5-01ef760d61c0 - - - - -] Service 3b9d91c9-8414-46ae-a27d-90f922f54c18 is updated service_manage_report /usr/lib/python3/dist-packages/heat/engine/service.py:2370
2026-04-13 00:42:35.881 37922 DEBUG heat.engine.service [req-a4700f9b-10ef-48b1-b4d3-7cba5b8e9324 - - - - -] Service 1e198084-0f57-4346-86c8-edf8b825ce98 is updated service_manage_report /usr/lib/python3/dist-packages/heat/engine/service.py:2370
2026-04-13 00:42:35.936 37925 DEBUG heat.engine.service [req-c39ccd4b-0996-4b3b-9db2-cd9c28d709cb - - - - -] Service 0a64ee00-cec3-427b-8007-af8f031eb2cc is updated service_manage_report /usr/lib/python3/dist-packages/heat/engine/service.py:2370
2026-04-13 00:43:35.844 37923 DEBUG heat.engine.service [req-9fa94550-611c-4b0a-9423-3fb07e8dc9a3 - - - - -] Service 5ebbd40c-459e-4198-8ca0-47353fcb7d1c is updated service_manage_report /usr/lib/python3/dist-packages/heat/engine/service.py:2370
2026-04-13 00:43:35.849 37924 DEBUG heat.engine.service [req-f1f047f1-a1f8-4bb2-b66f-c077603c5175 - - - - -] Service 3b9d91c9-8414-46ae-a27d-90f922f54c18 is updated service_manage_report /usr/lib/python3/dist-packages/heat/engine/service.py:2370
2026-04-13 00:43:35.886 37922 DEBUG heat.engine.service [req-980f2415-f392-43c3-84d9-9d40c8dc53c6 - - - - -] Service 1e198084-0f57-4346-86c8-edf8b825ce98 is updated service_manage_report /usr/lib/python3/dist-packages/heat/engine/service.py:2370
2026-04-13 00:43:35.930 37925 DEBUG heat.engine.service [req-14d8c7b7-aced-4b3a-8555-af0e729dba74 - - - - -] Service 0a64ee00-cec3-427b-8007-af8f031eb2cc is updated service_manage_report /usr/lib/python3/dist-packages/heat/engine/service.py:2370
2026-04-13 00:44:35.854 37923 DEBUG heat.engine.service [req-bc06cd35-1099-4a45-8bbf-423e6cf30605 - - - - -] Service 5ebbd40c-459e-4198-8ca0-47353fcb7d1c is updated service_manage_report /usr/lib/python3/dist-packages/heat/engine/service.py:2370
2026-04-13 00:44:35.859 37924 DEBUG heat.engine.service [req-3253aff5-1960-4855-b323-0c8f8ad76581 - - - - -] Service 3b9d91c9-8414-46ae-a27d-90f922f54c18 is updated service_manage_report /usr/lib/python3/dist-packages/heat/engine/service.py:2370
2026-04-13 00:44:35.892 37922 DEBUG heat.engine.service [req-3dc726d7-1daa-468c-b179-00a53918f53f - - - - -] Service 1e198084-0f57-4346-86c8-edf8b825ce98 is updated service_manage_report /usr/lib/python3/dist-packages/heat/engine/service.py:2370
2026-04-13 00:44:35.936 37925 DEBUG heat.engine.service [req-05c01177-cbcd-482f-a885-82cb12db313a - - - - -] Service 0a64ee00-cec3-427b-8007-af8f031eb2cc is updated service_manage_report /usr/lib/python3/dist-packages/heat/engine/service.py:2370
2026-04-13 00:45:35.849 37923 DEBUG heat.engine.service [req-bb8675b8-9288-442d-8dc6-551e4c77b690 - - - - -] Service 5ebbd40c-459e-4198-8ca0-47353fcb7d1c is updated service_manage_report /usr/lib/python3/dist-packages/heat/engine/service.py:2370
2026-04-13 00:45:35.854 37924 DEBUG heat.engine.service [req-9c2484c8-6ad4-4409-b1ee-bac35e31b681 - - - - -] Service 3b9d91c9-8414-46ae-a27d-90f922f54c18 is updated service_manage_report /usr/lib/python3/dist-packages/heat/engine/service.py:2370
2026-04-13 00:45:35.896 37922 DEBUG heat.engine.service [req-9e445be1-0d33-408d-b874-be5d8770c58d - - - - -] Service 1e198084-0f57-4346-86c8-edf8b825ce98 is updated service_manage_report /usr/lib/python3/dist-packages/heat/engine/service.py:2370
2026-04-13 00:45:35.940 37925 DEBUG heat.engine.service [req-8d1e0824-a462-47ef-9f29-0582eaa0691b - - - - -] Service 0a64ee00-cec3-427b-8007-af8f031eb2cc is updated service_manage_report /usr/lib/python3/dist-packages/heat/engine/service.py:2370
2026-04-13 00:46:35.858 37923 DEBUG heat.engine.service [req-8a414067-1d2e-4177-b9fc-e0682e425faa - - - - -] Service 5ebbd40c-459e-4198-8ca0-47353fcb7d1c is updated service_manage_report /usr/lib/python3/dist-packages/heat/engine/service.py:2370
2026-04-13 00:46:35.865 37924 DEBUG heat.engine.service [req-6ad0ef87-bf5a-49f1-bfb9-2de7e153b8cd - - - - -] Service 3b9d91c9-8414-46ae-a27d-90f922f54c18 is updated service_manage_report /usr/lib/python3/dist-packages/heat/engine/service.py:2370
2026-04-13 00:46:35.902 37922 DEBUG heat.engine.service [req-afbb00ed-1a07-4bf1-9e41-2569b962e9f1 - - - - -] Service 1e198084-0f57-4346-86c8-edf8b825ce98 is updated service_manage_report /usr/lib/python3/dist-packages/heat/engine/service.py:2370
2026-04-13 00:46:35.943 37925 DEBUG heat.engine.service [req-1e9265b0-0e30-41d0-9003-631bb35975be - - - - -] Service 0a64ee00-cec3-427b-8007-af8f031eb2cc is updated service_manage_report /usr/lib/python3/dist-packages/heat/engine/service.py:2370
2026-04-13 00:47:35.851 37923 DEBUG heat.engine.service [req-d1b116df-450f-4c8b-a1ce-df7882eeec42 - - - - -] Service 5ebbd40c-459e-4198-8ca0-47353fcb7d1c is updated service_manage_report /usr/lib/python3/dist-packages/heat/engine/service.py:2370
2026-04-13 00:47:35.862 37924 DEBUG heat.engine.service [req-4ae1921f-4b77-4cfe-a04d-e76cb8e8d43e - - - - -] Service 3b9d91c9-8414-46ae-a27d-90f922f54c18 is updated service_manage_report /usr/lib/python3/dist-packages/heat/engine/service.py:2370
2026-04-13 00:47:35.909 37922 DEBUG heat.engine.service [req-fd857c93-96e0-4264-ba67-a87ca322b52b - - - - -] Service 1e198084-0f57-4346-86c8-edf8b825ce98 is updated service_manage_report /usr/lib/python3/dist-packages/heat/engine/service.py:2370
2026-04-13 00:47:35.946 37925 DEBUG heat.engine.service [req-f5238997-fd10-4aa0-a9af-18f0b110ea79 - - - - -] Service 0a64ee00-cec3-427b-8007-af8f031eb2cc is updated service_manage_report /usr/lib/python3/dist-packages/heat/engine/service.py:2370
2026-04-13 00:48:35.864 37923 DEBUG heat.engine.service [req-fa751e27-fd53-4a35-bb53-a06f68893e06 - - - - -] Service 5ebbd40c-459e-4198-8ca0-47353fcb7d1c is updated service_manage_report /usr/lib/python3/dist-packages/heat/engine/service.py:2370
2026-04-13 00:48:35.867 37924 DEBUG heat.engine.service [req-031d717b-1a62-49fe-ab76-a71fdeeaf4e8 - - - - -] Service 3b9d91c9-8414-46ae-a27d-90f922f54c18 is updated service_manage_report /usr/lib/python3/dist-packages/heat/engine/service.py:2370
2026-04-13 00:48:35.905 37922 DEBUG heat.engine.service [req-3d86b613-a38d-44b1-b4de-48074328aa86 - - - - -] Service 1e198084-0f57-4346-86c8-edf8b825ce98 is updated service_manage_report /usr/lib/python3/dist-packages/heat/engine/service.py:2370
2026-04-13 00:48:35.952 37925 DEBUG heat.engine.service [req-83eca421-fc81-4f26-9084-29a3b0b31249 - - - - -] Service 0a64ee00-cec3-427b-8007-af8f031eb2cc is updated service_manage_report /usr/lib/python3/dist-packages/heat/engine/service.py:2370
2026-04-13 00:49:35.858 37923 DEBUG heat.engine.service [req-518c2fe0-718d-4760-8615-a0caae05d398 - - - - -] Service 5ebbd40c-459e-4198-8ca0-47353fcb7d1c is updated service_manage_report /usr/lib/python3/dist-packages/heat/engine/service.py:2370
2026-04-13 00:49:35.861 37924 DEBUG heat.engine.service [req-7d311c79-195d-49a8-9d3a-ed56d62ed1c4 - - - - -] Service 3b9d91c9-8414-46ae-a27d-90f922f54c18 is updated service_manage_report /usr/lib/python3/dist-packages/heat/engine/service.py:2370
2026-04-13 00:49:35.913 37922 DEBUG heat.engine.service [req-796a3ef2-5278-4146-b64c-7449e7cffb80 - - - - -] Service 1e198084-0f57-4346-86c8-edf8b825ce98 is updated service_manage_report /usr/lib/python3/dist-packages/heat/engine/service.py:2370
2026-04-13 00:49:35.957 37925 DEBUG heat.engine.service [req-5a12f0a9-7ea7-4c6b-ba48-b399ea0e5071 - - - - -] Service 0a64ee00-cec3-427b-8007-af8f031eb2cc is updated service_manage_report /usr/lib/python3/dist-packages/heat/engine/service.py:2370
