2026-04-09 00:39:12.668 153197 DEBUG oslo_service.service [req-fde654a5-a13b-4d87-8dfc-eea68409d082 - - - - -] my_block_storage_ip = 252.129.68.146 log_opt_values /usr/lib/python3/dist-packages/oslo_config/cfg.py:2602
2026-04-09 00:39:12.668 153197 DEBUG oslo_service.service [req-fde654a5-a13b-4d87-8dfc-eea68409d082 - - - - -] my_ip = 252.129.68.146 log_opt_values /usr/lib/python3/dist-packages/oslo_config/cfg.py:2602
2026-04-09 00:39:12.669 153197 DEBUG oslo_service.service [req-fde654a5-a13b-4d87-8dfc-eea68409d082 - - - - -] network_allocate_retries = 0 log_opt_values /usr/lib/python3/dist-packages/oslo_config/cfg.py:2602
2026-04-09 00:39:12.669 153197 DEBUG oslo_service.service [req-fde654a5-a13b-4d87-8dfc-eea68409d082 - - - - -] non_inheritable_image_properties = ['cache_in_nova', 'bittorrent'] log_opt_values /usr/lib/python3/dist-packages/oslo_config/cfg.py:2602
2026-04-09 00:39:12.669 153197 DEBUG oslo_service.service [req-fde654a5-a13b-4d87-8dfc-eea68409d082 - - - - -] osapi_compute_listen = 0.0.0.0 log_opt_values /usr/lib/python3/dist-packages/oslo_config/cfg.py:2602
2026-04-09 00:39:12.669 153197 DEBUG oslo_service.service [req-fde654a5-a13b-4d87-8dfc-eea68409d082 - - - - -] osapi_compute_listen_port = 8764 log_opt_values /usr/lib/python3/dist-packages/oslo_config/cfg.py:2602
2026-04-09 00:39:12.669 153197 DEBUG oslo_service.service [req-fde654a5-a13b-4d87-8dfc-eea68409d082 - - - - -] osapi_compute_unique_server_name_scope = log_opt_values /usr/lib/python3/dist-packages/oslo_config/cfg.py:2602
2026-04-09 00:39:12.670 153197 DEBUG oslo_service.service [req-fde654a5-a13b-4d87-8dfc-eea68409d082 - - - - -] osapi_compute_workers = 4 log_opt_values /usr/lib/python3/dist-packages/oslo_config/cfg.py:2602
2026-04-09 00:39:12.670 153197 DEBUG oslo_service.service [req-fde654a5-a13b-4d87-8dfc-eea68409d082 - - - - -] password_length = 12 log_opt_values /usr/lib/python3/dist-packages/oslo_config/cfg.py:2602
2026-04-09 00:39:12.670 153197 DEBUG oslo_service.service [req-fde654a5-a13b-4d87-8dfc-eea68409d082 - - - - -] periodic_enable = True log_opt_values /usr/lib/python3/dist-packages/oslo_config/cfg.py:2602
2026-04-09 00:39:12.670 153197 DEBUG oslo_service.service [req-fde654a5-a13b-4d87-8dfc-eea68409d082 - - - - -] periodic_fuzzy_delay = 60 log_opt_values /usr/lib/python3/dist-packages/oslo_config/cfg.py:2602
2026-04-09 00:39:12.670 153588 DEBUG nova.service [req-0ac095cd-f188-4688-b063-8d46c37f62a0 - - - - -] Creating RPC server for service conductor start /usr/lib/python3/dist-packages/nova/service.py:182
2026-04-09 00:39:12.670 153197 DEBUG oslo_service.service [req-fde654a5-a13b-4d87-8dfc-eea68409d082 - - - - -] pointer_model = usbtablet log_opt_values /usr/lib/python3/dist-packages/oslo_config/cfg.py:2602
2026-04-09 00:39:12.671 153197 DEBUG oslo_service.service [req-fde654a5-a13b-4d87-8dfc-eea68409d082 - - - - -] preallocate_images = none log_opt_values /usr/lib/python3/dist-packages/oslo_config/cfg.py:2602
2026-04-09 00:39:12.671 153197 DEBUG oslo_service.service [req-fde654a5-a13b-4d87-8dfc-eea68409d082 - - - - -] publish_errors = False log_opt_values /usr/lib/python3/dist-packages/oslo_config/cfg.py:2602
2026-04-09 00:39:12.671 153197 DEBUG oslo_service.service [req-fde654a5-a13b-4d87-8dfc-eea68409d082 - - - - -] pybasedir = /usr/lib/python3/dist-packages log_opt_values /usr/lib/python3/dist-packages/oslo_config/cfg.py:2602
2026-04-09 00:39:12.671 153197 DEBUG oslo_service.service [req-fde654a5-a13b-4d87-8dfc-eea68409d082 - - - - -] ram_allocation_ratio = 0.98 log_opt_values /usr/lib/python3/dist-packages/oslo_config/cfg.py:2602
2026-04-09 00:39:12.672 153197 DEBUG oslo_service.service [req-fde654a5-a13b-4d87-8dfc-eea68409d082 - - - - -] rate_limit_burst = 0 log_opt_values /usr/lib/python3/dist-packages/oslo_config/cfg.py:2602
2026-04-09 00:39:12.672 153197 DEBUG oslo_service.service [req-fde654a5-a13b-4d87-8dfc-eea68409d082 - - - - -] rate_limit_except_level = CRITICAL log_opt_values /usr/lib/python3/dist-packages/oslo_config/cfg.py:2602
2026-04-09 00:39:12.672 153197 DEBUG oslo_service.service [req-fde654a5-a13b-4d87-8dfc-eea68409d082 - - - - -] rate_limit_interval = 0 log_opt_values /usr/lib/python3/dist-packages/oslo_config/cfg.py:2602
2026-04-09 00:39:12.672 153197 DEBUG oslo_service.service [req-fde654a5-a13b-4d87-8dfc-eea68409d082 - - - - -] reboot_timeout = 0 log_opt_values /usr/lib/python3/dist-packages/oslo_config/cfg.py:2602
2026-04-09 00:39:12.673 153197 DEBUG oslo_service.service [req-fde654a5-a13b-4d87-8dfc-eea68409d082 - - - - -] reclaim_instance_interval = 0 log_opt_values /usr/lib/python3/dist-packages/oslo_config/cfg.py:2602
2026-04-09 00:39:12.673 153197 DEBUG oslo_service.service [req-fde654a5-a13b-4d87-8dfc-eea68409d082 - - - - -] record = None log_opt_values /usr/lib/python3/dist-packages/oslo_config/cfg.py:2602
2026-04-09 00:39:12.673 153197 DEBUG oslo_service.service [req-fde654a5-a13b-4d87-8dfc-eea68409d082 - - - - -] report_interval = 10 log_opt_values /usr/lib/python3/dist-packages/oslo_config/cfg.py:2602
2026-04-09 00:39:12.673 153197 DEBUG oslo_service.service [req-fde654a5-a13b-4d87-8dfc-eea68409d082 - - - - -] rescue_timeout = 0 log_opt_values /usr/lib/python3/dist-packages/oslo_config/cfg.py:2602
2026-04-09 00:39:12.674 153197 DEBUG oslo_service.service [req-fde654a5-a13b-4d87-8dfc-eea68409d082 - - - - -] reserved_host_cpus = 0 log_opt_values /usr/lib/python3/dist-packages/oslo_config/cfg.py:2602
2026-04-09 00:39:12.674 153197 DEBUG oslo_service.service [req-fde654a5-a13b-4d87-8dfc-eea68409d082 - - - - -] reserved_host_disk_mb = 0 log_opt_values /usr/lib/python3/dist-packages/oslo_config/cfg.py:2602
2026-04-09 00:39:12.674 153197 DEBUG oslo_service.service [req-fde654a5-a13b-4d87-8dfc-eea68409d082 - - - - -] reserved_host_memory_mb = 512 log_opt_values /usr/lib/python3/dist-packages/oslo_config/cfg.py:2602
2026-04-09 00:39:12.674 153197 DEBUG oslo_service.service [req-fde654a5-a13b-4d87-8dfc-eea68409d082 - - - - -] reserved_huge_pages = None log_opt_values /usr/lib/python3/dist-packages/oslo_config/cfg.py:2602
2026-04-09 00:39:12.675 153197 DEBUG oslo_service.service [req-fde654a5-a13b-4d87-8dfc-eea68409d082 - - - - -] resize_confirm_window = 0 log_opt_values /usr/lib/python3/dist-packages/oslo_config/cfg.py:2602
2026-04-09 00:39:12.675 153197 DEBUG oslo_service.service [req-fde654a5-a13b-4d87-8dfc-eea68409d082 - - - - -] resize_fs_using_block_device = False log_opt_values /usr/lib/python3/dist-packages/oslo_config/cfg.py:2602
2026-04-09 00:39:12.675 153197 DEBUG oslo_service.service [req-fde654a5-a13b-4d87-8dfc-eea68409d082 - - - - -] resume_guests_state_on_host_boot = False log_opt_values /usr/lib/python3/dist-packages/oslo_config/cfg.py:2602
2026-04-09 00:39:12.675 153589 DEBUG nova.service [req-df39f694-338e-4c7f-a7e1-b3b3e6f18fc8 - - - - -] Creating RPC server for service conductor start /usr/lib/python3/dist-packages/nova/service.py:182
2026-04-09 00:39:12.675 153197 DEBUG oslo_service.service [req-fde654a5-a13b-4d87-8dfc-eea68409d082 - - - - -] rootwrap_config = /etc/nova/rootwrap.conf log_opt_values /usr/lib/python3/dist-packages/oslo_config/cfg.py:2602
2026-04-09 00:39:12.675 153197 DEBUG oslo_service.service [req-fde654a5-a13b-4d87-8dfc-eea68409d082 - - - - -] rpc_response_timeout = 60 log_opt_values /usr/lib/python3/dist-packages/oslo_config/cfg.py:2602
2026-04-09 00:39:12.676 153197 DEBUG oslo_service.service [req-fde654a5-a13b-4d87-8dfc-eea68409d082 - - - - -] run_external_periodic_tasks = True log_opt_values /usr/lib/python3/dist-packages/oslo_config/cfg.py:2602
2026-04-09 00:39:12.676 153197 DEBUG oslo_service.service [req-fde654a5-a13b-4d87-8dfc-eea68409d082 - - - - -] running_deleted_instance_action = reap log_opt_values /usr/lib/python3/dist-packages/oslo_config/cfg.py:2602
2026-04-09 00:39:12.676 153197 DEBUG oslo_service.service [req-fde654a5-a13b-4d87-8dfc-eea68409d082 - - - - -] running_deleted_instance_poll_interval = 1800 log_opt_values /usr/lib/python3/dist-packages/oslo_config/cfg.py:2602
2026-04-09 00:39:12.677 153197 DEBUG oslo_service.service [req-fde654a5-a13b-4d87-8dfc-eea68409d082 - - - - -] running_deleted_instance_timeout = 0 log_opt_values /usr/lib/python3/dist-packages/oslo_config/cfg.py:2602
2026-04-09 00:39:12.677 153197 DEBUG oslo_service.service [req-fde654a5-a13b-4d87-8dfc-eea68409d082 - - - - -] scheduler_instance_sync_interval = 120 log_opt_values /usr/lib/python3/dist-packages/oslo_config/cfg.py:2602
2026-04-09 00:39:12.677 153197 DEBUG oslo_service.service [req-fde654a5-a13b-4d87-8dfc-eea68409d082 - - - - -] service_down_time = 60 log_opt_values /usr/lib/python3/dist-packages/oslo_config/cfg.py:2602
2026-04-09 00:39:12.677 153197 DEBUG oslo_service.service [req-fde654a5-a13b-4d87-8dfc-eea68409d082 - - - - -] servicegroup_driver = db log_opt_values /usr/lib/python3/dist-packages/oslo_config/cfg.py:2602
2026-04-09 00:39:12.677 153197 DEBUG oslo_service.service [req-fde654a5-a13b-4d87-8dfc-eea68409d082 - - - - -] shelved_offload_time = 0 log_opt_values /usr/lib/python3/dist-packages/oslo_config/cfg.py:2602
2026-04-09 00:39:12.678 153197 DEBUG oslo_service.service [req-fde654a5-a13b-4d87-8dfc-eea68409d082 - - - - -] shelved_poll_interval = 3600 log_opt_values /usr/lib/python3/dist-packages/oslo_config/cfg.py:2602
2026-04-09 00:39:12.678 153197 DEBUG oslo_service.service [req-fde654a5-a13b-4d87-8dfc-eea68409d082 - - - - -] shutdown_timeout = 60 log_opt_values /usr/lib/python3/dist-packages/oslo_config/cfg.py:2602
2026-04-09 00:39:12.678 153197 DEBUG oslo_service.service [req-fde654a5-a13b-4d87-8dfc-eea68409d082 - - - - -] source_is_ipv6 = False log_opt_values /usr/lib/python3/dist-packages/oslo_config/cfg.py:2602
2026-04-09 00:39:12.678 153197 DEBUG oslo_service.service [req-fde654a5-a13b-4d87-8dfc-eea68409d082 - - - - -] ssl_only = False log_opt_values /usr/lib/python3/dist-packages/oslo_config/cfg.py:2602
2026-04-09 00:39:12.678 153590 DEBUG nova.service [req-778c6b58-5791-4363-b9ae-a64d612d13fc - - - - -] Creating RPC server for service conductor start /usr/lib/python3/dist-packages/nova/service.py:182
2026-04-09 00:39:12.679 153197 DEBUG oslo_service.service [req-fde654a5-a13b-4d87-8dfc-eea68409d082 - - - - -] state_path = /var/lib/nova log_opt_values /usr/lib/python3/dist-packages/oslo_config/cfg.py:2602
2026-04-09 00:39:12.679 153197 DEBUG oslo_service.service [req-fde654a5-a13b-4d87-8dfc-eea68409d082 - - - - -] sync_power_state_interval = 600 log_opt_values /usr/lib/python3/dist-packages/oslo_config/cfg.py:2602
2026-04-09 00:39:12.679 153197 DEBUG oslo_service.service [req-fde654a5-a13b-4d87-8dfc-eea68409d082 - - - - -] sync_power_state_pool_size = 1000 log_opt_values /usr/lib/python3/dist-packages/oslo_config/cfg.py:2602
2026-04-09 00:39:12.679 153197 DEBUG oslo_service.service [req-fde654a5-a13b-4d87-8dfc-eea68409d082 - - - - -] syslog_log_facility = LOG_USER log_opt_values /usr/lib/python3/dist-packages/oslo_config/cfg.py:2602
2026-04-09 00:39:12.679 153197 DEBUG oslo_service.service [req-fde654a5-a13b-4d87-8dfc-eea68409d082 - - - - -] tempdir = None log_opt_values /usr/lib/python3/dist-packages/oslo_config/cfg.py:2602
2026-04-09 00:39:12.680 153197 DEBUG oslo_service.service [req-fde654a5-a13b-4d87-8dfc-eea68409d082 - - - - -] timeout_nbd = 10 log_opt_values /usr/lib/python3/dist-packages/oslo_config/cfg.py:2602
2026-04-09 00:39:12.680 153197 DEBUG oslo_service.service [req-fde654a5-a13b-4d87-8dfc-eea68409d082 - - - - -] transport_url = **** log_opt_values /usr/lib/python3/dist-packages/oslo_config/cfg.py:2602
2026-04-09 00:39:12.680 153197 DEBUG oslo_service.service [req-fde654a5-a13b-4d87-8dfc-eea68409d082 - - - - -] update_resources_interval = 0 log_opt_values /usr/lib/python3/dist-packages/oslo_config/cfg.py:2602
2026-04-09 00:39:12.680 153197 DEBUG oslo_service.service [req-fde654a5-a13b-4d87-8dfc-eea68409d082 - - - - -] use_cow_images = True log_opt_values /usr/lib/python3/dist-packages/oslo_config/cfg.py:2602
2026-04-09 00:39:12.680 153197 DEBUG oslo_service.service [req-fde654a5-a13b-4d87-8dfc-eea68409d082 - - - - -] use_eventlog = False log_opt_values /usr/lib/python3/dist-packages/oslo_config/cfg.py:2602
2026-04-09 00:39:12.680 153197 DEBUG oslo_service.service [req-fde654a5-a13b-4d87-8dfc-eea68409d082 - - - - -] use_journal = False log_opt_values /usr/lib/python3/dist-packages/oslo_config/cfg.py:2602
2026-04-09 00:39:12.681 153197 DEBUG oslo_service.service [req-fde654a5-a13b-4d87-8dfc-eea68409d082 - - - - -] use_json = False log_opt_values /usr/lib/python3/dist-packages/oslo_config/cfg.py:2602
2026-04-09 00:39:12.681 153197 DEBUG oslo_service.service [req-fde654a5-a13b-4d87-8dfc-eea68409d082 - - - - -] use_rootwrap_daemon = False log_opt_values /usr/lib/python3/dist-packages/oslo_config/cfg.py:2602
2026-04-09 00:39:12.681 153197 DEBUG oslo_service.service [req-fde654a5-a13b-4d87-8dfc-eea68409d082 - - - - -] use_stderr = False log_opt_values /usr/lib/python3/dist-packages/oslo_config/cfg.py:2602
2026-04-09 00:39:12.681 153197 DEBUG oslo_service.service [req-fde654a5-a13b-4d87-8dfc-eea68409d082 - - - - -] use_syslog = False log_opt_values /usr/lib/python3/dist-packages/oslo_config/cfg.py:2602
2026-04-09 00:39:12.681 153197 DEBUG oslo_service.service [req-fde654a5-a13b-4d87-8dfc-eea68409d082 - - - - -] vcpu_pin_set = None log_opt_values /usr/lib/python3/dist-packages/oslo_config/cfg.py:2602
2026-04-09 00:39:12.682 153197 DEBUG oslo_service.service [req-fde654a5-a13b-4d87-8dfc-eea68409d082 - - - - -] vif_plugging_is_fatal = True log_opt_values /usr/lib/python3/dist-packages/oslo_config/cfg.py:2602
2026-04-09 00:39:12.682 153197 DEBUG oslo_service.service [req-fde654a5-a13b-4d87-8dfc-eea68409d082 - - - - -] vif_plugging_timeout = 300 log_opt_values /usr/lib/python3/dist-packages/oslo_config/cfg.py:2602
2026-04-09 00:39:12.682 153197 DEBUG oslo_service.service [req-fde654a5-a13b-4d87-8dfc-eea68409d082 - - - - -] virt_mkfs = [] log_opt_values /usr/lib/python3/dist-packages/oslo_config/cfg.py:2602
2026-04-09 00:39:12.682 153197 DEBUG oslo_service.service [req-fde654a5-a13b-4d87-8dfc-eea68409d082 - - - - -] volume_usage_poll_interval = 0 log_opt_values /usr/lib/python3/dist-packages/oslo_config/cfg.py:2602
2026-04-09 00:39:12.683 153197 DEBUG oslo_service.service [req-fde654a5-a13b-4d87-8dfc-eea68409d082 - - - - -] watch_log_file = False log_opt_values /usr/lib/python3/dist-packages/oslo_config/cfg.py:2602
2026-04-09 00:39:12.683 153197 DEBUG oslo_service.service [req-fde654a5-a13b-4d87-8dfc-eea68409d082 - - - - -] web = /usr/share/spice-html5 log_opt_values /usr/lib/python3/dist-packages/oslo_config/cfg.py:2602
2026-04-09 00:39:12.683 153197 DEBUG oslo_service.service [req-fde654a5-a13b-4d87-8dfc-eea68409d082 - - - - -] oslo_concurrency.disable_process_locking = False log_opt_values /usr/lib/python3/dist-packages/oslo_config/cfg.py:2609
2026-04-09 00:39:12.683 153197 DEBUG oslo_service.service [req-fde654a5-a13b-4d87-8dfc-eea68409d082 - - - - -] oslo_concurrency.lock_path = /var/lock/nova log_opt_values /usr/lib/python3/dist-packages/oslo_config/cfg.py:2609
2026-04-09 00:39:12.683 153197 DEBUG oslo_service.service [req-fde654a5-a13b-4d87-8dfc-eea68409d082 - - - - -] oslo_messaging_metrics.metrics_buffer_size = 1000 log_opt_values /usr/lib/python3/dist-packages/oslo_config/cfg.py:2609
2026-04-09 00:39:12.684 153197 DEBUG oslo_service.service [req-fde654a5-a13b-4d87-8dfc-eea68409d082 - - - - -] oslo_messaging_metrics.metrics_enabled = False log_opt_values /usr/lib/python3/dist-packages/oslo_config/cfg.py:2609
2026-04-09 00:39:12.684 153197 DEBUG oslo_service.service [req-fde654a5-a13b-4d87-8dfc-eea68409d082 - - - - -] oslo_messaging_metrics.metrics_process_name = log_opt_values /usr/lib/python3/dist-packages/oslo_config/cfg.py:2609
2026-04-09 00:39:12.684 153197 DEBUG oslo_service.service [req-fde654a5-a13b-4d87-8dfc-eea68409d082 - - - - -] oslo_messaging_metrics.metrics_socket_file = /var/tmp/metrics_collector.sock log_opt_values /usr/lib/python3/dist-packages/oslo_config/cfg.py:2609
2026-04-09 00:39:12.684 153197 DEBUG oslo_service.service [req-fde654a5-a13b-4d87-8dfc-eea68409d082 - - - - -] oslo_messaging_metrics.metrics_thread_stop_timeout = 10 log_opt_values /usr/lib/python3/dist-packages/oslo_config/cfg.py:2609
2026-04-09 00:39:12.684 153197 WARNING oslo_config.cfg [req-fde654a5-a13b-4d87-8dfc-eea68409d082 - - - - -] Deprecated: Option "auth_strategy" from group "api" is deprecated for removal ( The only non-default choice, ``noauth2``, is for internal development and testing purposes only and should not be used in deployments. This option and its middleware, NoAuthMiddleware[V2_18], will be removed in a future release. ). Its value may be silently ignored in the future.
2026-04-09 00:39:12.685 153197 DEBUG oslo_service.service [req-fde654a5-a13b-4d87-8dfc-eea68409d082 - - - - -] api.auth_strategy = keystone log_opt_values /usr/lib/python3/dist-packages/oslo_config/cfg.py:2609
2026-04-09 00:39:12.685 153197 DEBUG oslo_service.service [req-fde654a5-a13b-4d87-8dfc-eea68409d082 - - - - -] api.compute_link_prefix = None log_opt_values /usr/lib/python3/dist-packages/oslo_config/cfg.py:2609
2026-04-09 00:39:12.685 153197 DEBUG oslo_service.service [req-fde654a5-a13b-4d87-8dfc-eea68409d082 - - - - -] api.config_drive_skip_versions = 1.0 2007-01-19 2007-03-01 2007-08-29 2007-10-10 2007-12-15 2008-02-01 2008-09-01 log_opt_values /usr/lib/python3/dist-packages/oslo_config/cfg.py:2609
2026-04-09 00:39:12.686 153197 DEBUG oslo_service.service [req-fde654a5-a13b-4d87-8dfc-eea68409d082 - - - - -] api.dhcp_domain = novalocal log_opt_values /usr/lib/python3/dist-packages/oslo_config/cfg.py:2609
2026-04-09 00:39:12.686 153197 DEBUG oslo_service.service [req-fde654a5-a13b-4d87-8dfc-eea68409d082 - - - - -] api.enable_instance_password = True log_opt_values /usr/lib/python3/dist-packages/oslo_config/cfg.py:2609
2026-04-09 00:39:12.686 153197 DEBUG oslo_service.service [req-fde654a5-a13b-4d87-8dfc-eea68409d082 - - - - -] api.glance_link_prefix = None log_opt_values /usr/lib/python3/dist-packages/oslo_config/cfg.py:2609
2026-04-09 00:39:12.686 153197 DEBUG oslo_service.service [req-fde654a5-a13b-4d87-8dfc-eea68409d082 - - - - -] api.instance_list_cells_batch_fixed_size = 100 log_opt_values /usr/lib/python3/dist-packages/oslo_config/cfg.py:2609
2026-04-09 00:39:12.686 153197 DEBUG oslo_service.service [req-fde654a5-a13b-4d87-8dfc-eea68409d082 - - - - -] api.instance_list_cells_batch_strategy = distributed log_opt_values /usr/lib/python3/dist-packages/oslo_config/cfg.py:2609
2026-04-09 00:39:12.686 153197 DEBUG oslo_service.service [req-fde654a5-a13b-4d87-8dfc-eea68409d082 - - - - -] api.instance_list_per_project_cells = False log_opt_values /usr/lib/python3/dist-packages/oslo_config/cfg.py:2609
2026-04-09 00:39:12.687 153197 DEBUG oslo_service.service [req-fde654a5-a13b-4d87-8dfc-eea68409d082 - - - - -] api.list_records_by_skipping_down_cells = True log_opt_values /usr/lib/python3/dist-packages/oslo_config/cfg.py:2609
2026-04-09 00:39:12.687 153197 DEBUG oslo_service.service [req-fde654a5-a13b-4d87-8dfc-eea68409d082 - - - - -] api.local_metadata_per_cell = False log_opt_values /usr/lib/python3/dist-packages/oslo_config/cfg.py:2609
2026-04-09 00:39:12.687 153197 DEBUG oslo_service.service [req-fde654a5-a13b-4d87-8dfc-eea68409d082 - - - - -] api.max_limit = 1000 log_opt_values /usr/lib/python3/dist-packages/oslo_config/cfg.py:2609
2026-04-09 00:39:12.687 153197 DEBUG oslo_service.service [req-fde654a5-a13b-4d87-8dfc-eea68409d082 - - - - -] api.metadata_cache_expiration = 15 log_opt_values /usr/lib/python3/dist-packages/oslo_config/cfg.py:2609
2026-04-09 00:39:12.687 153197 DEBUG oslo_service.service [req-fde654a5-a13b-4d87-8dfc-eea68409d082 - - - - -] api.neutron_default_tenant_id = default log_opt_values /usr/lib/python3/dist-packages/oslo_config/cfg.py:2609
2026-04-09 00:39:12.687 153197 DEBUG oslo_service.service [req-fde654a5-a13b-4d87-8dfc-eea68409d082 - - - - -] api.use_forwarded_for = False log_opt_values /usr/lib/python3/dist-packages/oslo_config/cfg.py:2609
2026-04-09 00:39:12.688 153197 DEBUG oslo_service.service [req-fde654a5-a13b-4d87-8dfc-eea68409d082 - - - - -] api.use_neutron_default_nets = False log_opt_values /usr/lib/python3/dist-packages/oslo_config/cfg.py:2609
2026-04-09 00:39:12.688 153197 DEBUG oslo_service.service [req-fde654a5-a13b-4d87-8dfc-eea68409d082 - - - - -] api.vendordata_dynamic_connect_timeout = 5 log_opt_values /usr/lib/python3/dist-packages/oslo_config/cfg.py:2609
2026-04-09 00:39:12.688 153197 DEBUG oslo_service.service [req-fde654a5-a13b-4d87-8dfc-eea68409d082 - - - - -] api.vendordata_dynamic_failure_fatal = False log_opt_values /usr/lib/python3/dist-packages/oslo_config/cfg.py:2609
2026-04-09 00:39:12.688 153197 DEBUG oslo_service.service [req-fde654a5-a13b-4d87-8dfc-eea68409d082 - - - - -] api.vendordata_dynamic_read_timeout = 5 log_opt_values /usr/lib/python3/dist-packages/oslo_config/cfg.py:2609
2026-04-09 00:39:12.688 153197 DEBUG oslo_service.service [req-fde654a5-a13b-4d87-8dfc-eea68409d082 - - - - -] api.vendordata_dynamic_ssl_certfile = log_opt_values /usr/lib/python3/dist-packages/oslo_config/cfg.py:2609
2026-04-09 00:39:12.689 153197 DEBUG oslo_service.service [req-fde654a5-a13b-4d87-8dfc-eea68409d082 - - - - -] api.vendordata_dynamic_targets = [] log_opt_values /usr/lib/python3/dist-packages/oslo_config/cfg.py:2609
2026-04-09 00:39:12.689 153197 DEBUG oslo_service.service [req-fde654a5-a13b-4d87-8dfc-eea68409d082 - - - - -] api.vendordata_jsonfile_path = None log_opt_values /usr/lib/python3/dist-packages/oslo_config/cfg.py:2609
2026-04-09 00:39:12.689 153197 DEBUG oslo_service.service [req-fde654a5-a13b-4d87-8dfc-eea68409d082 - - - - -] api.vendordata_providers = ['StaticJSON'] log_opt_values /usr/lib/python3/dist-packages/oslo_config/cfg.py:2609
2026-04-09 00:39:12.690 153197 DEBUG oslo_service.service [req-fde654a5-a13b-4d87-8dfc-eea68409d082 - - - - -] cache.backend = dogpile.cache.null log_opt_values /usr/lib/python3/dist-packages/oslo_config/cfg.py:2609
2026-04-09 00:39:12.690 153197 DEBUG oslo_service.service [req-fde654a5-a13b-4d87-8dfc-eea68409d082 - - - - -] cache.backend_argument = **** log_opt_values /usr/lib/python3/dist-packages/oslo_config/cfg.py:2609
2026-04-09 00:39:12.690 153197 DEBUG oslo_service.service [req-fde654a5-a13b-4d87-8dfc-eea68409d082 - - - - -] cache.config_prefix = cache.oslo log_opt_values /usr/lib/python3/dist-packages/oslo_config/cfg.py:2609
2026-04-09 00:39:12.691 153197 DEBUG oslo_service.service [req-fde654a5-a13b-4d87-8dfc-eea68409d082 - - - - -] cache.debug_cache_backend = False log_opt_values /usr/lib/python3/dist-packages/oslo_config/cfg.py:2609
2026-04-09 00:39:12.691 153197 DEBUG oslo_service.service [req-fde654a5-a13b-4d87-8dfc-eea68409d082 - - - - -] cache.enabled = False log_opt_values /usr/lib/python3/dist-packages/oslo_config/cfg.py:2609
2026-04-09 00:39:12.691 153197 DEBUG oslo_service.service [req-fde654a5-a13b-4d87-8dfc-eea68409d082 - - - - -] cache.expiration_time = 600 log_opt_values /usr/lib/python3/dist-packages/oslo_config/cfg.py:2609
2026-04-09 00:39:12.691 153197 DEBUG oslo_service.service [req-fde654a5-a13b-4d87-8dfc-eea68409d082 - - - - -] cache.memcache_dead_retry = 300 log_opt_values /usr/lib/python3/dist-packages/oslo_config/cfg.py:2609
2026-04-09 00:39:12.691 153197 DEBUG oslo_service.service [req-fde654a5-a13b-4d87-8dfc-eea68409d082 - - - - -] cache.memcache_pool_connection_get_timeout = 10 log_opt_values /usr/lib/python3/dist-packages/oslo_config/cfg.py:2609
2026-04-09 00:39:12.691 153197 DEBUG oslo_service.service [req-fde654a5-a13b-4d87-8dfc-eea68409d082 - - - - -] cache.memcache_pool_flush_on_reconnect = False log_opt_values /usr/lib/python3/dist-packages/oslo_config/cfg.py:2609
2026-04-09 00:39:12.692 153197 DEBUG oslo_service.service [req-fde654a5-a13b-4d87-8dfc-eea68409d082 - - - - -] cache.memcache_pool_maxsize = 10 log_opt_values /usr/lib/python3/dist-packages/oslo_config/cfg.py:2609
2026-04-09 00:39:12.692 153197 DEBUG oslo_service.service [req-fde654a5-a13b-4d87-8dfc-eea68409d082 - - - - -] cache.memcache_pool_unused_timeout = 60 log_opt_values /usr/lib/python3/dist-packages/oslo_config/cfg.py:2609
2026-04-09 00:39:12.692 153197 DEBUG oslo_service.service [req-fde654a5-a13b-4d87-8dfc-eea68409d082 - - - - -] cache.memcache_servers = ['localhost:11211'] log_opt_values /usr/lib/python3/dist-packages/oslo_config/cfg.py:2609
2026-04-09 00:39:12.692 153197 DEBUG oslo_service.service [req-fde654a5-a13b-4d87-8dfc-eea68409d082 - - - - -] cache.memcache_socket_timeout = 1.0 log_opt_values /usr/lib/python3/dist-packages/oslo_config/cfg.py:2609
2026-04-09 00:39:12.692 153197 DEBUG oslo_service.service [req-fde654a5-a13b-4d87-8dfc-eea68409d082 - - - - -] cache.proxies = [] log_opt_values /usr/lib/python3/dist-packages/oslo_config/cfg.py:2609
2026-04-09 00:39:12.693 153197 DEBUG oslo_service.service [req-fde654a5-a13b-4d87-8dfc-eea68409d082 - - - - -] cache.tls_allowed_ciphers = None log_opt_values /usr/lib/python3/dist-packages/oslo_config/cfg.py:2609
2026-04-09 00:39:12.693 153197 DEBUG oslo_service.service [req-fde654a5-a13b-4d87-8dfc-eea68409d082 - - - - -] cache.tls_cafile = None log_opt_values /usr/lib/python3/dist-packages/oslo_config/cfg.py:2609
2026-04-09 00:39:12.693 153197 DEBUG oslo_service.service [req-fde654a5-a13b-4d87-8dfc-eea68409d082 - - - - -] cache.tls_certfile = None log_opt_values /usr/lib/python3/dist-packages/oslo_config/cfg.py:2609
2026-04-09 00:39:12.693 153197 DEBUG oslo_service.service [req-fde654a5-a13b-4d87-8dfc-eea68409d082 - - - - -] cache.tls_enabled = False log_opt_values /usr/lib/python3/dist-packages/oslo_config/cfg.py:2609
2026-04-09 00:39:12.693 153197 DEBUG oslo_service.service [req-fde654a5-a13b-4d87-8dfc-eea68409d082 - - - - -] cache.tls_keyfile = None log_opt_values /usr/lib/python3/dist-packages/oslo_config/cfg.py:2609
2026-04-09 00:39:12.693 153197 DEBUG oslo_service.service [req-fde654a5-a13b-4d87-8dfc-eea68409d082 - - - - -] cinder.auth_section = None log_opt_values /usr/lib/python3/dist-packages/oslo_config/cfg.py:2609
2026-04-09 00:39:12.694 153197 DEBUG oslo_service.service [req-fde654a5-a13b-4d87-8dfc-eea68409d082 - - - - -] cinder.auth_type = None log_opt_values /usr/lib/python3/dist-packages/oslo_config/cfg.py:2609
2026-04-09 00:39:12.694 153197 DEBUG oslo_service.service [req-fde654a5-a13b-4d87-8dfc-eea68409d082 - - - - -] cinder.cafile = None log_opt_values /usr/lib/python3/dist-packages/oslo_config/cfg.py:2609
2026-04-09 00:39:12.695 153197 DEBUG oslo_service.service [req-fde654a5-a13b-4d87-8dfc-eea68409d082 - - - - -] cinder.catalog_info = volumev3::publicURL log_opt_values /usr/lib/python3/dist-packages/oslo_config/cfg.py:2609
2026-04-09 00:39:12.695 153197 DEBUG oslo_service.service [req-fde654a5-a13b-4d87-8dfc-eea68409d082 - - - - -] cinder.certfile = None log_opt_values /usr/lib/python3/dist-packages/oslo_config/cfg.py:2609
2026-04-09 00:39:12.698 153197 DEBUG oslo_service.service [req-fde654a5-a13b-4d87-8dfc-eea68409d082 - - - - -] cinder.collect_timing = False log_opt_values /usr/lib/python3/dist-packages/oslo_config/cfg.py:2609
2026-04-09 00:39:12.699 153197 DEBUG oslo_service.service [req-fde654a5-a13b-4d87-8dfc-eea68409d082 - - - - -] cinder.cross_az_attach = True log_opt_values /usr/lib/python3/dist-packages/oslo_config/cfg.py:2609
2026-04-09 00:39:12.700 153197 DEBUG oslo_service.service [req-fde654a5-a13b-4d87-8dfc-eea68409d082 - - - - -] cinder.debug = False log_opt_values /usr/lib/python3/dist-packages/oslo_config/cfg.py:2609
2026-04-09 00:39:12.700 153197 DEBUG oslo_service.service [req-fde654a5-a13b-4d87-8dfc-eea68409d082 - - - - -] cinder.endpoint_template = None log_opt_values /usr/lib/python3/dist-packages/oslo_config/cfg.py:2609
2026-04-09 00:39:12.700 153197 DEBUG oslo_service.service [req-fde654a5-a13b-4d87-8dfc-eea68409d082 - - - - -] cinder.http_retries = 3 log_opt_values /usr/lib/python3/dist-packages/oslo_config/cfg.py:2609
2026-04-09 00:39:12.701 153197 DEBUG oslo_service.service [req-fde654a5-a13b-4d87-8dfc-eea68409d082 - - - - -] cinder.insecure = False log_opt_values /usr/lib/python3/dist-packages/oslo_config/cfg.py:2609
2026-04-09 00:39:12.702 153197 DEBUG oslo_service.service [req-fde654a5-a13b-4d87-8dfc-eea68409d082 - - - - -] cinder.keyfile = None log_opt_values /usr/lib/python3/dist-packages/oslo_config/cfg.py:2609
2026-04-09 00:39:12.702 153197 DEBUG oslo_service.service [req-fde654a5-a13b-4d87-8dfc-eea68409d082 - - - - -] cinder.os_region_name = None log_opt_values /usr/lib/python3/dist-packages/oslo_config/cfg.py:2609
2026-04-09 00:39:12.702 153197 DEBUG oslo_service.service [req-fde654a5-a13b-4d87-8dfc-eea68409d082 - - - - -] cinder.split_loggers = False log_opt_values /usr/lib/python3/dist-packages/oslo_config/cfg.py:2609
2026-04-09 00:39:12.702 153589 DEBUG oslo_messaging._drivers.amqpdriver [-] Listener is running poll /usr/lib/python3/dist-packages/oslo_messaging/_drivers/amqpdriver.py:343
2026-04-09 00:39:12.703 153197 DEBUG oslo_service.service [req-fde654a5-a13b-4d87-8dfc-eea68409d082 - - - - -] cinder.timeout = None log_opt_values /usr/lib/python3/dist-packages/oslo_config/cfg.py:2609
2026-04-09 00:39:12.703 153197 DEBUG oslo_service.service [req-fde654a5-a13b-4d87-8dfc-eea68409d082 - - - - -] compute.consecutive_build_service_disable_threshold = 10 log_opt_values /usr/lib/python3/dist-packages/oslo_config/cfg.py:2609
2026-04-09 00:39:12.703 153589 DEBUG oslo_messaging._drivers.amqpdriver [-] AMQPListener connection consume poll /usr/lib/python3/dist-packages/oslo_messaging/_drivers/amqpdriver.py:357
2026-04-09 00:39:12.704 153197 DEBUG oslo_service.service [req-fde654a5-a13b-4d87-8dfc-eea68409d082 - - - - -] compute.cpu_dedicated_set = None log_opt_values /usr/lib/python3/dist-packages/oslo_config/cfg.py:2609
2026-04-09 00:39:12.704 153197 DEBUG oslo_service.service [req-fde654a5-a13b-4d87-8dfc-eea68409d082 - - - - -] compute.cpu_shared_set = None log_opt_values /usr/lib/python3/dist-packages/oslo_config/cfg.py:2609
2026-04-09 00:39:12.704 153197 DEBUG oslo_service.service [req-fde654a5-a13b-4d87-8dfc-eea68409d082 - - - - -] compute.image_type_exclude_list = [] log_opt_values /usr/lib/python3/dist-packages/oslo_config/cfg.py:2609
2026-04-09 00:39:12.705 153197 DEBUG oslo_service.service [req-fde654a5-a13b-4d87-8dfc-eea68409d082 - - - - -] compute.live_migration_wait_for_vif_plug = True log_opt_values /usr/lib/python3/dist-packages/oslo_config/cfg.py:2609
2026-04-09 00:39:12.705 153197 DEBUG oslo_service.service [req-fde654a5-a13b-4d87-8dfc-eea68409d082 - - - - -] compute.max_concurrent_disk_ops = 0 log_opt_values /usr/lib/python3/dist-packages/oslo_config/cfg.py:2609
2026-04-09 00:39:12.705 153197 DEBUG oslo_service.service [req-fde654a5-a13b-4d87-8dfc-eea68409d082 - - - - -] compute.max_disk_devices_to_attach = -1 log_opt_values /usr/lib/python3/dist-packages/oslo_config/cfg.py:2609
2026-04-09 00:39:12.705 153589 DEBUG nova.service [req-df39f694-338e-4c7f-a7e1-b3b3e6f18fc8 - - - - -] Join ServiceGroup membership for this service conductor start /usr/lib/python3/dist-packages/nova/service.py:199
2026-04-09 00:39:12.705 153197 DEBUG oslo_service.service [req-fde654a5-a13b-4d87-8dfc-eea68409d082 - - - - -] compute.packing_host_numa_cells_allocation_strategy = True log_opt_values /usr/lib/python3/dist-packages/oslo_config/cfg.py:2609
2026-04-09 00:39:12.705 153589 DEBUG nova.servicegroup.drivers.db [req-df39f694-338e-4c7f-a7e1-b3b3e6f18fc8 - - - - -] DB_Driver: join new ServiceGroup member juju-bcfe63-0-lxd-7 to the conductor group, service = join /usr/lib/python3/dist-packages/nova/servicegroup/drivers/db.py:44
2026-04-09 00:39:12.706 153197 DEBUG oslo_service.service [req-fde654a5-a13b-4d87-8dfc-eea68409d082 - - - - -] compute.provider_config_location = /etc/nova/provider_config/ log_opt_values /usr/lib/python3/dist-packages/oslo_config/cfg.py:2609
2026-04-09 00:39:12.706 153197 DEBUG oslo_service.service [req-fde654a5-a13b-4d87-8dfc-eea68409d082 - - - - -] compute.resource_provider_association_refresh = 300 log_opt_values /usr/lib/python3/dist-packages/oslo_config/cfg.py:2609
2026-04-09 00:39:12.708 153197 DEBUG oslo_service.service [req-fde654a5-a13b-4d87-8dfc-eea68409d082 - - - - -] compute.shutdown_retry_interval = 10 log_opt_values /usr/lib/python3/dist-packages/oslo_config/cfg.py:2609
2026-04-09 00:39:12.708 153197 DEBUG oslo_service.service [req-fde654a5-a13b-4d87-8dfc-eea68409d082 - - - - -] compute.vmdk_allowed_types = ['streamOptimized', 'monolithicSparse'] log_opt_values /usr/lib/python3/dist-packages/oslo_config/cfg.py:2609
2026-04-09 00:39:12.709 153197 DEBUG oslo_service.service [req-fde654a5-a13b-4d87-8dfc-eea68409d082 - - - - -] conductor.workers = 4 log_opt_values /usr/lib/python3/dist-packages/oslo_config/cfg.py:2609
2026-04-09 00:39:12.709 153197 DEBUG oslo_service.service [req-fde654a5-a13b-4d87-8dfc-eea68409d082 - - - - -] console.allowed_origins = [] log_opt_values /usr/lib/python3/dist-packages/oslo_config/cfg.py:2609
2026-04-09 00:39:12.709 153590 DEBUG oslo_messaging._drivers.amqpdriver [-] Listener is running poll /usr/lib/python3/dist-packages/oslo_messaging/_drivers/amqpdriver.py:343
2026-04-09 00:39:12.709 153197 DEBUG oslo_service.service [req-fde654a5-a13b-4d87-8dfc-eea68409d082 - - - - -] console.ssl_ciphers = None log_opt_values /usr/lib/python3/dist-packages/oslo_config/cfg.py:2609
2026-04-09 00:39:12.709 153590 DEBUG oslo_messaging._drivers.amqpdriver [-] AMQPListener connection consume poll /usr/lib/python3/dist-packages/oslo_messaging/_drivers/amqpdriver.py:357
2026-04-09 00:39:12.709 153197 DEBUG oslo_service.service [req-fde654a5-a13b-4d87-8dfc-eea68409d082 - - - - -] console.ssl_minimum_version = default log_opt_values /usr/lib/python3/dist-packages/oslo_config/cfg.py:2609
2026-04-09 00:39:12.710 153197 DEBUG oslo_service.service [req-fde654a5-a13b-4d87-8dfc-eea68409d082 - - - - -] consoleauth.token_ttl = 600 log_opt_values /usr/lib/python3/dist-packages/oslo_config/cfg.py:2609
2026-04-09 00:39:12.710 153590 DEBUG nova.service [req-778c6b58-5791-4363-b9ae-a64d612d13fc - - - - -] Join ServiceGroup membership for this service conductor start /usr/lib/python3/dist-packages/nova/service.py:199
2026-04-09 00:39:12.711 153590 DEBUG nova.servicegroup.drivers.db [req-778c6b58-5791-4363-b9ae-a64d612d13fc - - - - -] DB_Driver: join new ServiceGroup member juju-bcfe63-0-lxd-7 to the conductor group, service = join /usr/lib/python3/dist-packages/nova/servicegroup/drivers/db.py:44
2026-04-09 00:39:12.710 153197 DEBUG oslo_service.service [req-fde654a5-a13b-4d87-8dfc-eea68409d082 - - - - -] cyborg.cafile = None log_opt_values /usr/lib/python3/dist-packages/oslo_config/cfg.py:2609
2026-04-09 00:39:12.711 153197 DEBUG oslo_service.service [req-fde654a5-a13b-4d87-8dfc-eea68409d082 - - - - -] cyborg.certfile = None log_opt_values /usr/lib/python3/dist-packages/oslo_config/cfg.py:2609
2026-04-09 00:39:12.711 153197 DEBUG oslo_service.service [req-fde654a5-a13b-4d87-8dfc-eea68409d082 - - - - -] cyborg.collect_timing = False log_opt_values /usr/lib/python3/dist-packages/oslo_config/cfg.py:2609
2026-04-09 00:39:12.711 153197 DEBUG oslo_service.service [req-fde654a5-a13b-4d87-8dfc-eea68409d082 - - - - -] cyborg.connect_retries = None log_opt_values /usr/lib/python3/dist-packages/oslo_config/cfg.py:2609
2026-04-09 00:39:12.712 153589 DEBUG oslo_messaging._drivers.amqpdriver [-] AMQPListener connection timeout poll /usr/lib/python3/dist-packages/oslo_messaging/_drivers/amqpdriver.py:360
2026-04-09 00:39:12.712 153197 DEBUG oslo_service.service [req-fde654a5-a13b-4d87-8dfc-eea68409d082 - - - - -] cyborg.connect_retry_delay = None log_opt_values /usr/lib/python3/dist-packages/oslo_config/cfg.py:2609
2026-04-09 00:39:12.712 153589 DEBUG oslo_messaging._drivers.amqpdriver [-] Listener is running poll /usr/lib/python3/dist-packages/oslo_messaging/_drivers/amqpdriver.py:343
2026-04-09 00:39:12.712 153197 DEBUG oslo_service.service [req-fde654a5-a13b-4d87-8dfc-eea68409d082 - - - - -] cyborg.endpoint_override = None log_opt_values /usr/lib/python3/dist-packages/oslo_config/cfg.py:2609
2026-04-09 00:39:12.712 153589 DEBUG oslo_messaging._drivers.amqpdriver [-] AMQPListener connection consume poll /usr/lib/python3/dist-packages/oslo_messaging/_drivers/amqpdriver.py:357
2026-04-09 00:39:12.712 153197 DEBUG oslo_service.service [req-fde654a5-a13b-4d87-8dfc-eea68409d082 - - - - -] cyborg.insecure = False log_opt_values /usr/lib/python3/dist-packages/oslo_config/cfg.py:2609
2026-04-09 00:39:12.712 153197 DEBUG oslo_service.service [req-fde654a5-a13b-4d87-8dfc-eea68409d082 - - - - -] cyborg.keyfile = None log_opt_values /usr/lib/python3/dist-packages/oslo_config/cfg.py:2609
2026-04-09 00:39:12.713 153197 DEBUG oslo_service.service [req-fde654a5-a13b-4d87-8dfc-eea68409d082 - - - - -] cyborg.max_version = None log_opt_values /usr/lib/python3/dist-packages/oslo_config/cfg.py:2609
2026-04-09 00:39:12.712 153588 DEBUG oslo_messaging._drivers.amqpdriver [-] Listener is running poll /usr/lib/python3/dist-packages/oslo_messaging/_drivers/amqpdriver.py:343
2026-04-09 00:39:12.713 153197 DEBUG oslo_service.service [req-fde654a5-a13b-4d87-8dfc-eea68409d082 - - - - -] cyborg.min_version = None log_opt_values /usr/lib/python3/dist-packages/oslo_config/cfg.py:2609
2026-04-09 00:39:12.713 153588 DEBUG oslo_messaging._drivers.amqpdriver [-] AMQPListener connection consume poll /usr/lib/python3/dist-packages/oslo_messaging/_drivers/amqpdriver.py:357
2026-04-09 00:39:12.713 153197 DEBUG oslo_service.service [req-fde654a5-a13b-4d87-8dfc-eea68409d082 - - - - -] cyborg.region_name = None log_opt_values /usr/lib/python3/dist-packages/oslo_config/cfg.py:2609
2026-04-09 00:39:12.713 153197 DEBUG oslo_service.service [req-fde654a5-a13b-4d87-8dfc-eea68409d082 - - - - -] cyborg.service_name = None log_opt_values /usr/lib/python3/dist-packages/oslo_config/cfg.py:2609
2026-04-09 00:39:12.713 153197 DEBUG oslo_service.service [req-fde654a5-a13b-4d87-8dfc-eea68409d082 - - - - -] cyborg.service_type = accelerator log_opt_values /usr/lib/python3/dist-packages/oslo_config/cfg.py:2609
2026-04-09 00:39:12.714 153197 DEBUG oslo_service.service [req-fde654a5-a13b-4d87-8dfc-eea68409d082 - - - - -] cyborg.split_loggers = False log_opt_values /usr/lib/python3/dist-packages/oslo_config/cfg.py:2609
2026-04-09 00:39:12.714 153197 DEBUG oslo_service.service [req-fde654a5-a13b-4d87-8dfc-eea68409d082 - - - - -] cyborg.status_code_retries = None log_opt_values /usr/lib/python3/dist-packages/oslo_config/cfg.py:2609
2026-04-09 00:39:12.714 153197 DEBUG oslo_service.service [req-fde654a5-a13b-4d87-8dfc-eea68409d082 - - - - -] cyborg.status_code_retry_delay = None log_opt_values /usr/lib/python3/dist-packages/oslo_config/cfg.py:2609
2026-04-09 00:39:12.714 153590 DEBUG oslo_messaging._drivers.amqpdriver [-] AMQPListener connection timeout poll /usr/lib/python3/dist-packages/oslo_messaging/_drivers/amqpdriver.py:360
2026-04-09 00:39:12.714 153197 DEBUG oslo_service.service [req-fde654a5-a13b-4d87-8dfc-eea68409d082 - - - - -] cyborg.timeout = None log_opt_values /usr/lib/python3/dist-packages/oslo_config/cfg.py:2609
2026-04-09 00:39:12.714 153590 DEBUG oslo_messaging._drivers.amqpdriver [-] Listener is running poll /usr/lib/python3/dist-packages/oslo_messaging/_drivers/amqpdriver.py:343
2026-04-09 00:39:12.714 153590 DEBUG oslo_messaging._drivers.amqpdriver [-] AMQPListener connection consume poll /usr/lib/python3/dist-packages/oslo_messaging/_drivers/amqpdriver.py:357
2026-04-09 00:39:12.714 153197 DEBUG oslo_service.service [req-fde654a5-a13b-4d87-8dfc-eea68409d082 - - - - -] cyborg.valid_interfaces = ['internal', 'public'] log_opt_values /usr/lib/python3/dist-packages/oslo_config/cfg.py:2609
2026-04-09 00:39:12.714 153588 DEBUG nova.service [req-0ac095cd-f188-4688-b063-8d46c37f62a0 - - - - -] Join ServiceGroup membership for this service conductor start /usr/lib/python3/dist-packages/nova/service.py:199
2026-04-09 00:39:12.714 153197 DEBUG oslo_service.service [req-fde654a5-a13b-4d87-8dfc-eea68409d082 - - - - -] cyborg.version = None log_opt_values /usr/lib/python3/dist-packages/oslo_config/cfg.py:2609
2026-04-09 00:39:12.715 153197 DEBUG oslo_service.service [req-fde654a5-a13b-4d87-8dfc-eea68409d082 - - - - -] database.backend = sqlalchemy log_opt_values /usr/lib/python3/dist-packages/oslo_config/cfg.py:2609
2026-04-09 00:39:12.715 153588 DEBUG nova.servicegroup.drivers.db [req-0ac095cd-f188-4688-b063-8d46c37f62a0 - - - - -] DB_Driver: join new ServiceGroup member juju-bcfe63-0-lxd-7 to the conductor group, service = join /usr/lib/python3/dist-packages/nova/servicegroup/drivers/db.py:44
2026-04-09 00:39:12.715 153197 DEBUG oslo_service.service [req-fde654a5-a13b-4d87-8dfc-eea68409d082 - - - - -] database.connection = **** log_opt_values /usr/lib/python3/dist-packages/oslo_config/cfg.py:2609
2026-04-09 00:39:12.715 153197 DEBUG oslo_service.service [req-fde654a5-a13b-4d87-8dfc-eea68409d082 - - - - -] database.connection_debug = 0 log_opt_values /usr/lib/python3/dist-packages/oslo_config/cfg.py:2609
2026-04-09 00:39:12.715 153197 DEBUG oslo_service.service [req-fde654a5-a13b-4d87-8dfc-eea68409d082 - - - - -] database.connection_parameters = log_opt_values /usr/lib/python3/dist-packages/oslo_config/cfg.py:2609
2026-04-09 00:39:12.715 153588 DEBUG oslo_messaging._drivers.amqpdriver [-] AMQPListener connection timeout poll /usr/lib/python3/dist-packages/oslo_messaging/_drivers/amqpdriver.py:360
2026-04-09 00:39:12.715 153588 DEBUG oslo_messaging._drivers.amqpdriver [-] Listener is running poll /usr/lib/python3/dist-packages/oslo_messaging/_drivers/amqpdriver.py:343
2026-04-09 00:39:12.715 153588 DEBUG oslo_messaging._drivers.amqpdriver [-] AMQPListener connection consume poll /usr/lib/python3/dist-packages/oslo_messaging/_drivers/amqpdriver.py:357
2026-04-09 00:39:12.715 153197 DEBUG oslo_service.service [req-fde654a5-a13b-4d87-8dfc-eea68409d082 - - - - -] database.connection_recycle_time = 3600 log_opt_values /usr/lib/python3/dist-packages/oslo_config/cfg.py:2609
2026-04-09 00:39:12.716 153197 DEBUG oslo_service.service [req-fde654a5-a13b-4d87-8dfc-eea68409d082 - - - - -] database.connection_trace = False log_opt_values /usr/lib/python3/dist-packages/oslo_config/cfg.py:2609
2026-04-09 00:39:12.716 153197 DEBUG oslo_service.service [req-fde654a5-a13b-4d87-8dfc-eea68409d082 - - - - -] database.db_inc_retry_interval = True log_opt_values /usr/lib/python3/dist-packages/oslo_config/cfg.py:2609
2026-04-09 00:39:12.716 153197 DEBUG oslo_service.service [req-fde654a5-a13b-4d87-8dfc-eea68409d082 - - - - -] database.db_max_retries = 20 log_opt_values /usr/lib/python3/dist-packages/oslo_config/cfg.py:2609
2026-04-09 00:39:12.716 153197 DEBUG oslo_service.service [req-fde654a5-a13b-4d87-8dfc-eea68409d082 - - - - -] database.db_max_retry_interval = 10 log_opt_values /usr/lib/python3/dist-packages/oslo_config/cfg.py:2609
2026-04-09 00:39:12.716 153197 DEBUG oslo_service.service [req-fde654a5-a13b-4d87-8dfc-eea68409d082 - - - - -] database.db_retry_interval = 1 log_opt_values /usr/lib/python3/dist-packages/oslo_config/cfg.py:2609
2026-04-09 00:39:12.716 153197 DEBUG oslo_service.service [req-fde654a5-a13b-4d87-8dfc-eea68409d082 - - - - -] database.max_overflow = 50 log_opt_values /usr/lib/python3/dist-packages/oslo_config/cfg.py:2609
2026-04-09 00:39:12.717 153197 DEBUG oslo_service.service [req-fde654a5-a13b-4d87-8dfc-eea68409d082 - - - - -] database.max_pool_size = 4 log_opt_values /usr/lib/python3/dist-packages/oslo_config/cfg.py:2609
2026-04-09 00:39:12.717 153197 DEBUG oslo_service.service [req-fde654a5-a13b-4d87-8dfc-eea68409d082 - - - - -] database.max_retries = 10 log_opt_values /usr/lib/python3/dist-packages/oslo_config/cfg.py:2609
2026-04-09 00:39:12.717 153197 DEBUG oslo_service.service [req-fde654a5-a13b-4d87-8dfc-eea68409d082 - - - - -] database.mysql_enable_ndb = False log_opt_values /usr/lib/python3/dist-packages/oslo_config/cfg.py:2609
2026-04-09 00:39:12.717 153197 DEBUG oslo_service.service [req-fde654a5-a13b-4d87-8dfc-eea68409d082 - - - - -] database.mysql_sql_mode = TRADITIONAL log_opt_values /usr/lib/python3/dist-packages/oslo_config/cfg.py:2609
2026-04-09 00:39:12.717 153197 DEBUG oslo_service.service [req-fde654a5-a13b-4d87-8dfc-eea68409d082 - - - - -] database.pool_timeout = None log_opt_values /usr/lib/python3/dist-packages/oslo_config/cfg.py:2609
2026-04-09 00:39:12.718 153197 DEBUG oslo_service.service [req-fde654a5-a13b-4d87-8dfc-eea68409d082 - - - - -] database.retry_interval = 10 log_opt_values /usr/lib/python3/dist-packages/oslo_config/cfg.py:2609
2026-04-09 00:39:12.718 153197 DEBUG oslo_service.service [req-fde654a5-a13b-4d87-8dfc-eea68409d082 - - - - -] database.slave_connection = **** log_opt_values /usr/lib/python3/dist-packages/oslo_config/cfg.py:2609
2026-04-09 00:39:12.718 153197 DEBUG oslo_service.service [req-fde654a5-a13b-4d87-8dfc-eea68409d082 - - - - -] database.sqlite_synchronous = True log_opt_values /usr/lib/python3/dist-packages/oslo_config/cfg.py:2609
2026-04-09 00:39:12.718 153197 DEBUG oslo_service.service [req-fde654a5-a13b-4d87-8dfc-eea68409d082 - - - - -] database.use_db_reconnect = False log_opt_values /usr/lib/python3/dist-packages/oslo_config/cfg.py:2609
2026-04-09 00:39:12.718 153197 DEBUG oslo_service.service [req-fde654a5-a13b-4d87-8dfc-eea68409d082 - - - - -] api_database.backend = sqlalchemy log_opt_values /usr/lib/python3/dist-packages/oslo_config/cfg.py:2609
2026-04-09 00:39:12.718 153197 DEBUG oslo_service.service [req-fde654a5-a13b-4d87-8dfc-eea68409d082 - - - - -] api_database.connection = **** log_opt_values /usr/lib/python3/dist-packages/oslo_config/cfg.py:2609
2026-04-09 00:39:12.719 153197 DEBUG oslo_service.service [req-fde654a5-a13b-4d87-8dfc-eea68409d082 - - - - -] api_database.connection_debug = 0 log_opt_values /usr/lib/python3/dist-packages/oslo_config/cfg.py:2609
2026-04-09 00:39:12.719 153197 DEBUG oslo_service.service [req-fde654a5-a13b-4d87-8dfc-eea68409d082 - - - - -] api_database.connection_parameters = log_opt_values /usr/lib/python3/dist-packages/oslo_config/cfg.py:2609
2026-04-09 00:39:12.719 153197 DEBUG oslo_service.service [req-fde654a5-a13b-4d87-8dfc-eea68409d082 - - - - -] api_database.connection_recycle_time = 3600 log_opt_values /usr/lib/python3/dist-packages/oslo_config/cfg.py:2609
2026-04-09 00:39:12.719 153197 DEBUG oslo_service.service [req-fde654a5-a13b-4d87-8dfc-eea68409d082 - - - - -] api_database.connection_trace = False log_opt_values /usr/lib/python3/dist-packages/oslo_config/cfg.py:2609
2026-04-09 00:39:12.719 153197 DEBUG oslo_service.service [req-fde654a5-a13b-4d87-8dfc-eea68409d082 - - - - -] api_database.db_inc_retry_interval = True log_opt_values /usr/lib/python3/dist-packages/oslo_config/cfg.py:2609
2026-04-09 00:39:12.720 153197 DEBUG oslo_service.service [req-fde654a5-a13b-4d87-8dfc-eea68409d082 - - - - -] api_database.db_max_retries = 20 log_opt_values /usr/lib/python3/dist-packages/oslo_config/cfg.py:2609
2026-04-09 00:39:12.720 153197 DEBUG oslo_service.service [req-fde654a5-a13b-4d87-8dfc-eea68409d082 - - - - -] api_database.db_max_retry_interval = 10 log_opt_values /usr/lib/python3/dist-packages/oslo_config/cfg.py:2609
2026-04-09 00:39:12.720 153197 DEBUG oslo_service.service [req-fde654a5-a13b-4d87-8dfc-eea68409d082 - - - - -] api_database.db_retry_interval = 1 log_opt_values /usr/lib/python3/dist-packages/oslo_config/cfg.py:2609
2026-04-09 00:39:12.720 153197 DEBUG oslo_service.service [req-fde654a5-a13b-4d87-8dfc-eea68409d082 - - - - -] api_database.max_overflow = 50 log_opt_values /usr/lib/python3/dist-packages/oslo_config/cfg.py:2609
2026-04-09 00:39:12.720 153197 DEBUG oslo_service.service [req-fde654a5-a13b-4d87-8dfc-eea68409d082 - - - - -] api_database.max_pool_size = 4 log_opt_values /usr/lib/python3/dist-packages/oslo_config/cfg.py:2609
2026-04-09 00:39:12.720 153197 DEBUG oslo_service.service [req-fde654a5-a13b-4d87-8dfc-eea68409d082 - - - - -] api_database.max_retries = 10 log_opt_values /usr/lib/python3/dist-packages/oslo_config/cfg.py:2609
2026-04-09 00:39:12.720 153587 DEBUG nova.service [req-bcf09962-7127-4050-814d-d43fa823c72d - - - - -] Creating RPC server for service conductor start /usr/lib/python3/dist-packages/nova/service.py:182
2026-04-09 00:39:12.720 153197 DEBUG oslo_service.service [req-fde654a5-a13b-4d87-8dfc-eea68409d082 - - - - -] api_database.mysql_enable_ndb = False log_opt_values /usr/lib/python3/dist-packages/oslo_config/cfg.py:2609
2026-04-09 00:39:12.721 153197 DEBUG oslo_service.service [req-fde654a5-a13b-4d87-8dfc-eea68409d082 - - - - -] api_database.mysql_sql_mode = TRADITIONAL log_opt_values /usr/lib/python3/dist-packages/oslo_config/cfg.py:2609
2026-04-09 00:39:12.721 153197 DEBUG oslo_service.service [req-fde654a5-a13b-4d87-8dfc-eea68409d082 - - - - -] api_database.pool_timeout = None log_opt_values /usr/lib/python3/dist-packages/oslo_config/cfg.py:2609
2026-04-09 00:39:12.721 153197 DEBUG oslo_service.service [req-fde654a5-a13b-4d87-8dfc-eea68409d082 - - - - -] api_database.retry_interval = 10 log_opt_values /usr/lib/python3/dist-packages/oslo_config/cfg.py:2609
2026-04-09 00:39:12.721 153197 DEBUG oslo_service.service [req-fde654a5-a13b-4d87-8dfc-eea68409d082 - - - - -] api_database.slave_connection = **** log_opt_values /usr/lib/python3/dist-packages/oslo_config/cfg.py:2609
2026-04-09 00:39:12.721 153197 DEBUG oslo_service.service [req-fde654a5-a13b-4d87-8dfc-eea68409d082 - - - - -] api_database.sqlite_synchronous = True log_opt_values /usr/lib/python3/dist-packages/oslo_config/cfg.py:2609
2026-04-09 00:39:12.721 153197 DEBUG oslo_service.service [req-fde654a5-a13b-4d87-8dfc-eea68409d082 - - - - -] devices.enabled_mdev_types = [] log_opt_values /usr/lib/python3/dist-packages/oslo_config/cfg.py:2609
2026-04-09 00:39:12.722 153197 DEBUG oslo_service.service [req-fde654a5-a13b-4d87-8dfc-eea68409d082 - - - - -] ephemeral_storage_encryption.cipher = aes-xts-plain64 log_opt_values /usr/lib/python3/dist-packages/oslo_config/cfg.py:2609
