2026-04-06 01:08:40.800 40306 DEBUG heat.engine.service [req-d3876e02-2242-462d-9e8d-5156c60f5db7 - - - - -] Service 4bb2340c-34fb-4c32-a1f7-86d12f74762c is updated service_manage_report /usr/lib/python3/dist-packages/heat/engine/service.py:2370
2026-04-06 01:08:40.883 40309 DEBUG heat.engine.service [req-56fde248-ab6e-4f63-93fd-7ab61ccc7362 - - - - -] Service 657ce326-a1bb-41b9-b20e-031b04f95b23 is updated service_manage_report /usr/lib/python3/dist-packages/heat/engine/service.py:2370
2026-04-06 01:09:40.710 40307 DEBUG heat.engine.service [req-b21de271-446c-46ce-80a5-16e7aea6db35 - - - - -] Service 721edc7a-2d9d-4441-90f4-c8249e02e96d is updated service_manage_report /usr/lib/python3/dist-packages/heat/engine/service.py:2370
2026-04-06 01:09:40.785 40308 DEBUG heat.engine.service [req-3092d935-136b-407f-97e6-be3bcffc168d - - - - -] Service 89baa449-6fbe-479d-a931-84161b574bdc is updated service_manage_report /usr/lib/python3/dist-packages/heat/engine/service.py:2370
2026-04-06 01:09:40.804 40306 DEBUG heat.engine.service [req-dc4bee2e-c329-4573-be4f-eabef69e9303 - - - - -] Service 4bb2340c-34fb-4c32-a1f7-86d12f74762c is updated service_manage_report /usr/lib/python3/dist-packages/heat/engine/service.py:2370
2026-04-06 01:09:40.888 40309 DEBUG heat.engine.service [req-dd195b31-b735-46e0-8ae4-6d188497195b - - - - -] Service 657ce326-a1bb-41b9-b20e-031b04f95b23 is updated service_manage_report /usr/lib/python3/dist-packages/heat/engine/service.py:2370
2026-04-06 01:10:40.704 40307 DEBUG heat.engine.service [req-d42504aa-b37f-4d2a-8028-baf16b15c7b5 - - - - -] Service 721edc7a-2d9d-4441-90f4-c8249e02e96d is updated service_manage_report /usr/lib/python3/dist-packages/heat/engine/service.py:2370
2026-04-06 01:10:40.790 40308 DEBUG heat.engine.service [req-8c93e218-2a86-4ecf-973b-8f12000fcf47 - - - - -] Service 89baa449-6fbe-479d-a931-84161b574bdc is updated service_manage_report /usr/lib/python3/dist-packages/heat/engine/service.py:2370
2026-04-06 01:10:40.809 40306 DEBUG heat.engine.service [req-ce354659-a576-4dc5-9e30-a4d9715004f9 - - - - -] Service 4bb2340c-34fb-4c32-a1f7-86d12f74762c is updated service_manage_report /usr/lib/python3/dist-packages/heat/engine/service.py:2370
2026-04-06 01:10:40.894 40309 DEBUG heat.engine.service [req-360d51ee-6288-47c8-a754-2aef5bbeca39 - - - - -] Service 657ce326-a1bb-41b9-b20e-031b04f95b23 is updated service_manage_report /usr/lib/python3/dist-packages/heat/engine/service.py:2370
2026-04-06 01:11:40.710 40307 DEBUG heat.engine.service [req-9ff7fdee-0d54-40f4-ae8e-8135a5f4a82c - - - - -] Service 721edc7a-2d9d-4441-90f4-c8249e02e96d is updated service_manage_report /usr/lib/python3/dist-packages/heat/engine/service.py:2370
2026-04-06 01:11:40.795 40308 DEBUG heat.engine.service [req-9218ba25-18b1-47ab-806a-f857b5f107ae - - - - -] Service 89baa449-6fbe-479d-a931-84161b574bdc is updated service_manage_report /usr/lib/python3/dist-packages/heat/engine/service.py:2370
2026-04-06 01:11:40.814 40306 DEBUG heat.engine.service [req-1dfb8f03-55ad-4dba-8b99-fe24f7da38b5 - - - - -] Service 4bb2340c-34fb-4c32-a1f7-86d12f74762c is updated service_manage_report /usr/lib/python3/dist-packages/heat/engine/service.py:2370
2026-04-06 01:11:40.890 40309 DEBUG heat.engine.service [req-af50c9bc-e2e8-41f4-9fc5-61aefa69323c - - - - -] Service 657ce326-a1bb-41b9-b20e-031b04f95b23 is updated service_manage_report /usr/lib/python3/dist-packages/heat/engine/service.py:2370
2026-04-06 01:12:40.715 40307 DEBUG heat.engine.service [req-b8800086-d345-4161-9f38-6429fd2273d2 - - - - -] Service 721edc7a-2d9d-4441-90f4-c8249e02e96d is updated service_manage_report /usr/lib/python3/dist-packages/heat/engine/service.py:2370
2026-04-06 01:12:40.799 40308 DEBUG heat.engine.service [req-6634a6b4-a711-40d7-8429-362a7d8970e0 - - - - -] Service 89baa449-6fbe-479d-a931-84161b574bdc is updated service_manage_report /usr/lib/python3/dist-packages/heat/engine/service.py:2370
2026-04-06 01:12:40.820 40306 DEBUG heat.engine.service [req-9e9d0605-e1c9-46b6-a957-b542279e6bde - - - - -] Service 4bb2340c-34fb-4c32-a1f7-86d12f74762c is updated service_manage_report /usr/lib/python3/dist-packages/heat/engine/service.py:2370
2026-04-06 01:12:40.885 40309 DEBUG heat.engine.service [req-22eec742-6762-49d5-af97-689cda67ae54 - - - - -] Service 657ce326-a1bb-41b9-b20e-031b04f95b23 is updated service_manage_report /usr/lib/python3/dist-packages/heat/engine/service.py:2370
2026-04-06 01:13:40.719 40307 DEBUG heat.engine.service [req-bad43ce6-4a58-4bd8-b842-50b3f36da478 - - - - -] Service 721edc7a-2d9d-4441-90f4-c8249e02e96d is updated service_manage_report /usr/lib/python3/dist-packages/heat/engine/service.py:2370
2026-04-06 01:13:40.805 40308 DEBUG heat.engine.service [req-90100cc3-a103-4a40-afe8-b1a172eea5ac - - - - -] Service 89baa449-6fbe-479d-a931-84161b574bdc is updated service_manage_report /usr/lib/python3/dist-packages/heat/engine/service.py:2370
2026-04-06 01:13:40.826 40306 DEBUG heat.engine.service [req-be06bcc9-3ae7-4a9b-b889-c03f3f87e1dc - - - - -] Service 4bb2340c-34fb-4c32-a1f7-86d12f74762c is updated service_manage_report /usr/lib/python3/dist-packages/heat/engine/service.py:2370
2026-04-06 01:13:40.888 40309 DEBUG heat.engine.service [req-ac9d7ed9-4f94-44b9-9a78-cbe800b3d77f - - - - -] Service 657ce326-a1bb-41b9-b20e-031b04f95b23 is updated service_manage_report /usr/lib/python3/dist-packages/heat/engine/service.py:2370
2026-04-06 01:14:40.724 40307 DEBUG heat.engine.service [req-bc21b590-338e-470f-a551-f96a9ae6b0c7 - - - - -] Service 721edc7a-2d9d-4441-90f4-c8249e02e96d is updated service_manage_report /usr/lib/python3/dist-packages/heat/engine/service.py:2370
2026-04-06 01:14:40.811 40308 DEBUG heat.engine.service [req-6190b2c6-9fb0-4468-adca-f20d650a0fc4 - - - - -] Service 89baa449-6fbe-479d-a931-84161b574bdc is updated service_manage_report /usr/lib/python3/dist-packages/heat/engine/service.py:2370
2026-04-06 01:14:40.820 40306 DEBUG heat.engine.service [req-449b865d-1a90-4952-a3f5-5a4b8ef19263 - - - - -] Service 4bb2340c-34fb-4c32-a1f7-86d12f74762c is updated service_manage_report /usr/lib/python3/dist-packages/heat/engine/service.py:2370
2026-04-06 01:14:40.896 40309 DEBUG heat.engine.service [req-e998a50f-802a-40c9-92a8-8d2822983581 - - - - -] Service 657ce326-a1bb-41b9-b20e-031b04f95b23 is updated service_manage_report /usr/lib/python3/dist-packages/heat/engine/service.py:2370
2026-04-06 01:15:40.728 40307 DEBUG heat.engine.service [req-b5ac3c25-ba84-4518-bef1-d623df336539 - - - - -] Service 721edc7a-2d9d-4441-90f4-c8249e02e96d is updated service_manage_report /usr/lib/python3/dist-packages/heat/engine/service.py:2370
2026-04-06 01:15:40.806 40308 DEBUG heat.engine.service [req-acc7dade-0716-42d2-bf49-3aa5db201ad6 - - - - -] Service 89baa449-6fbe-479d-a931-84161b574bdc is updated service_manage_report /usr/lib/python3/dist-packages/heat/engine/service.py:2370
2026-04-06 01:15:40.825 40306 DEBUG heat.engine.service [req-bcf5fc65-cff3-4be3-9795-e981db6ee540 - - - - -] Service 4bb2340c-34fb-4c32-a1f7-86d12f74762c is updated service_manage_report /usr/lib/python3/dist-packages/heat/engine/service.py:2370
2026-04-06 01:15:40.894 40309 DEBUG heat.engine.service [req-9a259cf8-7937-43d8-8ecb-9dc822635fdb - - - - -] Service 657ce326-a1bb-41b9-b20e-031b04f95b23 is updated service_manage_report /usr/lib/python3/dist-packages/heat/engine/service.py:2370
2026-04-06 01:16:40.733 40307 DEBUG heat.engine.service [req-e3e26309-6143-4a9f-91f5-08a320e5d623 - - - - -] Service 721edc7a-2d9d-4441-90f4-c8249e02e96d is updated service_manage_report /usr/lib/python3/dist-packages/heat/engine/service.py:2370
2026-04-06 01:16:40.801 40308 DEBUG heat.engine.service [req-59ac59b1-bb20-40c8-ad9b-24c7c57aaf04 - - - - -] Service 89baa449-6fbe-479d-a931-84161b574bdc is updated service_manage_report /usr/lib/python3/dist-packages/heat/engine/service.py:2370
2026-04-06 01:16:40.831 40306 DEBUG heat.engine.service [req-eabd8956-5cec-435a-8c61-1447e6a3984a - - - - -] Service 4bb2340c-34fb-4c32-a1f7-86d12f74762c is updated service_manage_report /usr/lib/python3/dist-packages/heat/engine/service.py:2370
2026-04-06 01:16:40.889 40309 DEBUG heat.engine.service [req-1ac4f7dd-9f8b-4f97-bde4-e438b2a1aa8e - - - - -] Service 657ce326-a1bb-41b9-b20e-031b04f95b23 is updated service_manage_report /usr/lib/python3/dist-packages/heat/engine/service.py:2370
2026-04-06 01:17:40.739 40307 DEBUG heat.engine.service [req-f24a258d-3e4f-4f3e-b10c-f19d0c22d6b7 - - - - -] Service 721edc7a-2d9d-4441-90f4-c8249e02e96d is updated service_manage_report /usr/lib/python3/dist-packages/heat/engine/service.py:2370
2026-04-06 01:17:40.805 40308 DEBUG heat.engine.service [req-812b116f-dc9b-4d01-b535-43ca782fd1b5 - - - - -] Service 89baa449-6fbe-479d-a931-84161b574bdc is updated service_manage_report /usr/lib/python3/dist-packages/heat/engine/service.py:2370
2026-04-06 01:17:40.826 40306 DEBUG heat.engine.service [req-c0e21611-358b-40a7-8c54-d665e8e50b9a - - - - -] Service 4bb2340c-34fb-4c32-a1f7-86d12f74762c is updated service_manage_report /usr/lib/python3/dist-packages/heat/engine/service.py:2370
2026-04-06 01:17:40.893 40309 DEBUG heat.engine.service [req-3e2fd6c0-2d2c-4c4f-a53e-f5e5399702ef - - - - -] Service 657ce326-a1bb-41b9-b20e-031b04f95b23 is updated service_manage_report /usr/lib/python3/dist-packages/heat/engine/service.py:2370
2026-04-06 01:18:40.733 40307 DEBUG heat.engine.service [req-9103160c-1910-4387-a1ea-8b2962d87bfb - - - - -] Service 721edc7a-2d9d-4441-90f4-c8249e02e96d is updated service_manage_report /usr/lib/python3/dist-packages/heat/engine/service.py:2370
2026-04-06 01:18:40.810 40308 DEBUG heat.engine.service [req-cf73ac49-d78f-405e-806a-b40b5e3eae1a - - - - -] Service 89baa449-6fbe-479d-a931-84161b574bdc is updated service_manage_report /usr/lib/python3/dist-packages/heat/engine/service.py:2370
2026-04-06 01:18:40.830 40306 DEBUG heat.engine.service [req-c61e7715-c09f-4f81-906a-b90621087009 - - - - -] Service 4bb2340c-34fb-4c32-a1f7-86d12f74762c is updated service_manage_report /usr/lib/python3/dist-packages/heat/engine/service.py:2370
2026-04-06 01:18:40.897 40309 DEBUG heat.engine.service [req-ee8feee5-8b10-4d45-be91-d2ee0842dd05 - - - - -] Service 657ce326-a1bb-41b9-b20e-031b04f95b23 is updated service_manage_report /usr/lib/python3/dist-packages/heat/engine/service.py:2370
2026-04-06 01:19:40.737 40307 DEBUG heat.engine.service [req-230f7bb9-f1c5-4c79-95f7-240a57d42113 - - - - -] Service 721edc7a-2d9d-4441-90f4-c8249e02e96d is updated service_manage_report /usr/lib/python3/dist-packages/heat/engine/service.py:2370
2026-04-06 01:19:40.814 40308 DEBUG heat.engine.service [req-fe5c112a-cd32-4fed-9db5-0befbe97f46a - - - - -] Service 89baa449-6fbe-479d-a931-84161b574bdc is updated service_manage_report /usr/lib/python3/dist-packages/heat/engine/service.py:2370
2026-04-06 01:19:40.835 40306 DEBUG heat.engine.service [req-cd30f9f8-4942-44d2-b67d-701dcacec245 - - - - -] Service 4bb2340c-34fb-4c32-a1f7-86d12f74762c is updated service_manage_report /usr/lib/python3/dist-packages/heat/engine/service.py:2370
2026-04-06 01:19:40.903 40309 DEBUG heat.engine.service [req-72903c4c-31df-42fb-9bf2-79b4ad6ead15 - - - - -] Service 657ce326-a1bb-41b9-b20e-031b04f95b23 is updated service_manage_report /usr/lib/python3/dist-packages/heat/engine/service.py:2370
2026-04-06 01:20:40.745 40307 DEBUG heat.engine.service [req-063fc7fa-8a60-48e2-9971-fa4df8682107 - - - - -] Service 721edc7a-2d9d-4441-90f4-c8249e02e96d is updated service_manage_report /usr/lib/python3/dist-packages/heat/engine/service.py:2370
2026-04-06 01:20:40.820 40308 DEBUG heat.engine.service [req-f1f6fe42-dc25-4e34-a34c-06e07fe41bca - - - - -] Service 89baa449-6fbe-479d-a931-84161b574bdc is updated service_manage_report /usr/lib/python3/dist-packages/heat/engine/service.py:2370
2026-04-06 01:20:40.839 40306 DEBUG heat.engine.service [req-d04b633c-854a-47f7-a4ff-2d07cd656735 - - - - -] Service 4bb2340c-34fb-4c32-a1f7-86d12f74762c is updated service_manage_report /usr/lib/python3/dist-packages/heat/engine/service.py:2370
2026-04-06 01:20:40.906 40309 DEBUG heat.engine.service [req-51e75248-1a72-452c-a97d-70478f715689 - - - - -] Service 657ce326-a1bb-41b9-b20e-031b04f95b23 is updated service_manage_report /usr/lib/python3/dist-packages/heat/engine/service.py:2370
2026-04-06 01:21:40.741 40307 DEBUG heat.engine.service [req-259499c0-e66a-4452-a205-c7532ebc3ed5 - - - - -] Service 721edc7a-2d9d-4441-90f4-c8249e02e96d is updated service_manage_report /usr/lib/python3/dist-packages/heat/engine/service.py:2370
2026-04-06 01:21:40.825 40308 DEBUG heat.engine.service [req-cb2b7b9f-c628-4fbb-902f-e2409013c76e - - - - -] Service 89baa449-6fbe-479d-a931-84161b574bdc is updated service_manage_report /usr/lib/python3/dist-packages/heat/engine/service.py:2370
2026-04-06 01:21:40.843 40306 DEBUG heat.engine.service [req-f57659a7-2434-4c94-b035-c082bdcbcf5b - - - - -] Service 4bb2340c-34fb-4c32-a1f7-86d12f74762c is updated service_manage_report /usr/lib/python3/dist-packages/heat/engine/service.py:2370
2026-04-06 01:21:40.911 40309 DEBUG heat.engine.service [req-01c661b5-7558-4aa6-a5e0-19ac8ecbbff2 - - - - -] Service 657ce326-a1bb-41b9-b20e-031b04f95b23 is updated service_manage_report /usr/lib/python3/dist-packages/heat/engine/service.py:2370
2026-04-06 01:22:40.737 40307 DEBUG heat.engine.service [req-abba8650-299b-45df-ade6-3daeb217d19e - - - - -] Service 721edc7a-2d9d-4441-90f4-c8249e02e96d is updated service_manage_report /usr/lib/python3/dist-packages/heat/engine/service.py:2370
2026-04-06 01:22:40.829 40308 DEBUG heat.engine.service [req-5e6cbc0b-2764-4f2c-b74f-69a058c39e3e - - - - -] Service 89baa449-6fbe-479d-a931-84161b574bdc is updated service_manage_report /usr/lib/python3/dist-packages/heat/engine/service.py:2370
2026-04-06 01:22:40.847 40306 DEBUG heat.engine.service [req-ba1b1fc3-cd70-47a5-adf6-214ed2012ca0 - - - - -] Service 4bb2340c-34fb-4c32-a1f7-86d12f74762c is updated service_manage_report /usr/lib/python3/dist-packages/heat/engine/service.py:2370
2026-04-06 01:22:40.917 40309 DEBUG heat.engine.service [req-facba91d-d9a3-46d4-8d38-bdcf0f901f65 - - - - -] Service 657ce326-a1bb-41b9-b20e-031b04f95b23 is updated service_manage_report /usr/lib/python3/dist-packages/heat/engine/service.py:2370
2026-04-06 01:23:40.742 40307 DEBUG heat.engine.service [req-e0a9c84d-b258-44ed-8cef-ba729f5925a5 - - - - -] Service 721edc7a-2d9d-4441-90f4-c8249e02e96d is updated service_manage_report /usr/lib/python3/dist-packages/heat/engine/service.py:2370
2026-04-06 01:23:40.834 40308 DEBUG heat.engine.service [req-cd888b1b-d3bc-42c6-a03b-016c6b11466d - - - - -] Service 89baa449-6fbe-479d-a931-84161b574bdc is updated service_manage_report /usr/lib/python3/dist-packages/heat/engine/service.py:2370
2026-04-06 01:23:40.853 40306 DEBUG heat.engine.service [req-98a4ed06-4199-4cb9-872c-4beef8a588c5 - - - - -] Service 4bb2340c-34fb-4c32-a1f7-86d12f74762c is updated service_manage_report /usr/lib/python3/dist-packages/heat/engine/service.py:2370
2026-04-06 01:23:40.913 40309 DEBUG heat.engine.service [req-fbf57044-e719-4ddd-ac50-42c73db2f43d - - - - -] Service 657ce326-a1bb-41b9-b20e-031b04f95b23 is updated service_manage_report /usr/lib/python3/dist-packages/heat/engine/service.py:2370
2026-04-06 01:24:40.750 40307 DEBUG heat.engine.service [req-c59f8bd5-fcb7-41fc-9ba6-b3d1e9e1596e - - - - -] Service 721edc7a-2d9d-4441-90f4-c8249e02e96d is updated service_manage_report /usr/lib/python3/dist-packages/heat/engine/service.py:2370
2026-04-06 01:24:40.842 40308 DEBUG heat.engine.service [req-54dbdb7a-767a-4bb9-8e34-59450d2a9bac - - - - -] Service 89baa449-6fbe-479d-a931-84161b574bdc is updated service_manage_report /usr/lib/python3/dist-packages/heat/engine/service.py:2370
2026-04-06 01:24:40.856 40306 DEBUG heat.engine.service [req-35c254de-ad6d-47cc-a481-b31f47c2cac0 - - - - -] Service 4bb2340c-34fb-4c32-a1f7-86d12f74762c is updated service_manage_report /usr/lib/python3/dist-packages/heat/engine/service.py:2370
2026-04-06 01:24:40.918 40309 DEBUG heat.engine.service [req-3ac420a3-f779-45c7-ac5e-14a2ad29d27a - - - - -] Service 657ce326-a1bb-41b9-b20e-031b04f95b23 is updated service_manage_report /usr/lib/python3/dist-packages/heat/engine/service.py:2370
2026-04-06 01:25:40.744 40307 DEBUG heat.engine.service [req-b6a486bc-b7d1-4f08-bd58-5d73fb579c44 - - - - -] Service 721edc7a-2d9d-4441-90f4-c8249e02e96d is updated service_manage_report /usr/lib/python3/dist-packages/heat/engine/service.py:2370
2026-04-06 01:25:40.836 40308 DEBUG heat.engine.service [req-39a14464-4fd4-434e-851f-7d4404ab39a1 - - - - -] Service 89baa449-6fbe-479d-a931-84161b574bdc is updated service_manage_report /usr/lib/python3/dist-packages/heat/engine/service.py:2370
2026-04-06 01:25:40.860 40306 DEBUG heat.engine.service [req-f7980a38-fddf-4942-860f-abca3db9c731 - - - - -] Service 4bb2340c-34fb-4c32-a1f7-86d12f74762c is updated service_manage_report /usr/lib/python3/dist-packages/heat/engine/service.py:2370
2026-04-06 01:25:40.924 40309 DEBUG heat.engine.service [req-8cbeb174-1bb4-4b17-b50c-1a823cffd806 - - - - -] Service 657ce326-a1bb-41b9-b20e-031b04f95b23 is updated service_manage_report /usr/lib/python3/dist-packages/heat/engine/service.py:2370
2026-04-06 01:26:40.750 40307 DEBUG heat.engine.service [req-1dcef9d9-d193-40f9-8f13-9ce2a1f5d0bb - - - - -] Service 721edc7a-2d9d-4441-90f4-c8249e02e96d is updated service_manage_report /usr/lib/python3/dist-packages/heat/engine/service.py:2370
2026-04-06 01:26:40.844 40308 DEBUG heat.engine.service [req-8726be5b-a555-44a3-8aa2-e7168a123e5f - - - - -] Service 89baa449-6fbe-479d-a931-84161b574bdc is updated service_manage_report /usr/lib/python3/dist-packages/heat/engine/service.py:2370
2026-04-06 01:26:40.866 40306 DEBUG heat.engine.service [req-f98d65af-49d1-4ceb-9828-66f8a3ce010f - - - - -] Service 4bb2340c-34fb-4c32-a1f7-86d12f74762c is updated service_manage_report /usr/lib/python3/dist-packages/heat/engine/service.py:2370
2026-04-06 01:26:40.919 40309 DEBUG heat.engine.service [req-566a0c75-c763-447a-b33b-d126c9fb0b06 - - - - -] Service 657ce326-a1bb-41b9-b20e-031b04f95b23 is updated service_manage_report /usr/lib/python3/dist-packages/heat/engine/service.py:2370
2026-04-06 01:27:40.744 40307 DEBUG heat.engine.service [req-d5c6c697-b987-456b-98ac-d97aa36bfcff - - - - -] Service 721edc7a-2d9d-4441-90f4-c8249e02e96d is updated service_manage_report /usr/lib/python3/dist-packages/heat/engine/service.py:2370
2026-04-06 01:27:40.841 40308 DEBUG heat.engine.service [req-eee534bf-eceb-4484-8016-16bce085883d - - - - -] Service 89baa449-6fbe-479d-a931-84161b574bdc is updated service_manage_report /usr/lib/python3/dist-packages/heat/engine/service.py:2370
2026-04-06 01:27:40.862 40306 DEBUG heat.engine.service [req-4495f66a-5be9-4d65-beaa-674b38c08c1e - - - - -] Service 4bb2340c-34fb-4c32-a1f7-86d12f74762c is updated service_manage_report /usr/lib/python3/dist-packages/heat/engine/service.py:2370
2026-04-06 01:27:40.923 40309 DEBUG heat.engine.service [req-28bb6821-17d2-4513-b068-6ab5fa51ac07 - - - - -] Service 657ce326-a1bb-41b9-b20e-031b04f95b23 is updated service_manage_report /usr/lib/python3/dist-packages/heat/engine/service.py:2370
2026-04-06 01:28:40.750 40307 DEBUG heat.engine.service [req-c5d93db1-0683-48a9-9a31-4d7074f04f5d - - - - -] Service 721edc7a-2d9d-4441-90f4-c8249e02e96d is updated service_manage_report /usr/lib/python3/dist-packages/heat/engine/service.py:2370
2026-04-06 01:28:40.837 40308 DEBUG heat.engine.service [req-3fb9993a-54d3-4386-b8a4-f385aac43239 - - - - -] Service 89baa449-6fbe-479d-a931-84161b574bdc is updated service_manage_report /usr/lib/python3/dist-packages/heat/engine/service.py:2370
2026-04-06 01:28:40.869 40306 DEBUG heat.engine.service [req-f6ac61f8-2c75-4cb6-9b2b-4985fc12318b - - - - -] Service 4bb2340c-34fb-4c32-a1f7-86d12f74762c is updated service_manage_report /usr/lib/python3/dist-packages/heat/engine/service.py:2370
2026-04-06 01:28:40.929 40309 DEBUG heat.engine.service [req-75ad7fe1-ac14-4912-8630-31a54cce0f0c - - - - -] Service 657ce326-a1bb-41b9-b20e-031b04f95b23 is updated service_manage_report /usr/lib/python3/dist-packages/heat/engine/service.py:2370
2026-04-06 01:29:40.746 40307 DEBUG heat.engine.service [req-4b73fdf9-dba4-4b3b-ba39-3d269f1ebdb1 - - - - -] Service 721edc7a-2d9d-4441-90f4-c8249e02e96d is updated service_manage_report /usr/lib/python3/dist-packages/heat/engine/service.py:2370
2026-04-06 01:29:40.845 40308 DEBUG heat.engine.service [req-33c9f79f-9e39-4993-9cfc-da36ab181471 - - - - -] Service 89baa449-6fbe-479d-a931-84161b574bdc is updated service_manage_report /usr/lib/python3/dist-packages/heat/engine/service.py:2370
2026-04-06 01:29:40.866 40306 DEBUG heat.engine.service [req-1a2c68c7-7447-4e32-81d4-947168d309a5 - - - - -] Service 4bb2340c-34fb-4c32-a1f7-86d12f74762c is updated service_manage_report /usr/lib/python3/dist-packages/heat/engine/service.py:2370
2026-04-06 01:29:40.923 40309 DEBUG heat.engine.service [req-05fd310d-3982-4dc4-a5ea-9465ebc88819 - - - - -] Service 657ce326-a1bb-41b9-b20e-031b04f95b23 is updated service_manage_report /usr/lib/python3/dist-packages/heat/engine/service.py:2370
2026-04-06 01:30:40.749 40307 DEBUG heat.engine.service [req-b7b1b69c-f3c1-4608-96a6-1212410eed58 - - - - -] Service 721edc7a-2d9d-4441-90f4-c8249e02e96d is updated service_manage_report /usr/lib/python3/dist-packages/heat/engine/service.py:2370
2026-04-06 01:30:40.841 40308 DEBUG heat.engine.service [req-1021effe-57e1-4bf1-97eb-ab5e58f19e3a - - - - -] Service 89baa449-6fbe-479d-a931-84161b574bdc is updated service_manage_report /usr/lib/python3/dist-packages/heat/engine/service.py:2370
2026-04-06 01:30:40.862 40306 DEBUG heat.engine.service [req-d9a7755f-374e-4525-a295-7c8a0b013837 - - - - -] Service 4bb2340c-34fb-4c32-a1f7-86d12f74762c is updated service_manage_report /usr/lib/python3/dist-packages/heat/engine/service.py:2370
2026-04-06 01:30:41.096 40309 DEBUG heat.engine.service [req-3451baf3-c26f-46b9-815e-02ec3d12a441 - - - - -] Service 657ce326-a1bb-41b9-b20e-031b04f95b23 is updated service_manage_report /usr/lib/python3/dist-packages/heat/engine/service.py:2370
2026-04-06 01:31:40.754 40307 DEBUG heat.engine.service [req-ae99e49b-4991-48c3-9e42-e000b616caaf - - - - -] Service 721edc7a-2d9d-4441-90f4-c8249e02e96d is updated service_manage_report /usr/lib/python3/dist-packages/heat/engine/service.py:2370
2026-04-06 01:31:40.851 40308 DEBUG heat.engine.service [req-ee90f9ed-91f4-468e-a8b6-c6d667f7b0b4 - - - - -] Service 89baa449-6fbe-479d-a931-84161b574bdc is updated service_manage_report /usr/lib/python3/dist-packages/heat/engine/service.py:2370
2026-04-06 01:31:40.861 40306 DEBUG heat.engine.service [req-821ad040-ef09-40e8-843d-8ae58b11ce66 - - - - -] Service 4bb2340c-34fb-4c32-a1f7-86d12f74762c is updated service_manage_report /usr/lib/python3/dist-packages/heat/engine/service.py:2370
2026-04-06 01:31:40.931 40309 DEBUG heat.engine.service [req-5ab82bea-1643-4133-9c26-fa709b210e87 - - - - -] Service 657ce326-a1bb-41b9-b20e-031b04f95b23 is updated service_manage_report /usr/lib/python3/dist-packages/heat/engine/service.py:2370
2026-04-06 01:32:40.762 40307 DEBUG heat.engine.service [req-504d5637-e38b-4c42-ab5a-61c7ca107ca9 - - - - -] Service 721edc7a-2d9d-4441-90f4-c8249e02e96d is updated service_manage_report /usr/lib/python3/dist-packages/heat/engine/service.py:2370
2026-04-06 01:32:40.847 40308 DEBUG heat.engine.service [req-b06980ce-94ea-4540-a40f-dd1e2753588f - - - - -] Service 89baa449-6fbe-479d-a931-84161b574bdc is updated service_manage_report /usr/lib/python3/dist-packages/heat/engine/service.py:2370
2026-04-06 01:32:40.855 40306 DEBUG heat.engine.service [req-11e4daf4-d1b6-4bf6-95ae-e914bf95a6db - - - - -] Service 4bb2340c-34fb-4c32-a1f7-86d12f74762c is updated service_manage_report /usr/lib/python3/dist-packages/heat/engine/service.py:2370
2026-04-06 01:32:40.935 40309 DEBUG heat.engine.service [req-f5aa4f7f-e010-40a9-9f39-bc58a50b91ff - - - - -] Service 657ce326-a1bb-41b9-b20e-031b04f95b23 is updated service_manage_report /usr/lib/python3/dist-packages/heat/engine/service.py:2370
2026-04-06 01:33:13.230 40307 DEBUG heat.engine.service [-] Attempting to stop engine service... _stop_rpc_server /usr/lib/python3/dist-packages/heat/engine/service.py:437
2026-04-06 01:33:13.231 40308 DEBUG heat.engine.service [-] Attempting to stop engine service... _stop_rpc_server /usr/lib/python3/dist-packages/heat/engine/service.py:437
2026-04-06 01:33:13.231 40306 DEBUG heat.engine.service [-] Attempting to stop engine service... _stop_rpc_server /usr/lib/python3/dist-packages/heat/engine/service.py:437
2026-04-06 01:33:13.232 40309 DEBUG heat.engine.service [-] Attempting to stop engine service... _stop_rpc_server /usr/lib/python3/dist-packages/heat/engine/service.py:437
2026-04-06 01:33:13.233 40090 INFO oslo_service.service [-] Caught SIGTERM, stopping children
2026-04-06 01:33:13.234 40090 DEBUG oslo_concurrency.lockutils [-] Acquired lock "singleton_lock" lock /usr/lib/python3/dist-packages/oslo_concurrency/lockutils.py:294
2026-04-06 01:33:13.234 40090 DEBUG oslo_concurrency.lockutils [-] Releasing lock "singleton_lock" lock /usr/lib/python3/dist-packages/oslo_concurrency/lockutils.py:312
2026-04-06 01:33:13.234 40090 DEBUG oslo_service.service [-] Stop services. stop /usr/lib/python3/dist-packages/oslo_service/service.py:695
2026-04-06 01:33:13.234 40090 INFO heat.engine.service [-] All threads were gone, terminating engine
2026-04-06 01:33:13.234 40090 DEBUG oslo_service.service [-] Killing children. stop /usr/lib/python3/dist-packages/oslo_service/service.py:700
2026-04-06 01:33:13.234 40090 INFO oslo_service.service [-] Waiting on 4 children to exit
2026-04-06 01:33:13.243 40090 INFO oslo_service.service [-] Child 40306 killed by signal 15
2026-04-06 01:33:13.244 40090 INFO oslo_service.service [-] Child 40307 killed by signal 15
2026-04-06 01:33:13.245 40090 INFO oslo_service.service [-] Child 40308 killed by signal 15
2026-04-06 01:33:13.246 40090 INFO oslo_service.service [-] Child 40309 killed by signal 15
2026-04-06 01:33:15.680 60151 DEBUG oslo_concurrency.lockutils [-] Lock "context-manager" acquired by "neutron_lib.db.api._create_context_manager" :: waited 0.000s inner /usr/lib/python3/dist-packages/oslo_concurrency/lockutils.py:386
2026-04-06 01:33:15.809 60151 DEBUG oslo_concurrency.lockutils [-] Lock "context-manager" "released" by "neutron_lib.db.api._create_context_manager" :: held 0.128s inner /usr/lib/python3/dist-packages/oslo_concurrency/lockutils.py:400
2026-04-06 01:33:16.091 60151 WARNING heat.engine.environment [-] OS::Aodh::Alarm is DEPRECATED. Theshold alarm relies on ceilometer-api and has been deprecated in aodh since Ocata. Use OS::Aodh::GnocchiAggregationByResourcesAlarm instead.
2026-04-06 01:33:16.092 60151 WARNING heat.engine.environment [-] OS::Aodh::CombinationAlarm is HIDDEN. OS::Aodh::CombinationAlarm is deprecated and has been removed from Aodh, use OS::Aodh::CompositeAlarm instead.
2026-04-06 01:33:16.092 60151 WARNING heat.engine.environment [-] OS::Designate::Domain is HIDDEN. This resource has been removed, use OS::Designate::Zone instead.
2026-04-06 01:33:16.092 60151 WARNING heat.engine.environment [-] OS::Designate::Record is HIDDEN. This resource has been removed, use OS::Designate::RecordSet instead.
2026-04-06 01:33:16.092 60151 WARNING heat.engine.environment [-] OS::Glance::Image is DEPRECATED. Creating a Glance Image based on an existing URL location requires the Glance v1 API, which is deprecated.
2026-04-06 01:33:16.093 60151 WARNING heat.engine.environment [-] OS::Heat::HARestarter is HIDDEN. The HARestarter resource type has been removed. Existing stacks containing HARestarter resources can still be used, but the HARestarter resource will be a placeholder that does nothing.
2026-04-06 01:33:16.093 60151 WARNING heat.engine.environment [-] OS::Heat::SoftwareDeployments is HIDDEN. Please use OS::Heat::SoftwareDeploymentGroup instead.
2026-04-06 01:33:16.093 60151 WARNING heat.engine.environment [-] OS::Heat::StructuredDeployments is HIDDEN. Please use OS::Heat::StructuredDeploymentGroup instead.
2026-04-06 01:33:16.093 60151 WARNING heat.engine.environment [-] OS::Magnum::Bay is HIDDEN. Please use OS::Magnum::Cluster instead.
2026-04-06 01:33:16.093 60151 WARNING heat.engine.environment [-] OS::Magnum::BayModel is HIDDEN. Please use OS::Magnum::ClusterTemplate instead.
2026-04-06 01:33:16.094 60151 WARNING heat.engine.environment [-] OS::Neutron::ExtraRoute is UNSUPPORTED. Use this resource at your own risk.
2026-04-06 01:33:16.094 60151 WARNING heat.engine.environment [-] OS::Neutron::HealthMonitor is HIDDEN. Use LBaaS V2 instead.
2026-04-06 01:33:16.094 60151 WARNING heat.engine.environment [-] OS::Neutron::Pool is HIDDEN. Use LBaaS V2 instead.
2026-04-06 01:33:16.094 60151 WARNING heat.engine.environment [-] OS::Neutron::PoolMember is HIDDEN. Use LBaaS V2 instead.
2026-04-06 01:33:16.094 60151 WARNING heat.engine.environment [-] OS::Neutron::LoadBalancer is HIDDEN. Use LBaaS V2 instead.
2026-04-06 01:33:16.094 60151 WARNING heat.engine.environment [-] OS::Neutron::RouterGateway is HIDDEN. Use the `external_gateway_info` property in the router resource to set up the gateway.
2026-04-06 01:33:16.095 60151 WARNING heat.engine.environment [-] OS::Nova::FloatingIP is HIDDEN. Please use OS::Neutron::FloatingIP instead.
2026-04-06 01:33:16.095 60151 WARNING heat.engine.environment [-] OS::Nova::FloatingIPAssociation is HIDDEN. Please use OS::Neutron::FloatingIPAssociation instead.
2026-04-06 01:33:16.096 60151 INFO heat.engine.environment [-] Loading /etc/heat/environment.d/default.yaml
2026-04-06 01:33:16.097 60151 INFO heat.engine.environment [-] Registered: [Plugin](User:False) AWS::AutoScaling::AutoScalingGroup ->
2026-04-06 01:33:16.097 60151 INFO heat.engine.environment [-] Registered: [Plugin](User:False) AWS::AutoScaling::LaunchConfiguration ->
2026-04-06 01:33:16.097 60151 INFO heat.engine.environment [-] Registered: [Plugin](User:False) AWS::AutoScaling::ScalingPolicy ->
2026-04-06 01:33:16.097 60151 INFO heat.engine.environment [-] Registered: [Plugin](User:False) AWS::CloudFormation::Stack ->
2026-04-06 01:33:16.097 60151 INFO heat.engine.environment [-] Registered: [Plugin](User:False) AWS::CloudFormation::WaitCondition ->
2026-04-06 01:33:16.097 60151 INFO heat.engine.environment [-] Registered: [Plugin](User:False) AWS::CloudFormation::WaitConditionHandle ->
2026-04-06 01:33:16.097 60151 INFO heat.engine.environment [-] Registered: [Plugin](User:False) AWS::EC2::EIP ->
2026-04-06 01:33:16.097 60151 INFO heat.engine.environment [-] Registered: [Plugin](User:False) AWS::EC2::EIPAssociation ->
2026-04-06 01:33:16.097 60151 INFO heat.engine.environment [-] Registered: [Plugin](User:False) AWS::EC2::Instance ->
2026-04-06 01:33:16.097 60151 INFO heat.engine.environment [-] Registered: [Plugin](User:False) AWS::EC2::InternetGateway ->
2026-04-06 01:33:16.098 60151 INFO heat.engine.environment [-] Registered: [Plugin](User:False) AWS::EC2::VPCGatewayAttachment ->
2026-04-06 01:33:16.098 60151 INFO heat.engine.environment [-] Registered: [Plugin](User:False) AWS::EC2::NetworkInterface ->
2026-04-06 01:33:16.098 60151 INFO heat.engine.environment [-] Registered: [Plugin](User:False) AWS::EC2::RouteTable ->
2026-04-06 01:33:16.098 60151 INFO heat.engine.environment [-] Registered: [Plugin](User:False) AWS::EC2::SubnetRouteTableAssociation ->
2026-04-06 01:33:16.098 60151 INFO heat.engine.environment [-] Registered: [Plugin](User:False) AWS::EC2::SecurityGroup ->
2026-04-06 01:33:16.098 60151 INFO heat.engine.environment [-] Registered: [Plugin](User:False) AWS::EC2::Subnet ->
2026-04-06 01:33:16.098 60151 INFO heat.engine.environment [-] Registered: [Plugin](User:False) AWS::EC2::Volume ->
2026-04-06 01:33:16.098 60151 INFO heat.engine.environment [-] Registered: [Plugin](User:False) AWS::EC2::VolumeAttachment ->
2026-04-06 01:33:16.098 60151 INFO heat.engine.environment [-] Registered: [Plugin](User:False) AWS::EC2::VPC ->
2026-04-06 01:33:16.098 60151 INFO heat.engine.environment [-] Registered: [Plugin](User:False) AWS::IAM::User ->
2026-04-06 01:33:16.098 60151 INFO heat.engine.environment [-] Registered: [Plugin](User:False) AWS::IAM::AccessKey ->
2026-04-06 01:33:16.099 60151 INFO heat.engine.environment [-] Registered: [Plugin](User:False) AWS::ElasticLoadBalancing::LoadBalancer ->
2026-04-06 01:33:16.099 60151 INFO heat.engine.environment [-] Registered: [Plugin](User:False) AWS::S3::Bucket ->
2026-04-06 01:33:16.099 60151 INFO heat.engine.environment [-] Registered: [Plugin](User:False) OS::Aodh::Alarm ->
2026-04-06 01:33:16.099 60151 INFO heat.engine.environment [-] Registered: [Plugin](User:False) OS::Aodh::CombinationAlarm ->
2026-04-06 01:33:16.099 60151 INFO heat.engine.environment [-] Registered: [Plugin](User:False) OS::Aodh::EventAlarm ->
2026-04-06 01:33:16.099 60151 INFO heat.engine.environment [-] Registered: [Plugin](User:False) OS::Aodh::LBMemberHealthAlarm ->
2026-04-06 01:33:16.099 60151 INFO heat.engine.environment [-] Registered: [Plugin](User:False) OS::Aodh::CompositeAlarm ->
2026-04-06 01:33:16.099 60151 INFO heat.engine.environment [-] Registered: [Plugin](User:False) OS::Aodh::GnocchiResourcesAlarm ->
2026-04-06 01:33:16.099 60151 INFO heat.engine.environment [-] Registered: [Plugin](User:False) OS::Aodh::GnocchiAggregationByMetricsAlarm ->
2026-04-06 01:33:16.099 60151 INFO heat.engine.environment [-] Registered: [Plugin](User:False) OS::Aodh::GnocchiAggregationByResourcesAlarm ->
2026-04-06 01:33:16.099 60151 INFO heat.engine.environment [-] Registered: [Plugin](User:False) OS::Barbican::GenericContainer ->
2026-04-06 01:33:16.100 60151 INFO heat.engine.environment [-] Registered: [Plugin](User:False) OS::Barbican::CertificateContainer ->
2026-04-06 01:33:16.100 60151 INFO heat.engine.environment [-] Registered: [Plugin](User:False) OS::Barbican::RSAContainer ->
2026-04-06 01:33:16.100 60151 INFO heat.engine.environment [-] Registered: [Plugin](User:False) OS::Barbican::Order ->
2026-04-06 01:33:16.100 60151 INFO heat.engine.environment [-] Registered: [Plugin](User:False) OS::Barbican::Secret ->
2026-04-06 01:33:16.100 60151 INFO heat.engine.environment [-] Registered: [Plugin](User:False) OS::Blazar::Host ->
2026-04-06 01:33:16.100 60151 INFO heat.engine.environment [-] Registered: [Plugin](User:False) OS::Blazar::Lease ->
2026-04-06 01:33:16.100 60151 INFO heat.engine.environment [-] Registered: [Plugin](User:False) OS::Cinder::EncryptedVolumeType ->
2026-04-06 01:33:16.100 60151 INFO heat.engine.environment [-] Registered: [Plugin](User:False) OS::Cinder::QoSSpecs ->
2026-04-06 01:33:16.100 60151 INFO heat.engine.environment [-] Registered: [Plugin](User:False) OS::Cinder::QoSAssociation ->
2026-04-06 01:33:16.100 60151 INFO heat.engine.environment [-] Registered: [Plugin](User:False) OS::Cinder::Quota ->
2026-04-06 01:33:16.100 60151 INFO heat.engine.environment [-] Registered: [Plugin](User:False) OS::Cinder::Volume ->
2026-04-06 01:33:16.100 60151 INFO heat.engine.environment [-] Registered: [Plugin](User:False) OS::Cinder::VolumeAttachment ->
2026-04-06 01:33:16.100 60151 INFO heat.engine.environment [-] Registered: [Plugin](User:False) OS::Cinder::VolumeType ->
2026-04-06 01:33:16.101 60151 INFO heat.engine.environment [-] Registered: [Plugin](User:False) OS::Designate::Domain ->
2026-04-06 01:33:16.101 60151 INFO heat.engine.environment [-] Registered: [Plugin](User:False) OS::Designate::Record ->
2026-04-06 01:33:16.101 60151 INFO heat.engine.environment [-] Registered: [Plugin](User:False) OS::Designate::RecordSet ->
2026-04-06 01:33:16.101 60151 INFO heat.engine.environment [-] Registered: [Plugin](User:False) OS::Designate::Zone ->
2026-04-06 01:33:16.101 60151 INFO heat.engine.environment [-] Registered: [Plugin](User:False) OS::Glance::Image ->
2026-04-06 01:33:16.101 60151 INFO heat.engine.environment [-] Registered: [Plugin](User:False) OS::Glance::WebImage ->
2026-04-06 01:33:16.101 60151 INFO heat.engine.environment [-] Registered: [Plugin](User:False) OS::Heat::AccessPolicy ->
2026-04-06 01:33:16.101 60151 INFO heat.engine.environment [-] Registered: [Plugin](User:False) OS::Heat::AutoScalingGroup ->
2026-04-06 01:33:16.101 60151 INFO heat.engine.environment [-] Registered: [Plugin](User:False) OS::Heat::CloudConfig ->
2026-04-06 01:33:16.101 60151 INFO heat.engine.environment [-] Registered: [Plugin](User:False) OS::Heat::Delay ->
2026-04-06 01:33:16.101 60151 INFO heat.engine.environment [-] Registered: [Plugin](User:False) OS::Heat::DeployedServer ->
2026-04-06 01:33:16.101 60151 INFO heat.engine.environment [-] Registered: [Plugin](User:False) OS::Heat::HARestarter ->
2026-04-06 01:33:16.102 60151 INFO heat.engine.environment [-] Registered: [Plugin](User:False) OS::Heat::InstanceGroup ->
2026-04-06 01:33:16.102 60151 INFO heat.engine.environment [-] Registered: [Plugin](User:False) OS::Heat::MultipartMime ->
2026-04-06 01:33:16.102 60151 INFO heat.engine.environment [-] Registered: [Plugin](User:False) OS::Heat::None ->
2026-04-06 01:33:16.102 60151 INFO heat.engine.environment [-] Registered: [Plugin](User:False) OS::Heat::RandomString ->
2026-04-06 01:33:16.102 60151 INFO heat.engine.environment [-] Registered: [Plugin](User:False) OS::Heat::Stack ->
2026-04-06 01:33:16.102 60151 INFO heat.engine.environment [-] Registered: [Plugin](User:False) OS::Heat::ResourceChain ->
2026-04-06 01:33:16.102 60151 INFO heat.engine.environment [-] Registered: [Plugin](User:False) OS::Heat::ResourceGroup ->
2026-04-06 01:33:16.102 60151 INFO heat.engine.environment [-] Registered: [Plugin](User:False) OS::Heat::ScalingPolicy ->
2026-04-06 01:33:16.102 60151 INFO heat.engine.environment [-] Registered: [Plugin](User:False) OS::Heat::SoftwareComponent ->
2026-04-06 01:33:16.102 60151 INFO heat.engine.environment [-] Registered: [Plugin](User:False) OS::Heat::SoftwareConfig ->
2026-04-06 01:33:16.102 60151 INFO heat.engine.environment [-] Registered: [Plugin](User:False) OS::Heat::SoftwareDeployment ->
2026-04-06 01:33:16.102 60151 INFO heat.engine.environment [-] Registered: [Plugin](User:False) OS::Heat::SoftwareDeploymentGroup ->
2026-04-06 01:33:16.102 60151 INFO heat.engine.environment [-] Registered: [Plugin](User:False) OS::Heat::SoftwareDeployments ->
2026-04-06 01:33:16.103 60151 INFO heat.engine.environment [-] Registered: [Plugin](User:False) OS::Heat::StructuredConfig ->
2026-04-06 01:33:16.103 60151 INFO heat.engine.environment [-] Registered: [Plugin](User:False) OS::Heat::StructuredDeployment ->
2026-04-06 01:33:16.103 60151 INFO heat.engine.environment [-] Registered: [Plugin](User:False) OS::Heat::StructuredDeploymentGroup ->
2026-04-06 01:33:16.103 60151 INFO heat.engine.environment [-] Registered: [Plugin](User:False) OS::Heat::StructuredDeployments ->
2026-04-06 01:33:16.103 60151 INFO heat.engine.environment [-] Registered: [Plugin](User:False) OS::Heat::SwiftSignal ->
2026-04-06 01:33:16.103 60151 INFO heat.engine.environment [-] Registered: [Plugin](User:False) OS::Heat::SwiftSignalHandle ->
2026-04-06 01:33:16.103 60151 INFO heat.engine.environment [-] Registered: [Plugin](User:False) OS::Heat::TestResource ->
2026-04-06 01:33:16.103 60151 INFO heat.engine.environment [-] Registered: [Plugin](User:False) OS::Heat::Value ->
2026-04-06 01:33:16.103 60151 INFO heat.engine.environment [-] Registered: [Plugin](User:False) OS::Heat::WaitCondition ->
2026-04-06 01:33:16.103 60151 INFO heat.engine.environment [-] Registered: [Plugin](User:False) OS::Heat::WaitConditionHandle ->
2026-04-06 01:33:16.103 60151 INFO heat.engine.environment [-] Registered: [Plugin](User:False) OS::Heat::UpdateWaitConditionHandle ->
2026-04-06 01:33:16.103 60151 INFO heat.engine.environment [-] Registered: [Plugin](User:False) OS::Ironic::Port ->
2026-04-06 01:33:16.104 60151 INFO heat.engine.environment [-] Registered: [Plugin](User:False) OS::Keystone::Domain ->
2026-04-06 01:33:16.104 60151 INFO heat.engine.environment [-] Registered: [Plugin](User:False) OS::Keystone::Endpoint ->
2026-04-06 01:33:16.104 60151 INFO heat.engine.environment [-] Registered: [Plugin](User:False) OS::Keystone::Group ->
2026-04-06 01:33:16.104 60151 INFO heat.engine.environment [-] Registered: [Plugin](User:False) OS::Keystone::Project ->
2026-04-06 01:33:16.104 60151 INFO heat.engine.environment [-] Registered: [Plugin](User:False) OS::Keystone::Region ->
2026-04-06 01:33:16.104 60151 INFO heat.engine.environment [-] Registered: [Plugin](User:False) OS::Keystone::Role ->
2026-04-06 01:33:16.104 60151 INFO heat.engine.environment [-] Registered: [Plugin](User:False) OS::Keystone::UserRoleAssignment ->
2026-04-06 01:33:16.104 60151 INFO heat.engine.environment [-] Registered: [Plugin](User:False) OS::Keystone::GroupRoleAssignment ->
2026-04-06 01:33:16.104 60151 INFO heat.engine.environment [-] Registered: [Plugin](User:False) OS::Keystone::Service ->
2026-04-06 01:33:16.104 60151 INFO heat.engine.environment [-] Registered: [Plugin](User:False) OS::Keystone::User ->
2026-04-06 01:33:16.104 60151 INFO heat.engine.environment [-] Registered: [Plugin](User:False) OS::Magnum::Bay ->
2026-04-06 01:33:16.104 60151 INFO heat.engine.environment [-] Registered: [Plugin](User:False) OS::Magnum::BayModel ->
2026-04-06 01:33:16.104 60151 INFO heat.engine.environment [-] Registered: [Plugin](User:False) OS::Magnum::Cluster ->
2026-04-06 01:33:16.105 60151 INFO heat.engine.environment [-] Registered: [Plugin](User:False) OS::Magnum::ClusterTemplate ->
2026-04-06 01:33:16.105 60151 INFO heat.engine.environment [-] Registered: [Plugin](User:False) OS::Manila::SecurityService ->
2026-04-06 01:33:16.105 60151 INFO heat.engine.environment [-] Registered: [Plugin](User:False) OS::Manila::Share ->
2026-04-06 01:33:16.105 60151 INFO heat.engine.environment [-] Registered: [Plugin](User:False) OS::Manila::ShareNetwork ->
2026-04-06 01:33:16.105 60151 INFO heat.engine.environment [-] Registered: [Plugin](User:False) OS::Manila::ShareType ->
2026-04-06 01:33:16.105 60151 INFO heat.engine.environment [-] Registered: [Plugin](User:False) OS::Mistral::CronTrigger ->
2026-04-06 01:33:16.105 60151 INFO heat.engine.environment [-] Registered: [Plugin](User:False) OS::Mistral::ExternalResource ->
2026-04-06 01:33:16.105 60151 INFO heat.engine.environment [-] Registered: [Plugin](User:False) OS::Mistral::Workflow ->
2026-04-06 01:33:16.105 60151 INFO heat.engine.environment [-] Registered: [Plugin](User:False) OS::Monasca::AlarmDefinition ->
2026-04-06 01:33:16.105 60151 INFO heat.engine.environment [-] Registered: [Plugin](User:False) OS::Monasca::Notification ->
2026-04-06 01:33:16.105 60151 INFO heat.engine.environment [-] Registered: [Plugin](User:False) OS::Neutron::AddressScope ->
2026-04-06 01:33:16.105 60151 INFO heat.engine.environment [-] Registered: [Plugin](User:False) OS::Neutron::ExtraRoute ->
2026-04-06 01:33:16.106 60151 INFO heat.engine.environment [-] Registered: [Plugin](User:False) OS::Neutron::ExtraRouteSet ->
2026-04-06 01:33:16.106 60151 INFO heat.engine.environment [-] Registered: [Plugin](User:False) OS::Neutron::Firewall ->
2026-04-06 01:33:16.106 60151 INFO heat.engine.environment [-] Registered: [Plugin](User:False) OS::Neutron::FirewallPolicy ->
2026-04-06 01:33:16.106 60151 INFO heat.engine.environment [-] Registered: [Plugin](User:False) OS::Neutron::FirewallRule ->
2026-04-06 01:33:16.106 60151 INFO heat.engine.environment [-] Registered: [Plugin](User:False) OS::Neutron::FloatingIP ->
2026-04-06 01:33:16.106 60151 INFO heat.engine.environment [-] Registered: [Plugin](User:False) OS::Neutron::FloatingIPAssociation ->
2026-04-06 01:33:16.106 60151 INFO heat.engine.environment [-] Registered: [Plugin](User:False) OS::Neutron::L2Gateway ->
2026-04-06 01:33:16.106 60151 INFO heat.engine.environment [-] Registered: [Plugin](User:False) OS::Neutron::L2GatewayConnection ->
2026-04-06 01:33:16.106 60151 INFO heat.engine.environment [-] Registered: [Plugin](User:False) OS::Neutron::LBaaS::HealthMonitor ->
2026-04-06 01:33:16.106 60151 INFO heat.engine.environment [-] Registered: [Plugin](User:False) OS::Neutron::LBaaS::L7Policy ->
2026-04-06 01:33:16.106 60151 INFO heat.engine.environment [-] Registered: [Plugin](User:False) OS::Neutron::LBaaS::L7Rule ->
2026-04-06 01:33:16.106 60151 INFO heat.engine.environment [-] Registered: [Plugin](User:False) OS::Neutron::LBaaS::Listener ->
2026-04-06 01:33:16.107 60151 INFO heat.engine.environment [-] Registered: [Plugin](User:False) OS::Neutron::LBaaS::LoadBalancer ->
2026-04-06 01:33:16.107 60151 INFO heat.engine.environment [-] Registered: [Plugin](User:False) OS::Neutron::LBaaS::Pool ->
2026-04-06 01:33:16.107 60151 INFO heat.engine.environment [-] Registered: [Plugin](User:False) OS::Neutron::LBaaS::PoolMember ->
2026-04-06 01:33:16.107 60151 INFO heat.engine.environment [-] Registered: [Plugin](User:False) OS::Neutron::HealthMonitor ->
2026-04-06 01:33:16.107 60151 INFO heat.engine.environment [-] Registered: [Plugin](User:False) OS::Neutron::Pool ->
2026-04-06 01:33:16.107 60151 INFO heat.engine.environment [-] Registered: [Plugin](User:False) OS::Neutron::PoolMember ->
2026-04-06 01:33:16.107 60151 INFO heat.engine.environment [-] Registered: [Plugin](User:False) OS::Neutron::LoadBalancer ->
2026-04-06 01:33:16.107 60151 INFO heat.engine.environment [-] Registered: [Plugin](User:False) OS::Neutron::MeteringLabel ->
2026-04-06 01:33:16.107 60151 INFO heat.engine.environment [-] Registered: [Plugin](User:False) OS::Neutron::MeteringRule ->
2026-04-06 01:33:16.107 60151 INFO heat.engine.environment [-] Registered: [Plugin](User:False) OS::Neutron::Net ->
2026-04-06 01:33:16.107 60151 INFO heat.engine.environment [-] Registered: [Plugin](User:False) OS::Neutron::NetworkGateway ->
2026-04-06 01:33:16.107 60151 INFO heat.engine.environment [-] Registered: [Plugin](User:False) OS::Neutron::Port ->
2026-04-06 01:33:16.108 60151 INFO heat.engine.environment [-] Registered: [Plugin](User:False) OS::Neutron::ProviderNet ->
2026-04-06 01:33:16.108 60151 INFO heat.engine.environment [-] Registered: [Plugin](User:False) OS::Neutron::QoSPolicy ->
2026-04-06 01:33:16.108 60151 INFO heat.engine.environment [-] Registered: [Plugin](User:False) OS::Neutron::QoSBandwidthLimitRule ->
2026-04-06 01:33:16.108 60151 INFO heat.engine.environment [-] Registered: [Plugin](User:False) OS::Neutron::QoSDscpMarkingRule ->
2026-04-06 01:33:16.108 60151 INFO heat.engine.environment [-] Registered: [Plugin](User:False) OS::Neutron::QoSMinimumBandwidthRule ->
2026-04-06 01:33:16.108 60151 INFO heat.engine.environment [-] Registered: [Plugin](User:False) OS::Neutron::Quota ->
2026-04-06 01:33:16.108 60151 INFO heat.engine.environment [-] Registered: [Plugin](User:False) OS::Neutron::RBACPolicy ->
2026-04-06 01:33:16.108 60151 INFO heat.engine.environment [-] Registered: [Plugin](User:False) OS::Neutron::Router ->
2026-04-06 01:33:16.108 60151 INFO heat.engine.environment [-] Registered: [Plugin](User:False) OS::Neutron::RouterInterface ->
2026-04-06 01:33:16.108 60151 INFO heat.engine.environment [-] Registered: [Plugin](User:False) OS::Neutron::RouterGateway ->
2026-04-06 01:33:16.108 60151 INFO heat.engine.environment [-] Registered: [Plugin](User:False) OS::Neutron::SecurityGroup ->
2026-04-06 01:33:16.108 60151 INFO heat.engine.environment [-] Registered: [Plugin](User:False) OS::Neutron::SecurityGroupRule ->
2026-04-06 01:33:16.108 60151 INFO heat.engine.environment [-] Registered: [Plugin](User:False) OS::Neutron::Segment ->
2026-04-06 01:33:16.109 60151 INFO heat.engine.environment [-] Registered: [Plugin](User:False) OS::Neutron::FlowClassifier ->
2026-04-06 01:33:16.109 60151 INFO heat.engine.environment [-] Registered: [Plugin](User:False) OS::Neutron::PortChain ->
2026-04-06 01:33:16.109 60151 INFO heat.engine.environment [-] Registered: [Plugin](User:False) OS::Neutron::PortPair ->
2026-04-06 01:33:16.109 60151 INFO heat.engine.environment [-] Registered: [Plugin](User:False) OS::Neutron::PortPairGroup ->
2026-04-06 01:33:16.109 60151 INFO heat.engine.environment [-] Registered: [Plugin](User:False) OS::Neutron::Subnet ->
2026-04-06 01:33:16.109 60151 INFO heat.engine.environment [-] Registered: [Plugin](User:False) OS::Neutron::SubnetPool ->
2026-04-06 01:33:16.109 60151 INFO heat.engine.environment [-] Registered: [Plugin](User:False) OS::Neutron::TaaS::TapFlow ->
2026-04-06 01:33:16.109 60151 INFO heat.engine.environment [-] Registered: [Plugin](User:False) OS::Neutron::TaaS::TapService ->
2026-04-06 01:33:16.109 60151 INFO heat.engine.environment [-] Registered: [Plugin](User:False) OS::Neutron::Trunk ->
2026-04-06 01:33:16.109 60151 INFO heat.engine.environment [-] Registered: [Plugin](User:False) OS::Neutron::VPNService ->
2026-04-06 01:33:16.109 60151 INFO heat.engine.environment [-] Registered: [Plugin](User:False) OS::Neutron::IPsecSiteConnection ->
2026-04-06 01:33:16.110 60151 INFO heat.engine.environment [-] Registered: [Plugin](User:False) OS::Neutron::IKEPolicy ->
2026-04-06 01:33:16.110 60151 INFO heat.engine.environment [-] Registered: [Plugin](User:False) OS::Neutron::IPsecPolicy ->
2026-04-06 01:33:16.110 60151 INFO heat.engine.environment [-] Registered: [Plugin](User:False) OS::Nova::Flavor ->
2026-04-06 01:33:16.110 60151 INFO heat.engine.environment [-] Registered: [Plugin](User:False) OS::Nova::FloatingIP ->
2026-04-06 01:33:16.110 60151 INFO heat.engine.environment [-] Registered: [Plugin](User:False) OS::Nova::FloatingIPAssociation ->
2026-04-06 01:33:16.110 60151 INFO heat.engine.environment [-] Registered: [Plugin](User:False) OS::Nova::HostAggregate ->
2026-04-06 01:33:16.110 60151 INFO heat.engine.environment [-] Registered: [Plugin](User:False) OS::Nova::KeyPair ->
2026-04-06 01:33:16.110 60151 INFO heat.engine.environment [-] Registered: [Plugin](User:False) OS::Nova::Quota ->
