2026-04-06 01:36:39.360 64515 DEBUG oslo_service.service [-] oslo_messaging_metrics.metrics_process_name = log_opt_values /usr/lib/python3/dist-packages/oslo_config/cfg.py:2609
2026-04-06 01:36:39.360 64515 DEBUG oslo_service.service [-] oslo_messaging_metrics.metrics_socket_file = /var/tmp/metrics_collector.sock log_opt_values /usr/lib/python3/dist-packages/oslo_config/cfg.py:2609
2026-04-06 01:36:39.360 64515 DEBUG oslo_service.service [-] oslo_messaging_metrics.metrics_thread_stop_timeout = 10 log_opt_values /usr/lib/python3/dist-packages/oslo_config/cfg.py:2609
2026-04-06 01:36:39.360 64515 DEBUG oslo_service.service [-] oslo_policy.enforce_new_defaults = False log_opt_values /usr/lib/python3/dist-packages/oslo_config/cfg.py:2609
2026-04-06 01:36:39.361 64515 DEBUG oslo_service.service [-] oslo_policy.enforce_scope = False log_opt_values /usr/lib/python3/dist-packages/oslo_config/cfg.py:2609
2026-04-06 01:36:39.361 64515 DEBUG oslo_service.service [-] oslo_policy.policy_default_rule = default log_opt_values /usr/lib/python3/dist-packages/oslo_config/cfg.py:2609
2026-04-06 01:36:39.361 64515 DEBUG oslo_service.service [-] oslo_policy.policy_dirs = ['policy.d'] log_opt_values /usr/lib/python3/dist-packages/oslo_config/cfg.py:2609
2026-04-06 01:36:39.361 64515 DEBUG oslo_service.service [-] oslo_policy.policy_file = policy.yaml log_opt_values /usr/lib/python3/dist-packages/oslo_config/cfg.py:2609
2026-04-06 01:36:39.361 64515 DEBUG oslo_service.service [-] oslo_policy.remote_content_type = application/x-www-form-urlencoded log_opt_values /usr/lib/python3/dist-packages/oslo_config/cfg.py:2609
2026-04-06 01:36:39.361 64515 DEBUG oslo_service.service [-] oslo_policy.remote_ssl_ca_crt_file = None log_opt_values /usr/lib/python3/dist-packages/oslo_config/cfg.py:2609
2026-04-06 01:36:39.362 64515 DEBUG oslo_service.service [-] oslo_policy.remote_ssl_client_crt_file = None log_opt_values /usr/lib/python3/dist-packages/oslo_config/cfg.py:2609
2026-04-06 01:36:39.362 64515 DEBUG oslo_service.service [-] oslo_policy.remote_ssl_client_key_file = None log_opt_values /usr/lib/python3/dist-packages/oslo_config/cfg.py:2609
2026-04-06 01:36:39.362 64515 DEBUG oslo_service.service [-] oslo_policy.remote_ssl_verify_server_crt = False log_opt_values /usr/lib/python3/dist-packages/oslo_config/cfg.py:2609
2026-04-06 01:36:39.362 64515 DEBUG oslo_service.service [-] trustee.auth_section = None log_opt_values /usr/lib/python3/dist-packages/oslo_config/cfg.py:2609
2026-04-06 01:36:39.362 64515 WARNING oslo_config.cfg [-] Deprecated: Option "auth_plugin" from group "trustee" is deprecated. Use option "auth_type" from group "trustee".
2026-04-06 01:36:39.362 64515 DEBUG oslo_service.service [-] trustee.auth_type = password log_opt_values /usr/lib/python3/dist-packages/oslo_config/cfg.py:2609
2026-04-06 01:36:39.363 64515 DEBUG oslo_service.service [-] oslo_versionedobjects.fatal_exception_format_errors = False log_opt_values /usr/lib/python3/dist-packages/oslo_config/cfg.py:2609
2026-04-06 01:36:39.363 64515 DEBUG oslo_service.service [-] oslo_messaging_rabbit.amqp_auto_delete = False log_opt_values /usr/lib/python3/dist-packages/oslo_config/cfg.py:2609
2026-04-06 01:36:39.363 64515 DEBUG oslo_service.service [-] oslo_messaging_rabbit.amqp_durable_queues = False log_opt_values /usr/lib/python3/dist-packages/oslo_config/cfg.py:2609
2026-04-06 01:36:39.363 64515 DEBUG oslo_service.service [-] oslo_messaging_rabbit.conn_pool_min_size = 2 log_opt_values /usr/lib/python3/dist-packages/oslo_config/cfg.py:2609
2026-04-06 01:36:39.363 64515 DEBUG oslo_service.service [-] oslo_messaging_rabbit.conn_pool_ttl = 1200 log_opt_values /usr/lib/python3/dist-packages/oslo_config/cfg.py:2609
2026-04-06 01:36:39.363 64515 DEBUG oslo_service.service [-] oslo_messaging_rabbit.direct_mandatory_flag = True log_opt_values /usr/lib/python3/dist-packages/oslo_config/cfg.py:2609
2026-04-06 01:36:39.363 64515 DEBUG oslo_service.service [-] oslo_messaging_rabbit.enable_cancel_on_failover = False log_opt_values /usr/lib/python3/dist-packages/oslo_config/cfg.py:2609
2026-04-06 01:36:39.363 64515 DEBUG oslo_service.service [-] oslo_messaging_rabbit.heartbeat_in_pthread = False log_opt_values /usr/lib/python3/dist-packages/oslo_config/cfg.py:2609
2026-04-06 01:36:39.364 64515 DEBUG oslo_service.service [-] oslo_messaging_rabbit.heartbeat_rate = 2 log_opt_values /usr/lib/python3/dist-packages/oslo_config/cfg.py:2609
2026-04-06 01:36:39.364 64515 DEBUG oslo_service.service [-] oslo_messaging_rabbit.heartbeat_timeout_threshold = 60 log_opt_values /usr/lib/python3/dist-packages/oslo_config/cfg.py:2609
2026-04-06 01:36:39.364 64515 DEBUG oslo_service.service [-] oslo_messaging_rabbit.kombu_compression = None log_opt_values /usr/lib/python3/dist-packages/oslo_config/cfg.py:2609
2026-04-06 01:36:39.364 64515 DEBUG oslo_service.service [-] oslo_messaging_rabbit.kombu_failover_strategy = round-robin log_opt_values /usr/lib/python3/dist-packages/oslo_config/cfg.py:2609
2026-04-06 01:36:39.364 64515 DEBUG oslo_service.service [-] oslo_messaging_rabbit.kombu_missing_consumer_retry_timeout = 60 log_opt_values /usr/lib/python3/dist-packages/oslo_config/cfg.py:2609
2026-04-06 01:36:39.364 64515 DEBUG oslo_service.service [-] oslo_messaging_rabbit.kombu_reconnect_delay = 1.0 log_opt_values /usr/lib/python3/dist-packages/oslo_config/cfg.py:2609
2026-04-06 01:36:39.364 64515 DEBUG oslo_service.service [-] oslo_messaging_rabbit.rabbit_ha_queues = False log_opt_values /usr/lib/python3/dist-packages/oslo_config/cfg.py:2609
2026-04-06 01:36:39.364 64515 DEBUG oslo_service.service [-] oslo_messaging_rabbit.rabbit_interval_max = 30 log_opt_values /usr/lib/python3/dist-packages/oslo_config/cfg.py:2609
2026-04-06 01:36:39.364 64515 DEBUG oslo_service.service [-] oslo_messaging_rabbit.rabbit_login_method = AMQPLAIN log_opt_values /usr/lib/python3/dist-packages/oslo_config/cfg.py:2609
2026-04-06 01:36:39.364 64515 DEBUG oslo_service.service [-] oslo_messaging_rabbit.rabbit_qos_prefetch_count = 0 log_opt_values /usr/lib/python3/dist-packages/oslo_config/cfg.py:2609
2026-04-06 01:36:39.365 64515 DEBUG oslo_service.service [-] oslo_messaging_rabbit.rabbit_quorum_queue = False log_opt_values /usr/lib/python3/dist-packages/oslo_config/cfg.py:2609
2026-04-06 01:36:39.365 64515 DEBUG oslo_service.service [-] oslo_messaging_rabbit.rabbit_retry_backoff = 2 log_opt_values /usr/lib/python3/dist-packages/oslo_config/cfg.py:2609
2026-04-06 01:36:39.365 64515 DEBUG oslo_service.service [-] oslo_messaging_rabbit.rabbit_retry_interval = 1 log_opt_values /usr/lib/python3/dist-packages/oslo_config/cfg.py:2609
2026-04-06 01:36:39.365 64515 DEBUG oslo_service.service [-] oslo_messaging_rabbit.rabbit_transient_queues_ttl = 1800 log_opt_values /usr/lib/python3/dist-packages/oslo_config/cfg.py:2609
2026-04-06 01:36:39.365 64515 DEBUG oslo_service.service [-] oslo_messaging_rabbit.rpc_conn_pool_size = 30 log_opt_values /usr/lib/python3/dist-packages/oslo_config/cfg.py:2609
2026-04-06 01:36:39.365 64515 DEBUG oslo_service.service [-] oslo_messaging_rabbit.ssl = False log_opt_values /usr/lib/python3/dist-packages/oslo_config/cfg.py:2609
2026-04-06 01:36:39.365 64515 DEBUG oslo_service.service [-] oslo_messaging_rabbit.ssl_ca_file = log_opt_values /usr/lib/python3/dist-packages/oslo_config/cfg.py:2609
2026-04-06 01:36:39.365 64515 DEBUG oslo_service.service [-] oslo_messaging_rabbit.ssl_cert_file = log_opt_values /usr/lib/python3/dist-packages/oslo_config/cfg.py:2609
2026-04-06 01:36:39.365 64515 DEBUG oslo_service.service [-] oslo_messaging_rabbit.ssl_key_file = log_opt_values /usr/lib/python3/dist-packages/oslo_config/cfg.py:2609
2026-04-06 01:36:39.366 64515 DEBUG oslo_service.service [-] oslo_messaging_rabbit.ssl_version = log_opt_values /usr/lib/python3/dist-packages/oslo_config/cfg.py:2609
2026-04-06 01:36:39.366 64515 DEBUG oslo_service.service [-] oslo_messaging_notifications.driver = [] log_opt_values /usr/lib/python3/dist-packages/oslo_config/cfg.py:2609
2026-04-06 01:36:39.366 64515 DEBUG oslo_service.service [-] oslo_messaging_notifications.retry = -1 log_opt_values /usr/lib/python3/dist-packages/oslo_config/cfg.py:2609
2026-04-06 01:36:39.367 64515 DEBUG oslo_service.service [-] oslo_messaging_notifications.topics = ['notifications'] log_opt_values /usr/lib/python3/dist-packages/oslo_config/cfg.py:2609
2026-04-06 01:36:39.367 64515 DEBUG oslo_service.service [-] oslo_messaging_notifications.transport_url = **** log_opt_values /usr/lib/python3/dist-packages/oslo_config/cfg.py:2609
2026-04-06 01:36:39.367 64515 DEBUG oslo_service.service [-] cache.backend = dogpile.cache.null log_opt_values /usr/lib/python3/dist-packages/oslo_config/cfg.py:2609
2026-04-06 01:36:39.366 64745 INFO heat.engine.worker [-] Starting engine_worker (1.4) in engine 9e373217-5815-45c8-abdc-ac5b859ecc3d.
2026-04-06 01:36:39.367 64515 DEBUG oslo_service.service [-] cache.backend_argument = **** log_opt_values /usr/lib/python3/dist-packages/oslo_config/cfg.py:2609
2026-04-06 01:36:39.367 64515 DEBUG oslo_service.service [-] cache.config_prefix = cache.oslo log_opt_values /usr/lib/python3/dist-packages/oslo_config/cfg.py:2609
2026-04-06 01:36:39.367 64515 DEBUG oslo_service.service [-] cache.debug_cache_backend = False log_opt_values /usr/lib/python3/dist-packages/oslo_config/cfg.py:2609
2026-04-06 01:36:39.367 64515 DEBUG oslo_service.service [-] cache.enabled = False log_opt_values /usr/lib/python3/dist-packages/oslo_config/cfg.py:2609
2026-04-06 01:36:39.367 64515 DEBUG oslo_service.service [-] cache.expiration_time = 600 log_opt_values /usr/lib/python3/dist-packages/oslo_config/cfg.py:2609
2026-04-06 01:36:39.368 64515 DEBUG oslo_service.service [-] cache.memcache_dead_retry = 300 log_opt_values /usr/lib/python3/dist-packages/oslo_config/cfg.py:2609
2026-04-06 01:36:39.368 64515 DEBUG oslo_service.service [-] cache.memcache_pool_connection_get_timeout = 10 log_opt_values /usr/lib/python3/dist-packages/oslo_config/cfg.py:2609
2026-04-06 01:36:39.368 64515 DEBUG oslo_service.service [-] cache.memcache_pool_flush_on_reconnect = False log_opt_values /usr/lib/python3/dist-packages/oslo_config/cfg.py:2609
2026-04-06 01:36:39.368 64515 DEBUG oslo_service.service [-] cache.memcache_pool_maxsize = 10 log_opt_values /usr/lib/python3/dist-packages/oslo_config/cfg.py:2609
2026-04-06 01:36:39.368 64515 DEBUG oslo_service.service [-] cache.memcache_pool_unused_timeout = 60 log_opt_values /usr/lib/python3/dist-packages/oslo_config/cfg.py:2609
2026-04-06 01:36:39.368 64515 DEBUG oslo_service.service [-] cache.memcache_servers = ['localhost:11211'] log_opt_values /usr/lib/python3/dist-packages/oslo_config/cfg.py:2609
2026-04-06 01:36:39.368 64515 DEBUG oslo_service.service [-] cache.memcache_socket_timeout = 1.0 log_opt_values /usr/lib/python3/dist-packages/oslo_config/cfg.py:2609
2026-04-06 01:36:39.368 64515 DEBUG oslo_service.service [-] cache.proxies = [] log_opt_values /usr/lib/python3/dist-packages/oslo_config/cfg.py:2609
2026-04-06 01:36:39.368 64515 DEBUG oslo_service.service [-] cache.tls_allowed_ciphers = None log_opt_values /usr/lib/python3/dist-packages/oslo_config/cfg.py:2609
2026-04-06 01:36:39.369 64515 DEBUG oslo_service.service [-] cache.tls_cafile = None log_opt_values /usr/lib/python3/dist-packages/oslo_config/cfg.py:2609
2026-04-06 01:36:39.369 64515 DEBUG oslo_service.service [-] cache.tls_certfile = None log_opt_values /usr/lib/python3/dist-packages/oslo_config/cfg.py:2609
2026-04-06 01:36:39.369 64515 DEBUG oslo_service.service [-] cache.tls_enabled = False log_opt_values /usr/lib/python3/dist-packages/oslo_config/cfg.py:2609
2026-04-06 01:36:39.369 64515 DEBUG oslo_service.service [-] cache.tls_keyfile = None log_opt_values /usr/lib/python3/dist-packages/oslo_config/cfg.py:2609
2026-04-06 01:36:39.369 64515 DEBUG oslo_service.service [-] constraint_validation_cache.caching = True log_opt_values /usr/lib/python3/dist-packages/oslo_config/cfg.py:2609
2026-04-06 01:36:39.369 64515 DEBUG oslo_service.service [-] constraint_validation_cache.expiration_time = 60 log_opt_values /usr/lib/python3/dist-packages/oslo_config/cfg.py:2609
2026-04-06 01:36:39.369 64515 DEBUG oslo_service.service [-] service_extension_cache.caching = True log_opt_values /usr/lib/python3/dist-packages/oslo_config/cfg.py:2609
2026-04-06 01:36:39.369 64515 DEBUG oslo_service.service [-] service_extension_cache.expiration_time = 3600 log_opt_values /usr/lib/python3/dist-packages/oslo_config/cfg.py:2609
2026-04-06 01:36:39.369 64515 DEBUG oslo_service.service [-] resource_finder_cache.caching = True log_opt_values /usr/lib/python3/dist-packages/oslo_config/cfg.py:2609
2026-04-06 01:36:39.369 64515 DEBUG oslo_service.service [-] resource_finder_cache.expiration_time = 3600 log_opt_values /usr/lib/python3/dist-packages/oslo_config/cfg.py:2609
2026-04-06 01:36:39.370 64515 DEBUG oslo_service.service [-] yaql.limit_iterators = 200 log_opt_values /usr/lib/python3/dist-packages/oslo_config/cfg.py:2609
2026-04-06 01:36:39.370 64515 DEBUG oslo_service.service [-] yaql.memory_quota = 10000 log_opt_values /usr/lib/python3/dist-packages/oslo_config/cfg.py:2609
2026-04-06 01:36:39.370 64515 DEBUG oslo_service.service [-] ******************************************************************************** log_opt_values /usr/lib/python3/dist-packages/oslo_config/cfg.py:2613
2026-04-06 01:36:39.405 64744 DEBUG oslo_db.sqlalchemy.engines [req-eae54873-e960-4b29-b751-fa2ea93b7543 - - - - -] MySQL server mode set to STRICT_TRANS_TABLES,STRICT_ALL_TABLES,NO_ZERO_IN_DATE,NO_ZERO_DATE,ERROR_FOR_DIVISION_BY_ZERO,TRADITIONAL,NO_ENGINE_SUBSTITUTION _check_effective_sql_mode /usr/lib/python3/dist-packages/oslo_db/sqlalchemy/engines.py:314
2026-04-06 01:36:39.407 64742 DEBUG oslo_db.sqlalchemy.engines [req-e5428295-959b-4ba7-9b79-12dedfe25891 - - - - -] MySQL server mode set to STRICT_TRANS_TABLES,STRICT_ALL_TABLES,NO_ZERO_IN_DATE,NO_ZERO_DATE,ERROR_FOR_DIVISION_BY_ZERO,TRADITIONAL,NO_ENGINE_SUBSTITUTION _check_effective_sql_mode /usr/lib/python3/dist-packages/oslo_db/sqlalchemy/engines.py:314
2026-04-06 01:36:39.411 64743 DEBUG oslo_db.sqlalchemy.engines [req-7f9dc7cb-7beb-4224-96d4-45f3c5c7c7b5 - - - - -] MySQL server mode set to STRICT_TRANS_TABLES,STRICT_ALL_TABLES,NO_ZERO_IN_DATE,NO_ZERO_DATE,ERROR_FOR_DIVISION_BY_ZERO,TRADITIONAL,NO_ENGINE_SUBSTITUTION _check_effective_sql_mode /usr/lib/python3/dist-packages/oslo_db/sqlalchemy/engines.py:314
2026-04-06 01:36:39.441 64745 DEBUG oslo_db.sqlalchemy.engines [req-68549fcb-6e62-4b80-8536-304a8ebf1364 - - - - -] MySQL server mode set to STRICT_TRANS_TABLES,STRICT_ALL_TABLES,NO_ZERO_IN_DATE,NO_ZERO_DATE,ERROR_FOR_DIVISION_BY_ZERO,TRADITIONAL,NO_ENGINE_SUBSTITUTION _check_effective_sql_mode /usr/lib/python3/dist-packages/oslo_db/sqlalchemy/engines.py:314
2026-04-06 01:36:39.460 64744 DEBUG heat.engine.service [req-eae54873-e960-4b29-b751-fa2ea93b7543 - - - - -] Service 169c8718-8d11-47bf-8cf2-62da17213b30 was aborted service_manage_cleanup /usr/lib/python3/dist-packages/heat/engine/service.py:2391
2026-04-06 01:36:39.461 64742 DEBUG heat.engine.service [req-e5428295-959b-4ba7-9b79-12dedfe25891 - - - - -] Service 169c8718-8d11-47bf-8cf2-62da17213b30 was aborted service_manage_cleanup /usr/lib/python3/dist-packages/heat/engine/service.py:2391
2026-04-06 01:36:39.479 64744 DEBUG heat.engine.service [req-eae54873-e960-4b29-b751-fa2ea93b7543 - - - - -] Service 3a24dc12-4983-45a3-89f7-b9d46f49e71d was aborted service_manage_cleanup /usr/lib/python3/dist-packages/heat/engine/service.py:2391
2026-04-06 01:36:39.480 64742 DEBUG heat.engine.service [req-e5428295-959b-4ba7-9b79-12dedfe25891 - - - - -] Service 3a24dc12-4983-45a3-89f7-b9d46f49e71d was aborted service_manage_cleanup /usr/lib/python3/dist-packages/heat/engine/service.py:2391
2026-04-06 01:36:39.488 64745 DEBUG heat.engine.service [req-68549fcb-6e62-4b80-8536-304a8ebf1364 - - - - -] Service 3a24dc12-4983-45a3-89f7-b9d46f49e71d was aborted service_manage_cleanup /usr/lib/python3/dist-packages/heat/engine/service.py:2391
2026-04-06 01:36:39.491 64743 DEBUG heat.engine.service [req-7f9dc7cb-7beb-4224-96d4-45f3c5c7c7b5 - - - - -] Service 3a24dc12-4983-45a3-89f7-b9d46f49e71d was aborted service_manage_cleanup /usr/lib/python3/dist-packages/heat/engine/service.py:2391
2026-04-06 01:36:39.494 64744 DEBUG heat.engine.service [req-eae54873-e960-4b29-b751-fa2ea93b7543 - - - - -] Service 3bbfb967-bd01-421e-8b39-139e43c18ace was aborted service_manage_cleanup /usr/lib/python3/dist-packages/heat/engine/service.py:2391
2026-04-06 01:36:39.494 64742 DEBUG heat.engine.service [req-e5428295-959b-4ba7-9b79-12dedfe25891 - - - - -] Service 3bbfb967-bd01-421e-8b39-139e43c18ace was aborted service_manage_cleanup /usr/lib/python3/dist-packages/heat/engine/service.py:2391
2026-04-06 01:36:39.497 64745 DEBUG heat.engine.service [req-68549fcb-6e62-4b80-8536-304a8ebf1364 - - - - -] Service 3bbfb967-bd01-421e-8b39-139e43c18ace was aborted service_manage_cleanup /usr/lib/python3/dist-packages/heat/engine/service.py:2391
2026-04-06 01:36:39.510 64742 DEBUG heat.engine.service [req-e5428295-959b-4ba7-9b79-12dedfe25891 - - - - -] Service 4725d2ab-438a-4fdb-8fad-967341c93798 was aborted service_manage_cleanup /usr/lib/python3/dist-packages/heat/engine/service.py:2391
2026-04-06 01:36:39.513 64743 DEBUG heat.engine.service [req-7f9dc7cb-7beb-4224-96d4-45f3c5c7c7b5 - - - - -] Service 3bbfb967-bd01-421e-8b39-139e43c18ace was aborted service_manage_cleanup /usr/lib/python3/dist-packages/heat/engine/service.py:2391
2026-04-06 01:36:39.527 64742 DEBUG heat.engine.service [req-e5428295-959b-4ba7-9b79-12dedfe25891 - - - - -] Service 480ad730-8225-4c63-9a6f-9e00ab01abc0 was aborted service_manage_cleanup /usr/lib/python3/dist-packages/heat/engine/service.py:2391
2026-04-06 01:36:39.527 64745 DEBUG heat.engine.service [req-68549fcb-6e62-4b80-8536-304a8ebf1364 - - - - -] Service 4725d2ab-438a-4fdb-8fad-967341c93798 was aborted service_manage_cleanup /usr/lib/python3/dist-packages/heat/engine/service.py:2391
2026-04-06 01:36:39.533 64744 DEBUG heat.engine.service [req-eae54873-e960-4b29-b751-fa2ea93b7543 - - - - -] Service 4725d2ab-438a-4fdb-8fad-967341c93798 was aborted service_manage_cleanup /usr/lib/python3/dist-packages/heat/engine/service.py:2391
2026-04-06 01:36:39.534 64745 DEBUG heat.engine.service [req-68549fcb-6e62-4b80-8536-304a8ebf1364 - - - - -] Service 480ad730-8225-4c63-9a6f-9e00ab01abc0 was aborted service_manage_cleanup /usr/lib/python3/dist-packages/heat/engine/service.py:2391
2026-04-06 01:36:39.541 64744 DEBUG heat.engine.service [req-eae54873-e960-4b29-b751-fa2ea93b7543 - - - - -] Service 480ad730-8225-4c63-9a6f-9e00ab01abc0 was aborted service_manage_cleanup /usr/lib/python3/dist-packages/heat/engine/service.py:2391
2026-04-06 01:36:39.543 64743 DEBUG heat.engine.service [req-7f9dc7cb-7beb-4224-96d4-45f3c5c7c7b5 - - - - -] Service 4725d2ab-438a-4fdb-8fad-967341c93798 was aborted service_manage_cleanup /usr/lib/python3/dist-packages/heat/engine/service.py:2391
2026-04-06 01:36:39.544 64745 DEBUG heat.engine.service [req-68549fcb-6e62-4b80-8536-304a8ebf1364 - - - - -] Service 4bb2340c-34fb-4c32-a1f7-86d12f74762c was aborted service_manage_cleanup /usr/lib/python3/dist-packages/heat/engine/service.py:2391
2026-04-06 01:36:39.544 64742 DEBUG heat.engine.service [req-e5428295-959b-4ba7-9b79-12dedfe25891 - - - - -] Service 4bb2340c-34fb-4c32-a1f7-86d12f74762c was aborted service_manage_cleanup /usr/lib/python3/dist-packages/heat/engine/service.py:2391
2026-04-06 01:36:39.546 64744 DEBUG heat.engine.service [req-eae54873-e960-4b29-b751-fa2ea93b7543 - - - - -] Service 4bb2340c-34fb-4c32-a1f7-86d12f74762c was aborted service_manage_cleanup /usr/lib/python3/dist-packages/heat/engine/service.py:2391
2026-04-06 01:36:39.552 64743 DEBUG heat.engine.service [req-7f9dc7cb-7beb-4224-96d4-45f3c5c7c7b5 - - - - -] Service 480ad730-8225-4c63-9a6f-9e00ab01abc0 was aborted service_manage_cleanup /usr/lib/python3/dist-packages/heat/engine/service.py:2391
2026-04-06 01:36:39.557 64743 DEBUG heat.engine.service [req-7f9dc7cb-7beb-4224-96d4-45f3c5c7c7b5 - - - - -] Service 4bb2340c-34fb-4c32-a1f7-86d12f74762c was aborted service_manage_cleanup /usr/lib/python3/dist-packages/heat/engine/service.py:2391
2026-04-06 01:36:39.559 64745 DEBUG heat.engine.service [req-68549fcb-6e62-4b80-8536-304a8ebf1364 - - - - -] Service 5defc1c1-76fe-4e92-88db-c10e70cd2787 was aborted service_manage_cleanup /usr/lib/python3/dist-packages/heat/engine/service.py:2391
2026-04-06 01:36:39.559 64744 DEBUG heat.engine.service [req-eae54873-e960-4b29-b751-fa2ea93b7543 - - - - -] Service 5defc1c1-76fe-4e92-88db-c10e70cd2787 was aborted service_manage_cleanup /usr/lib/python3/dist-packages/heat/engine/service.py:2391
2026-04-06 01:36:39.560 64742 DEBUG heat.engine.service [req-e5428295-959b-4ba7-9b79-12dedfe25891 - - - - -] Service 5defc1c1-76fe-4e92-88db-c10e70cd2787 was aborted service_manage_cleanup /usr/lib/python3/dist-packages/heat/engine/service.py:2391
2026-04-06 01:36:39.563 64743 DEBUG heat.engine.service [req-7f9dc7cb-7beb-4224-96d4-45f3c5c7c7b5 - - - - -] Service 5defc1c1-76fe-4e92-88db-c10e70cd2787 was aborted service_manage_cleanup /usr/lib/python3/dist-packages/heat/engine/service.py:2391
2026-04-06 01:36:39.576 64742 DEBUG heat.engine.service [req-e5428295-959b-4ba7-9b79-12dedfe25891 - - - - -] Service 61ae8881-78b9-48d3-9361-b3caae33f84b was aborted service_manage_cleanup /usr/lib/python3/dist-packages/heat/engine/service.py:2391
2026-04-06 01:36:39.577 64744 DEBUG heat.engine.service [req-eae54873-e960-4b29-b751-fa2ea93b7543 - - - - -] Service 61ae8881-78b9-48d3-9361-b3caae33f84b was aborted service_manage_cleanup /usr/lib/python3/dist-packages/heat/engine/service.py:2391
2026-04-06 01:36:39.577 64745 DEBUG heat.engine.service [req-68549fcb-6e62-4b80-8536-304a8ebf1364 - - - - -] Service 61ae8881-78b9-48d3-9361-b3caae33f84b was aborted service_manage_cleanup /usr/lib/python3/dist-packages/heat/engine/service.py:2391
2026-04-06 01:36:39.579 64743 DEBUG heat.engine.service [req-7f9dc7cb-7beb-4224-96d4-45f3c5c7c7b5 - - - - -] Service 61ae8881-78b9-48d3-9361-b3caae33f84b was aborted service_manage_cleanup /usr/lib/python3/dist-packages/heat/engine/service.py:2391
2026-04-06 01:36:39.590 64742 DEBUG heat.engine.service [req-e5428295-959b-4ba7-9b79-12dedfe25891 - - - - -] Service 657ce326-a1bb-41b9-b20e-031b04f95b23 was aborted service_manage_cleanup /usr/lib/python3/dist-packages/heat/engine/service.py:2391
2026-04-06 01:36:39.591 64745 DEBUG heat.engine.service [req-68549fcb-6e62-4b80-8536-304a8ebf1364 - - - - -] Service 657ce326-a1bb-41b9-b20e-031b04f95b23 was aborted service_manage_cleanup /usr/lib/python3/dist-packages/heat/engine/service.py:2391
2026-04-06 01:36:39.593 64744 DEBUG heat.engine.service [req-eae54873-e960-4b29-b751-fa2ea93b7543 - - - - -] Service 657ce326-a1bb-41b9-b20e-031b04f95b23 was aborted service_manage_cleanup /usr/lib/python3/dist-packages/heat/engine/service.py:2391
2026-04-06 01:36:39.594 64743 DEBUG heat.engine.service [req-7f9dc7cb-7beb-4224-96d4-45f3c5c7c7b5 - - - - -] Service 657ce326-a1bb-41b9-b20e-031b04f95b23 was aborted service_manage_cleanup /usr/lib/python3/dist-packages/heat/engine/service.py:2391
2026-04-06 01:36:39.604 64745 DEBUG heat.engine.service [req-68549fcb-6e62-4b80-8536-304a8ebf1364 - - - - -] Service 721edc7a-2d9d-4441-90f4-c8249e02e96d was aborted service_manage_cleanup /usr/lib/python3/dist-packages/heat/engine/service.py:2391
2026-04-06 01:36:39.609 64743 DEBUG heat.engine.service [req-7f9dc7cb-7beb-4224-96d4-45f3c5c7c7b5 - - - - -] Service 721edc7a-2d9d-4441-90f4-c8249e02e96d was aborted service_manage_cleanup /usr/lib/python3/dist-packages/heat/engine/service.py:2391
2026-04-06 01:36:39.611 64744 DEBUG heat.engine.service [req-eae54873-e960-4b29-b751-fa2ea93b7543 - - - - -] Service 721edc7a-2d9d-4441-90f4-c8249e02e96d was aborted service_manage_cleanup /usr/lib/python3/dist-packages/heat/engine/service.py:2391
2026-04-06 01:36:39.614 64742 DEBUG heat.engine.service [req-e5428295-959b-4ba7-9b79-12dedfe25891 - - - - -] Service 721edc7a-2d9d-4441-90f4-c8249e02e96d was aborted service_manage_cleanup /usr/lib/python3/dist-packages/heat/engine/service.py:2391
2026-04-06 01:36:39.624 64745 DEBUG heat.engine.service [req-68549fcb-6e62-4b80-8536-304a8ebf1364 - - - - -] Service 89baa449-6fbe-479d-a931-84161b574bdc was aborted service_manage_cleanup /usr/lib/python3/dist-packages/heat/engine/service.py:2391
2026-04-06 01:36:39.626 64743 DEBUG heat.engine.service [req-7f9dc7cb-7beb-4224-96d4-45f3c5c7c7b5 - - - - -] Service 89baa449-6fbe-479d-a931-84161b574bdc was aborted service_manage_cleanup /usr/lib/python3/dist-packages/heat/engine/service.py:2391
2026-04-06 01:36:39.626 64744 DEBUG heat.engine.service [req-eae54873-e960-4b29-b751-fa2ea93b7543 - - - - -] Service 89baa449-6fbe-479d-a931-84161b574bdc was aborted service_manage_cleanup /usr/lib/python3/dist-packages/heat/engine/service.py:2391
2026-04-06 01:36:39.628 64742 DEBUG heat.engine.service [req-e5428295-959b-4ba7-9b79-12dedfe25891 - - - - -] Service 89baa449-6fbe-479d-a931-84161b574bdc was aborted service_manage_cleanup /usr/lib/python3/dist-packages/heat/engine/service.py:2391
2026-04-06 01:36:39.642 64745 DEBUG heat.engine.service [req-68549fcb-6e62-4b80-8536-304a8ebf1364 - - - - -] Service d7737e16-a911-4e4e-8525-62d3c73f4c25 was aborted service_manage_cleanup /usr/lib/python3/dist-packages/heat/engine/service.py:2391
2026-04-06 01:36:39.644 64743 DEBUG heat.engine.service [req-7f9dc7cb-7beb-4224-96d4-45f3c5c7c7b5 - - - - -] Service d7737e16-a911-4e4e-8525-62d3c73f4c25 was aborted service_manage_cleanup /usr/lib/python3/dist-packages/heat/engine/service.py:2391
2026-04-06 01:36:39.645 64742 DEBUG heat.engine.service [req-e5428295-959b-4ba7-9b79-12dedfe25891 - - - - -] Service d7737e16-a911-4e4e-8525-62d3c73f4c25 was aborted service_manage_cleanup /usr/lib/python3/dist-packages/heat/engine/service.py:2391
2026-04-06 01:36:39.645 64744 DEBUG heat.engine.service [req-eae54873-e960-4b29-b751-fa2ea93b7543 - - - - -] Service d7737e16-a911-4e4e-8525-62d3c73f4c25 was aborted service_manage_cleanup /usr/lib/python3/dist-packages/heat/engine/service.py:2391
2026-04-06 01:36:39.688 64743 DEBUG heat.engine.service [req-80530c20-7be7-413b-97df-18b40a08bd92 - - - - -] Service 5efa5a08-457f-44ec-80b7-d6a5e6f391a6 is started service_manage_report /usr/lib/python3/dist-packages/heat/engine/service.py:2363
2026-04-06 01:36:39.692 64742 DEBUG heat.engine.service [req-eaaf483a-cfce-4982-9be8-81bc22a33dfe - - - - -] Service b74c6db7-8134-4ce4-856a-3b1e9c43663f is started service_manage_report /usr/lib/python3/dist-packages/heat/engine/service.py:2363
2026-04-06 01:36:39.703 64745 DEBUG heat.engine.service [req-c06e012c-9815-43e8-a86b-b4cdd162d158 - - - - -] Service 59fbc00f-37d7-4126-9bd9-1313b5b75d4b is started service_manage_report /usr/lib/python3/dist-packages/heat/engine/service.py:2363
2026-04-06 01:36:39.717 64744 DEBUG heat.engine.service [req-035d97a3-b18f-49a9-a763-fd4a6fa38766 - - - - -] Service 6c632871-4771-474f-8ef5-ae9134299c27 is started service_manage_report /usr/lib/python3/dist-packages/heat/engine/service.py:2363
2026-04-06 01:36:39.721 64743 DEBUG heat.engine.service [req-80530c20-7be7-413b-97df-18b40a08bd92 - - - - -] Service 5efa5a08-457f-44ec-80b7-d6a5e6f391a6 is updated service_manage_report /usr/lib/python3/dist-packages/heat/engine/service.py:2370
2026-04-06 01:36:39.754 64742 DEBUG heat.engine.service [req-eaaf483a-cfce-4982-9be8-81bc22a33dfe - - - - -] Service b74c6db7-8134-4ce4-856a-3b1e9c43663f is updated service_manage_report /usr/lib/python3/dist-packages/heat/engine/service.py:2370
2026-04-06 01:36:39.754 64745 DEBUG heat.engine.service [req-c06e012c-9815-43e8-a86b-b4cdd162d158 - - - - -] Service 59fbc00f-37d7-4126-9bd9-1313b5b75d4b is updated service_manage_report /usr/lib/python3/dist-packages/heat/engine/service.py:2370
2026-04-06 01:36:39.763 64744 DEBUG heat.engine.service [req-035d97a3-b18f-49a9-a763-fd4a6fa38766 - - - - -] Service 6c632871-4771-474f-8ef5-ae9134299c27 is updated service_manage_report /usr/lib/python3/dist-packages/heat/engine/service.py:2370
2026-04-06 01:37:39.678 64744 DEBUG heat.engine.service [req-91ec62af-c649-42ab-934b-82a1bec12160 - - - - -] Service 6c632871-4771-474f-8ef5-ae9134299c27 is updated service_manage_report /usr/lib/python3/dist-packages/heat/engine/service.py:2370
2026-04-06 01:37:39.682 64745 DEBUG heat.engine.service [req-6d28b026-de08-4b43-9554-9cb078f09498 - - - - -] Service 59fbc00f-37d7-4126-9bd9-1313b5b75d4b is updated service_manage_report /usr/lib/python3/dist-packages/heat/engine/service.py:2370
2026-04-06 01:37:39.682 64742 DEBUG heat.engine.service [req-04d7f09d-1db9-4026-846f-d97d9559c416 - - - - -] Service b74c6db7-8134-4ce4-856a-3b1e9c43663f is updated service_manage_report /usr/lib/python3/dist-packages/heat/engine/service.py:2370
2026-04-06 01:37:39.684 64743 DEBUG heat.engine.service [req-636db0d8-f712-461c-bf2a-048926533352 - - - - -] Service 5efa5a08-457f-44ec-80b7-d6a5e6f391a6 is updated service_manage_report /usr/lib/python3/dist-packages/heat/engine/service.py:2370
2026-04-06 01:37:59.039 64743 DEBUG heat.engine.service [-] Attempting to stop engine service... _stop_rpc_server /usr/lib/python3/dist-packages/heat/engine/service.py:437
2026-04-06 01:37:59.040 64745 DEBUG heat.engine.service [-] Attempting to stop engine service... _stop_rpc_server /usr/lib/python3/dist-packages/heat/engine/service.py:437
2026-04-06 01:37:59.040 64742 DEBUG heat.engine.service [-] Attempting to stop engine service... _stop_rpc_server /usr/lib/python3/dist-packages/heat/engine/service.py:437
2026-04-06 01:37:59.040 64744 DEBUG heat.engine.service [-] Attempting to stop engine service... _stop_rpc_server /usr/lib/python3/dist-packages/heat/engine/service.py:437
2026-04-06 01:37:59.042 64515 INFO oslo_service.service [-] Caught SIGTERM, stopping children
2026-04-06 01:37:59.042 64515 DEBUG oslo_concurrency.lockutils [-] Acquired lock "singleton_lock" lock /usr/lib/python3/dist-packages/oslo_concurrency/lockutils.py:294
2026-04-06 01:37:59.042 64515 DEBUG oslo_concurrency.lockutils [-] Releasing lock "singleton_lock" lock /usr/lib/python3/dist-packages/oslo_concurrency/lockutils.py:312
2026-04-06 01:37:59.042 64515 DEBUG oslo_service.service [-] Stop services. stop /usr/lib/python3/dist-packages/oslo_service/service.py:695
2026-04-06 01:37:59.043 64515 INFO heat.engine.service [-] All threads were gone, terminating engine
2026-04-06 01:37:59.043 64515 DEBUG oslo_service.service [-] Killing children. stop /usr/lib/python3/dist-packages/oslo_service/service.py:700
2026-04-06 01:37:59.043 64515 INFO oslo_service.service [-] Waiting on 4 children to exit
2026-04-06 01:37:59.056 64515 INFO oslo_service.service [-] Child 64744 killed by signal 15
2026-04-06 01:37:59.058 64515 INFO oslo_service.service [-] Child 64742 killed by signal 15
2026-04-06 01:37:59.059 64515 INFO oslo_service.service [-] Child 64743 killed by signal 15
2026-04-06 01:37:59.059 64515 INFO oslo_service.service [-] Child 64745 killed by signal 15
2026-04-06 01:38:01.017 67648 DEBUG oslo_concurrency.lockutils [-] Lock "context-manager" acquired by "neutron_lib.db.api._create_context_manager" :: waited 0.000s inner /usr/lib/python3/dist-packages/oslo_concurrency/lockutils.py:386
2026-04-06 01:38:01.021 67648 DEBUG oslo_concurrency.lockutils [-] Lock "context-manager" "released" by "neutron_lib.db.api._create_context_manager" :: held 0.003s inner /usr/lib/python3/dist-packages/oslo_concurrency/lockutils.py:400
2026-04-06 01:38:03.953 67648 WARNING heat.engine.environment [-] OS::Aodh::Alarm is DEPRECATED. Theshold alarm relies on ceilometer-api and has been deprecated in aodh since Ocata. Use OS::Aodh::GnocchiAggregationByResourcesAlarm instead.
2026-04-06 01:38:03.954 67648 WARNING heat.engine.environment [-] OS::Aodh::CombinationAlarm is HIDDEN. OS::Aodh::CombinationAlarm is deprecated and has been removed from Aodh, use OS::Aodh::CompositeAlarm instead.
2026-04-06 01:38:03.954 67648 WARNING heat.engine.environment [-] OS::Designate::Domain is HIDDEN. This resource has been removed, use OS::Designate::Zone instead.
2026-04-06 01:38:03.955 67648 WARNING heat.engine.environment [-] OS::Designate::Record is HIDDEN. This resource has been removed, use OS::Designate::RecordSet instead.
2026-04-06 01:38:03.955 67648 WARNING heat.engine.environment [-] OS::Glance::Image is DEPRECATED. Creating a Glance Image based on an existing URL location requires the Glance v1 API, which is deprecated.
2026-04-06 01:38:03.955 67648 WARNING heat.engine.environment [-] OS::Heat::HARestarter is HIDDEN. The HARestarter resource type has been removed. Existing stacks containing HARestarter resources can still be used, but the HARestarter resource will be a placeholder that does nothing.
2026-04-06 01:38:03.955 67648 WARNING heat.engine.environment [-] OS::Heat::SoftwareDeployments is HIDDEN. Please use OS::Heat::SoftwareDeploymentGroup instead.
2026-04-06 01:38:03.955 67648 WARNING heat.engine.environment [-] OS::Heat::StructuredDeployments is HIDDEN. Please use OS::Heat::StructuredDeploymentGroup instead.
2026-04-06 01:38:03.956 67648 WARNING heat.engine.environment [-] OS::Magnum::Bay is HIDDEN. Please use OS::Magnum::Cluster instead.
2026-04-06 01:38:03.956 67648 WARNING heat.engine.environment [-] OS::Magnum::BayModel is HIDDEN. Please use OS::Magnum::ClusterTemplate instead.
2026-04-06 01:38:03.956 67648 WARNING heat.engine.environment [-] OS::Neutron::ExtraRoute is UNSUPPORTED. Use this resource at your own risk.
2026-04-06 01:38:03.956 67648 WARNING heat.engine.environment [-] OS::Neutron::HealthMonitor is HIDDEN. Use LBaaS V2 instead.
2026-04-06 01:38:03.957 67648 WARNING heat.engine.environment [-] OS::Neutron::Pool is HIDDEN. Use LBaaS V2 instead.
2026-04-06 01:38:03.957 67648 WARNING heat.engine.environment [-] OS::Neutron::PoolMember is HIDDEN. Use LBaaS V2 instead.
2026-04-06 01:38:03.957 67648 WARNING heat.engine.environment [-] OS::Neutron::LoadBalancer is HIDDEN. Use LBaaS V2 instead.
2026-04-06 01:38:03.957 67648 WARNING heat.engine.environment [-] OS::Neutron::RouterGateway is HIDDEN. Use the `external_gateway_info` property in the router resource to set up the gateway.
2026-04-06 01:38:03.957 67648 WARNING heat.engine.environment [-] OS::Nova::FloatingIP is HIDDEN. Please use OS::Neutron::FloatingIP instead.
2026-04-06 01:38:03.959 67648 WARNING heat.engine.environment [-] OS::Nova::FloatingIPAssociation is HIDDEN. Please use OS::Neutron::FloatingIPAssociation instead.
2026-04-06 01:38:03.962 67648 INFO heat.engine.environment [-] Loading /etc/heat/environment.d/default.yaml
2026-04-06 01:38:03.962 67648 INFO heat.engine.environment [-] Registered: [Plugin](User:False) AWS::AutoScaling::AutoScalingGroup ->
2026-04-06 01:38:03.963 67648 INFO heat.engine.environment [-] Registered: [Plugin](User:False) AWS::AutoScaling::LaunchConfiguration ->
2026-04-06 01:38:03.963 67648 INFO heat.engine.environment [-] Registered: [Plugin](User:False) AWS::AutoScaling::ScalingPolicy ->
2026-04-06 01:38:03.963 67648 INFO heat.engine.environment [-] Registered: [Plugin](User:False) AWS::CloudFormation::Stack ->
2026-04-06 01:38:03.963 67648 INFO heat.engine.environment [-] Registered: [Plugin](User:False) AWS::CloudFormation::WaitCondition ->
2026-04-06 01:38:03.963 67648 INFO heat.engine.environment [-] Registered: [Plugin](User:False) AWS::CloudFormation::WaitConditionHandle ->
2026-04-06 01:38:03.963 67648 INFO heat.engine.environment [-] Registered: [Plugin](User:False) AWS::EC2::EIP ->
2026-04-06 01:38:03.963 67648 INFO heat.engine.environment [-] Registered: [Plugin](User:False) AWS::EC2::EIPAssociation ->
2026-04-06 01:38:03.963 67648 INFO heat.engine.environment [-] Registered: [Plugin](User:False) AWS::EC2::Instance ->
2026-04-06 01:38:03.963 67648 INFO heat.engine.environment [-] Registered: [Plugin](User:False) AWS::EC2::InternetGateway ->
2026-04-06 01:38:03.964 67648 INFO heat.engine.environment [-] Registered: [Plugin](User:False) AWS::EC2::VPCGatewayAttachment ->
2026-04-06 01:38:03.964 67648 INFO heat.engine.environment [-] Registered: [Plugin](User:False) AWS::EC2::NetworkInterface ->
2026-04-06 01:38:03.964 67648 INFO heat.engine.environment [-] Registered: [Plugin](User:False) AWS::EC2::RouteTable ->
2026-04-06 01:38:03.964 67648 INFO heat.engine.environment [-] Registered: [Plugin](User:False) AWS::EC2::SubnetRouteTableAssociation ->
2026-04-06 01:38:03.964 67648 INFO heat.engine.environment [-] Registered: [Plugin](User:False) AWS::EC2::SecurityGroup ->
2026-04-06 01:38:03.964 67648 INFO heat.engine.environment [-] Registered: [Plugin](User:False) AWS::EC2::Subnet ->
2026-04-06 01:38:03.964 67648 INFO heat.engine.environment [-] Registered: [Plugin](User:False) AWS::EC2::Volume ->
2026-04-06 01:38:03.964 67648 INFO heat.engine.environment [-] Registered: [Plugin](User:False) AWS::EC2::VolumeAttachment ->
2026-04-06 01:38:03.964 67648 INFO heat.engine.environment [-] Registered: [Plugin](User:False) AWS::EC2::VPC ->
2026-04-06 01:38:03.964 67648 INFO heat.engine.environment [-] Registered: [Plugin](User:False) AWS::IAM::User ->
2026-04-06 01:38:03.964 67648 INFO heat.engine.environment [-] Registered: [Plugin](User:False) AWS::IAM::AccessKey ->
2026-04-06 01:38:03.965 67648 INFO heat.engine.environment [-] Registered: [Plugin](User:False) AWS::ElasticLoadBalancing::LoadBalancer ->
2026-04-06 01:38:03.965 67648 INFO heat.engine.environment [-] Registered: [Plugin](User:False) AWS::S3::Bucket ->
2026-04-06 01:38:03.965 67648 INFO heat.engine.environment [-] Registered: [Plugin](User:False) OS::Aodh::Alarm ->
2026-04-06 01:38:03.965 67648 INFO heat.engine.environment [-] Registered: [Plugin](User:False) OS::Aodh::CombinationAlarm ->
2026-04-06 01:38:03.965 67648 INFO heat.engine.environment [-] Registered: [Plugin](User:False) OS::Aodh::EventAlarm ->
2026-04-06 01:38:03.965 67648 INFO heat.engine.environment [-] Registered: [Plugin](User:False) OS::Aodh::LBMemberHealthAlarm ->
2026-04-06 01:38:03.965 67648 INFO heat.engine.environment [-] Registered: [Plugin](User:False) OS::Aodh::CompositeAlarm ->
2026-04-06 01:38:03.965 67648 INFO heat.engine.environment [-] Registered: [Plugin](User:False) OS::Aodh::GnocchiResourcesAlarm ->
2026-04-06 01:38:03.965 67648 INFO heat.engine.environment [-] Registered: [Plugin](User:False) OS::Aodh::GnocchiAggregationByMetricsAlarm ->
2026-04-06 01:38:03.965 67648 INFO heat.engine.environment [-] Registered: [Plugin](User:False) OS::Aodh::GnocchiAggregationByResourcesAlarm ->
2026-04-06 01:38:03.965 67648 INFO heat.engine.environment [-] Registered: [Plugin](User:False) OS::Barbican::GenericContainer ->
2026-04-06 01:38:03.966 67648 INFO heat.engine.environment [-] Registered: [Plugin](User:False) OS::Barbican::CertificateContainer ->
2026-04-06 01:38:03.966 67648 INFO heat.engine.environment [-] Registered: [Plugin](User:False) OS::Barbican::RSAContainer ->
2026-04-06 01:38:03.966 67648 INFO heat.engine.environment [-] Registered: [Plugin](User:False) OS::Barbican::Order ->
2026-04-06 01:38:03.966 67648 INFO heat.engine.environment [-] Registered: [Plugin](User:False) OS::Barbican::Secret ->
2026-04-06 01:38:03.966 67648 INFO heat.engine.environment [-] Registered: [Plugin](User:False) OS::Blazar::Host ->
2026-04-06 01:38:03.967 67648 INFO heat.engine.environment [-] Registered: [Plugin](User:False) OS::Blazar::Lease ->
2026-04-06 01:38:03.967 67648 INFO heat.engine.environment [-] Registered: [Plugin](User:False) OS::Cinder::EncryptedVolumeType ->
2026-04-06 01:38:03.967 67648 INFO heat.engine.environment [-] Registered: [Plugin](User:False) OS::Cinder::QoSSpecs ->
2026-04-06 01:38:03.967 67648 INFO heat.engine.environment [-] Registered: [Plugin](User:False) OS::Cinder::QoSAssociation ->
2026-04-06 01:38:03.968 67648 INFO heat.engine.environment [-] Registered: [Plugin](User:False) OS::Cinder::Quota ->
2026-04-06 01:38:03.968 67648 INFO heat.engine.environment [-] Registered: [Plugin](User:False) OS::Cinder::Volume ->
2026-04-06 01:38:03.968 67648 INFO heat.engine.environment [-] Registered: [Plugin](User:False) OS::Cinder::VolumeAttachment ->
2026-04-06 01:38:03.968 67648 INFO heat.engine.environment [-] Registered: [Plugin](User:False) OS::Cinder::VolumeType ->
2026-04-06 01:38:03.968 67648 INFO heat.engine.environment [-] Registered: [Plugin](User:False) OS::Designate::Domain ->
2026-04-06 01:38:03.968 67648 INFO heat.engine.environment [-] Registered: [Plugin](User:False) OS::Designate::Record ->
2026-04-06 01:38:03.968 67648 INFO heat.engine.environment [-] Registered: [Plugin](User:False) OS::Designate::RecordSet ->
2026-04-06 01:38:03.968 67648 INFO heat.engine.environment [-] Registered: [Plugin](User:False) OS::Designate::Zone ->
2026-04-06 01:38:03.968 67648 INFO heat.engine.environment [-] Registered: [Plugin](User:False) OS::Glance::Image ->
2026-04-06 01:38:03.968 67648 INFO heat.engine.environment [-] Registered: [Plugin](User:False) OS::Glance::WebImage ->
2026-04-06 01:38:03.969 67648 INFO heat.engine.environment [-] Registered: [Plugin](User:False) OS::Heat::AccessPolicy ->
2026-04-06 01:38:03.969 67648 INFO heat.engine.environment [-] Registered: [Plugin](User:False) OS::Heat::AutoScalingGroup ->
2026-04-06 01:38:03.970 67648 INFO heat.engine.environment [-] Registered: [Plugin](User:False) OS::Heat::CloudConfig ->
2026-04-06 01:38:03.970 67648 INFO heat.engine.environment [-] Registered: [Plugin](User:False) OS::Heat::Delay ->
2026-04-06 01:38:03.970 67648 INFO heat.engine.environment [-] Registered: [Plugin](User:False) OS::Heat::DeployedServer ->
2026-04-06 01:38:03.970 67648 INFO heat.engine.environment [-] Registered: [Plugin](User:False) OS::Heat::HARestarter ->
2026-04-06 01:38:03.970 67648 INFO heat.engine.environment [-] Registered: [Plugin](User:False) OS::Heat::InstanceGroup ->
2026-04-06 01:38:03.970 67648 INFO heat.engine.environment [-] Registered: [Plugin](User:False) OS::Heat::MultipartMime ->
2026-04-06 01:38:03.971 67648 INFO heat.engine.environment [-] Registered: [Plugin](User:False) OS::Heat::None ->
2026-04-06 01:38:03.971 67648 INFO heat.engine.environment [-] Registered: [Plugin](User:False) OS::Heat::RandomString ->
2026-04-06 01:38:03.971 67648 INFO heat.engine.environment [-] Registered: [Plugin](User:False) OS::Heat::Stack ->
2026-04-06 01:38:03.971 67648 INFO heat.engine.environment [-] Registered: [Plugin](User:False) OS::Heat::ResourceChain ->
2026-04-06 01:38:03.971 67648 INFO heat.engine.environment [-] Registered: [Plugin](User:False) OS::Heat::ResourceGroup ->
2026-04-06 01:38:03.971 67648 INFO heat.engine.environment [-] Registered: [Plugin](User:False) OS::Heat::ScalingPolicy ->
2026-04-06 01:38:03.971 67648 INFO heat.engine.environment [-] Registered: [Plugin](User:False) OS::Heat::SoftwareComponent ->
2026-04-06 01:38:03.971 67648 INFO heat.engine.environment [-] Registered: [Plugin](User:False) OS::Heat::SoftwareConfig ->
2026-04-06 01:38:03.972 67648 INFO heat.engine.environment [-] Registered: [Plugin](User:False) OS::Heat::SoftwareDeployment ->
2026-04-06 01:38:03.972 67648 INFO heat.engine.environment [-] Registered: [Plugin](User:False) OS::Heat::SoftwareDeploymentGroup ->
2026-04-06 01:38:03.972 67648 INFO heat.engine.environment [-] Registered: [Plugin](User:False) OS::Heat::SoftwareDeployments ->
2026-04-06 01:38:03.972 67648 INFO heat.engine.environment [-] Registered: [Plugin](User:False) OS::Heat::StructuredConfig ->
2026-04-06 01:38:03.972 67648 INFO heat.engine.environment [-] Registered: [Plugin](User:False) OS::Heat::StructuredDeployment ->
2026-04-06 01:38:03.972 67648 INFO heat.engine.environment [-] Registered: [Plugin](User:False) OS::Heat::StructuredDeploymentGroup ->
2026-04-06 01:38:03.972 67648 INFO heat.engine.environment [-] Registered: [Plugin](User:False) OS::Heat::StructuredDeployments ->
2026-04-06 01:38:03.972 67648 INFO heat.engine.environment [-] Registered: [Plugin](User:False) OS::Heat::SwiftSignal ->
2026-04-06 01:38:03.972 67648 INFO heat.engine.environment [-] Registered: [Plugin](User:False) OS::Heat::SwiftSignalHandle ->
2026-04-06 01:38:03.973 67648 INFO heat.engine.environment [-] Registered: [Plugin](User:False) OS::Heat::TestResource ->
2026-04-06 01:38:03.973 67648 INFO heat.engine.environment [-] Registered: [Plugin](User:False) OS::Heat::Value ->
2026-04-06 01:38:03.973 67648 INFO heat.engine.environment [-] Registered: [Plugin](User:False) OS::Heat::WaitCondition ->
2026-04-06 01:38:03.973 67648 INFO heat.engine.environment [-] Registered: [Plugin](User:False) OS::Heat::WaitConditionHandle ->
2026-04-06 01:38:03.973 67648 INFO heat.engine.environment [-] Registered: [Plugin](User:False) OS::Heat::UpdateWaitConditionHandle ->
2026-04-06 01:38:03.973 67648 INFO heat.engine.environment [-] Registered: [Plugin](User:False) OS::Ironic::Port ->
2026-04-06 01:38:03.973 67648 INFO heat.engine.environment [-] Registered: [Plugin](User:False) OS::Keystone::Domain ->
2026-04-06 01:38:03.973 67648 INFO heat.engine.environment [-] Registered: [Plugin](User:False) OS::Keystone::Endpoint ->
2026-04-06 01:38:03.973 67648 INFO heat.engine.environment [-] Registered: [Plugin](User:False) OS::Keystone::Group ->
2026-04-06 01:38:03.974 67648 INFO heat.engine.environment [-] Registered: [Plugin](User:False) OS::Keystone::Project ->
2026-04-06 01:38:03.974 67648 INFO heat.engine.environment [-] Registered: [Plugin](User:False) OS::Keystone::Region ->
2026-04-06 01:38:03.974 67648 INFO heat.engine.environment [-] Registered: [Plugin](User:False) OS::Keystone::Role ->
2026-04-06 01:38:03.974 67648 INFO heat.engine.environment [-] Registered: [Plugin](User:False) OS::Keystone::UserRoleAssignment ->
2026-04-06 01:38:03.974 67648 INFO heat.engine.environment [-] Registered: [Plugin](User:False) OS::Keystone::GroupRoleAssignment ->
2026-04-06 01:38:03.974 67648 INFO heat.engine.environment [-] Registered: [Plugin](User:False) OS::Keystone::Service ->
2026-04-06 01:38:03.974 67648 INFO heat.engine.environment [-] Registered: [Plugin](User:False) OS::Keystone::User ->
2026-04-06 01:38:03.974 67648 INFO heat.engine.environment [-] Registered: [Plugin](User:False) OS::Magnum::Bay ->
2026-04-06 01:38:03.974 67648 INFO heat.engine.environment [-] Registered: [Plugin](User:False) OS::Magnum::BayModel ->
2026-04-06 01:38:03.975 67648 INFO heat.engine.environment [-] Registered: [Plugin](User:False) OS::Magnum::Cluster ->
2026-04-06 01:38:03.975 67648 INFO heat.engine.environment [-] Registered: [Plugin](User:False) OS::Magnum::ClusterTemplate ->
2026-04-06 01:38:03.975 67648 INFO heat.engine.environment [-] Registered: [Plugin](User:False) OS::Manila::SecurityService ->
2026-04-06 01:38:03.975 67648 INFO heat.engine.environment [-] Registered: [Plugin](User:False) OS::Manila::Share ->
2026-04-06 01:38:03.975 67648 INFO heat.engine.environment [-] Registered: [Plugin](User:False) OS::Manila::ShareNetwork ->
2026-04-06 01:38:03.975 67648 INFO heat.engine.environment [-] Registered: [Plugin](User:False) OS::Manila::ShareType ->
2026-04-06 01:38:03.975 67648 INFO heat.engine.environment [-] Registered: [Plugin](User:False) OS::Mistral::CronTrigger ->
2026-04-06 01:38:03.975 67648 INFO heat.engine.environment [-] Registered: [Plugin](User:False) OS::Mistral::ExternalResource ->
2026-04-06 01:38:03.976 67648 INFO heat.engine.environment [-] Registered: [Plugin](User:False) OS::Mistral::Workflow ->
2026-04-06 01:38:03.976 67648 INFO heat.engine.environment [-] Registered: [Plugin](User:False) OS::Monasca::AlarmDefinition ->
2026-04-06 01:38:03.976 67648 INFO heat.engine.environment [-] Registered: [Plugin](User:False) OS::Monasca::Notification ->
2026-04-06 01:38:03.976 67648 INFO heat.engine.environment [-] Registered: [Plugin](User:False) OS::Neutron::AddressScope ->
2026-04-06 01:38:03.976 67648 INFO heat.engine.environment [-] Registered: [Plugin](User:False) OS::Neutron::ExtraRoute ->
2026-04-06 01:38:03.976 67648 INFO heat.engine.environment [-] Registered: [Plugin](User:False) OS::Neutron::ExtraRouteSet ->
2026-04-06 01:38:03.976 67648 INFO heat.engine.environment [-] Registered: [Plugin](User:False) OS::Neutron::Firewall ->
2026-04-06 01:38:03.976 67648 INFO heat.engine.environment [-] Registered: [Plugin](User:False) OS::Neutron::FirewallPolicy ->
2026-04-06 01:38:03.977 67648 INFO heat.engine.environment [-] Registered: [Plugin](User:False) OS::Neutron::FirewallRule ->
2026-04-06 01:38:03.977 67648 INFO heat.engine.environment [-] Registered: [Plugin](User:False) OS::Neutron::FloatingIP ->
2026-04-06 01:38:03.977 67648 INFO heat.engine.environment [-] Registered: [Plugin](User:False) OS::Neutron::FloatingIPAssociation ->
2026-04-06 01:38:03.977 67648 INFO heat.engine.environment [-] Registered: [Plugin](User:False) OS::Neutron::L2Gateway ->
2026-04-06 01:38:03.977 67648 INFO heat.engine.environment [-] Registered: [Plugin](User:False) OS::Neutron::L2GatewayConnection ->
2026-04-06 01:38:03.977 67648 INFO heat.engine.environment [-] Registered: [Plugin](User:False) OS::Neutron::LBaaS::HealthMonitor ->
2026-04-06 01:38:03.977 67648 INFO heat.engine.environment [-] Registered: [Plugin](User:False) OS::Neutron::LBaaS::L7Policy ->
2026-04-06 01:38:03.977 67648 INFO heat.engine.environment [-] Registered: [Plugin](User:False) OS::Neutron::LBaaS::L7Rule ->
2026-04-06 01:38:03.977 67648 INFO heat.engine.environment [-] Registered: [Plugin](User:False) OS::Neutron::LBaaS::Listener ->
2026-04-06 01:38:03.978 67648 INFO heat.engine.environment [-] Registered: [Plugin](User:False) OS::Neutron::LBaaS::LoadBalancer ->
2026-04-06 01:38:03.978 67648 INFO heat.engine.environment [-] Registered: [Plugin](User:False) OS::Neutron::LBaaS::Pool ->
2026-04-06 01:38:03.978 67648 INFO heat.engine.environment [-] Registered: [Plugin](User:False) OS::Neutron::LBaaS::PoolMember ->
