2026-03-26 00:36:42.599 132013 DEBUG oslo_service.service [req-560fbc16-ebbd-4bda-b969-526e2aad706e - - - - -] barbican_service_user.collect_timing = False log_opt_values /usr/lib/python3/dist-packages/oslo_config/cfg.py:2609
2026-03-26 00:36:42.599 132013 DEBUG oslo_service.service [req-560fbc16-ebbd-4bda-b969-526e2aad706e - - - - -] barbican_service_user.insecure = False log_opt_values /usr/lib/python3/dist-packages/oslo_config/cfg.py:2609
2026-03-26 00:36:42.600 132013 DEBUG oslo_service.service [req-560fbc16-ebbd-4bda-b969-526e2aad706e - - - - -] barbican_service_user.keyfile = None log_opt_values /usr/lib/python3/dist-packages/oslo_config/cfg.py:2609
2026-03-26 00:36:42.600 132013 DEBUG oslo_service.service [req-560fbc16-ebbd-4bda-b969-526e2aad706e - - - - -] barbican_service_user.split_loggers = False log_opt_values /usr/lib/python3/dist-packages/oslo_config/cfg.py:2609
2026-03-26 00:36:42.600 132013 DEBUG oslo_service.service [req-560fbc16-ebbd-4bda-b969-526e2aad706e - - - - -] barbican_service_user.timeout = None log_opt_values /usr/lib/python3/dist-packages/oslo_config/cfg.py:2609
2026-03-26 00:36:42.600 132013 DEBUG oslo_service.service [req-560fbc16-ebbd-4bda-b969-526e2aad706e - - - - -] vault.approle_role_id = None log_opt_values /usr/lib/python3/dist-packages/oslo_config/cfg.py:2609
2026-03-26 00:36:42.600 132013 DEBUG oslo_service.service [req-560fbc16-ebbd-4bda-b969-526e2aad706e - - - - -] vault.approle_secret_id = None log_opt_values /usr/lib/python3/dist-packages/oslo_config/cfg.py:2609
2026-03-26 00:36:42.600 132013 DEBUG oslo_service.service [req-560fbc16-ebbd-4bda-b969-526e2aad706e - - - - -] vault.cafile = None log_opt_values /usr/lib/python3/dist-packages/oslo_config/cfg.py:2609
2026-03-26 00:36:42.600 132013 DEBUG oslo_service.service [req-560fbc16-ebbd-4bda-b969-526e2aad706e - - - - -] vault.certfile = None log_opt_values /usr/lib/python3/dist-packages/oslo_config/cfg.py:2609
2026-03-26 00:36:42.601 132013 DEBUG oslo_service.service [req-560fbc16-ebbd-4bda-b969-526e2aad706e - - - - -] vault.collect_timing = False log_opt_values /usr/lib/python3/dist-packages/oslo_config/cfg.py:2609
2026-03-26 00:36:42.601 132013 DEBUG oslo_service.service [req-560fbc16-ebbd-4bda-b969-526e2aad706e - - - - -] vault.insecure = False log_opt_values /usr/lib/python3/dist-packages/oslo_config/cfg.py:2609
2026-03-26 00:36:42.601 132013 DEBUG oslo_service.service [req-560fbc16-ebbd-4bda-b969-526e2aad706e - - - - -] vault.keyfile = None log_opt_values /usr/lib/python3/dist-packages/oslo_config/cfg.py:2609
2026-03-26 00:36:42.601 132013 DEBUG oslo_service.service [req-560fbc16-ebbd-4bda-b969-526e2aad706e - - - - -] vault.kv_mountpoint = secret log_opt_values /usr/lib/python3/dist-packages/oslo_config/cfg.py:2609
2026-03-26 00:36:42.601 132013 DEBUG oslo_service.service [req-560fbc16-ebbd-4bda-b969-526e2aad706e - - - - -] vault.kv_version = 2 log_opt_values /usr/lib/python3/dist-packages/oslo_config/cfg.py:2609
2026-03-26 00:36:42.601 132013 DEBUG oslo_service.service [req-560fbc16-ebbd-4bda-b969-526e2aad706e - - - - -] vault.namespace = None log_opt_values /usr/lib/python3/dist-packages/oslo_config/cfg.py:2609
2026-03-26 00:36:42.602 132013 DEBUG oslo_service.service [req-560fbc16-ebbd-4bda-b969-526e2aad706e - - - - -] vault.root_token_id = None log_opt_values /usr/lib/python3/dist-packages/oslo_config/cfg.py:2609
2026-03-26 00:36:42.602 132013 DEBUG oslo_service.service [req-560fbc16-ebbd-4bda-b969-526e2aad706e - - - - -] vault.split_loggers = False log_opt_values /usr/lib/python3/dist-packages/oslo_config/cfg.py:2609
2026-03-26 00:36:42.602 132013 DEBUG oslo_service.service [req-560fbc16-ebbd-4bda-b969-526e2aad706e - - - - -] vault.ssl_ca_crt_file = None log_opt_values /usr/lib/python3/dist-packages/oslo_config/cfg.py:2609
2026-03-26 00:36:42.602 132013 DEBUG oslo_service.service [req-560fbc16-ebbd-4bda-b969-526e2aad706e - - - - -] vault.timeout = None log_opt_values /usr/lib/python3/dist-packages/oslo_config/cfg.py:2609
2026-03-26 00:36:42.602 132013 DEBUG oslo_service.service [req-560fbc16-ebbd-4bda-b969-526e2aad706e - - - - -] vault.use_ssl = False log_opt_values /usr/lib/python3/dist-packages/oslo_config/cfg.py:2609
2026-03-26 00:36:42.602 132013 DEBUG oslo_service.service [req-560fbc16-ebbd-4bda-b969-526e2aad706e - - - - -] vault.vault_url = http://127.0.0.1:8200 log_opt_values /usr/lib/python3/dist-packages/oslo_config/cfg.py:2609
2026-03-26 00:36:42.602 132013 DEBUG oslo_service.service [req-560fbc16-ebbd-4bda-b969-526e2aad706e - - - - -] keystone.cafile = None log_opt_values /usr/lib/python3/dist-packages/oslo_config/cfg.py:2609
2026-03-26 00:36:42.603 132013 DEBUG oslo_service.service [req-560fbc16-ebbd-4bda-b969-526e2aad706e - - - - -] keystone.certfile = None log_opt_values /usr/lib/python3/dist-packages/oslo_config/cfg.py:2609
2026-03-26 00:36:42.603 132013 DEBUG oslo_service.service [req-560fbc16-ebbd-4bda-b969-526e2aad706e - - - - -] keystone.collect_timing = False log_opt_values /usr/lib/python3/dist-packages/oslo_config/cfg.py:2609
2026-03-26 00:36:42.603 132013 DEBUG oslo_service.service [req-560fbc16-ebbd-4bda-b969-526e2aad706e - - - - -] keystone.connect_retries = None log_opt_values /usr/lib/python3/dist-packages/oslo_config/cfg.py:2609
2026-03-26 00:36:42.603 132013 DEBUG oslo_service.service [req-560fbc16-ebbd-4bda-b969-526e2aad706e - - - - -] keystone.connect_retry_delay = None log_opt_values /usr/lib/python3/dist-packages/oslo_config/cfg.py:2609
2026-03-26 00:36:42.603 132013 DEBUG oslo_service.service [req-560fbc16-ebbd-4bda-b969-526e2aad706e - - - - -] keystone.endpoint_override = None log_opt_values /usr/lib/python3/dist-packages/oslo_config/cfg.py:2609
2026-03-26 00:36:42.603 132013 DEBUG oslo_service.service [req-560fbc16-ebbd-4bda-b969-526e2aad706e - - - - -] keystone.insecure = False log_opt_values /usr/lib/python3/dist-packages/oslo_config/cfg.py:2609
2026-03-26 00:36:42.604 132013 DEBUG oslo_service.service [req-560fbc16-ebbd-4bda-b969-526e2aad706e - - - - -] keystone.keyfile = None log_opt_values /usr/lib/python3/dist-packages/oslo_config/cfg.py:2609
2026-03-26 00:36:42.604 132013 DEBUG oslo_service.service [req-560fbc16-ebbd-4bda-b969-526e2aad706e - - - - -] keystone.max_version = None log_opt_values /usr/lib/python3/dist-packages/oslo_config/cfg.py:2609
2026-03-26 00:36:42.604 132013 DEBUG oslo_service.service [req-560fbc16-ebbd-4bda-b969-526e2aad706e - - - - -] keystone.min_version = None log_opt_values /usr/lib/python3/dist-packages/oslo_config/cfg.py:2609
2026-03-26 00:36:42.604 132013 DEBUG oslo_service.service [req-560fbc16-ebbd-4bda-b969-526e2aad706e - - - - -] keystone.region_name = None log_opt_values /usr/lib/python3/dist-packages/oslo_config/cfg.py:2609
2026-03-26 00:36:42.604 132013 DEBUG oslo_service.service [req-560fbc16-ebbd-4bda-b969-526e2aad706e - - - - -] keystone.service_name = None log_opt_values /usr/lib/python3/dist-packages/oslo_config/cfg.py:2609
2026-03-26 00:36:42.604 132013 DEBUG oslo_service.service [req-560fbc16-ebbd-4bda-b969-526e2aad706e - - - - -] keystone.service_type = identity log_opt_values /usr/lib/python3/dist-packages/oslo_config/cfg.py:2609
2026-03-26 00:36:42.604 132013 DEBUG oslo_service.service [req-560fbc16-ebbd-4bda-b969-526e2aad706e - - - - -] keystone.split_loggers = False log_opt_values /usr/lib/python3/dist-packages/oslo_config/cfg.py:2609
2026-03-26 00:36:42.605 132013 DEBUG oslo_service.service [req-560fbc16-ebbd-4bda-b969-526e2aad706e - - - - -] keystone.status_code_retries = None log_opt_values /usr/lib/python3/dist-packages/oslo_config/cfg.py:2609
2026-03-26 00:36:42.605 132013 DEBUG oslo_service.service [req-560fbc16-ebbd-4bda-b969-526e2aad706e - - - - -] keystone.status_code_retry_delay = None log_opt_values /usr/lib/python3/dist-packages/oslo_config/cfg.py:2609
2026-03-26 00:36:42.605 132013 DEBUG oslo_service.service [req-560fbc16-ebbd-4bda-b969-526e2aad706e - - - - -] keystone.timeout = None log_opt_values /usr/lib/python3/dist-packages/oslo_config/cfg.py:2609
2026-03-26 00:36:42.605 132013 DEBUG oslo_service.service [req-560fbc16-ebbd-4bda-b969-526e2aad706e - - - - -] keystone.valid_interfaces = ['internal', 'public'] log_opt_values /usr/lib/python3/dist-packages/oslo_config/cfg.py:2609
2026-03-26 00:36:42.605 132013 DEBUG oslo_service.service [req-560fbc16-ebbd-4bda-b969-526e2aad706e - - - - -] keystone.version = None log_opt_values /usr/lib/python3/dist-packages/oslo_config/cfg.py:2609
2026-03-26 00:36:42.605 132013 DEBUG oslo_service.service [req-560fbc16-ebbd-4bda-b969-526e2aad706e - - - - -] libvirt.connection_uri = log_opt_values /usr/lib/python3/dist-packages/oslo_config/cfg.py:2609
2026-03-26 00:36:42.606 132013 DEBUG oslo_service.service [req-560fbc16-ebbd-4bda-b969-526e2aad706e - - - - -] libvirt.cpu_mode = None log_opt_values /usr/lib/python3/dist-packages/oslo_config/cfg.py:2609
2026-03-26 00:36:42.606 132013 DEBUG oslo_service.service [req-560fbc16-ebbd-4bda-b969-526e2aad706e - - - - -] libvirt.cpu_model_extra_flags = [] log_opt_values /usr/lib/python3/dist-packages/oslo_config/cfg.py:2609
2026-03-26 00:36:42.606 132013 DEBUG oslo_service.service [req-560fbc16-ebbd-4bda-b969-526e2aad706e - - - - -] libvirt.cpu_models = [] log_opt_values /usr/lib/python3/dist-packages/oslo_config/cfg.py:2609
2026-03-26 00:36:42.606 132013 DEBUG oslo_service.service [req-560fbc16-ebbd-4bda-b969-526e2aad706e - - - - -] libvirt.device_detach_attempts = 8 log_opt_values /usr/lib/python3/dist-packages/oslo_config/cfg.py:2609
2026-03-26 00:36:42.606 132013 DEBUG oslo_service.service [req-560fbc16-ebbd-4bda-b969-526e2aad706e - - - - -] libvirt.device_detach_timeout = 20 log_opt_values /usr/lib/python3/dist-packages/oslo_config/cfg.py:2609
2026-03-26 00:36:42.606 132013 DEBUG oslo_service.service [req-560fbc16-ebbd-4bda-b969-526e2aad706e - - - - -] libvirt.disk_cachemodes = [] log_opt_values /usr/lib/python3/dist-packages/oslo_config/cfg.py:2609
2026-03-26 00:36:42.607 132013 DEBUG oslo_service.service [req-560fbc16-ebbd-4bda-b969-526e2aad706e - - - - -] libvirt.disk_prefix = None log_opt_values /usr/lib/python3/dist-packages/oslo_config/cfg.py:2609
2026-03-26 00:36:42.607 132013 DEBUG oslo_service.service [req-560fbc16-ebbd-4bda-b969-526e2aad706e - - - - -] libvirt.enabled_perf_events = [] log_opt_values /usr/lib/python3/dist-packages/oslo_config/cfg.py:2609
2026-03-26 00:36:42.607 132013 DEBUG oslo_service.service [req-560fbc16-ebbd-4bda-b969-526e2aad706e - - - - -] libvirt.file_backed_memory = 0 log_opt_values /usr/lib/python3/dist-packages/oslo_config/cfg.py:2609
2026-03-26 00:36:42.607 132013 DEBUG oslo_service.service [req-560fbc16-ebbd-4bda-b969-526e2aad706e - - - - -] libvirt.gid_maps = [] log_opt_values /usr/lib/python3/dist-packages/oslo_config/cfg.py:2609
2026-03-26 00:36:42.607 132013 DEBUG oslo_service.service [req-560fbc16-ebbd-4bda-b969-526e2aad706e - - - - -] libvirt.hw_disk_discard = None log_opt_values /usr/lib/python3/dist-packages/oslo_config/cfg.py:2609
2026-03-26 00:36:42.607 132013 DEBUG oslo_service.service [req-560fbc16-ebbd-4bda-b969-526e2aad706e - - - - -] libvirt.hw_machine_type = None log_opt_values /usr/lib/python3/dist-packages/oslo_config/cfg.py:2609
2026-03-26 00:36:42.607 132013 DEBUG oslo_service.service [req-560fbc16-ebbd-4bda-b969-526e2aad706e - - - - -] libvirt.images_rbd_ceph_conf = log_opt_values /usr/lib/python3/dist-packages/oslo_config/cfg.py:2609
2026-03-26 00:36:42.608 132013 DEBUG oslo_service.service [req-560fbc16-ebbd-4bda-b969-526e2aad706e - - - - -] libvirt.images_rbd_glance_copy_poll_interval = 15 log_opt_values /usr/lib/python3/dist-packages/oslo_config/cfg.py:2609
2026-03-26 00:36:42.608 132013 DEBUG oslo_service.service [req-560fbc16-ebbd-4bda-b969-526e2aad706e - - - - -] libvirt.images_rbd_glance_copy_timeout = 600 log_opt_values /usr/lib/python3/dist-packages/oslo_config/cfg.py:2609
2026-03-26 00:36:42.608 132013 DEBUG oslo_service.service [req-560fbc16-ebbd-4bda-b969-526e2aad706e - - - - -] libvirt.images_rbd_glance_store_name = log_opt_values /usr/lib/python3/dist-packages/oslo_config/cfg.py:2609
2026-03-26 00:36:42.608 132013 DEBUG oslo_service.service [req-560fbc16-ebbd-4bda-b969-526e2aad706e - - - - -] libvirt.images_rbd_pool = rbd log_opt_values /usr/lib/python3/dist-packages/oslo_config/cfg.py:2609
2026-03-26 00:36:42.608 132013 DEBUG oslo_service.service [req-560fbc16-ebbd-4bda-b969-526e2aad706e - - - - -] libvirt.images_type = default log_opt_values /usr/lib/python3/dist-packages/oslo_config/cfg.py:2609
2026-03-26 00:36:42.608 132013 DEBUG oslo_service.service [req-560fbc16-ebbd-4bda-b969-526e2aad706e - - - - -] libvirt.images_volume_group = None log_opt_values /usr/lib/python3/dist-packages/oslo_config/cfg.py:2609
2026-03-26 00:36:42.609 132013 DEBUG oslo_service.service [req-560fbc16-ebbd-4bda-b969-526e2aad706e - - - - -] libvirt.inject_key = False log_opt_values /usr/lib/python3/dist-packages/oslo_config/cfg.py:2609
2026-03-26 00:36:42.609 132013 DEBUG oslo_service.service [req-560fbc16-ebbd-4bda-b969-526e2aad706e - - - - -] libvirt.inject_partition = -2 log_opt_values /usr/lib/python3/dist-packages/oslo_config/cfg.py:2609
2026-03-26 00:36:42.609 132013 DEBUG oslo_service.service [req-560fbc16-ebbd-4bda-b969-526e2aad706e - - - - -] libvirt.inject_password = False log_opt_values /usr/lib/python3/dist-packages/oslo_config/cfg.py:2609
2026-03-26 00:36:42.609 132013 DEBUG oslo_service.service [req-560fbc16-ebbd-4bda-b969-526e2aad706e - - - - -] libvirt.iscsi_iface = None log_opt_values /usr/lib/python3/dist-packages/oslo_config/cfg.py:2609
2026-03-26 00:36:42.609 132013 DEBUG oslo_service.service [req-560fbc16-ebbd-4bda-b969-526e2aad706e - - - - -] libvirt.iser_use_multipath = False log_opt_values /usr/lib/python3/dist-packages/oslo_config/cfg.py:2609
2026-03-26 00:36:42.609 132013 DEBUG oslo_service.service [req-560fbc16-ebbd-4bda-b969-526e2aad706e - - - - -] libvirt.live_migration_bandwidth = 0 log_opt_values /usr/lib/python3/dist-packages/oslo_config/cfg.py:2609
2026-03-26 00:36:42.610 132013 DEBUG oslo_service.service [req-560fbc16-ebbd-4bda-b969-526e2aad706e - - - - -] libvirt.live_migration_completion_timeout = 800 log_opt_values /usr/lib/python3/dist-packages/oslo_config/cfg.py:2609
2026-03-26 00:36:42.610 132013 DEBUG oslo_service.service [req-560fbc16-ebbd-4bda-b969-526e2aad706e - - - - -] libvirt.live_migration_downtime = 500 log_opt_values /usr/lib/python3/dist-packages/oslo_config/cfg.py:2609
2026-03-26 00:36:42.610 132013 DEBUG oslo_service.service [req-560fbc16-ebbd-4bda-b969-526e2aad706e - - - - -] libvirt.live_migration_downtime_delay = 75 log_opt_values /usr/lib/python3/dist-packages/oslo_config/cfg.py:2609
2026-03-26 00:36:42.610 132013 DEBUG oslo_service.service [req-560fbc16-ebbd-4bda-b969-526e2aad706e - - - - -] libvirt.live_migration_downtime_steps = 10 log_opt_values /usr/lib/python3/dist-packages/oslo_config/cfg.py:2609
2026-03-26 00:36:42.610 132013 DEBUG oslo_service.service [req-560fbc16-ebbd-4bda-b969-526e2aad706e - - - - -] libvirt.live_migration_inbound_addr = None log_opt_values /usr/lib/python3/dist-packages/oslo_config/cfg.py:2609
2026-03-26 00:36:42.610 132013 DEBUG oslo_service.service [req-560fbc16-ebbd-4bda-b969-526e2aad706e - - - - -] libvirt.live_migration_permit_auto_converge = False log_opt_values /usr/lib/python3/dist-packages/oslo_config/cfg.py:2609
2026-03-26 00:36:42.611 132013 DEBUG oslo_service.service [req-560fbc16-ebbd-4bda-b969-526e2aad706e - - - - -] libvirt.live_migration_permit_post_copy = False log_opt_values /usr/lib/python3/dist-packages/oslo_config/cfg.py:2609
2026-03-26 00:36:42.611 132013 DEBUG oslo_service.service [req-560fbc16-ebbd-4bda-b969-526e2aad706e - - - - -] libvirt.live_migration_scheme = None log_opt_values /usr/lib/python3/dist-packages/oslo_config/cfg.py:2609
2026-03-26 00:36:42.611 132013 DEBUG oslo_service.service [req-560fbc16-ebbd-4bda-b969-526e2aad706e - - - - -] libvirt.live_migration_timeout_action = abort log_opt_values /usr/lib/python3/dist-packages/oslo_config/cfg.py:2609
2026-03-26 00:36:42.611 132013 DEBUG oslo_service.service [req-560fbc16-ebbd-4bda-b969-526e2aad706e - - - - -] libvirt.live_migration_tunnelled = False log_opt_values /usr/lib/python3/dist-packages/oslo_config/cfg.py:2609
2026-03-26 00:36:42.611 132013 DEBUG oslo_service.service [req-560fbc16-ebbd-4bda-b969-526e2aad706e - - - - -] libvirt.live_migration_uri = None log_opt_values /usr/lib/python3/dist-packages/oslo_config/cfg.py:2609
2026-03-26 00:36:42.611 132013 DEBUG oslo_service.service [req-560fbc16-ebbd-4bda-b969-526e2aad706e - - - - -] libvirt.live_migration_with_native_tls = False log_opt_values /usr/lib/python3/dist-packages/oslo_config/cfg.py:2609
2026-03-26 00:36:42.611 132013 DEBUG oslo_service.service [req-560fbc16-ebbd-4bda-b969-526e2aad706e - - - - -] libvirt.max_queues = None log_opt_values /usr/lib/python3/dist-packages/oslo_config/cfg.py:2609
2026-03-26 00:36:42.612 132013 DEBUG oslo_service.service [req-560fbc16-ebbd-4bda-b969-526e2aad706e - - - - -] libvirt.mem_stats_period_seconds = 10 log_opt_values /usr/lib/python3/dist-packages/oslo_config/cfg.py:2609
2026-03-26 00:36:42.612 132013 DEBUG oslo_service.service [req-560fbc16-ebbd-4bda-b969-526e2aad706e - - - - -] libvirt.nfs_mount_options = None log_opt_values /usr/lib/python3/dist-packages/oslo_config/cfg.py:2609
2026-03-26 00:36:42.612 133378 DEBUG oslo_messaging._drivers.amqpdriver [-] Listener is running poll /usr/lib/python3/dist-packages/oslo_messaging/_drivers/amqpdriver.py:343
2026-03-26 00:36:42.612 132013 DEBUG oslo_service.service [req-560fbc16-ebbd-4bda-b969-526e2aad706e - - - - -] libvirt.nfs_mount_point_base = /var/lib/nova/mnt log_opt_values /usr/lib/python3/dist-packages/oslo_config/cfg.py:2609
2026-03-26 00:36:42.612 132013 DEBUG oslo_service.service [req-560fbc16-ebbd-4bda-b969-526e2aad706e - - - - -] libvirt.num_aoe_discover_tries = 3 log_opt_values /usr/lib/python3/dist-packages/oslo_config/cfg.py:2609
2026-03-26 00:36:42.612 133378 DEBUG oslo_messaging._drivers.amqpdriver [-] AMQPListener connection consume poll /usr/lib/python3/dist-packages/oslo_messaging/_drivers/amqpdriver.py:357
2026-03-26 00:36:42.612 132013 DEBUG oslo_service.service [req-560fbc16-ebbd-4bda-b969-526e2aad706e - - - - -] libvirt.num_iser_scan_tries = 5 log_opt_values /usr/lib/python3/dist-packages/oslo_config/cfg.py:2609
2026-03-26 00:36:42.612 132013 DEBUG oslo_service.service [req-560fbc16-ebbd-4bda-b969-526e2aad706e - - - - -] libvirt.num_memory_encrypted_guests = None log_opt_values /usr/lib/python3/dist-packages/oslo_config/cfg.py:2609
2026-03-26 00:36:42.613 132013 DEBUG oslo_service.service [req-560fbc16-ebbd-4bda-b969-526e2aad706e - - - - -] libvirt.num_nvme_discover_tries = 5 log_opt_values /usr/lib/python3/dist-packages/oslo_config/cfg.py:2609
2026-03-26 00:36:42.613 132013 DEBUG oslo_service.service [req-560fbc16-ebbd-4bda-b969-526e2aad706e - - - - -] libvirt.num_pcie_ports = 0 log_opt_values /usr/lib/python3/dist-packages/oslo_config/cfg.py:2609
2026-03-26 00:36:42.613 132013 DEBUG oslo_service.service [req-560fbc16-ebbd-4bda-b969-526e2aad706e - - - - -] libvirt.num_volume_scan_tries = 5 log_opt_values /usr/lib/python3/dist-packages/oslo_config/cfg.py:2609
2026-03-26 00:36:42.613 132013 DEBUG oslo_service.service [req-560fbc16-ebbd-4bda-b969-526e2aad706e - - - - -] libvirt.pmem_namespaces = [] log_opt_values /usr/lib/python3/dist-packages/oslo_config/cfg.py:2609
2026-03-26 00:36:42.613 133378 DEBUG nova.service [req-8e49fdf0-66c1-4179-b23d-4eb6eb33a3de - - - - -] Join ServiceGroup membership for this service scheduler start /usr/lib/python3/dist-packages/nova/service.py:199
2026-03-26 00:36:42.613 132013 DEBUG oslo_service.service [req-560fbc16-ebbd-4bda-b969-526e2aad706e - - - - -] libvirt.quobyte_client_cfg = None log_opt_values /usr/lib/python3/dist-packages/oslo_config/cfg.py:2609
2026-03-26 00:36:42.613 132013 DEBUG oslo_service.service [req-560fbc16-ebbd-4bda-b969-526e2aad706e - - - - -] libvirt.quobyte_mount_point_base = /var/lib/nova/mnt log_opt_values /usr/lib/python3/dist-packages/oslo_config/cfg.py:2609
2026-03-26 00:36:42.613 133378 DEBUG nova.servicegroup.drivers.db [req-8e49fdf0-66c1-4179-b23d-4eb6eb33a3de - - - - -] DB_Driver: join new ServiceGroup member juju-1f36d9-0-lxd-7 to the scheduler group, service = join /usr/lib/python3/dist-packages/nova/servicegroup/drivers/db.py:44
2026-03-26 00:36:42.614 132013 DEBUG oslo_service.service [req-560fbc16-ebbd-4bda-b969-526e2aad706e - - - - -] libvirt.rbd_connect_timeout = 5 log_opt_values /usr/lib/python3/dist-packages/oslo_config/cfg.py:2609
2026-03-26 00:36:42.614 132013 DEBUG oslo_service.service [req-560fbc16-ebbd-4bda-b969-526e2aad706e - - - - -] libvirt.rbd_destroy_volume_retries = 12 log_opt_values /usr/lib/python3/dist-packages/oslo_config/cfg.py:2609
2026-03-26 00:36:42.614 132013 DEBUG oslo_service.service [req-560fbc16-ebbd-4bda-b969-526e2aad706e - - - - -] libvirt.rbd_destroy_volume_retry_interval = 5 log_opt_values /usr/lib/python3/dist-packages/oslo_config/cfg.py:2609
2026-03-26 00:36:42.614 132013 DEBUG oslo_service.service [req-560fbc16-ebbd-4bda-b969-526e2aad706e - - - - -] libvirt.rbd_secret_uuid = None log_opt_values /usr/lib/python3/dist-packages/oslo_config/cfg.py:2609
2026-03-26 00:36:42.614 132013 DEBUG oslo_service.service [req-560fbc16-ebbd-4bda-b969-526e2aad706e - - - - -] libvirt.rbd_user = None log_opt_values /usr/lib/python3/dist-packages/oslo_config/cfg.py:2609
2026-03-26 00:36:42.614 132013 DEBUG oslo_service.service [req-560fbc16-ebbd-4bda-b969-526e2aad706e - - - - -] libvirt.realtime_scheduler_priority = 1 log_opt_values /usr/lib/python3/dist-packages/oslo_config/cfg.py:2609
2026-03-26 00:36:42.615 132013 DEBUG oslo_service.service [req-560fbc16-ebbd-4bda-b969-526e2aad706e - - - - -] libvirt.remote_filesystem_transport = ssh log_opt_values /usr/lib/python3/dist-packages/oslo_config/cfg.py:2609
2026-03-26 00:36:42.615 132013 DEBUG oslo_service.service [req-560fbc16-ebbd-4bda-b969-526e2aad706e - - - - -] libvirt.rescue_image_id = None log_opt_values /usr/lib/python3/dist-packages/oslo_config/cfg.py:2609
2026-03-26 00:36:42.615 132013 DEBUG oslo_service.service [req-560fbc16-ebbd-4bda-b969-526e2aad706e - - - - -] libvirt.rescue_kernel_id = None log_opt_values /usr/lib/python3/dist-packages/oslo_config/cfg.py:2609
2026-03-26 00:36:42.615 132013 DEBUG oslo_service.service [req-560fbc16-ebbd-4bda-b969-526e2aad706e - - - - -] libvirt.rescue_ramdisk_id = None log_opt_values /usr/lib/python3/dist-packages/oslo_config/cfg.py:2609
2026-03-26 00:36:42.615 132013 DEBUG oslo_service.service [req-560fbc16-ebbd-4bda-b969-526e2aad706e - - - - -] libvirt.rng_dev_path = /dev/urandom log_opt_values /usr/lib/python3/dist-packages/oslo_config/cfg.py:2609
2026-03-26 00:36:42.615 132013 DEBUG oslo_service.service [req-560fbc16-ebbd-4bda-b969-526e2aad706e - - - - -] libvirt.rx_queue_size = None log_opt_values /usr/lib/python3/dist-packages/oslo_config/cfg.py:2609
2026-03-26 00:36:42.615 132013 DEBUG oslo_service.service [req-560fbc16-ebbd-4bda-b969-526e2aad706e - - - - -] libvirt.smbfs_mount_options = log_opt_values /usr/lib/python3/dist-packages/oslo_config/cfg.py:2609
2026-03-26 00:36:42.616 132013 DEBUG oslo_service.service [req-560fbc16-ebbd-4bda-b969-526e2aad706e - - - - -] libvirt.smbfs_mount_point_base = /var/lib/nova/mnt log_opt_values /usr/lib/python3/dist-packages/oslo_config/cfg.py:2609
2026-03-26 00:36:42.616 132013 DEBUG oslo_service.service [req-560fbc16-ebbd-4bda-b969-526e2aad706e - - - - -] libvirt.snapshot_compression = False log_opt_values /usr/lib/python3/dist-packages/oslo_config/cfg.py:2609
2026-03-26 00:36:42.616 132013 DEBUG oslo_service.service [req-560fbc16-ebbd-4bda-b969-526e2aad706e - - - - -] libvirt.snapshot_image_format = None log_opt_values /usr/lib/python3/dist-packages/oslo_config/cfg.py:2609
2026-03-26 00:36:42.616 132013 DEBUG oslo_service.service [req-560fbc16-ebbd-4bda-b969-526e2aad706e - - - - -] libvirt.snapshots_directory = /var/lib/nova/instances/snapshots log_opt_values /usr/lib/python3/dist-packages/oslo_config/cfg.py:2609
2026-03-26 00:36:42.616 133378 DEBUG oslo_messaging._drivers.amqpdriver [-] AMQPListener connection timeout poll /usr/lib/python3/dist-packages/oslo_messaging/_drivers/amqpdriver.py:360
2026-03-26 00:36:42.616 132013 DEBUG oslo_service.service [req-560fbc16-ebbd-4bda-b969-526e2aad706e - - - - -] libvirt.sparse_logical_volumes = False log_opt_values /usr/lib/python3/dist-packages/oslo_config/cfg.py:2609
2026-03-26 00:36:42.616 133377 DEBUG oslo_messaging._drivers.amqpdriver [-] Listener is running poll /usr/lib/python3/dist-packages/oslo_messaging/_drivers/amqpdriver.py:343
2026-03-26 00:36:42.616 133378 DEBUG oslo_messaging._drivers.amqpdriver [-] Listener is running poll /usr/lib/python3/dist-packages/oslo_messaging/_drivers/amqpdriver.py:343
2026-03-26 00:36:42.617 132013 DEBUG oslo_service.service [req-560fbc16-ebbd-4bda-b969-526e2aad706e - - - - -] libvirt.swtpm_enabled = False log_opt_values /usr/lib/python3/dist-packages/oslo_config/cfg.py:2609
2026-03-26 00:36:42.617 133378 DEBUG oslo_messaging._drivers.amqpdriver [-] AMQPListener connection consume poll /usr/lib/python3/dist-packages/oslo_messaging/_drivers/amqpdriver.py:357
2026-03-26 00:36:42.617 133377 DEBUG oslo_messaging._drivers.amqpdriver [-] AMQPListener connection consume poll /usr/lib/python3/dist-packages/oslo_messaging/_drivers/amqpdriver.py:357
2026-03-26 00:36:42.617 132013 DEBUG oslo_service.service [req-560fbc16-ebbd-4bda-b969-526e2aad706e - - - - -] libvirt.swtpm_group = tss log_opt_values /usr/lib/python3/dist-packages/oslo_config/cfg.py:2609
2026-03-26 00:36:42.617 132013 DEBUG oslo_service.service [req-560fbc16-ebbd-4bda-b969-526e2aad706e - - - - -] libvirt.swtpm_user = tss log_opt_values /usr/lib/python3/dist-packages/oslo_config/cfg.py:2609
2026-03-26 00:36:42.617 132013 DEBUG oslo_service.service [req-560fbc16-ebbd-4bda-b969-526e2aad706e - - - - -] libvirt.sysinfo_serial = unique log_opt_values /usr/lib/python3/dist-packages/oslo_config/cfg.py:2609
2026-03-26 00:36:42.617 132013 DEBUG oslo_service.service [req-560fbc16-ebbd-4bda-b969-526e2aad706e - - - - -] libvirt.tx_queue_size = None log_opt_values /usr/lib/python3/dist-packages/oslo_config/cfg.py:2609
2026-03-26 00:36:42.617 132013 DEBUG oslo_service.service [req-560fbc16-ebbd-4bda-b969-526e2aad706e - - - - -] libvirt.uid_maps = [] log_opt_values /usr/lib/python3/dist-packages/oslo_config/cfg.py:2609
2026-03-26 00:36:42.617 133385 DEBUG oslo_messaging._drivers.amqpdriver [-] Listener is running poll /usr/lib/python3/dist-packages/oslo_messaging/_drivers/amqpdriver.py:343
2026-03-26 00:36:42.617 132013 DEBUG oslo_service.service [req-560fbc16-ebbd-4bda-b969-526e2aad706e - - - - -] libvirt.use_virtio_for_bridges = True log_opt_values /usr/lib/python3/dist-packages/oslo_config/cfg.py:2609
2026-03-26 00:36:42.618 133385 DEBUG oslo_messaging._drivers.amqpdriver [-] AMQPListener connection consume poll /usr/lib/python3/dist-packages/oslo_messaging/_drivers/amqpdriver.py:357
2026-03-26 00:36:42.618 132013 DEBUG oslo_service.service [req-560fbc16-ebbd-4bda-b969-526e2aad706e - - - - -] libvirt.virt_type = kvm log_opt_values /usr/lib/python3/dist-packages/oslo_config/cfg.py:2609
2026-03-26 00:36:42.618 132013 DEBUG oslo_service.service [req-560fbc16-ebbd-4bda-b969-526e2aad706e - - - - -] libvirt.volume_clear = zero log_opt_values /usr/lib/python3/dist-packages/oslo_config/cfg.py:2609
2026-03-26 00:36:42.617 133377 DEBUG nova.service [req-06011f3e-8fd2-4a73-8a66-dcabcd2892d9 - - - - -] Join ServiceGroup membership for this service scheduler start /usr/lib/python3/dist-packages/nova/service.py:199
2026-03-26 00:36:42.618 132013 DEBUG oslo_service.service [req-560fbc16-ebbd-4bda-b969-526e2aad706e - - - - -] libvirt.volume_clear_size = 0 log_opt_values /usr/lib/python3/dist-packages/oslo_config/cfg.py:2609
2026-03-26 00:36:42.618 132013 DEBUG oslo_service.service [req-560fbc16-ebbd-4bda-b969-526e2aad706e - - - - -] libvirt.volume_use_multipath = False log_opt_values /usr/lib/python3/dist-packages/oslo_config/cfg.py:2609
2026-03-26 00:36:42.618 132013 DEBUG oslo_service.service [req-560fbc16-ebbd-4bda-b969-526e2aad706e - - - - -] libvirt.vzstorage_cache_path = None log_opt_values /usr/lib/python3/dist-packages/oslo_config/cfg.py:2609
2026-03-26 00:36:42.618 133377 DEBUG nova.servicegroup.drivers.db [req-06011f3e-8fd2-4a73-8a66-dcabcd2892d9 - - - - -] DB_Driver: join new ServiceGroup member juju-1f36d9-0-lxd-7 to the scheduler group, service = join /usr/lib/python3/dist-packages/nova/servicegroup/drivers/db.py:44
2026-03-26 00:36:42.618 132013 DEBUG oslo_service.service [req-560fbc16-ebbd-4bda-b969-526e2aad706e - - - - -] libvirt.vzstorage_log_path = /var/log/vstorage/%(cluster_name)s/nova.log.gz log_opt_values /usr/lib/python3/dist-packages/oslo_config/cfg.py:2609
2026-03-26 00:36:42.619 132013 DEBUG oslo_service.service [req-560fbc16-ebbd-4bda-b969-526e2aad706e - - - - -] libvirt.vzstorage_mount_group = qemu log_opt_values /usr/lib/python3/dist-packages/oslo_config/cfg.py:2609
2026-03-26 00:36:42.619 132013 DEBUG oslo_service.service [req-560fbc16-ebbd-4bda-b969-526e2aad706e - - - - -] libvirt.vzstorage_mount_opts = [] log_opt_values /usr/lib/python3/dist-packages/oslo_config/cfg.py:2609
2026-03-26 00:36:42.619 133385 DEBUG nova.service [req-bf35d85c-fcbd-42fb-bea5-9f7d21ecff1a - - - - -] Join ServiceGroup membership for this service scheduler start /usr/lib/python3/dist-packages/nova/service.py:199
2026-03-26 00:36:42.619 132013 DEBUG oslo_service.service [req-560fbc16-ebbd-4bda-b969-526e2aad706e - - - - -] libvirt.vzstorage_mount_perms = 0770 log_opt_values /usr/lib/python3/dist-packages/oslo_config/cfg.py:2609
2026-03-26 00:36:42.619 133385 DEBUG nova.servicegroup.drivers.db [req-bf35d85c-fcbd-42fb-bea5-9f7d21ecff1a - - - - -] DB_Driver: join new ServiceGroup member juju-1f36d9-0-lxd-7 to the scheduler group, service = join /usr/lib/python3/dist-packages/nova/servicegroup/drivers/db.py:44
2026-03-26 00:36:42.620 132013 DEBUG oslo_service.service [req-560fbc16-ebbd-4bda-b969-526e2aad706e - - - - -] libvirt.vzstorage_mount_point_base = /var/lib/nova/mnt log_opt_values /usr/lib/python3/dist-packages/oslo_config/cfg.py:2609
2026-03-26 00:36:42.620 132013 DEBUG oslo_service.service [req-560fbc16-ebbd-4bda-b969-526e2aad706e - - - - -] libvirt.vzstorage_mount_user = stack log_opt_values /usr/lib/python3/dist-packages/oslo_config/cfg.py:2609
2026-03-26 00:36:42.620 132013 DEBUG oslo_service.service [req-560fbc16-ebbd-4bda-b969-526e2aad706e - - - - -] libvirt.wait_soft_reboot_seconds = 120 log_opt_values /usr/lib/python3/dist-packages/oslo_config/cfg.py:2609
2026-03-26 00:36:42.620 132013 DEBUG oslo_service.service [req-560fbc16-ebbd-4bda-b969-526e2aad706e - - - - -] neutron.auth_section = None log_opt_values /usr/lib/python3/dist-packages/oslo_config/cfg.py:2609
2026-03-26 00:36:42.620 132013 DEBUG oslo_service.service [req-560fbc16-ebbd-4bda-b969-526e2aad706e - - - - -] neutron.auth_type = password log_opt_values /usr/lib/python3/dist-packages/oslo_config/cfg.py:2609
2026-03-26 00:36:42.620 132013 DEBUG oslo_service.service [req-560fbc16-ebbd-4bda-b969-526e2aad706e - - - - -] neutron.cafile = None log_opt_values /usr/lib/python3/dist-packages/oslo_config/cfg.py:2609
2026-03-26 00:36:42.621 132013 DEBUG oslo_service.service [req-560fbc16-ebbd-4bda-b969-526e2aad706e - - - - -] neutron.certfile = None log_opt_values /usr/lib/python3/dist-packages/oslo_config/cfg.py:2609
2026-03-26 00:36:42.621 132013 DEBUG oslo_service.service [req-560fbc16-ebbd-4bda-b969-526e2aad706e - - - - -] neutron.collect_timing = False log_opt_values /usr/lib/python3/dist-packages/oslo_config/cfg.py:2609
2026-03-26 00:36:42.621 133377 DEBUG oslo_messaging._drivers.amqpdriver [-] AMQPListener connection timeout poll /usr/lib/python3/dist-packages/oslo_messaging/_drivers/amqpdriver.py:360
2026-03-26 00:36:42.621 132013 DEBUG oslo_service.service [req-560fbc16-ebbd-4bda-b969-526e2aad706e - - - - -] neutron.connect_retries = None log_opt_values /usr/lib/python3/dist-packages/oslo_config/cfg.py:2609
2026-03-26 00:36:42.621 133377 DEBUG oslo_messaging._drivers.amqpdriver [-] Listener is running poll /usr/lib/python3/dist-packages/oslo_messaging/_drivers/amqpdriver.py:343
2026-03-26 00:36:42.621 132013 DEBUG oslo_service.service [req-560fbc16-ebbd-4bda-b969-526e2aad706e - - - - -] neutron.connect_retry_delay = None log_opt_values /usr/lib/python3/dist-packages/oslo_config/cfg.py:2609
2026-03-26 00:36:42.621 133377 DEBUG oslo_messaging._drivers.amqpdriver [-] AMQPListener connection consume poll /usr/lib/python3/dist-packages/oslo_messaging/_drivers/amqpdriver.py:357
2026-03-26 00:36:42.621 132013 DEBUG oslo_service.service [req-560fbc16-ebbd-4bda-b969-526e2aad706e - - - - -] neutron.default_floating_pool = nova log_opt_values /usr/lib/python3/dist-packages/oslo_config/cfg.py:2609
2026-03-26 00:36:42.621 132013 DEBUG oslo_service.service [req-560fbc16-ebbd-4bda-b969-526e2aad706e - - - - -] neutron.endpoint_override = None log_opt_values /usr/lib/python3/dist-packages/oslo_config/cfg.py:2609
2026-03-26 00:36:42.622 132013 DEBUG oslo_service.service [req-560fbc16-ebbd-4bda-b969-526e2aad706e - - - - -] neutron.extension_sync_interval = 600 log_opt_values /usr/lib/python3/dist-packages/oslo_config/cfg.py:2609
2026-03-26 00:36:42.622 132013 DEBUG oslo_service.service [req-560fbc16-ebbd-4bda-b969-526e2aad706e - - - - -] neutron.http_retries = 3 log_opt_values /usr/lib/python3/dist-packages/oslo_config/cfg.py:2609
2026-03-26 00:36:42.622 132013 DEBUG oslo_service.service [req-560fbc16-ebbd-4bda-b969-526e2aad706e - - - - -] neutron.insecure = False log_opt_values /usr/lib/python3/dist-packages/oslo_config/cfg.py:2609
2026-03-26 00:36:42.622 132013 DEBUG oslo_service.service [req-560fbc16-ebbd-4bda-b969-526e2aad706e - - - - -] neutron.keyfile = None log_opt_values /usr/lib/python3/dist-packages/oslo_config/cfg.py:2609
2026-03-26 00:36:42.622 133385 DEBUG oslo_messaging._drivers.amqpdriver [-] AMQPListener connection timeout poll /usr/lib/python3/dist-packages/oslo_messaging/_drivers/amqpdriver.py:360
2026-03-26 00:36:42.622 132013 DEBUG oslo_service.service [req-560fbc16-ebbd-4bda-b969-526e2aad706e - - - - -] neutron.max_version = None log_opt_values /usr/lib/python3/dist-packages/oslo_config/cfg.py:2609
2026-03-26 00:36:42.622 133385 DEBUG oslo_messaging._drivers.amqpdriver [-] Listener is running poll /usr/lib/python3/dist-packages/oslo_messaging/_drivers/amqpdriver.py:343
2026-03-26 00:36:42.622 132013 DEBUG oslo_service.service [req-560fbc16-ebbd-4bda-b969-526e2aad706e - - - - -] neutron.metadata_proxy_shared_secret = **** log_opt_values /usr/lib/python3/dist-packages/oslo_config/cfg.py:2609
2026-03-26 00:36:42.622 133385 DEBUG oslo_messaging._drivers.amqpdriver [-] AMQPListener connection consume poll /usr/lib/python3/dist-packages/oslo_messaging/_drivers/amqpdriver.py:357
2026-03-26 00:36:42.622 132013 DEBUG oslo_service.service [req-560fbc16-ebbd-4bda-b969-526e2aad706e - - - - -] neutron.min_version = None log_opt_values /usr/lib/python3/dist-packages/oslo_config/cfg.py:2609
2026-03-26 00:36:42.623 132013 DEBUG oslo_service.service [req-560fbc16-ebbd-4bda-b969-526e2aad706e - - - - -] neutron.ovs_bridge = br-int log_opt_values /usr/lib/python3/dist-packages/oslo_config/cfg.py:2609
2026-03-26 00:36:42.623 132013 DEBUG oslo_service.service [req-560fbc16-ebbd-4bda-b969-526e2aad706e - - - - -] neutron.physnets = [] log_opt_values /usr/lib/python3/dist-packages/oslo_config/cfg.py:2609
2026-03-26 00:36:42.623 132013 DEBUG oslo_service.service [req-560fbc16-ebbd-4bda-b969-526e2aad706e - - - - -] neutron.region_name = RegionOne log_opt_values /usr/lib/python3/dist-packages/oslo_config/cfg.py:2609
2026-03-26 00:36:42.623 132013 DEBUG oslo_service.service [req-560fbc16-ebbd-4bda-b969-526e2aad706e - - - - -] neutron.service_metadata_proxy = True log_opt_values /usr/lib/python3/dist-packages/oslo_config/cfg.py:2609
2026-03-26 00:36:42.623 132013 DEBUG oslo_service.service [req-560fbc16-ebbd-4bda-b969-526e2aad706e - - - - -] neutron.service_name = None log_opt_values /usr/lib/python3/dist-packages/oslo_config/cfg.py:2609
2026-03-26 00:36:42.623 132013 DEBUG oslo_service.service [req-560fbc16-ebbd-4bda-b969-526e2aad706e - - - - -] neutron.service_type = network log_opt_values /usr/lib/python3/dist-packages/oslo_config/cfg.py:2609
2026-03-26 00:36:42.624 132013 DEBUG oslo_service.service [req-560fbc16-ebbd-4bda-b969-526e2aad706e - - - - -] neutron.split_loggers = False log_opt_values /usr/lib/python3/dist-packages/oslo_config/cfg.py:2609
2026-03-26 00:36:42.624 132013 DEBUG oslo_service.service [req-560fbc16-ebbd-4bda-b969-526e2aad706e - - - - -] neutron.status_code_retries = None log_opt_values /usr/lib/python3/dist-packages/oslo_config/cfg.py:2609
2026-03-26 00:36:42.624 132013 DEBUG oslo_service.service [req-560fbc16-ebbd-4bda-b969-526e2aad706e - - - - -] neutron.status_code_retry_delay = None log_opt_values /usr/lib/python3/dist-packages/oslo_config/cfg.py:2609
2026-03-26 00:36:42.624 132013 DEBUG oslo_service.service [req-560fbc16-ebbd-4bda-b969-526e2aad706e - - - - -] neutron.timeout = None log_opt_values /usr/lib/python3/dist-packages/oslo_config/cfg.py:2609
2026-03-26 00:36:42.624 132013 DEBUG oslo_service.service [req-560fbc16-ebbd-4bda-b969-526e2aad706e - - - - -] neutron.valid_interfaces = ['internal', 'public'] log_opt_values /usr/lib/python3/dist-packages/oslo_config/cfg.py:2609
2026-03-26 00:36:42.624 132013 DEBUG oslo_service.service [req-560fbc16-ebbd-4bda-b969-526e2aad706e - - - - -] neutron.version = None log_opt_values /usr/lib/python3/dist-packages/oslo_config/cfg.py:2609
2026-03-26 00:36:42.624 132013 DEBUG oslo_service.service [req-560fbc16-ebbd-4bda-b969-526e2aad706e - - - - -] notifications.bdms_in_notifications = False log_opt_values /usr/lib/python3/dist-packages/oslo_config/cfg.py:2609
2026-03-26 00:36:42.625 132013 DEBUG oslo_service.service [req-560fbc16-ebbd-4bda-b969-526e2aad706e - - - - -] notifications.default_level = INFO log_opt_values /usr/lib/python3/dist-packages/oslo_config/cfg.py:2609
2026-03-26 00:36:42.625 132013 DEBUG oslo_service.service [req-560fbc16-ebbd-4bda-b969-526e2aad706e - - - - -] notifications.notification_format = unversioned log_opt_values /usr/lib/python3/dist-packages/oslo_config/cfg.py:2609
2026-03-26 00:36:42.625 132013 DEBUG oslo_service.service [req-560fbc16-ebbd-4bda-b969-526e2aad706e - - - - -] notifications.notify_on_state_change = None log_opt_values /usr/lib/python3/dist-packages/oslo_config/cfg.py:2609
2026-03-26 00:36:42.625 132013 DEBUG oslo_service.service [req-560fbc16-ebbd-4bda-b969-526e2aad706e - - - - -] notifications.versioned_notifications_topics = ['versioned_notifications'] log_opt_values /usr/lib/python3/dist-packages/oslo_config/cfg.py:2609
2026-03-26 00:36:42.625 132013 DEBUG oslo_service.service [req-560fbc16-ebbd-4bda-b969-526e2aad706e - - - - -] pci.alias = [] log_opt_values /usr/lib/python3/dist-packages/oslo_config/cfg.py:2609
2026-03-26 00:36:42.625 132013 DEBUG oslo_service.service [req-560fbc16-ebbd-4bda-b969-526e2aad706e - - - - -] pci.passthrough_whitelist = [] log_opt_values /usr/lib/python3/dist-packages/oslo_config/cfg.py:2609
2026-03-26 00:36:42.626 132013 DEBUG oslo_service.service [req-560fbc16-ebbd-4bda-b969-526e2aad706e - - - - -] placement.auth_section = None log_opt_values /usr/lib/python3/dist-packages/oslo_config/cfg.py:2609
2026-03-26 00:36:42.626 132013 DEBUG oslo_service.service [req-560fbc16-ebbd-4bda-b969-526e2aad706e - - - - -] placement.auth_type = password log_opt_values /usr/lib/python3/dist-packages/oslo_config/cfg.py:2609
2026-03-26 00:36:42.626 132013 DEBUG oslo_service.service [req-560fbc16-ebbd-4bda-b969-526e2aad706e - - - - -] placement.auth_url = http://252.41.194.253:35357 log_opt_values /usr/lib/python3/dist-packages/oslo_config/cfg.py:2609
2026-03-26 00:36:42.626 132013 DEBUG oslo_service.service [req-560fbc16-ebbd-4bda-b969-526e2aad706e - - - - -] placement.cafile = None log_opt_values /usr/lib/python3/dist-packages/oslo_config/cfg.py:2609
2026-03-26 00:36:42.626 132013 DEBUG oslo_service.service [req-560fbc16-ebbd-4bda-b969-526e2aad706e - - - - -] placement.certfile = None log_opt_values /usr/lib/python3/dist-packages/oslo_config/cfg.py:2609
2026-03-26 00:36:42.626 132013 DEBUG oslo_service.service [req-560fbc16-ebbd-4bda-b969-526e2aad706e - - - - -] placement.collect_timing = False log_opt_values /usr/lib/python3/dist-packages/oslo_config/cfg.py:2609
2026-03-26 00:36:42.627 132013 DEBUG oslo_service.service [req-560fbc16-ebbd-4bda-b969-526e2aad706e - - - - -] placement.connect_retries = None log_opt_values /usr/lib/python3/dist-packages/oslo_config/cfg.py:2609
2026-03-26 00:36:42.627 132013 DEBUG oslo_service.service [req-560fbc16-ebbd-4bda-b969-526e2aad706e - - - - -] placement.connect_retry_delay = None log_opt_values /usr/lib/python3/dist-packages/oslo_config/cfg.py:2609
2026-03-26 00:36:42.627 133379 DEBUG oslo_messaging._drivers.amqpdriver [-] Listener is running poll /usr/lib/python3/dist-packages/oslo_messaging/_drivers/amqpdriver.py:343
2026-03-26 00:36:42.627 132013 DEBUG oslo_service.service [req-560fbc16-ebbd-4bda-b969-526e2aad706e - - - - -] placement.default_domain_id = None log_opt_values /usr/lib/python3/dist-packages/oslo_config/cfg.py:2609
2026-03-26 00:36:42.627 133379 DEBUG oslo_messaging._drivers.amqpdriver [-] AMQPListener connection consume poll /usr/lib/python3/dist-packages/oslo_messaging/_drivers/amqpdriver.py:357
2026-03-26 00:36:42.627 132013 DEBUG oslo_service.service [req-560fbc16-ebbd-4bda-b969-526e2aad706e - - - - -] placement.default_domain_name = None log_opt_values /usr/lib/python3/dist-packages/oslo_config/cfg.py:2609
2026-03-26 00:36:42.627 132013 DEBUG oslo_service.service [req-560fbc16-ebbd-4bda-b969-526e2aad706e - - - - -] placement.domain_id = None log_opt_values /usr/lib/python3/dist-packages/oslo_config/cfg.py:2609
2026-03-26 00:36:42.627 132013 DEBUG oslo_service.service [req-560fbc16-ebbd-4bda-b969-526e2aad706e - - - - -] placement.domain_name = None log_opt_values /usr/lib/python3/dist-packages/oslo_config/cfg.py:2609
2026-03-26 00:36:42.627 132013 DEBUG oslo_service.service [req-560fbc16-ebbd-4bda-b969-526e2aad706e - - - - -] placement.endpoint_override = None log_opt_values /usr/lib/python3/dist-packages/oslo_config/cfg.py:2609
2026-03-26 00:36:42.628 132013 DEBUG oslo_service.service [req-560fbc16-ebbd-4bda-b969-526e2aad706e - - - - -] placement.insecure = False log_opt_values /usr/lib/python3/dist-packages/oslo_config/cfg.py:2609
2026-03-26 00:36:42.628 132013 DEBUG oslo_service.service [req-560fbc16-ebbd-4bda-b969-526e2aad706e - - - - -] placement.keyfile = None log_opt_values /usr/lib/python3/dist-packages/oslo_config/cfg.py:2609
2026-03-26 00:36:42.628 132013 DEBUG oslo_service.service [req-560fbc16-ebbd-4bda-b969-526e2aad706e - - - - -] placement.max_version = None log_opt_values /usr/lib/python3/dist-packages/oslo_config/cfg.py:2609
2026-03-26 00:36:42.628 132013 DEBUG oslo_service.service [req-560fbc16-ebbd-4bda-b969-526e2aad706e - - - - -] placement.min_version = None log_opt_values /usr/lib/python3/dist-packages/oslo_config/cfg.py:2609
2026-03-26 00:36:42.628 132013 DEBUG oslo_service.service [req-560fbc16-ebbd-4bda-b969-526e2aad706e - - - - -] placement.password = **** log_opt_values /usr/lib/python3/dist-packages/oslo_config/cfg.py:2609
2026-03-26 00:36:42.628 132013 DEBUG oslo_service.service [req-560fbc16-ebbd-4bda-b969-526e2aad706e - - - - -] placement.project_domain_id = None log_opt_values /usr/lib/python3/dist-packages/oslo_config/cfg.py:2609
2026-03-26 00:36:42.628 132013 DEBUG oslo_service.service [req-560fbc16-ebbd-4bda-b969-526e2aad706e - - - - -] placement.project_domain_name = service_domain log_opt_values /usr/lib/python3/dist-packages/oslo_config/cfg.py:2609
2026-03-26 00:36:42.629 132013 DEBUG oslo_service.service [req-560fbc16-ebbd-4bda-b969-526e2aad706e - - - - -] placement.project_id = None log_opt_values /usr/lib/python3/dist-packages/oslo_config/cfg.py:2609
2026-03-26 00:36:42.628 133379 DEBUG nova.service [req-5154ce57-1171-4b0c-831a-ac013b39cf2c - - - - -] Join ServiceGroup membership for this service scheduler start /usr/lib/python3/dist-packages/nova/service.py:199
2026-03-26 00:36:42.629 132013 DEBUG oslo_service.service [req-560fbc16-ebbd-4bda-b969-526e2aad706e - - - - -] placement.project_name = services log_opt_values /usr/lib/python3/dist-packages/oslo_config/cfg.py:2609
2026-03-26 00:36:42.629 132013 DEBUG oslo_service.service [req-560fbc16-ebbd-4bda-b969-526e2aad706e - - - - -] placement.region_name = RegionOne log_opt_values /usr/lib/python3/dist-packages/oslo_config/cfg.py:2609
2026-03-26 00:36:42.629 133379 DEBUG nova.servicegroup.drivers.db [req-5154ce57-1171-4b0c-831a-ac013b39cf2c - - - - -] DB_Driver: join new ServiceGroup member juju-1f36d9-0-lxd-7 to the scheduler group, service = join /usr/lib/python3/dist-packages/nova/servicegroup/drivers/db.py:44
2026-03-26 00:36:42.629 132013 DEBUG oslo_service.service [req-560fbc16-ebbd-4bda-b969-526e2aad706e - - - - -] placement.service_name = None log_opt_values /usr/lib/python3/dist-packages/oslo_config/cfg.py:2609
2026-03-26 00:36:42.629 132013 DEBUG oslo_service.service [req-560fbc16-ebbd-4bda-b969-526e2aad706e - - - - -] placement.service_type = placement log_opt_values /usr/lib/python3/dist-packages/oslo_config/cfg.py:2609
2026-03-26 00:36:42.629 132013 DEBUG oslo_service.service [req-560fbc16-ebbd-4bda-b969-526e2aad706e - - - - -] placement.split_loggers = False log_opt_values /usr/lib/python3/dist-packages/oslo_config/cfg.py:2609
2026-03-26 00:36:42.630 132013 DEBUG oslo_service.service [req-560fbc16-ebbd-4bda-b969-526e2aad706e - - - - -] placement.status_code_retries = None log_opt_values /usr/lib/python3/dist-packages/oslo_config/cfg.py:2609
2026-03-26 00:36:42.630 133379 DEBUG oslo_messaging._drivers.amqpdriver [-] AMQPListener connection timeout poll /usr/lib/python3/dist-packages/oslo_messaging/_drivers/amqpdriver.py:360
2026-03-26 00:36:42.630 132013 DEBUG oslo_service.service [req-560fbc16-ebbd-4bda-b969-526e2aad706e - - - - -] placement.status_code_retry_delay = None log_opt_values /usr/lib/python3/dist-packages/oslo_config/cfg.py:2609
2026-03-26 00:36:42.630 132013 DEBUG oslo_service.service [req-560fbc16-ebbd-4bda-b969-526e2aad706e - - - - -] placement.system_scope = None log_opt_values /usr/lib/python3/dist-packages/oslo_config/cfg.py:2609
2026-03-26 00:36:42.630 133379 DEBUG oslo_messaging._drivers.amqpdriver [-] Listener is running poll /usr/lib/python3/dist-packages/oslo_messaging/_drivers/amqpdriver.py:343
2026-03-26 00:36:42.630 133379 DEBUG oslo_messaging._drivers.amqpdriver [-] AMQPListener connection consume poll /usr/lib/python3/dist-packages/oslo_messaging/_drivers/amqpdriver.py:357
2026-03-26 00:36:42.630 132013 DEBUG oslo_service.service [req-560fbc16-ebbd-4bda-b969-526e2aad706e - - - - -] placement.timeout = None log_opt_values /usr/lib/python3/dist-packages/oslo_config/cfg.py:2609
2026-03-26 00:36:42.630 132013 DEBUG oslo_service.service [req-560fbc16-ebbd-4bda-b969-526e2aad706e - - - - -] placement.trust_id = None log_opt_values /usr/lib/python3/dist-packages/oslo_config/cfg.py:2609
2026-03-26 00:36:42.630 132013 DEBUG oslo_service.service [req-560fbc16-ebbd-4bda-b969-526e2aad706e - - - - -] placement.user_domain_id = None log_opt_values /usr/lib/python3/dist-packages/oslo_config/cfg.py:2609
2026-03-26 00:36:42.630 132013 DEBUG oslo_service.service [req-560fbc16-ebbd-4bda-b969-526e2aad706e - - - - -] placement.user_domain_name = service_domain log_opt_values /usr/lib/python3/dist-packages/oslo_config/cfg.py:2609
2026-03-26 00:36:42.631 132013 DEBUG oslo_service.service [req-560fbc16-ebbd-4bda-b969-526e2aad706e - - - - -] placement.user_id = None log_opt_values /usr/lib/python3/dist-packages/oslo_config/cfg.py:2609
2026-03-26 00:36:42.631 132013 DEBUG oslo_service.service [req-560fbc16-ebbd-4bda-b969-526e2aad706e - - - - -] placement.username = nova log_opt_values /usr/lib/python3/dist-packages/oslo_config/cfg.py:2609
2026-03-26 00:36:42.631 132013 DEBUG oslo_service.service [req-560fbc16-ebbd-4bda-b969-526e2aad706e - - - - -] placement.valid_interfaces = ['internal', 'public'] log_opt_values /usr/lib/python3/dist-packages/oslo_config/cfg.py:2609
2026-03-26 00:36:42.631 132013 DEBUG oslo_service.service [req-560fbc16-ebbd-4bda-b969-526e2aad706e - - - - -] placement.version = None log_opt_values /usr/lib/python3/dist-packages/oslo_config/cfg.py:2609
2026-03-26 00:36:42.631 132013 DEBUG oslo_service.service [req-560fbc16-ebbd-4bda-b969-526e2aad706e - - - - -] powervm.disk_driver = localdisk log_opt_values /usr/lib/python3/dist-packages/oslo_config/cfg.py:2609
2026-03-26 00:36:42.631 132013 DEBUG oslo_service.service [req-560fbc16-ebbd-4bda-b969-526e2aad706e - - - - -] powervm.proc_units_factor = 0.1 log_opt_values /usr/lib/python3/dist-packages/oslo_config/cfg.py:2609
2026-03-26 00:36:42.632 132013 DEBUG oslo_service.service [req-560fbc16-ebbd-4bda-b969-526e2aad706e - - - - -] powervm.volume_group_name = log_opt_values /usr/lib/python3/dist-packages/oslo_config/cfg.py:2609
2026-03-26 00:36:42.632 132013 DEBUG oslo_service.service [req-560fbc16-ebbd-4bda-b969-526e2aad706e - - - - -] quota.cores = 20 log_opt_values /usr/lib/python3/dist-packages/oslo_config/cfg.py:2609
2026-03-26 00:36:42.632 132013 DEBUG oslo_service.service [req-560fbc16-ebbd-4bda-b969-526e2aad706e - - - - -] quota.count_usage_from_placement = False log_opt_values /usr/lib/python3/dist-packages/oslo_config/cfg.py:2609
2026-03-26 00:36:42.632 132013 DEBUG oslo_service.service [req-560fbc16-ebbd-4bda-b969-526e2aad706e - - - - -] quota.driver = nova.quota.DbQuotaDriver log_opt_values /usr/lib/python3/dist-packages/oslo_config/cfg.py:2609
