2026-03-26 00:37:43.426 132865 DEBUG oslo_messaging._drivers.amqpdriver [-] AMQPListener connection consume poll /usr/lib/python3/dist-packages/oslo_messaging/_drivers/amqpdriver.py:357
2026-03-26 00:37:43.809 132872 DEBUG oslo_messaging._drivers.amqpdriver [-] received message msg_id: cc2f4018c5834af4b70980d0116a61a3 reply to reply_5360d4caddc64e9b987ac33a2f4519ce __call__ /usr/lib/python3/dist-packages/oslo_messaging/_drivers/amqpdriver.py:320
2026-03-26 00:37:43.809 132872 DEBUG oslo_messaging._drivers.amqpdriver [-] Listener is running poll /usr/lib/python3/dist-packages/oslo_messaging/_drivers/amqpdriver.py:343
2026-03-26 00:37:43.810 132872 DEBUG oslo_messaging._drivers.amqpdriver [-] Poll the incoming message with unique_id: ff3862e9627b427ca09d1c0831c7e91f poll /usr/lib/python3/dist-packages/oslo_messaging/_drivers/amqpdriver.py:346
2026-03-26 00:37:43.810 132872 DEBUG oslo_messaging._drivers.amqpdriver [-] Listener is running poll /usr/lib/python3/dist-packages/oslo_messaging/_drivers/amqpdriver.py:343
2026-03-26 00:37:43.810 132872 DEBUG oslo_messaging._drivers.amqpdriver [-] AMQPListener connection consume poll /usr/lib/python3/dist-packages/oslo_messaging/_drivers/amqpdriver.py:357
2026-03-26 00:37:43.811 132872 DEBUG oslo_messaging._drivers.amqpdriver [req-025e22e4-ff88-418d-bf2c-5bc79f8e0d18 - - - - -] sending reply msg_id: cc2f4018c5834af4b70980d0116a61a3 reply queue: reply_5360d4caddc64e9b987ac33a2f4519ce time elapsed: 0.0015749219996905595s _send_reply /usr/lib/python3/dist-packages/oslo_messaging/_drivers/amqpdriver.py:118
2026-03-26 00:37:43.812 132872 DEBUG oslo_messaging._drivers.amqpdriver [-] AMQPListener connection timeout poll /usr/lib/python3/dist-packages/oslo_messaging/_drivers/amqpdriver.py:360
2026-03-26 00:37:43.812 132872 DEBUG oslo_messaging._drivers.amqpdriver [-] Listener is running poll /usr/lib/python3/dist-packages/oslo_messaging/_drivers/amqpdriver.py:343
2026-03-26 00:37:43.812 132872 DEBUG oslo_messaging._drivers.amqpdriver [-] AMQPListener connection consume poll /usr/lib/python3/dist-packages/oslo_messaging/_drivers/amqpdriver.py:357
2026-03-26 00:37:44.492 132871 DEBUG oslo_messaging._drivers.amqpdriver [-] AMQPListener connection timeout poll /usr/lib/python3/dist-packages/oslo_messaging/_drivers/amqpdriver.py:360
2026-03-26 00:37:44.493 132871 DEBUG oslo_messaging._drivers.amqpdriver [-] Listener is running poll /usr/lib/python3/dist-packages/oslo_messaging/_drivers/amqpdriver.py:343
2026-03-26 00:37:44.493 132871 DEBUG oslo_messaging._drivers.amqpdriver [-] AMQPListener connection consume poll /usr/lib/python3/dist-packages/oslo_messaging/_drivers/amqpdriver.py:357
2026-03-26 00:37:44.813 132872 DEBUG oslo_messaging._drivers.amqpdriver [-] AMQPListener connection timeout poll /usr/lib/python3/dist-packages/oslo_messaging/_drivers/amqpdriver.py:360
2026-03-26 00:37:44.814 132872 DEBUG oslo_messaging._drivers.amqpdriver [-] Listener is running poll /usr/lib/python3/dist-packages/oslo_messaging/_drivers/amqpdriver.py:343
2026-03-26 00:37:44.814 132872 DEBUG oslo_messaging._drivers.amqpdriver [-] AMQPListener connection consume poll /usr/lib/python3/dist-packages/oslo_messaging/_drivers/amqpdriver.py:357
2026-03-26 00:37:45.836 132864 DEBUG oslo_messaging._drivers.amqpdriver [-] AMQPListener connection timeout poll /usr/lib/python3/dist-packages/oslo_messaging/_drivers/amqpdriver.py:360
2026-03-26 00:37:45.836 132864 DEBUG oslo_messaging._drivers.amqpdriver [-] Listener is running poll /usr/lib/python3/dist-packages/oslo_messaging/_drivers/amqpdriver.py:343
2026-03-26 00:37:45.836 132864 DEBUG oslo_messaging._drivers.amqpdriver [-] AMQPListener connection consume poll /usr/lib/python3/dist-packages/oslo_messaging/_drivers/amqpdriver.py:357
2026-03-26 00:37:46.349 132865 DEBUG oslo_messaging._drivers.amqpdriver [-] received message msg_id: 16636df1a1f44684a16dc7afc7f78fee reply to reply_a212d5c261014ba285e25d3e35d6f362 __call__ /usr/lib/python3/dist-packages/oslo_messaging/_drivers/amqpdriver.py:320
2026-03-26 00:37:46.350 132865 DEBUG oslo_messaging._drivers.amqpdriver [-] Listener is running poll /usr/lib/python3/dist-packages/oslo_messaging/_drivers/amqpdriver.py:343
2026-03-26 00:37:46.350 132865 DEBUG oslo_messaging._drivers.amqpdriver [-] Poll the incoming message with unique_id: ebc6420c59cf4b289b2cc91c4fd748f1 poll /usr/lib/python3/dist-packages/oslo_messaging/_drivers/amqpdriver.py:346
2026-03-26 00:37:46.350 132865 DEBUG oslo_messaging._drivers.amqpdriver [-] Listener is running poll /usr/lib/python3/dist-packages/oslo_messaging/_drivers/amqpdriver.py:343
2026-03-26 00:37:46.350 132865 DEBUG oslo_messaging._drivers.amqpdriver [-] AMQPListener connection consume poll /usr/lib/python3/dist-packages/oslo_messaging/_drivers/amqpdriver.py:357
2026-03-26 00:37:46.351 132865 DEBUG oslo_messaging._drivers.amqpdriver [req-268c2759-950d-4209-8773-74c8e8fe7a73 - - - - -] sending reply msg_id: 16636df1a1f44684a16dc7afc7f78fee reply queue: reply_a212d5c261014ba285e25d3e35d6f362 time elapsed: 0.0011711339998328185s _send_reply /usr/lib/python3/dist-packages/oslo_messaging/_drivers/amqpdriver.py:118
2026-03-26 00:37:46.351 132865 DEBUG oslo_messaging._drivers.amqpdriver [-] AMQPListener connection timeout poll /usr/lib/python3/dist-packages/oslo_messaging/_drivers/amqpdriver.py:360
2026-03-26 00:37:46.352 132865 DEBUG oslo_messaging._drivers.amqpdriver [-] Listener is running poll /usr/lib/python3/dist-packages/oslo_messaging/_drivers/amqpdriver.py:343
2026-03-26 00:37:46.352 132865 DEBUG oslo_messaging._drivers.amqpdriver [-] AMQPListener connection consume poll /usr/lib/python3/dist-packages/oslo_messaging/_drivers/amqpdriver.py:357
2026-03-26 00:37:46.815 132872 DEBUG oslo_messaging._drivers.amqpdriver [-] AMQPListener connection timeout poll /usr/lib/python3/dist-packages/oslo_messaging/_drivers/amqpdriver.py:360
2026-03-26 00:37:46.816 132872 DEBUG oslo_messaging._drivers.amqpdriver [-] Listener is running poll /usr/lib/python3/dist-packages/oslo_messaging/_drivers/amqpdriver.py:343
2026-03-26 00:37:46.816 132872 DEBUG oslo_messaging._drivers.amqpdriver [-] AMQPListener connection consume poll /usr/lib/python3/dist-packages/oslo_messaging/_drivers/amqpdriver.py:357
2026-03-26 00:37:47.353 132865 DEBUG oslo_messaging._drivers.amqpdriver [-] AMQPListener connection timeout poll /usr/lib/python3/dist-packages/oslo_messaging/_drivers/amqpdriver.py:360
2026-03-26 00:37:47.353 132865 DEBUG oslo_messaging._drivers.amqpdriver [-] Listener is running poll /usr/lib/python3/dist-packages/oslo_messaging/_drivers/amqpdriver.py:343
2026-03-26 00:37:47.353 132865 DEBUG oslo_messaging._drivers.amqpdriver [-] AMQPListener connection consume poll /usr/lib/python3/dist-packages/oslo_messaging/_drivers/amqpdriver.py:357
2026-03-26 00:37:48.495 132871 DEBUG oslo_messaging._drivers.amqpdriver [-] AMQPListener connection timeout poll /usr/lib/python3/dist-packages/oslo_messaging/_drivers/amqpdriver.py:360
2026-03-26 00:37:48.495 132871 DEBUG oslo_messaging._drivers.amqpdriver [-] Listener is running poll /usr/lib/python3/dist-packages/oslo_messaging/_drivers/amqpdriver.py:343
2026-03-26 00:37:48.495 132871 DEBUG oslo_messaging._drivers.amqpdriver [-] AMQPListener connection consume poll /usr/lib/python3/dist-packages/oslo_messaging/_drivers/amqpdriver.py:357
2026-03-26 00:37:48.862 132864 DEBUG oslo_messaging._drivers.amqpdriver [-] received message msg_id: 5d6223ebedf34883836ef38093b4b348 reply to reply_f6e6492f800e4962853d00e9c43c0db4 __call__ /usr/lib/python3/dist-packages/oslo_messaging/_drivers/amqpdriver.py:320
2026-03-26 00:37:48.863 132864 DEBUG oslo_messaging._drivers.amqpdriver [-] Listener is running poll /usr/lib/python3/dist-packages/oslo_messaging/_drivers/amqpdriver.py:343
2026-03-26 00:37:48.863 132864 DEBUG oslo_messaging._drivers.amqpdriver [-] Poll the incoming message with unique_id: 346ae20408c745f082a5ec91eb01bb6d poll /usr/lib/python3/dist-packages/oslo_messaging/_drivers/amqpdriver.py:346
2026-03-26 00:37:48.863 132864 DEBUG oslo_messaging._drivers.amqpdriver [-] Listener is running poll /usr/lib/python3/dist-packages/oslo_messaging/_drivers/amqpdriver.py:343
2026-03-26 00:37:48.863 132864 DEBUG oslo_messaging._drivers.amqpdriver [-] AMQPListener connection consume poll /usr/lib/python3/dist-packages/oslo_messaging/_drivers/amqpdriver.py:357
2026-03-26 00:37:48.864 132864 DEBUG oslo_messaging._drivers.amqpdriver [req-dd9aa4a5-d348-42e7-890b-79396288f3df - - - - -] sending reply msg_id: 5d6223ebedf34883836ef38093b4b348 reply queue: reply_f6e6492f800e4962853d00e9c43c0db4 time elapsed: 0.0011460209998404025s _send_reply /usr/lib/python3/dist-packages/oslo_messaging/_drivers/amqpdriver.py:118
2026-03-26 00:37:48.864 132864 DEBUG oslo_messaging._drivers.amqpdriver [-] AMQPListener connection timeout poll /usr/lib/python3/dist-packages/oslo_messaging/_drivers/amqpdriver.py:360
2026-03-26 00:37:48.865 132864 DEBUG oslo_messaging._drivers.amqpdriver [-] Listener is running poll /usr/lib/python3/dist-packages/oslo_messaging/_drivers/amqpdriver.py:343
2026-03-26 00:37:48.865 132864 DEBUG oslo_messaging._drivers.amqpdriver [-] AMQPListener connection consume poll /usr/lib/python3/dist-packages/oslo_messaging/_drivers/amqpdriver.py:357
2026-03-26 00:37:49.356 132865 DEBUG oslo_messaging._drivers.amqpdriver [-] AMQPListener connection timeout poll /usr/lib/python3/dist-packages/oslo_messaging/_drivers/amqpdriver.py:360
2026-03-26 00:37:49.356 132865 DEBUG oslo_messaging._drivers.amqpdriver [-] Listener is running poll /usr/lib/python3/dist-packages/oslo_messaging/_drivers/amqpdriver.py:343
2026-03-26 00:37:49.356 132865 DEBUG oslo_messaging._drivers.amqpdriver [-] AMQPListener connection consume poll /usr/lib/python3/dist-packages/oslo_messaging/_drivers/amqpdriver.py:357
2026-03-26 00:37:49.866 132864 DEBUG oslo_messaging._drivers.amqpdriver [-] AMQPListener connection timeout poll /usr/lib/python3/dist-packages/oslo_messaging/_drivers/amqpdriver.py:360
2026-03-26 00:37:49.867 132864 DEBUG oslo_messaging._drivers.amqpdriver [-] Listener is running poll /usr/lib/python3/dist-packages/oslo_messaging/_drivers/amqpdriver.py:343
2026-03-26 00:37:49.867 132864 DEBUG oslo_messaging._drivers.amqpdriver [-] AMQPListener connection consume poll /usr/lib/python3/dist-packages/oslo_messaging/_drivers/amqpdriver.py:357
2026-03-26 00:37:50.819 132872 DEBUG oslo_messaging._drivers.amqpdriver [-] AMQPListener connection timeout poll /usr/lib/python3/dist-packages/oslo_messaging/_drivers/amqpdriver.py:360
2026-03-26 00:37:50.819 132872 DEBUG oslo_messaging._drivers.amqpdriver [-] Listener is running poll /usr/lib/python3/dist-packages/oslo_messaging/_drivers/amqpdriver.py:343
2026-03-26 00:37:50.819 132872 DEBUG oslo_messaging._drivers.amqpdriver [-] AMQPListener connection consume poll /usr/lib/python3/dist-packages/oslo_messaging/_drivers/amqpdriver.py:357
2026-03-26 00:37:51.209 131214 INFO oslo_service.service [req-f16b5eab-4019-4237-8ef6-ce7bc8b073e5 - - - - -] Caught SIGTERM, stopping children
2026-03-26 00:37:51.209 131214 DEBUG oslo_concurrency.lockutils [req-f16b5eab-4019-4237-8ef6-ce7bc8b073e5 - - - - -] Acquired lock "singleton_lock" lock /usr/lib/python3/dist-packages/oslo_concurrency/lockutils.py:294
2026-03-26 00:37:51.209 131214 DEBUG oslo_concurrency.lockutils [req-f16b5eab-4019-4237-8ef6-ce7bc8b073e5 - - - - -] Releasing lock "singleton_lock" lock /usr/lib/python3/dist-packages/oslo_concurrency/lockutils.py:312
2026-03-26 00:37:51.210 131214 DEBUG oslo_service.service [req-f16b5eab-4019-4237-8ef6-ce7bc8b073e5 - - - - -] Stop services. stop /usr/lib/python3/dist-packages/oslo_service/service.py:695
2026-03-26 00:37:51.210 131214 DEBUG oslo_service.service [req-f16b5eab-4019-4237-8ef6-ce7bc8b073e5 - - - - -] Killing children. stop /usr/lib/python3/dist-packages/oslo_service/service.py:700
2026-03-26 00:37:51.210 131214 INFO oslo_service.service [req-f16b5eab-4019-4237-8ef6-ce7bc8b073e5 - - - - -] Waiting on 4 children to exit
2026-03-26 00:37:51.217 131214 INFO oslo_service.service [req-f16b5eab-4019-4237-8ef6-ce7bc8b073e5 - - - - -] Child 132865 killed by signal 15
2026-03-26 00:37:51.219 131214 INFO oslo_service.service [req-f16b5eab-4019-4237-8ef6-ce7bc8b073e5 - - - - -] Child 132864 killed by signal 15
2026-03-26 00:37:51.220 131214 INFO oslo_service.service [req-f16b5eab-4019-4237-8ef6-ce7bc8b073e5 - - - - -] Child 132871 killed by signal 15
2026-03-26 00:37:51.220 131214 INFO oslo_service.service [req-f16b5eab-4019-4237-8ef6-ce7bc8b073e5 - - - - -] Child 132872 killed by signal 15
2026-03-26 00:37:55.176 137476 DEBUG oslo_db.sqlalchemy.engines [req-7b18b0e3-524a-4536-88c3-2cbe0359ad69 - - - - -] MySQL server mode set to STRICT_TRANS_TABLES,STRICT_ALL_TABLES,NO_ZERO_IN_DATE,NO_ZERO_DATE,ERROR_FOR_DIVISION_BY_ZERO,TRADITIONAL,NO_ENGINE_SUBSTITUTION _check_effective_sql_mode /usr/lib/python3/dist-packages/oslo_db/sqlalchemy/engines.py:314
2026-03-26 00:37:55.286 137476 DEBUG nova.context [req-7b18b0e3-524a-4536-88c3-2cbe0359ad69 - - - - -] Found 2 cells: 00000000-0000-0000-0000-000000000000(cell0),739f4c6d-0bdd-422f-8f78-57054dee2408(cell1) load_cells /usr/lib/python3/dist-packages/nova/context.py:464
2026-03-26 00:37:55.288 137476 DEBUG oslo_concurrency.lockutils [req-7b18b0e3-524a-4536-88c3-2cbe0359ad69 - - - - -] Lock "00000000-0000-0000-0000-000000000000" acquired by "nova.context.set_target_cell..get_or_set_cached_cell_and_set_connections" :: waited 0.000s inner /usr/lib/python3/dist-packages/oslo_concurrency/lockutils.py:386
2026-03-26 00:37:55.289 137476 DEBUG oslo_concurrency.lockutils [req-7b18b0e3-524a-4536-88c3-2cbe0359ad69 - - - - -] Lock "00000000-0000-0000-0000-000000000000" "released" by "nova.context.set_target_cell..get_or_set_cached_cell_and_set_connections" :: held 0.001s inner /usr/lib/python3/dist-packages/oslo_concurrency/lockutils.py:400
2026-03-26 00:37:55.289 137476 DEBUG oslo_concurrency.lockutils [req-7b18b0e3-524a-4536-88c3-2cbe0359ad69 - - - - -] Lock "739f4c6d-0bdd-422f-8f78-57054dee2408" acquired by "nova.context.set_target_cell..get_or_set_cached_cell_and_set_connections" :: waited 0.000s inner /usr/lib/python3/dist-packages/oslo_concurrency/lockutils.py:386
2026-03-26 00:37:55.290 137476 DEBUG oslo_concurrency.lockutils [req-7b18b0e3-524a-4536-88c3-2cbe0359ad69 - - - - -] Lock "739f4c6d-0bdd-422f-8f78-57054dee2408" "released" by "nova.context.set_target_cell..get_or_set_cached_cell_and_set_connections" :: held 0.001s inner /usr/lib/python3/dist-packages/oslo_concurrency/lockutils.py:400
2026-03-26 00:37:55.296 137476 DEBUG oslo_db.sqlalchemy.engines [req-7b18b0e3-524a-4536-88c3-2cbe0359ad69 - - - - -] MySQL server mode set to STRICT_TRANS_TABLES,STRICT_ALL_TABLES,NO_ZERO_IN_DATE,NO_ZERO_DATE,ERROR_FOR_DIVISION_BY_ZERO,TRADITIONAL,NO_ENGINE_SUBSTITUTION _check_effective_sql_mode /usr/lib/python3/dist-packages/oslo_db/sqlalchemy/engines.py:314
2026-03-26 00:37:55.297 137476 DEBUG oslo_db.sqlalchemy.engines [req-7b18b0e3-524a-4536-88c3-2cbe0359ad69 - - - - -] MySQL server mode set to STRICT_TRANS_TABLES,STRICT_ALL_TABLES,NO_ZERO_IN_DATE,NO_ZERO_DATE,ERROR_FOR_DIVISION_BY_ZERO,TRADITIONAL,NO_ENGINE_SUBSTITUTION _check_effective_sql_mode /usr/lib/python3/dist-packages/oslo_db/sqlalchemy/engines.py:314
2026-03-26 00:37:55.371 137476 DEBUG oslo_concurrency.lockutils [req-7b18b0e3-524a-4536-88c3-2cbe0359ad69 - - - - -] Acquired lock "singleton_lock" lock /usr/lib/python3/dist-packages/oslo_concurrency/lockutils.py:294
2026-03-26 00:37:55.372 137476 DEBUG oslo_concurrency.lockutils [req-7b18b0e3-524a-4536-88c3-2cbe0359ad69 - - - - -] Releasing lock "singleton_lock" lock /usr/lib/python3/dist-packages/oslo_concurrency/lockutils.py:312
2026-03-26 00:37:55.372 137476 INFO oslo_service.service [req-7b18b0e3-524a-4536-88c3-2cbe0359ad69 - - - - -] Starting 4 workers
2026-03-26 00:37:55.378 137476 DEBUG oslo_service.service [req-7b18b0e3-524a-4536-88c3-2cbe0359ad69 - - - - -] Started child 138192 _start_child /usr/lib/python3/dist-packages/oslo_service/service.py:575
2026-03-26 00:37:55.382 138192 INFO nova.service [-] Starting conductor node (version 25.2.1)
2026-03-26 00:37:55.383 137476 DEBUG oslo_service.service [req-7b18b0e3-524a-4536-88c3-2cbe0359ad69 - - - - -] Started child 138193 _start_child /usr/lib/python3/dist-packages/oslo_service/service.py:575
2026-03-26 00:37:55.387 138193 INFO nova.service [-] Starting conductor node (version 25.2.1)
2026-03-26 00:37:55.389 137476 DEBUG oslo_service.service [req-7b18b0e3-524a-4536-88c3-2cbe0359ad69 - - - - -] Started child 138194 _start_child /usr/lib/python3/dist-packages/oslo_service/service.py:575
2026-03-26 00:37:55.395 138194 INFO nova.service [-] Starting conductor node (version 25.2.1)
2026-03-26 00:37:55.402 138192 DEBUG oslo_db.sqlalchemy.engines [req-97380afa-7d69-4e2f-a342-8def465ba330 - - - - -] MySQL server mode set to STRICT_TRANS_TABLES,STRICT_ALL_TABLES,NO_ZERO_IN_DATE,NO_ZERO_DATE,ERROR_FOR_DIVISION_BY_ZERO,TRADITIONAL,NO_ENGINE_SUBSTITUTION _check_effective_sql_mode /usr/lib/python3/dist-packages/oslo_db/sqlalchemy/engines.py:314
2026-03-26 00:37:55.402 138193 DEBUG oslo_db.sqlalchemy.engines [req-b0b07bb8-4f3e-43a3-8f2e-3b5d24960e59 - - - - -] MySQL server mode set to STRICT_TRANS_TABLES,STRICT_ALL_TABLES,NO_ZERO_IN_DATE,NO_ZERO_DATE,ERROR_FOR_DIVISION_BY_ZERO,TRADITIONAL,NO_ENGINE_SUBSTITUTION _check_effective_sql_mode /usr/lib/python3/dist-packages/oslo_db/sqlalchemy/engines.py:314
2026-03-26 00:37:55.396 137476 DEBUG oslo_service.service [req-7b18b0e3-524a-4536-88c3-2cbe0359ad69 - - - - -] Started child 138195 _start_child /usr/lib/python3/dist-packages/oslo_service/service.py:575
2026-03-26 00:37:55.430 137476 DEBUG oslo_service.service [req-7b18b0e3-524a-4536-88c3-2cbe0359ad69 - - - - -] Full set of CONF: wait /usr/lib/python3/dist-packages/oslo_service/service.py:649
2026-03-26 00:37:55.431 137476 DEBUG oslo_service.service [req-7b18b0e3-524a-4536-88c3-2cbe0359ad69 - - - - -] ******************************************************************************** log_opt_values /usr/lib/python3/dist-packages/oslo_config/cfg.py:2589
2026-03-26 00:37:55.431 137476 DEBUG oslo_service.service [req-7b18b0e3-524a-4536-88c3-2cbe0359ad69 - - - - -] Configuration options gathered from: log_opt_values /usr/lib/python3/dist-packages/oslo_config/cfg.py:2590
2026-03-26 00:37:55.431 137476 DEBUG oslo_service.service [req-7b18b0e3-524a-4536-88c3-2cbe0359ad69 - - - - -] command line args: ['--config-file=/etc/nova/nova.conf', '--log-file=/var/log/nova/nova-conductor.log'] log_opt_values /usr/lib/python3/dist-packages/oslo_config/cfg.py:2591
2026-03-26 00:37:55.431 138194 DEBUG oslo_db.sqlalchemy.engines [req-80c7f54f-829e-44da-9fd2-07a0e9b47661 - - - - -] MySQL server mode set to STRICT_TRANS_TABLES,STRICT_ALL_TABLES,NO_ZERO_IN_DATE,NO_ZERO_DATE,ERROR_FOR_DIVISION_BY_ZERO,TRADITIONAL,NO_ENGINE_SUBSTITUTION _check_effective_sql_mode /usr/lib/python3/dist-packages/oslo_db/sqlalchemy/engines.py:314
2026-03-26 00:37:55.432 137476 DEBUG oslo_service.service [req-7b18b0e3-524a-4536-88c3-2cbe0359ad69 - - - - -] config files: ['/etc/nova/nova.conf'] log_opt_values /usr/lib/python3/dist-packages/oslo_config/cfg.py:2592
2026-03-26 00:37:55.432 137476 DEBUG oslo_service.service [req-7b18b0e3-524a-4536-88c3-2cbe0359ad69 - - - - -] ================================================================================ log_opt_values /usr/lib/python3/dist-packages/oslo_config/cfg.py:2594
2026-03-26 00:37:55.432 137476 DEBUG oslo_service.service [req-7b18b0e3-524a-4536-88c3-2cbe0359ad69 - - - - -] allow_resize_to_same_host = False log_opt_values /usr/lib/python3/dist-packages/oslo_config/cfg.py:2602
2026-03-26 00:37:55.433 137476 DEBUG oslo_service.service [req-7b18b0e3-524a-4536-88c3-2cbe0359ad69 - - - - -] arq_binding_timeout = 300 log_opt_values /usr/lib/python3/dist-packages/oslo_config/cfg.py:2602
2026-03-26 00:37:55.433 137476 DEBUG oslo_service.service [req-7b18b0e3-524a-4536-88c3-2cbe0359ad69 - - - - -] block_device_allocate_retries = 60 log_opt_values /usr/lib/python3/dist-packages/oslo_config/cfg.py:2602
2026-03-26 00:37:55.433 137476 DEBUG oslo_service.service [req-7b18b0e3-524a-4536-88c3-2cbe0359ad69 - - - - -] block_device_allocate_retries_interval = 3 log_opt_values /usr/lib/python3/dist-packages/oslo_config/cfg.py:2602
2026-03-26 00:37:55.434 137476 DEBUG oslo_service.service [req-7b18b0e3-524a-4536-88c3-2cbe0359ad69 - - - - -] cert = self.pem log_opt_values /usr/lib/python3/dist-packages/oslo_config/cfg.py:2602
2026-03-26 00:37:55.434 138192 DEBUG nova.service [req-97380afa-7d69-4e2f-a342-8def465ba330 - - - - -] Creating RPC server for service conductor start /usr/lib/python3/dist-packages/nova/service.py:182
2026-03-26 00:37:55.434 137476 DEBUG oslo_service.service [req-7b18b0e3-524a-4536-88c3-2cbe0359ad69 - - - - -] compute_driver = libvirt.LibvirtDriver log_opt_values /usr/lib/python3/dist-packages/oslo_config/cfg.py:2602
2026-03-26 00:37:55.435 137476 DEBUG oslo_service.service [req-7b18b0e3-524a-4536-88c3-2cbe0359ad69 - - - - -] compute_monitors = [] log_opt_values /usr/lib/python3/dist-packages/oslo_config/cfg.py:2602
2026-03-26 00:37:55.439 137476 DEBUG oslo_service.service [req-7b18b0e3-524a-4536-88c3-2cbe0359ad69 - - - - -] config_dir = [] log_opt_values /usr/lib/python3/dist-packages/oslo_config/cfg.py:2602
2026-03-26 00:37:55.439 137476 DEBUG oslo_service.service [req-7b18b0e3-524a-4536-88c3-2cbe0359ad69 - - - - -] config_drive_format = iso9660 log_opt_values /usr/lib/python3/dist-packages/oslo_config/cfg.py:2602
2026-03-26 00:37:55.439 138195 INFO nova.service [-] Starting conductor node (version 25.2.1)
2026-03-26 00:37:55.440 137476 DEBUG oslo_service.service [req-7b18b0e3-524a-4536-88c3-2cbe0359ad69 - - - - -] config_file = ['/etc/nova/nova.conf'] log_opt_values /usr/lib/python3/dist-packages/oslo_config/cfg.py:2602
2026-03-26 00:37:55.440 137476 DEBUG oslo_service.service [req-7b18b0e3-524a-4536-88c3-2cbe0359ad69 - - - - -] config_source = [] log_opt_values /usr/lib/python3/dist-packages/oslo_config/cfg.py:2602
2026-03-26 00:37:55.440 137476 DEBUG oslo_service.service [req-7b18b0e3-524a-4536-88c3-2cbe0359ad69 - - - - -] console_host = juju-1f36d9-0-lxd-7 log_opt_values /usr/lib/python3/dist-packages/oslo_config/cfg.py:2602
2026-03-26 00:37:55.440 137476 DEBUG oslo_service.service [req-7b18b0e3-524a-4536-88c3-2cbe0359ad69 - - - - -] control_exchange = nova log_opt_values /usr/lib/python3/dist-packages/oslo_config/cfg.py:2602
2026-03-26 00:37:55.441 137476 DEBUG oslo_service.service [req-7b18b0e3-524a-4536-88c3-2cbe0359ad69 - - - - -] cpu_allocation_ratio = 2.0 log_opt_values /usr/lib/python3/dist-packages/oslo_config/cfg.py:2602
2026-03-26 00:37:55.441 137476 DEBUG oslo_service.service [req-7b18b0e3-524a-4536-88c3-2cbe0359ad69 - - - - -] daemon = False log_opt_values /usr/lib/python3/dist-packages/oslo_config/cfg.py:2602
2026-03-26 00:37:55.441 138193 DEBUG nova.service [req-b0b07bb8-4f3e-43a3-8f2e-3b5d24960e59 - - - - -] Creating RPC server for service conductor start /usr/lib/python3/dist-packages/nova/service.py:182
2026-03-26 00:37:55.441 137476 DEBUG oslo_service.service [req-7b18b0e3-524a-4536-88c3-2cbe0359ad69 - - - - -] debug = True log_opt_values /usr/lib/python3/dist-packages/oslo_config/cfg.py:2602
2026-03-26 00:37:55.442 137476 DEBUG oslo_service.service [req-7b18b0e3-524a-4536-88c3-2cbe0359ad69 - - - - -] default_access_ip_network_name = None log_opt_values /usr/lib/python3/dist-packages/oslo_config/cfg.py:2602
2026-03-26 00:37:55.442 137476 DEBUG oslo_service.service [req-7b18b0e3-524a-4536-88c3-2cbe0359ad69 - - - - -] default_availability_zone = nova log_opt_values /usr/lib/python3/dist-packages/oslo_config/cfg.py:2602
2026-03-26 00:37:55.442 137476 DEBUG oslo_service.service [req-7b18b0e3-524a-4536-88c3-2cbe0359ad69 - - - - -] default_ephemeral_format = None log_opt_values /usr/lib/python3/dist-packages/oslo_config/cfg.py:2602
2026-03-26 00:37:55.443 137476 DEBUG oslo_service.service [req-7b18b0e3-524a-4536-88c3-2cbe0359ad69 - - - - -] default_log_levels = ['amqp=WARN', 'amqplib=WARN', 'boto=WARN', 'qpid=WARN', 'sqlalchemy=WARN', 'suds=INFO', 'oslo.messaging=INFO', 'oslo_messaging=DEBUG', 'iso8601=WARN', 'requests.packages.urllib3.connectionpool=WARN', 'urllib3.connectionpool=WARN', 'websocket=WARN', 'requests.packages.urllib3.util.retry=WARN', 'urllib3.util.retry=WARN', 'keystonemiddleware=WARN', 'routes.middleware=WARN', 'stevedore=WARN', 'taskflow=WARN', 'keystoneauth=WARN', 'oslo.cache=INFO', 'dogpile.core.dogpile=INFO', 'glanceclient=WARN', 'oslo.privsep.daemon=INFO'] log_opt_values /usr/lib/python3/dist-packages/oslo_config/cfg.py:2602
2026-03-26 00:37:55.443 137476 DEBUG oslo_service.service [req-7b18b0e3-524a-4536-88c3-2cbe0359ad69 - - - - -] default_schedule_zone = None log_opt_values /usr/lib/python3/dist-packages/oslo_config/cfg.py:2602
2026-03-26 00:37:55.444 137476 DEBUG oslo_service.service [req-7b18b0e3-524a-4536-88c3-2cbe0359ad69 - - - - -] disk_allocation_ratio = 1.0 log_opt_values /usr/lib/python3/dist-packages/oslo_config/cfg.py:2602
2026-03-26 00:37:55.445 137476 DEBUG oslo_service.service [req-7b18b0e3-524a-4536-88c3-2cbe0359ad69 - - - - -] enable_new_services = True log_opt_values /usr/lib/python3/dist-packages/oslo_config/cfg.py:2602
2026-03-26 00:37:55.445 137476 DEBUG oslo_service.service [req-7b18b0e3-524a-4536-88c3-2cbe0359ad69 - - - - -] enabled_apis = ['osapi_compute', 'metadata'] log_opt_values /usr/lib/python3/dist-packages/oslo_config/cfg.py:2602
2026-03-26 00:37:55.445 137476 DEBUG oslo_service.service [req-7b18b0e3-524a-4536-88c3-2cbe0359ad69 - - - - -] enabled_ssl_apis = [] log_opt_values /usr/lib/python3/dist-packages/oslo_config/cfg.py:2602
2026-03-26 00:37:55.446 137476 DEBUG oslo_service.service [req-7b18b0e3-524a-4536-88c3-2cbe0359ad69 - - - - -] fatal_deprecations = False log_opt_values /usr/lib/python3/dist-packages/oslo_config/cfg.py:2602
2026-03-26 00:37:55.446 137476 DEBUG oslo_service.service [req-7b18b0e3-524a-4536-88c3-2cbe0359ad69 - - - - -] flat_injected = False log_opt_values /usr/lib/python3/dist-packages/oslo_config/cfg.py:2602
2026-03-26 00:37:55.446 137476 DEBUG oslo_service.service [req-7b18b0e3-524a-4536-88c3-2cbe0359ad69 - - - - -] force_config_drive = False log_opt_values /usr/lib/python3/dist-packages/oslo_config/cfg.py:2602
2026-03-26 00:37:55.447 137476 DEBUG oslo_service.service [req-7b18b0e3-524a-4536-88c3-2cbe0359ad69 - - - - -] force_raw_images = True log_opt_values /usr/lib/python3/dist-packages/oslo_config/cfg.py:2602
2026-03-26 00:37:55.448 137476 DEBUG oslo_service.service [req-7b18b0e3-524a-4536-88c3-2cbe0359ad69 - - - - -] graceful_shutdown_timeout = 60 log_opt_values /usr/lib/python3/dist-packages/oslo_config/cfg.py:2602
2026-03-26 00:37:55.448 137476 DEBUG oslo_service.service [req-7b18b0e3-524a-4536-88c3-2cbe0359ad69 - - - - -] heal_instance_info_cache_interval = 60 log_opt_values /usr/lib/python3/dist-packages/oslo_config/cfg.py:2602
2026-03-26 00:37:55.449 137476 DEBUG oslo_service.service [req-7b18b0e3-524a-4536-88c3-2cbe0359ad69 - - - - -] host = juju-1f36d9-0-lxd-7 log_opt_values /usr/lib/python3/dist-packages/oslo_config/cfg.py:2602
2026-03-26 00:37:55.449 137476 DEBUG oslo_service.service [req-7b18b0e3-524a-4536-88c3-2cbe0359ad69 - - - - -] initial_cpu_allocation_ratio = 16.0 log_opt_values /usr/lib/python3/dist-packages/oslo_config/cfg.py:2602
2026-03-26 00:37:55.449 137476 DEBUG oslo_service.service [req-7b18b0e3-524a-4536-88c3-2cbe0359ad69 - - - - -] initial_disk_allocation_ratio = 1.0 log_opt_values /usr/lib/python3/dist-packages/oslo_config/cfg.py:2602
2026-03-26 00:37:55.449 137476 DEBUG oslo_service.service [req-7b18b0e3-524a-4536-88c3-2cbe0359ad69 - - - - -] initial_ram_allocation_ratio = 1.5 log_opt_values /usr/lib/python3/dist-packages/oslo_config/cfg.py:2602
2026-03-26 00:37:55.449 137476 DEBUG oslo_service.service [req-7b18b0e3-524a-4536-88c3-2cbe0359ad69 - - - - -] injected_network_template = /usr/lib/python3/dist-packages/nova/virt/interfaces.template log_opt_values /usr/lib/python3/dist-packages/oslo_config/cfg.py:2602
2026-03-26 00:37:55.450 137476 DEBUG oslo_service.service [req-7b18b0e3-524a-4536-88c3-2cbe0359ad69 - - - - -] instance_build_timeout = 0 log_opt_values /usr/lib/python3/dist-packages/oslo_config/cfg.py:2602
2026-03-26 00:37:55.450 137476 DEBUG oslo_service.service [req-7b18b0e3-524a-4536-88c3-2cbe0359ad69 - - - - -] instance_delete_interval = 300 log_opt_values /usr/lib/python3/dist-packages/oslo_config/cfg.py:2602
2026-03-26 00:37:55.450 137476 DEBUG oslo_service.service [req-7b18b0e3-524a-4536-88c3-2cbe0359ad69 - - - - -] instance_format = [instance: %(uuid)s] log_opt_values /usr/lib/python3/dist-packages/oslo_config/cfg.py:2602
2026-03-26 00:37:55.451 137476 DEBUG oslo_service.service [req-7b18b0e3-524a-4536-88c3-2cbe0359ad69 - - - - -] instance_name_template = instance-%08x log_opt_values /usr/lib/python3/dist-packages/oslo_config/cfg.py:2602
2026-03-26 00:37:55.451 137476 DEBUG oslo_service.service [req-7b18b0e3-524a-4536-88c3-2cbe0359ad69 - - - - -] instance_usage_audit = False log_opt_values /usr/lib/python3/dist-packages/oslo_config/cfg.py:2602
2026-03-26 00:37:55.451 137476 DEBUG oslo_service.service [req-7b18b0e3-524a-4536-88c3-2cbe0359ad69 - - - - -] instance_usage_audit_period = month log_opt_values /usr/lib/python3/dist-packages/oslo_config/cfg.py:2602
2026-03-26 00:37:55.454 138194 DEBUG nova.service [req-80c7f54f-829e-44da-9fd2-07a0e9b47661 - - - - -] Creating RPC server for service conductor start /usr/lib/python3/dist-packages/nova/service.py:182
2026-03-26 00:37:55.452 137476 DEBUG oslo_service.service [req-7b18b0e3-524a-4536-88c3-2cbe0359ad69 - - - - -] instance_uuid_format = [instance: %(uuid)s] log_opt_values /usr/lib/python3/dist-packages/oslo_config/cfg.py:2602
2026-03-26 00:37:55.454 137476 DEBUG oslo_service.service [req-7b18b0e3-524a-4536-88c3-2cbe0359ad69 - - - - -] instances_path = /var/lib/nova/instances log_opt_values /usr/lib/python3/dist-packages/oslo_config/cfg.py:2602
2026-03-26 00:37:55.455 137476 DEBUG oslo_service.service [req-7b18b0e3-524a-4536-88c3-2cbe0359ad69 - - - - -] internal_service_availability_zone = internal log_opt_values /usr/lib/python3/dist-packages/oslo_config/cfg.py:2602
2026-03-26 00:37:55.455 137476 DEBUG oslo_service.service [req-7b18b0e3-524a-4536-88c3-2cbe0359ad69 - - - - -] key = None log_opt_values /usr/lib/python3/dist-packages/oslo_config/cfg.py:2602
2026-03-26 00:37:55.456 137476 DEBUG oslo_service.service [req-7b18b0e3-524a-4536-88c3-2cbe0359ad69 - - - - -] live_migration_retry_count = 30 log_opt_values /usr/lib/python3/dist-packages/oslo_config/cfg.py:2602
2026-03-26 00:37:55.456 137476 DEBUG oslo_service.service [req-7b18b0e3-524a-4536-88c3-2cbe0359ad69 - - - - -] log_config_append = None log_opt_values /usr/lib/python3/dist-packages/oslo_config/cfg.py:2602
2026-03-26 00:37:55.457 137476 DEBUG oslo_service.service [req-7b18b0e3-524a-4536-88c3-2cbe0359ad69 - - - - -] log_date_format = %Y-%m-%d %H:%M:%S log_opt_values /usr/lib/python3/dist-packages/oslo_config/cfg.py:2602
2026-03-26 00:37:55.457 137476 DEBUG oslo_service.service [req-7b18b0e3-524a-4536-88c3-2cbe0359ad69 - - - - -] log_dir = /var/log/nova log_opt_values /usr/lib/python3/dist-packages/oslo_config/cfg.py:2602
2026-03-26 00:37:55.457 137476 DEBUG oslo_service.service [req-7b18b0e3-524a-4536-88c3-2cbe0359ad69 - - - - -] log_file = /var/log/nova/nova-conductor.log log_opt_values /usr/lib/python3/dist-packages/oslo_config/cfg.py:2602
2026-03-26 00:37:55.458 137476 DEBUG oslo_service.service [req-7b18b0e3-524a-4536-88c3-2cbe0359ad69 - - - - -] log_options = True log_opt_values /usr/lib/python3/dist-packages/oslo_config/cfg.py:2602
2026-03-26 00:37:55.459 137476 DEBUG oslo_service.service [req-7b18b0e3-524a-4536-88c3-2cbe0359ad69 - - - - -] log_rotate_interval = 1 log_opt_values /usr/lib/python3/dist-packages/oslo_config/cfg.py:2602
2026-03-26 00:37:55.460 137476 DEBUG oslo_service.service [req-7b18b0e3-524a-4536-88c3-2cbe0359ad69 - - - - -] log_rotate_interval_type = days log_opt_values /usr/lib/python3/dist-packages/oslo_config/cfg.py:2602
2026-03-26 00:37:55.460 137476 DEBUG oslo_service.service [req-7b18b0e3-524a-4536-88c3-2cbe0359ad69 - - - - -] log_rotation_type = none log_opt_values /usr/lib/python3/dist-packages/oslo_config/cfg.py:2602
2026-03-26 00:37:55.460 137476 DEBUG oslo_service.service [req-7b18b0e3-524a-4536-88c3-2cbe0359ad69 - - - - -] logging_context_format_string = %(asctime)s.%(msecs)03d %(process)d %(levelname)s %(name)s [%(request_id)s %(user_identity)s] %(instance)s%(message)s log_opt_values /usr/lib/python3/dist-packages/oslo_config/cfg.py:2602
2026-03-26 00:37:55.460 137476 DEBUG oslo_service.service [req-7b18b0e3-524a-4536-88c3-2cbe0359ad69 - - - - -] logging_debug_format_suffix = %(funcName)s %(pathname)s:%(lineno)d log_opt_values /usr/lib/python3/dist-packages/oslo_config/cfg.py:2602
2026-03-26 00:37:55.461 137476 DEBUG oslo_service.service [req-7b18b0e3-524a-4536-88c3-2cbe0359ad69 - - - - -] logging_default_format_string = %(asctime)s.%(msecs)03d %(process)d %(levelname)s %(name)s [-] %(instance)s%(message)s log_opt_values /usr/lib/python3/dist-packages/oslo_config/cfg.py:2602
2026-03-26 00:37:55.461 137476 DEBUG oslo_service.service [req-7b18b0e3-524a-4536-88c3-2cbe0359ad69 - - - - -] logging_exception_prefix = %(asctime)s.%(msecs)03d %(process)d ERROR %(name)s %(instance)s log_opt_values /usr/lib/python3/dist-packages/oslo_config/cfg.py:2602
2026-03-26 00:37:55.462 137476 DEBUG oslo_service.service [req-7b18b0e3-524a-4536-88c3-2cbe0359ad69 - - - - -] logging_user_identity_format = %(user)s %(project)s %(domain)s %(user_domain)s %(project_domain)s log_opt_values /usr/lib/python3/dist-packages/oslo_config/cfg.py:2602
2026-03-26 00:37:55.462 138192 DEBUG oslo_messaging._drivers.amqpdriver [-] Listener is running poll /usr/lib/python3/dist-packages/oslo_messaging/_drivers/amqpdriver.py:343
2026-03-26 00:37:55.462 137476 DEBUG oslo_service.service [req-7b18b0e3-524a-4536-88c3-2cbe0359ad69 - - - - -] long_rpc_timeout = 1800 log_opt_values /usr/lib/python3/dist-packages/oslo_config/cfg.py:2602
2026-03-26 00:37:55.463 138192 DEBUG oslo_messaging._drivers.amqpdriver [-] AMQPListener connection consume poll /usr/lib/python3/dist-packages/oslo_messaging/_drivers/amqpdriver.py:357
2026-03-26 00:37:55.463 137476 DEBUG oslo_service.service [req-7b18b0e3-524a-4536-88c3-2cbe0359ad69 - - - - -] max_concurrent_builds = 10 log_opt_values /usr/lib/python3/dist-packages/oslo_config/cfg.py:2602
2026-03-26 00:37:55.463 137476 DEBUG oslo_service.service [req-7b18b0e3-524a-4536-88c3-2cbe0359ad69 - - - - -] max_concurrent_live_migrations = 1 log_opt_values /usr/lib/python3/dist-packages/oslo_config/cfg.py:2602
2026-03-26 00:37:55.463 138192 DEBUG nova.service [req-97380afa-7d69-4e2f-a342-8def465ba330 - - - - -] Join ServiceGroup membership for this service conductor start /usr/lib/python3/dist-packages/nova/service.py:199
2026-03-26 00:37:55.463 137476 DEBUG oslo_service.service [req-7b18b0e3-524a-4536-88c3-2cbe0359ad69 - - - - -] max_concurrent_snapshots = 5 log_opt_values /usr/lib/python3/dist-packages/oslo_config/cfg.py:2602
2026-03-26 00:37:55.464 138192 DEBUG nova.servicegroup.drivers.db [req-97380afa-7d69-4e2f-a342-8def465ba330 - - - - -] DB_Driver: join new ServiceGroup member juju-1f36d9-0-lxd-7 to the conductor group, service = join /usr/lib/python3/dist-packages/nova/servicegroup/drivers/db.py:44
2026-03-26 00:37:55.464 137476 DEBUG oslo_service.service [req-7b18b0e3-524a-4536-88c3-2cbe0359ad69 - - - - -] max_local_block_devices = 3 log_opt_values /usr/lib/python3/dist-packages/oslo_config/cfg.py:2602
2026-03-26 00:37:55.464 137476 DEBUG oslo_service.service [req-7b18b0e3-524a-4536-88c3-2cbe0359ad69 - - - - -] max_logfile_count = 30 log_opt_values /usr/lib/python3/dist-packages/oslo_config/cfg.py:2602
2026-03-26 00:37:55.464 137476 DEBUG oslo_service.service [req-7b18b0e3-524a-4536-88c3-2cbe0359ad69 - - - - -] max_logfile_size_mb = 200 log_opt_values /usr/lib/python3/dist-packages/oslo_config/cfg.py:2602
2026-03-26 00:37:55.464 137476 DEBUG oslo_service.service [req-7b18b0e3-524a-4536-88c3-2cbe0359ad69 - - - - -] maximum_instance_delete_attempts = 5 log_opt_values /usr/lib/python3/dist-packages/oslo_config/cfg.py:2602
2026-03-26 00:37:55.464 137476 DEBUG oslo_service.service [req-7b18b0e3-524a-4536-88c3-2cbe0359ad69 - - - - -] metadata_listen = 0.0.0.0 log_opt_values /usr/lib/python3/dist-packages/oslo_config/cfg.py:2602
2026-03-26 00:37:55.465 138192 DEBUG oslo_messaging._drivers.amqpdriver [-] received message msg_id: 30bc974a56e348b39dfd4e4f3b1b3a3b reply to reply_c70e3552e3674a299bfc1e72d9f16c5f __call__ /usr/lib/python3/dist-packages/oslo_messaging/_drivers/amqpdriver.py:320
2026-03-26 00:37:55.465 137476 DEBUG oslo_service.service [req-7b18b0e3-524a-4536-88c3-2cbe0359ad69 - - - - -] metadata_listen_port = 8765 log_opt_values /usr/lib/python3/dist-packages/oslo_config/cfg.py:2602
2026-03-26 00:37:55.465 137476 DEBUG oslo_service.service [req-7b18b0e3-524a-4536-88c3-2cbe0359ad69 - - - - -] metadata_workers = None log_opt_values /usr/lib/python3/dist-packages/oslo_config/cfg.py:2602
2026-03-26 00:37:55.465 137476 DEBUG oslo_service.service [req-7b18b0e3-524a-4536-88c3-2cbe0359ad69 - - - - -] migrate_max_retries = -1 log_opt_values /usr/lib/python3/dist-packages/oslo_config/cfg.py:2602
2026-03-26 00:37:55.466 137476 DEBUG oslo_service.service [req-7b18b0e3-524a-4536-88c3-2cbe0359ad69 - - - - -] mkisofs_cmd = genisoimage log_opt_values /usr/lib/python3/dist-packages/oslo_config/cfg.py:2602
2026-03-26 00:37:55.466 137476 DEBUG oslo_service.service [req-7b18b0e3-524a-4536-88c3-2cbe0359ad69 - - - - -] my_block_storage_ip = 252.41.59.240 log_opt_values /usr/lib/python3/dist-packages/oslo_config/cfg.py:2602
2026-03-26 00:37:55.466 137476 DEBUG oslo_service.service [req-7b18b0e3-524a-4536-88c3-2cbe0359ad69 - - - - -] my_ip = 252.41.59.240 log_opt_values /usr/lib/python3/dist-packages/oslo_config/cfg.py:2602
2026-03-26 00:37:55.466 137476 DEBUG oslo_service.service [req-7b18b0e3-524a-4536-88c3-2cbe0359ad69 - - - - -] network_allocate_retries = 0 log_opt_values /usr/lib/python3/dist-packages/oslo_config/cfg.py:2602
2026-03-26 00:37:55.467 138195 DEBUG oslo_db.sqlalchemy.engines [req-2e45b0b8-c465-4cd1-97d8-4ff822fe585f - - - - -] MySQL server mode set to STRICT_TRANS_TABLES,STRICT_ALL_TABLES,NO_ZERO_IN_DATE,NO_ZERO_DATE,ERROR_FOR_DIVISION_BY_ZERO,TRADITIONAL,NO_ENGINE_SUBSTITUTION _check_effective_sql_mode /usr/lib/python3/dist-packages/oslo_db/sqlalchemy/engines.py:314
2026-03-26 00:37:55.467 138192 DEBUG oslo_messaging._drivers.amqpdriver [-] AMQPListener connection timeout poll /usr/lib/python3/dist-packages/oslo_messaging/_drivers/amqpdriver.py:360
2026-03-26 00:37:55.468 138192 DEBUG oslo_messaging._drivers.amqpdriver [-] Listener is running poll /usr/lib/python3/dist-packages/oslo_messaging/_drivers/amqpdriver.py:343
2026-03-26 00:37:55.468 138192 DEBUG oslo_messaging._drivers.amqpdriver [-] Poll the incoming message with unique_id: 0d88d9c6d6a84802be13d17eec29623c poll /usr/lib/python3/dist-packages/oslo_messaging/_drivers/amqpdriver.py:346
2026-03-26 00:37:55.467 137476 DEBUG oslo_service.service [req-7b18b0e3-524a-4536-88c3-2cbe0359ad69 - - - - -] non_inheritable_image_properties = ['cache_in_nova', 'bittorrent'] log_opt_values /usr/lib/python3/dist-packages/oslo_config/cfg.py:2602
2026-03-26 00:37:55.468 138192 DEBUG oslo_messaging._drivers.amqpdriver [-] Listener is running poll /usr/lib/python3/dist-packages/oslo_messaging/_drivers/amqpdriver.py:343
2026-03-26 00:37:55.468 138192 DEBUG oslo_messaging._drivers.amqpdriver [-] AMQPListener connection consume poll /usr/lib/python3/dist-packages/oslo_messaging/_drivers/amqpdriver.py:357
2026-03-26 00:37:55.468 137476 DEBUG oslo_service.service [req-7b18b0e3-524a-4536-88c3-2cbe0359ad69 - - - - -] osapi_compute_listen = 0.0.0.0 log_opt_values /usr/lib/python3/dist-packages/oslo_config/cfg.py:2602
2026-03-26 00:37:55.469 137476 DEBUG oslo_service.service [req-7b18b0e3-524a-4536-88c3-2cbe0359ad69 - - - - -] osapi_compute_listen_port = 8764 log_opt_values /usr/lib/python3/dist-packages/oslo_config/cfg.py:2602
2026-03-26 00:37:55.469 137476 DEBUG oslo_service.service [req-7b18b0e3-524a-4536-88c3-2cbe0359ad69 - - - - -] osapi_compute_unique_server_name_scope = log_opt_values /usr/lib/python3/dist-packages/oslo_config/cfg.py:2602
2026-03-26 00:37:55.470 137476 DEBUG oslo_service.service [req-7b18b0e3-524a-4536-88c3-2cbe0359ad69 - - - - -] osapi_compute_workers = 4 log_opt_values /usr/lib/python3/dist-packages/oslo_config/cfg.py:2602
2026-03-26 00:37:55.471 137476 DEBUG oslo_service.service [req-7b18b0e3-524a-4536-88c3-2cbe0359ad69 - - - - -] password_length = 12 log_opt_values /usr/lib/python3/dist-packages/oslo_config/cfg.py:2602
2026-03-26 00:37:55.472 137476 DEBUG oslo_service.service [req-7b18b0e3-524a-4536-88c3-2cbe0359ad69 - - - - -] periodic_enable = True log_opt_values /usr/lib/python3/dist-packages/oslo_config/cfg.py:2602
2026-03-26 00:37:55.472 137476 DEBUG oslo_service.service [req-7b18b0e3-524a-4536-88c3-2cbe0359ad69 - - - - -] periodic_fuzzy_delay = 60 log_opt_values /usr/lib/python3/dist-packages/oslo_config/cfg.py:2602
2026-03-26 00:37:55.472 137476 DEBUG oslo_service.service [req-7b18b0e3-524a-4536-88c3-2cbe0359ad69 - - - - -] pointer_model = usbtablet log_opt_values /usr/lib/python3/dist-packages/oslo_config/cfg.py:2602
2026-03-26 00:37:55.473 137476 DEBUG oslo_service.service [req-7b18b0e3-524a-4536-88c3-2cbe0359ad69 - - - - -] preallocate_images = none log_opt_values /usr/lib/python3/dist-packages/oslo_config/cfg.py:2602
2026-03-26 00:37:55.473 137476 DEBUG oslo_service.service [req-7b18b0e3-524a-4536-88c3-2cbe0359ad69 - - - - -] publish_errors = False log_opt_values /usr/lib/python3/dist-packages/oslo_config/cfg.py:2602
2026-03-26 00:37:55.474 137476 DEBUG oslo_service.service [req-7b18b0e3-524a-4536-88c3-2cbe0359ad69 - - - - -] pybasedir = /usr/lib/python3/dist-packages log_opt_values /usr/lib/python3/dist-packages/oslo_config/cfg.py:2602
2026-03-26 00:37:55.474 137476 DEBUG oslo_service.service [req-7b18b0e3-524a-4536-88c3-2cbe0359ad69 - - - - -] ram_allocation_ratio = 0.98 log_opt_values /usr/lib/python3/dist-packages/oslo_config/cfg.py:2602
2026-03-26 00:37:55.475 138192 DEBUG oslo_messaging._drivers.amqpdriver [req-038ac16a-6b91-4ae9-a04e-987648d97f20 - - - - -] sending reply msg_id: 30bc974a56e348b39dfd4e4f3b1b3a3b reply queue: reply_c70e3552e3674a299bfc1e72d9f16c5f time elapsed: 0.010129323999990447s _send_reply /usr/lib/python3/dist-packages/oslo_messaging/_drivers/amqpdriver.py:118
2026-03-26 00:37:55.475 137476 DEBUG oslo_service.service [req-7b18b0e3-524a-4536-88c3-2cbe0359ad69 - - - - -] rate_limit_burst = 0 log_opt_values /usr/lib/python3/dist-packages/oslo_config/cfg.py:2602
2026-03-26 00:37:55.476 137476 DEBUG oslo_service.service [req-7b18b0e3-524a-4536-88c3-2cbe0359ad69 - - - - -] rate_limit_except_level = CRITICAL log_opt_values /usr/lib/python3/dist-packages/oslo_config/cfg.py:2602
2026-03-26 00:37:55.476 137476 DEBUG oslo_service.service [req-7b18b0e3-524a-4536-88c3-2cbe0359ad69 - - - - -] rate_limit_interval = 0 log_opt_values /usr/lib/python3/dist-packages/oslo_config/cfg.py:2602
2026-03-26 00:37:55.476 137476 DEBUG oslo_service.service [req-7b18b0e3-524a-4536-88c3-2cbe0359ad69 - - - - -] reboot_timeout = 0 log_opt_values /usr/lib/python3/dist-packages/oslo_config/cfg.py:2602
2026-03-26 00:37:55.477 138194 DEBUG oslo_messaging._drivers.amqpdriver [-] Listener is running poll /usr/lib/python3/dist-packages/oslo_messaging/_drivers/amqpdriver.py:343
2026-03-26 00:37:55.477 138194 DEBUG oslo_messaging._drivers.amqpdriver [-] AMQPListener connection consume poll /usr/lib/python3/dist-packages/oslo_messaging/_drivers/amqpdriver.py:357
2026-03-26 00:37:55.478 138194 DEBUG nova.service [req-80c7f54f-829e-44da-9fd2-07a0e9b47661 - - - - -] Join ServiceGroup membership for this service conductor start /usr/lib/python3/dist-packages/nova/service.py:199
2026-03-26 00:37:55.478 137476 DEBUG oslo_service.service [req-7b18b0e3-524a-4536-88c3-2cbe0359ad69 - - - - -] reclaim_instance_interval = 0 log_opt_values /usr/lib/python3/dist-packages/oslo_config/cfg.py:2602
2026-03-26 00:37:55.478 138194 DEBUG nova.servicegroup.drivers.db [req-80c7f54f-829e-44da-9fd2-07a0e9b47661 - - - - -] DB_Driver: join new ServiceGroup member juju-1f36d9-0-lxd-7 to the conductor group, service = join /usr/lib/python3/dist-packages/nova/servicegroup/drivers/db.py:44
2026-03-26 00:37:55.479 137476 DEBUG oslo_service.service [req-7b18b0e3-524a-4536-88c3-2cbe0359ad69 - - - - -] record = None log_opt_values /usr/lib/python3/dist-packages/oslo_config/cfg.py:2602
2026-03-26 00:37:55.479 137476 DEBUG oslo_service.service [req-7b18b0e3-524a-4536-88c3-2cbe0359ad69 - - - - -] report_interval = 10 log_opt_values /usr/lib/python3/dist-packages/oslo_config/cfg.py:2602
2026-03-26 00:37:55.480 137476 DEBUG oslo_service.service [req-7b18b0e3-524a-4536-88c3-2cbe0359ad69 - - - - -] rescue_timeout = 0 log_opt_values /usr/lib/python3/dist-packages/oslo_config/cfg.py:2602
2026-03-26 00:37:55.480 137476 DEBUG oslo_service.service [req-7b18b0e3-524a-4536-88c3-2cbe0359ad69 - - - - -] reserved_host_cpus = 0 log_opt_values /usr/lib/python3/dist-packages/oslo_config/cfg.py:2602
2026-03-26 00:37:55.481 137476 DEBUG oslo_service.service [req-7b18b0e3-524a-4536-88c3-2cbe0359ad69 - - - - -] reserved_host_disk_mb = 0 log_opt_values /usr/lib/python3/dist-packages/oslo_config/cfg.py:2602
2026-03-26 00:37:55.481 138194 DEBUG oslo_messaging._drivers.amqpdriver [-] AMQPListener connection timeout poll /usr/lib/python3/dist-packages/oslo_messaging/_drivers/amqpdriver.py:360
2026-03-26 00:37:55.481 138194 DEBUG oslo_messaging._drivers.amqpdriver [-] Listener is running poll /usr/lib/python3/dist-packages/oslo_messaging/_drivers/amqpdriver.py:343
2026-03-26 00:37:55.481 137476 DEBUG oslo_service.service [req-7b18b0e3-524a-4536-88c3-2cbe0359ad69 - - - - -] reserved_host_memory_mb = 512 log_opt_values /usr/lib/python3/dist-packages/oslo_config/cfg.py:2602
2026-03-26 00:37:55.481 138194 DEBUG oslo_messaging._drivers.amqpdriver [-] AMQPListener connection consume poll /usr/lib/python3/dist-packages/oslo_messaging/_drivers/amqpdriver.py:357
2026-03-26 00:37:55.481 137476 DEBUG oslo_service.service [req-7b18b0e3-524a-4536-88c3-2cbe0359ad69 - - - - -] reserved_huge_pages = None log_opt_values /usr/lib/python3/dist-packages/oslo_config/cfg.py:2602
2026-03-26 00:37:55.482 137476 DEBUG oslo_service.service [req-7b18b0e3-524a-4536-88c3-2cbe0359ad69 - - - - -] resize_confirm_window = 0 log_opt_values /usr/lib/python3/dist-packages/oslo_config/cfg.py:2602
2026-03-26 00:37:55.482 137476 DEBUG oslo_service.service [req-7b18b0e3-524a-4536-88c3-2cbe0359ad69 - - - - -] resize_fs_using_block_device = False log_opt_values /usr/lib/python3/dist-packages/oslo_config/cfg.py:2602
2026-03-26 00:37:55.482 137476 DEBUG oslo_service.service [req-7b18b0e3-524a-4536-88c3-2cbe0359ad69 - - - - -] resume_guests_state_on_host_boot = False log_opt_values /usr/lib/python3/dist-packages/oslo_config/cfg.py:2602
2026-03-26 00:37:55.482 137476 DEBUG oslo_service.service [req-7b18b0e3-524a-4536-88c3-2cbe0359ad69 - - - - -] rootwrap_config = /etc/nova/rootwrap.conf log_opt_values /usr/lib/python3/dist-packages/oslo_config/cfg.py:2602
2026-03-26 00:37:55.483 137476 DEBUG oslo_service.service [req-7b18b0e3-524a-4536-88c3-2cbe0359ad69 - - - - -] rpc_response_timeout = 60 log_opt_values /usr/lib/python3/dist-packages/oslo_config/cfg.py:2602
2026-03-26 00:37:55.483 137476 DEBUG oslo_service.service [req-7b18b0e3-524a-4536-88c3-2cbe0359ad69 - - - - -] run_external_periodic_tasks = True log_opt_values /usr/lib/python3/dist-packages/oslo_config/cfg.py:2602
2026-03-26 00:37:55.483 137476 DEBUG oslo_service.service [req-7b18b0e3-524a-4536-88c3-2cbe0359ad69 - - - - -] running_deleted_instance_action = reap log_opt_values /usr/lib/python3/dist-packages/oslo_config/cfg.py:2602
2026-03-26 00:37:55.483 137476 DEBUG oslo_service.service [req-7b18b0e3-524a-4536-88c3-2cbe0359ad69 - - - - -] running_deleted_instance_poll_interval = 1800 log_opt_values /usr/lib/python3/dist-packages/oslo_config/cfg.py:2602
2026-03-26 00:37:55.484 137476 DEBUG oslo_service.service [req-7b18b0e3-524a-4536-88c3-2cbe0359ad69 - - - - -] running_deleted_instance_timeout = 0 log_opt_values /usr/lib/python3/dist-packages/oslo_config/cfg.py:2602
2026-03-26 00:37:55.484 137476 DEBUG oslo_service.service [req-7b18b0e3-524a-4536-88c3-2cbe0359ad69 - - - - -] scheduler_instance_sync_interval = 120 log_opt_values /usr/lib/python3/dist-packages/oslo_config/cfg.py:2602
2026-03-26 00:37:55.484 137476 DEBUG oslo_service.service [req-7b18b0e3-524a-4536-88c3-2cbe0359ad69 - - - - -] service_down_time = 60 log_opt_values /usr/lib/python3/dist-packages/oslo_config/cfg.py:2602
2026-03-26 00:37:55.485 137476 DEBUG oslo_service.service [req-7b18b0e3-524a-4536-88c3-2cbe0359ad69 - - - - -] servicegroup_driver = db log_opt_values /usr/lib/python3/dist-packages/oslo_config/cfg.py:2602
2026-03-26 00:37:55.485 137476 DEBUG oslo_service.service [req-7b18b0e3-524a-4536-88c3-2cbe0359ad69 - - - - -] shelved_offload_time = 0 log_opt_values /usr/lib/python3/dist-packages/oslo_config/cfg.py:2602
2026-03-26 00:37:55.485 137476 DEBUG oslo_service.service [req-7b18b0e3-524a-4536-88c3-2cbe0359ad69 - - - - -] shelved_poll_interval = 3600 log_opt_values /usr/lib/python3/dist-packages/oslo_config/cfg.py:2602
2026-03-26 00:37:55.486 137476 DEBUG oslo_service.service [req-7b18b0e3-524a-4536-88c3-2cbe0359ad69 - - - - -] shutdown_timeout = 60 log_opt_values /usr/lib/python3/dist-packages/oslo_config/cfg.py:2602
2026-03-26 00:37:55.486 137476 DEBUG oslo_service.service [req-7b18b0e3-524a-4536-88c3-2cbe0359ad69 - - - - -] source_is_ipv6 = False log_opt_values /usr/lib/python3/dist-packages/oslo_config/cfg.py:2602
