2026-03-12 00:39:42.473 138619 DEBUG oslo_service.service [req-2acb1ac6-be2e-4d56-848c-b21a2f00ded4 - - - - -] api.list_records_by_skipping_down_cells = True log_opt_values /usr/lib/python3/dist-packages/oslo_config/cfg.py:2609
2026-03-12 00:39:42.474 138619 DEBUG oslo_service.service [req-2acb1ac6-be2e-4d56-848c-b21a2f00ded4 - - - - -] api.local_metadata_per_cell = False log_opt_values /usr/lib/python3/dist-packages/oslo_config/cfg.py:2609
2026-03-12 00:39:42.475 138619 DEBUG oslo_service.service [req-2acb1ac6-be2e-4d56-848c-b21a2f00ded4 - - - - -] api.max_limit = 1000 log_opt_values /usr/lib/python3/dist-packages/oslo_config/cfg.py:2609
2026-03-12 00:39:42.475 138619 DEBUG oslo_service.service [req-2acb1ac6-be2e-4d56-848c-b21a2f00ded4 - - - - -] api.metadata_cache_expiration = 15 log_opt_values /usr/lib/python3/dist-packages/oslo_config/cfg.py:2609
2026-03-12 00:39:42.475 138619 DEBUG oslo_service.service [req-2acb1ac6-be2e-4d56-848c-b21a2f00ded4 - - - - -] api.neutron_default_tenant_id = default log_opt_values /usr/lib/python3/dist-packages/oslo_config/cfg.py:2609
2026-03-12 00:39:42.476 138619 DEBUG oslo_service.service [req-2acb1ac6-be2e-4d56-848c-b21a2f00ded4 - - - - -] api.use_forwarded_for = False log_opt_values /usr/lib/python3/dist-packages/oslo_config/cfg.py:2609
2026-03-12 00:39:42.476 138619 DEBUG oslo_service.service [req-2acb1ac6-be2e-4d56-848c-b21a2f00ded4 - - - - -] api.use_neutron_default_nets = False log_opt_values /usr/lib/python3/dist-packages/oslo_config/cfg.py:2609
2026-03-12 00:39:42.476 138619 DEBUG oslo_service.service [req-2acb1ac6-be2e-4d56-848c-b21a2f00ded4 - - - - -] api.vendordata_dynamic_connect_timeout = 5 log_opt_values /usr/lib/python3/dist-packages/oslo_config/cfg.py:2609
2026-03-12 00:39:42.477 138619 DEBUG oslo_service.service [req-2acb1ac6-be2e-4d56-848c-b21a2f00ded4 - - - - -] api.vendordata_dynamic_failure_fatal = False log_opt_values /usr/lib/python3/dist-packages/oslo_config/cfg.py:2609
2026-03-12 00:39:42.475 139494 DEBUG oslo_messaging._drivers.amqpdriver [-] Listener is running poll /usr/lib/python3/dist-packages/oslo_messaging/_drivers/amqpdriver.py:343
2026-03-12 00:39:42.477 138619 DEBUG oslo_service.service [req-2acb1ac6-be2e-4d56-848c-b21a2f00ded4 - - - - -] api.vendordata_dynamic_read_timeout = 5 log_opt_values /usr/lib/python3/dist-packages/oslo_config/cfg.py:2609
2026-03-12 00:39:42.477 139494 DEBUG oslo_messaging._drivers.amqpdriver [-] AMQPListener connection consume poll /usr/lib/python3/dist-packages/oslo_messaging/_drivers/amqpdriver.py:357
2026-03-12 00:39:42.477 138619 DEBUG oslo_service.service [req-2acb1ac6-be2e-4d56-848c-b21a2f00ded4 - - - - -] api.vendordata_dynamic_ssl_certfile = log_opt_values /usr/lib/python3/dist-packages/oslo_config/cfg.py:2609
2026-03-12 00:39:42.478 138619 DEBUG oslo_service.service [req-2acb1ac6-be2e-4d56-848c-b21a2f00ded4 - - - - -] api.vendordata_dynamic_targets = [] log_opt_values /usr/lib/python3/dist-packages/oslo_config/cfg.py:2609
2026-03-12 00:39:42.477 139487 DEBUG oslo_messaging._drivers.amqpdriver [-] Listener is running poll /usr/lib/python3/dist-packages/oslo_messaging/_drivers/amqpdriver.py:343
2026-03-12 00:39:42.479 138619 DEBUG oslo_service.service [req-2acb1ac6-be2e-4d56-848c-b21a2f00ded4 - - - - -] api.vendordata_jsonfile_path = None log_opt_values /usr/lib/python3/dist-packages/oslo_config/cfg.py:2609
2026-03-12 00:39:42.479 139487 DEBUG oslo_messaging._drivers.amqpdriver [-] AMQPListener connection consume poll /usr/lib/python3/dist-packages/oslo_messaging/_drivers/amqpdriver.py:357
2026-03-12 00:39:42.479 138619 DEBUG oslo_service.service [req-2acb1ac6-be2e-4d56-848c-b21a2f00ded4 - - - - -] api.vendordata_providers = ['StaticJSON'] log_opt_values /usr/lib/python3/dist-packages/oslo_config/cfg.py:2609
2026-03-12 00:39:42.479 138619 DEBUG oslo_service.service [req-2acb1ac6-be2e-4d56-848c-b21a2f00ded4 - - - - -] cache.backend = dogpile.cache.null log_opt_values /usr/lib/python3/dist-packages/oslo_config/cfg.py:2609
2026-03-12 00:39:42.480 138619 DEBUG oslo_service.service [req-2acb1ac6-be2e-4d56-848c-b21a2f00ded4 - - - - -] cache.backend_argument = **** log_opt_values /usr/lib/python3/dist-packages/oslo_config/cfg.py:2609
2026-03-12 00:39:42.480 138619 DEBUG oslo_service.service [req-2acb1ac6-be2e-4d56-848c-b21a2f00ded4 - - - - -] cache.config_prefix = cache.oslo log_opt_values /usr/lib/python3/dist-packages/oslo_config/cfg.py:2609
2026-03-12 00:39:42.480 138619 DEBUG oslo_service.service [req-2acb1ac6-be2e-4d56-848c-b21a2f00ded4 - - - - -] cache.debug_cache_backend = False log_opt_values /usr/lib/python3/dist-packages/oslo_config/cfg.py:2609
2026-03-12 00:39:42.480 138619 DEBUG oslo_service.service [req-2acb1ac6-be2e-4d56-848c-b21a2f00ded4 - - - - -] cache.enabled = False log_opt_values /usr/lib/python3/dist-packages/oslo_config/cfg.py:2609
2026-03-12 00:39:42.481 138619 DEBUG oslo_service.service [req-2acb1ac6-be2e-4d56-848c-b21a2f00ded4 - - - - -] cache.expiration_time = 600 log_opt_values /usr/lib/python3/dist-packages/oslo_config/cfg.py:2609
2026-03-12 00:39:42.481 138619 DEBUG oslo_service.service [req-2acb1ac6-be2e-4d56-848c-b21a2f00ded4 - - - - -] cache.memcache_dead_retry = 300 log_opt_values /usr/lib/python3/dist-packages/oslo_config/cfg.py:2609
2026-03-12 00:39:42.481 138619 DEBUG oslo_service.service [req-2acb1ac6-be2e-4d56-848c-b21a2f00ded4 - - - - -] cache.memcache_pool_connection_get_timeout = 10 log_opt_values /usr/lib/python3/dist-packages/oslo_config/cfg.py:2609
2026-03-12 00:39:42.481 138619 DEBUG oslo_service.service [req-2acb1ac6-be2e-4d56-848c-b21a2f00ded4 - - - - -] cache.memcache_pool_flush_on_reconnect = False log_opt_values /usr/lib/python3/dist-packages/oslo_config/cfg.py:2609
2026-03-12 00:39:42.481 138619 DEBUG oslo_service.service [req-2acb1ac6-be2e-4d56-848c-b21a2f00ded4 - - - - -] cache.memcache_pool_maxsize = 10 log_opt_values /usr/lib/python3/dist-packages/oslo_config/cfg.py:2609
2026-03-12 00:39:42.480 139494 DEBUG nova.service [req-e57b5c32-301a-4d2c-876e-9f930e47f58f - - - - -] Join ServiceGroup membership for this service scheduler start /usr/lib/python3/dist-packages/nova/service.py:199
2026-03-12 00:39:42.482 138619 DEBUG oslo_service.service [req-2acb1ac6-be2e-4d56-848c-b21a2f00ded4 - - - - -] cache.memcache_pool_unused_timeout = 60 log_opt_values /usr/lib/python3/dist-packages/oslo_config/cfg.py:2609
2026-03-12 00:39:42.482 138619 DEBUG oslo_service.service [req-2acb1ac6-be2e-4d56-848c-b21a2f00ded4 - - - - -] cache.memcache_servers = ['localhost:11211'] log_opt_values /usr/lib/python3/dist-packages/oslo_config/cfg.py:2609
2026-03-12 00:39:42.482 138619 DEBUG oslo_service.service [req-2acb1ac6-be2e-4d56-848c-b21a2f00ded4 - - - - -] cache.memcache_socket_timeout = 1.0 log_opt_values /usr/lib/python3/dist-packages/oslo_config/cfg.py:2609
2026-03-12 00:39:42.482 138619 DEBUG oslo_service.service [req-2acb1ac6-be2e-4d56-848c-b21a2f00ded4 - - - - -] cache.proxies = [] log_opt_values /usr/lib/python3/dist-packages/oslo_config/cfg.py:2609
2026-03-12 00:39:42.482 138619 DEBUG oslo_service.service [req-2acb1ac6-be2e-4d56-848c-b21a2f00ded4 - - - - -] cache.tls_allowed_ciphers = None log_opt_values /usr/lib/python3/dist-packages/oslo_config/cfg.py:2609
2026-03-12 00:39:42.483 138619 DEBUG oslo_service.service [req-2acb1ac6-be2e-4d56-848c-b21a2f00ded4 - - - - -] cache.tls_cafile = None log_opt_values /usr/lib/python3/dist-packages/oslo_config/cfg.py:2609
2026-03-12 00:39:42.483 138619 DEBUG oslo_service.service [req-2acb1ac6-be2e-4d56-848c-b21a2f00ded4 - - - - -] cache.tls_certfile = None log_opt_values /usr/lib/python3/dist-packages/oslo_config/cfg.py:2609
2026-03-12 00:39:42.483 138619 DEBUG oslo_service.service [req-2acb1ac6-be2e-4d56-848c-b21a2f00ded4 - - - - -] cache.tls_enabled = False log_opt_values /usr/lib/python3/dist-packages/oslo_config/cfg.py:2609
2026-03-12 00:39:42.483 138619 DEBUG oslo_service.service [req-2acb1ac6-be2e-4d56-848c-b21a2f00ded4 - - - - -] cache.tls_keyfile = None log_opt_values /usr/lib/python3/dist-packages/oslo_config/cfg.py:2609
2026-03-12 00:39:42.483 138619 DEBUG oslo_service.service [req-2acb1ac6-be2e-4d56-848c-b21a2f00ded4 - - - - -] cinder.auth_section = None log_opt_values /usr/lib/python3/dist-packages/oslo_config/cfg.py:2609
2026-03-12 00:39:42.483 138619 DEBUG oslo_service.service [req-2acb1ac6-be2e-4d56-848c-b21a2f00ded4 - - - - -] cinder.auth_type = None log_opt_values /usr/lib/python3/dist-packages/oslo_config/cfg.py:2609
2026-03-12 00:39:42.484 138619 DEBUG oslo_service.service [req-2acb1ac6-be2e-4d56-848c-b21a2f00ded4 - - - - -] cinder.cafile = None log_opt_values /usr/lib/python3/dist-packages/oslo_config/cfg.py:2609
2026-03-12 00:39:42.484 138619 DEBUG oslo_service.service [req-2acb1ac6-be2e-4d56-848c-b21a2f00ded4 - - - - -] cinder.catalog_info = volumev3::publicURL log_opt_values /usr/lib/python3/dist-packages/oslo_config/cfg.py:2609
2026-03-12 00:39:42.482 139494 DEBUG nova.servicegroup.drivers.db [req-e57b5c32-301a-4d2c-876e-9f930e47f58f - - - - -] DB_Driver: join new ServiceGroup member juju-777a89-0-lxd-7 to the scheduler group, service = join /usr/lib/python3/dist-packages/nova/servicegroup/drivers/db.py:44
2026-03-12 00:39:42.485 139488 DEBUG oslo_messaging._drivers.amqpdriver [-] Listener is running poll /usr/lib/python3/dist-packages/oslo_messaging/_drivers/amqpdriver.py:343
2026-03-12 00:39:42.485 138619 DEBUG oslo_service.service [req-2acb1ac6-be2e-4d56-848c-b21a2f00ded4 - - - - -] cinder.certfile = None log_opt_values /usr/lib/python3/dist-packages/oslo_config/cfg.py:2609
2026-03-12 00:39:42.486 139488 DEBUG oslo_messaging._drivers.amqpdriver [-] AMQPListener connection consume poll /usr/lib/python3/dist-packages/oslo_messaging/_drivers/amqpdriver.py:357
2026-03-12 00:39:42.486 138619 DEBUG oslo_service.service [req-2acb1ac6-be2e-4d56-848c-b21a2f00ded4 - - - - -] cinder.collect_timing = False log_opt_values /usr/lib/python3/dist-packages/oslo_config/cfg.py:2609
2026-03-12 00:39:42.482 139487 DEBUG nova.service [req-78615d9c-8017-430e-bb89-c2f86bbf0053 - - - - -] Join ServiceGroup membership for this service scheduler start /usr/lib/python3/dist-packages/nova/service.py:199
2026-03-12 00:39:42.486 138619 DEBUG oslo_service.service [req-2acb1ac6-be2e-4d56-848c-b21a2f00ded4 - - - - -] cinder.cross_az_attach = True log_opt_values /usr/lib/python3/dist-packages/oslo_config/cfg.py:2609
2026-03-12 00:39:42.486 138619 DEBUG oslo_service.service [req-2acb1ac6-be2e-4d56-848c-b21a2f00ded4 - - - - -] cinder.debug = False log_opt_values /usr/lib/python3/dist-packages/oslo_config/cfg.py:2609
2026-03-12 00:39:42.486 138619 DEBUG oslo_service.service [req-2acb1ac6-be2e-4d56-848c-b21a2f00ded4 - - - - -] cinder.endpoint_template = None log_opt_values /usr/lib/python3/dist-packages/oslo_config/cfg.py:2609
2026-03-12 00:39:42.486 139488 DEBUG nova.service [req-d0541756-3413-49c6-b623-9e9aee8de8e1 - - - - -] Join ServiceGroup membership for this service scheduler start /usr/lib/python3/dist-packages/nova/service.py:199
2026-03-12 00:39:42.487 138619 DEBUG oslo_service.service [req-2acb1ac6-be2e-4d56-848c-b21a2f00ded4 - - - - -] cinder.http_retries = 3 log_opt_values /usr/lib/python3/dist-packages/oslo_config/cfg.py:2609
2026-03-12 00:39:42.487 139488 DEBUG nova.servicegroup.drivers.db [req-d0541756-3413-49c6-b623-9e9aee8de8e1 - - - - -] DB_Driver: join new ServiceGroup member juju-777a89-0-lxd-7 to the scheduler group, service = join /usr/lib/python3/dist-packages/nova/servicegroup/drivers/db.py:44
2026-03-12 00:39:42.487 139494 DEBUG oslo_messaging._drivers.amqpdriver [-] AMQPListener connection timeout poll /usr/lib/python3/dist-packages/oslo_messaging/_drivers/amqpdriver.py:360
2026-03-12 00:39:42.487 139487 DEBUG nova.servicegroup.drivers.db [req-78615d9c-8017-430e-bb89-c2f86bbf0053 - - - - -] DB_Driver: join new ServiceGroup member juju-777a89-0-lxd-7 to the scheduler group, service = join /usr/lib/python3/dist-packages/nova/servicegroup/drivers/db.py:44
2026-03-12 00:39:42.487 138619 DEBUG oslo_service.service [req-2acb1ac6-be2e-4d56-848c-b21a2f00ded4 - - - - -] cinder.insecure = False log_opt_values /usr/lib/python3/dist-packages/oslo_config/cfg.py:2609
2026-03-12 00:39:42.487 139494 DEBUG oslo_messaging._drivers.amqpdriver [-] Listener is running poll /usr/lib/python3/dist-packages/oslo_messaging/_drivers/amqpdriver.py:343
2026-03-12 00:39:42.487 138619 DEBUG oslo_service.service [req-2acb1ac6-be2e-4d56-848c-b21a2f00ded4 - - - - -] cinder.keyfile = None log_opt_values /usr/lib/python3/dist-packages/oslo_config/cfg.py:2609
2026-03-12 00:39:42.487 139494 DEBUG oslo_messaging._drivers.amqpdriver [-] AMQPListener connection consume poll /usr/lib/python3/dist-packages/oslo_messaging/_drivers/amqpdriver.py:357
2026-03-12 00:39:42.487 138619 DEBUG oslo_service.service [req-2acb1ac6-be2e-4d56-848c-b21a2f00ded4 - - - - -] cinder.os_region_name = None log_opt_values /usr/lib/python3/dist-packages/oslo_config/cfg.py:2609
2026-03-12 00:39:42.487 139487 DEBUG oslo_messaging._drivers.amqpdriver [-] AMQPListener connection timeout poll /usr/lib/python3/dist-packages/oslo_messaging/_drivers/amqpdriver.py:360
2026-03-12 00:39:42.487 138619 DEBUG oslo_service.service [req-2acb1ac6-be2e-4d56-848c-b21a2f00ded4 - - - - -] cinder.split_loggers = False log_opt_values /usr/lib/python3/dist-packages/oslo_config/cfg.py:2609
2026-03-12 00:39:42.488 139487 DEBUG oslo_messaging._drivers.amqpdriver [-] Listener is running poll /usr/lib/python3/dist-packages/oslo_messaging/_drivers/amqpdriver.py:343
2026-03-12 00:39:42.487 139493 DEBUG oslo_messaging._drivers.amqpdriver [-] Listener is running poll /usr/lib/python3/dist-packages/oslo_messaging/_drivers/amqpdriver.py:343
2026-03-12 00:39:42.488 139487 DEBUG oslo_messaging._drivers.amqpdriver [-] AMQPListener connection consume poll /usr/lib/python3/dist-packages/oslo_messaging/_drivers/amqpdriver.py:357
2026-03-12 00:39:42.488 139493 DEBUG oslo_messaging._drivers.amqpdriver [-] AMQPListener connection consume poll /usr/lib/python3/dist-packages/oslo_messaging/_drivers/amqpdriver.py:357
2026-03-12 00:39:42.488 138619 DEBUG oslo_service.service [req-2acb1ac6-be2e-4d56-848c-b21a2f00ded4 - - - - -] cinder.timeout = None log_opt_values /usr/lib/python3/dist-packages/oslo_config/cfg.py:2609
2026-03-12 00:39:42.488 138619 DEBUG oslo_service.service [req-2acb1ac6-be2e-4d56-848c-b21a2f00ded4 - - - - -] compute.consecutive_build_service_disable_threshold = 10 log_opt_values /usr/lib/python3/dist-packages/oslo_config/cfg.py:2609
2026-03-12 00:39:42.489 138619 DEBUG oslo_service.service [req-2acb1ac6-be2e-4d56-848c-b21a2f00ded4 - - - - -] compute.cpu_dedicated_set = None log_opt_values /usr/lib/python3/dist-packages/oslo_config/cfg.py:2609
2026-03-12 00:39:42.489 138619 DEBUG oslo_service.service [req-2acb1ac6-be2e-4d56-848c-b21a2f00ded4 - - - - -] compute.cpu_shared_set = None log_opt_values /usr/lib/python3/dist-packages/oslo_config/cfg.py:2609
2026-03-12 00:39:42.489 139493 DEBUG nova.service [req-41b9f816-1694-457b-9ba8-854e1d9c3388 - - - - -] Join ServiceGroup membership for this service scheduler start /usr/lib/python3/dist-packages/nova/service.py:199
2026-03-12 00:39:42.489 138619 DEBUG oslo_service.service [req-2acb1ac6-be2e-4d56-848c-b21a2f00ded4 - - - - -] compute.image_type_exclude_list = [] log_opt_values /usr/lib/python3/dist-packages/oslo_config/cfg.py:2609
2026-03-12 00:39:42.489 139493 DEBUG nova.servicegroup.drivers.db [req-41b9f816-1694-457b-9ba8-854e1d9c3388 - - - - -] DB_Driver: join new ServiceGroup member juju-777a89-0-lxd-7 to the scheduler group, service = join /usr/lib/python3/dist-packages/nova/servicegroup/drivers/db.py:44
2026-03-12 00:39:42.490 138619 DEBUG oslo_service.service [req-2acb1ac6-be2e-4d56-848c-b21a2f00ded4 - - - - -] compute.live_migration_wait_for_vif_plug = True log_opt_values /usr/lib/python3/dist-packages/oslo_config/cfg.py:2609
2026-03-12 00:39:42.490 139488 DEBUG oslo_messaging._drivers.amqpdriver [-] AMQPListener connection timeout poll /usr/lib/python3/dist-packages/oslo_messaging/_drivers/amqpdriver.py:360
2026-03-12 00:39:42.490 139488 DEBUG oslo_messaging._drivers.amqpdriver [-] Listener is running poll /usr/lib/python3/dist-packages/oslo_messaging/_drivers/amqpdriver.py:343
2026-03-12 00:39:42.490 138619 DEBUG oslo_service.service [req-2acb1ac6-be2e-4d56-848c-b21a2f00ded4 - - - - -] compute.max_concurrent_disk_ops = 0 log_opt_values /usr/lib/python3/dist-packages/oslo_config/cfg.py:2609
2026-03-12 00:39:42.490 138619 DEBUG oslo_service.service [req-2acb1ac6-be2e-4d56-848c-b21a2f00ded4 - - - - -] compute.max_disk_devices_to_attach = -1 log_opt_values /usr/lib/python3/dist-packages/oslo_config/cfg.py:2609
2026-03-12 00:39:42.490 138619 DEBUG oslo_service.service [req-2acb1ac6-be2e-4d56-848c-b21a2f00ded4 - - - - -] compute.packing_host_numa_cells_allocation_strategy = True log_opt_values /usr/lib/python3/dist-packages/oslo_config/cfg.py:2609
2026-03-12 00:39:42.490 139488 DEBUG oslo_messaging._drivers.amqpdriver [-] AMQPListener connection consume poll /usr/lib/python3/dist-packages/oslo_messaging/_drivers/amqpdriver.py:357
2026-03-12 00:39:42.491 138619 DEBUG oslo_service.service [req-2acb1ac6-be2e-4d56-848c-b21a2f00ded4 - - - - -] compute.provider_config_location = /etc/nova/provider_config/ log_opt_values /usr/lib/python3/dist-packages/oslo_config/cfg.py:2609
2026-03-12 00:39:42.491 138619 DEBUG oslo_service.service [req-2acb1ac6-be2e-4d56-848c-b21a2f00ded4 - - - - -] compute.resource_provider_association_refresh = 300 log_opt_values /usr/lib/python3/dist-packages/oslo_config/cfg.py:2609
2026-03-12 00:39:42.491 138619 DEBUG oslo_service.service [req-2acb1ac6-be2e-4d56-848c-b21a2f00ded4 - - - - -] compute.shutdown_retry_interval = 10 log_opt_values /usr/lib/python3/dist-packages/oslo_config/cfg.py:2609
2026-03-12 00:39:42.491 138619 DEBUG oslo_service.service [req-2acb1ac6-be2e-4d56-848c-b21a2f00ded4 - - - - -] compute.vmdk_allowed_types = ['streamOptimized', 'monolithicSparse'] log_opt_values /usr/lib/python3/dist-packages/oslo_config/cfg.py:2609
2026-03-12 00:39:42.491 139493 DEBUG oslo_messaging._drivers.amqpdriver [-] AMQPListener connection timeout poll /usr/lib/python3/dist-packages/oslo_messaging/_drivers/amqpdriver.py:360
2026-03-12 00:39:42.492 139493 DEBUG oslo_messaging._drivers.amqpdriver [-] Listener is running poll /usr/lib/python3/dist-packages/oslo_messaging/_drivers/amqpdriver.py:343
2026-03-12 00:39:42.492 138619 DEBUG oslo_service.service [req-2acb1ac6-be2e-4d56-848c-b21a2f00ded4 - - - - -] conductor.workers = 4 log_opt_values /usr/lib/python3/dist-packages/oslo_config/cfg.py:2609
2026-03-12 00:39:42.492 139493 DEBUG oslo_messaging._drivers.amqpdriver [-] AMQPListener connection consume poll /usr/lib/python3/dist-packages/oslo_messaging/_drivers/amqpdriver.py:357
2026-03-12 00:39:42.492 138619 DEBUG oslo_service.service [req-2acb1ac6-be2e-4d56-848c-b21a2f00ded4 - - - - -] console.allowed_origins = [] log_opt_values /usr/lib/python3/dist-packages/oslo_config/cfg.py:2609
2026-03-12 00:39:42.492 138619 DEBUG oslo_service.service [req-2acb1ac6-be2e-4d56-848c-b21a2f00ded4 - - - - -] console.ssl_ciphers = None log_opt_values /usr/lib/python3/dist-packages/oslo_config/cfg.py:2609
2026-03-12 00:39:42.492 138619 DEBUG oslo_service.service [req-2acb1ac6-be2e-4d56-848c-b21a2f00ded4 - - - - -] console.ssl_minimum_version = default log_opt_values /usr/lib/python3/dist-packages/oslo_config/cfg.py:2609
2026-03-12 00:39:42.493 138619 DEBUG oslo_service.service [req-2acb1ac6-be2e-4d56-848c-b21a2f00ded4 - - - - -] consoleauth.token_ttl = 600 log_opt_values /usr/lib/python3/dist-packages/oslo_config/cfg.py:2609
2026-03-12 00:39:42.493 138619 DEBUG oslo_service.service [req-2acb1ac6-be2e-4d56-848c-b21a2f00ded4 - - - - -] cyborg.cafile = None log_opt_values /usr/lib/python3/dist-packages/oslo_config/cfg.py:2609
2026-03-12 00:39:42.493 138619 DEBUG oslo_service.service [req-2acb1ac6-be2e-4d56-848c-b21a2f00ded4 - - - - -] cyborg.certfile = None log_opt_values /usr/lib/python3/dist-packages/oslo_config/cfg.py:2609
2026-03-12 00:39:42.493 138619 DEBUG oslo_service.service [req-2acb1ac6-be2e-4d56-848c-b21a2f00ded4 - - - - -] cyborg.collect_timing = False log_opt_values /usr/lib/python3/dist-packages/oslo_config/cfg.py:2609
2026-03-12 00:39:42.493 138619 DEBUG oslo_service.service [req-2acb1ac6-be2e-4d56-848c-b21a2f00ded4 - - - - -] cyborg.connect_retries = None log_opt_values /usr/lib/python3/dist-packages/oslo_config/cfg.py:2609
2026-03-12 00:39:42.493 138619 DEBUG oslo_service.service [req-2acb1ac6-be2e-4d56-848c-b21a2f00ded4 - - - - -] cyborg.connect_retry_delay = None log_opt_values /usr/lib/python3/dist-packages/oslo_config/cfg.py:2609
2026-03-12 00:39:42.494 138619 DEBUG oslo_service.service [req-2acb1ac6-be2e-4d56-848c-b21a2f00ded4 - - - - -] cyborg.endpoint_override = None log_opt_values /usr/lib/python3/dist-packages/oslo_config/cfg.py:2609
2026-03-12 00:39:42.494 138619 DEBUG oslo_service.service [req-2acb1ac6-be2e-4d56-848c-b21a2f00ded4 - - - - -] cyborg.insecure = False log_opt_values /usr/lib/python3/dist-packages/oslo_config/cfg.py:2609
2026-03-12 00:39:42.494 138619 DEBUG oslo_service.service [req-2acb1ac6-be2e-4d56-848c-b21a2f00ded4 - - - - -] cyborg.keyfile = None log_opt_values /usr/lib/python3/dist-packages/oslo_config/cfg.py:2609
2026-03-12 00:39:42.495 138619 DEBUG oslo_service.service [req-2acb1ac6-be2e-4d56-848c-b21a2f00ded4 - - - - -] cyborg.max_version = None log_opt_values /usr/lib/python3/dist-packages/oslo_config/cfg.py:2609
2026-03-12 00:39:42.496 138619 DEBUG oslo_service.service [req-2acb1ac6-be2e-4d56-848c-b21a2f00ded4 - - - - -] cyborg.min_version = None log_opt_values /usr/lib/python3/dist-packages/oslo_config/cfg.py:2609
2026-03-12 00:39:42.496 138619 DEBUG oslo_service.service [req-2acb1ac6-be2e-4d56-848c-b21a2f00ded4 - - - - -] cyborg.region_name = None log_opt_values /usr/lib/python3/dist-packages/oslo_config/cfg.py:2609
2026-03-12 00:39:42.496 138619 DEBUG oslo_service.service [req-2acb1ac6-be2e-4d56-848c-b21a2f00ded4 - - - - -] cyborg.service_name = None log_opt_values /usr/lib/python3/dist-packages/oslo_config/cfg.py:2609
2026-03-12 00:39:42.497 138619 DEBUG oslo_service.service [req-2acb1ac6-be2e-4d56-848c-b21a2f00ded4 - - - - -] cyborg.service_type = accelerator log_opt_values /usr/lib/python3/dist-packages/oslo_config/cfg.py:2609
2026-03-12 00:39:42.497 138619 DEBUG oslo_service.service [req-2acb1ac6-be2e-4d56-848c-b21a2f00ded4 - - - - -] cyborg.split_loggers = False log_opt_values /usr/lib/python3/dist-packages/oslo_config/cfg.py:2609
2026-03-12 00:39:42.497 138619 DEBUG oslo_service.service [req-2acb1ac6-be2e-4d56-848c-b21a2f00ded4 - - - - -] cyborg.status_code_retries = None log_opt_values /usr/lib/python3/dist-packages/oslo_config/cfg.py:2609
2026-03-12 00:39:42.497 138619 DEBUG oslo_service.service [req-2acb1ac6-be2e-4d56-848c-b21a2f00ded4 - - - - -] cyborg.status_code_retry_delay = None log_opt_values /usr/lib/python3/dist-packages/oslo_config/cfg.py:2609
2026-03-12 00:39:42.497 138619 DEBUG oslo_service.service [req-2acb1ac6-be2e-4d56-848c-b21a2f00ded4 - - - - -] cyborg.timeout = None log_opt_values /usr/lib/python3/dist-packages/oslo_config/cfg.py:2609
2026-03-12 00:39:42.498 138619 DEBUG oslo_service.service [req-2acb1ac6-be2e-4d56-848c-b21a2f00ded4 - - - - -] cyborg.valid_interfaces = ['internal', 'public'] log_opt_values /usr/lib/python3/dist-packages/oslo_config/cfg.py:2609
2026-03-12 00:39:42.498 138619 DEBUG oslo_service.service [req-2acb1ac6-be2e-4d56-848c-b21a2f00ded4 - - - - -] cyborg.version = None log_opt_values /usr/lib/python3/dist-packages/oslo_config/cfg.py:2609
2026-03-12 00:39:42.498 138619 DEBUG oslo_service.service [req-2acb1ac6-be2e-4d56-848c-b21a2f00ded4 - - - - -] database.backend = sqlalchemy log_opt_values /usr/lib/python3/dist-packages/oslo_config/cfg.py:2609
2026-03-12 00:39:42.498 138619 DEBUG oslo_service.service [req-2acb1ac6-be2e-4d56-848c-b21a2f00ded4 - - - - -] database.connection = **** log_opt_values /usr/lib/python3/dist-packages/oslo_config/cfg.py:2609
2026-03-12 00:39:42.498 138619 DEBUG oslo_service.service [req-2acb1ac6-be2e-4d56-848c-b21a2f00ded4 - - - - -] database.connection_debug = 0 log_opt_values /usr/lib/python3/dist-packages/oslo_config/cfg.py:2609
2026-03-12 00:39:42.499 138619 DEBUG oslo_service.service [req-2acb1ac6-be2e-4d56-848c-b21a2f00ded4 - - - - -] database.connection_parameters = log_opt_values /usr/lib/python3/dist-packages/oslo_config/cfg.py:2609
2026-03-12 00:39:42.499 138619 DEBUG oslo_service.service [req-2acb1ac6-be2e-4d56-848c-b21a2f00ded4 - - - - -] database.connection_recycle_time = 3600 log_opt_values /usr/lib/python3/dist-packages/oslo_config/cfg.py:2609
2026-03-12 00:39:42.499 138619 DEBUG oslo_service.service [req-2acb1ac6-be2e-4d56-848c-b21a2f00ded4 - - - - -] database.connection_trace = False log_opt_values /usr/lib/python3/dist-packages/oslo_config/cfg.py:2609
2026-03-12 00:39:42.499 138619 DEBUG oslo_service.service [req-2acb1ac6-be2e-4d56-848c-b21a2f00ded4 - - - - -] database.db_inc_retry_interval = True log_opt_values /usr/lib/python3/dist-packages/oslo_config/cfg.py:2609
2026-03-12 00:39:42.499 138619 DEBUG oslo_service.service [req-2acb1ac6-be2e-4d56-848c-b21a2f00ded4 - - - - -] database.db_max_retries = 20 log_opt_values /usr/lib/python3/dist-packages/oslo_config/cfg.py:2609
2026-03-12 00:39:42.500 138619 DEBUG oslo_service.service [req-2acb1ac6-be2e-4d56-848c-b21a2f00ded4 - - - - -] database.db_max_retry_interval = 10 log_opt_values /usr/lib/python3/dist-packages/oslo_config/cfg.py:2609
2026-03-12 00:39:42.500 138619 DEBUG oslo_service.service [req-2acb1ac6-be2e-4d56-848c-b21a2f00ded4 - - - - -] database.db_retry_interval = 1 log_opt_values /usr/lib/python3/dist-packages/oslo_config/cfg.py:2609
2026-03-12 00:39:42.500 138619 DEBUG oslo_service.service [req-2acb1ac6-be2e-4d56-848c-b21a2f00ded4 - - - - -] database.max_overflow = 50 log_opt_values /usr/lib/python3/dist-packages/oslo_config/cfg.py:2609
2026-03-12 00:39:42.500 138619 DEBUG oslo_service.service [req-2acb1ac6-be2e-4d56-848c-b21a2f00ded4 - - - - -] database.max_pool_size = 4 log_opt_values /usr/lib/python3/dist-packages/oslo_config/cfg.py:2609
2026-03-12 00:39:42.500 138619 DEBUG oslo_service.service [req-2acb1ac6-be2e-4d56-848c-b21a2f00ded4 - - - - -] database.max_retries = 10 log_opt_values /usr/lib/python3/dist-packages/oslo_config/cfg.py:2609
2026-03-12 00:39:42.501 138619 DEBUG oslo_service.service [req-2acb1ac6-be2e-4d56-848c-b21a2f00ded4 - - - - -] database.mysql_enable_ndb = False log_opt_values /usr/lib/python3/dist-packages/oslo_config/cfg.py:2609
2026-03-12 00:39:42.501 138619 DEBUG oslo_service.service [req-2acb1ac6-be2e-4d56-848c-b21a2f00ded4 - - - - -] database.mysql_sql_mode = TRADITIONAL log_opt_values /usr/lib/python3/dist-packages/oslo_config/cfg.py:2609
2026-03-12 00:39:42.501 138619 DEBUG oslo_service.service [req-2acb1ac6-be2e-4d56-848c-b21a2f00ded4 - - - - -] database.pool_timeout = None log_opt_values /usr/lib/python3/dist-packages/oslo_config/cfg.py:2609
2026-03-12 00:39:42.501 138619 DEBUG oslo_service.service [req-2acb1ac6-be2e-4d56-848c-b21a2f00ded4 - - - - -] database.retry_interval = 10 log_opt_values /usr/lib/python3/dist-packages/oslo_config/cfg.py:2609
2026-03-12 00:39:42.502 138619 DEBUG oslo_service.service [req-2acb1ac6-be2e-4d56-848c-b21a2f00ded4 - - - - -] database.slave_connection = **** log_opt_values /usr/lib/python3/dist-packages/oslo_config/cfg.py:2609
2026-03-12 00:39:42.502 138619 DEBUG oslo_service.service [req-2acb1ac6-be2e-4d56-848c-b21a2f00ded4 - - - - -] database.sqlite_synchronous = True log_opt_values /usr/lib/python3/dist-packages/oslo_config/cfg.py:2609
2026-03-12 00:39:42.502 138619 DEBUG oslo_service.service [req-2acb1ac6-be2e-4d56-848c-b21a2f00ded4 - - - - -] database.use_db_reconnect = False log_opt_values /usr/lib/python3/dist-packages/oslo_config/cfg.py:2609
2026-03-12 00:39:42.502 138619 DEBUG oslo_service.service [req-2acb1ac6-be2e-4d56-848c-b21a2f00ded4 - - - - -] api_database.backend = sqlalchemy log_opt_values /usr/lib/python3/dist-packages/oslo_config/cfg.py:2609
2026-03-12 00:39:42.502 138619 DEBUG oslo_service.service [req-2acb1ac6-be2e-4d56-848c-b21a2f00ded4 - - - - -] api_database.connection = **** log_opt_values /usr/lib/python3/dist-packages/oslo_config/cfg.py:2609
2026-03-12 00:39:42.502 138619 DEBUG oslo_service.service [req-2acb1ac6-be2e-4d56-848c-b21a2f00ded4 - - - - -] api_database.connection_debug = 0 log_opt_values /usr/lib/python3/dist-packages/oslo_config/cfg.py:2609
2026-03-12 00:39:42.503 138619 DEBUG oslo_service.service [req-2acb1ac6-be2e-4d56-848c-b21a2f00ded4 - - - - -] api_database.connection_parameters = log_opt_values /usr/lib/python3/dist-packages/oslo_config/cfg.py:2609
2026-03-12 00:39:42.503 138619 DEBUG oslo_service.service [req-2acb1ac6-be2e-4d56-848c-b21a2f00ded4 - - - - -] api_database.connection_recycle_time = 3600 log_opt_values /usr/lib/python3/dist-packages/oslo_config/cfg.py:2609
2026-03-12 00:39:42.503 138619 DEBUG oslo_service.service [req-2acb1ac6-be2e-4d56-848c-b21a2f00ded4 - - - - -] api_database.connection_trace = False log_opt_values /usr/lib/python3/dist-packages/oslo_config/cfg.py:2609
2026-03-12 00:39:42.503 138619 DEBUG oslo_service.service [req-2acb1ac6-be2e-4d56-848c-b21a2f00ded4 - - - - -] api_database.db_inc_retry_interval = True log_opt_values /usr/lib/python3/dist-packages/oslo_config/cfg.py:2609
2026-03-12 00:39:42.503 138619 DEBUG oslo_service.service [req-2acb1ac6-be2e-4d56-848c-b21a2f00ded4 - - - - -] api_database.db_max_retries = 20 log_opt_values /usr/lib/python3/dist-packages/oslo_config/cfg.py:2609
2026-03-12 00:39:42.503 138619 DEBUG oslo_service.service [req-2acb1ac6-be2e-4d56-848c-b21a2f00ded4 - - - - -] api_database.db_max_retry_interval = 10 log_opt_values /usr/lib/python3/dist-packages/oslo_config/cfg.py:2609
2026-03-12 00:39:42.504 138619 DEBUG oslo_service.service [req-2acb1ac6-be2e-4d56-848c-b21a2f00ded4 - - - - -] api_database.db_retry_interval = 1 log_opt_values /usr/lib/python3/dist-packages/oslo_config/cfg.py:2609
2026-03-12 00:39:42.504 138619 DEBUG oslo_service.service [req-2acb1ac6-be2e-4d56-848c-b21a2f00ded4 - - - - -] api_database.max_overflow = 50 log_opt_values /usr/lib/python3/dist-packages/oslo_config/cfg.py:2609
2026-03-12 00:39:42.504 138619 DEBUG oslo_service.service [req-2acb1ac6-be2e-4d56-848c-b21a2f00ded4 - - - - -] api_database.max_pool_size = 4 log_opt_values /usr/lib/python3/dist-packages/oslo_config/cfg.py:2609
2026-03-12 00:39:42.505 138619 DEBUG oslo_service.service [req-2acb1ac6-be2e-4d56-848c-b21a2f00ded4 - - - - -] api_database.max_retries = 10 log_opt_values /usr/lib/python3/dist-packages/oslo_config/cfg.py:2609
2026-03-12 00:39:42.505 138619 DEBUG oslo_service.service [req-2acb1ac6-be2e-4d56-848c-b21a2f00ded4 - - - - -] api_database.mysql_enable_ndb = False log_opt_values /usr/lib/python3/dist-packages/oslo_config/cfg.py:2609
2026-03-12 00:39:42.505 138619 DEBUG oslo_service.service [req-2acb1ac6-be2e-4d56-848c-b21a2f00ded4 - - - - -] api_database.mysql_sql_mode = TRADITIONAL log_opt_values /usr/lib/python3/dist-packages/oslo_config/cfg.py:2609
2026-03-12 00:39:42.505 138619 DEBUG oslo_service.service [req-2acb1ac6-be2e-4d56-848c-b21a2f00ded4 - - - - -] api_database.pool_timeout = None log_opt_values /usr/lib/python3/dist-packages/oslo_config/cfg.py:2609
2026-03-12 00:39:42.505 138619 DEBUG oslo_service.service [req-2acb1ac6-be2e-4d56-848c-b21a2f00ded4 - - - - -] api_database.retry_interval = 10 log_opt_values /usr/lib/python3/dist-packages/oslo_config/cfg.py:2609
2026-03-12 00:39:42.505 138619 DEBUG oslo_service.service [req-2acb1ac6-be2e-4d56-848c-b21a2f00ded4 - - - - -] api_database.slave_connection = **** log_opt_values /usr/lib/python3/dist-packages/oslo_config/cfg.py:2609
2026-03-12 00:39:42.506 138619 DEBUG oslo_service.service [req-2acb1ac6-be2e-4d56-848c-b21a2f00ded4 - - - - -] api_database.sqlite_synchronous = True log_opt_values /usr/lib/python3/dist-packages/oslo_config/cfg.py:2609
2026-03-12 00:39:42.506 138619 DEBUG oslo_service.service [req-2acb1ac6-be2e-4d56-848c-b21a2f00ded4 - - - - -] devices.enabled_mdev_types = [] log_opt_values /usr/lib/python3/dist-packages/oslo_config/cfg.py:2609
2026-03-12 00:39:42.506 138619 DEBUG oslo_service.service [req-2acb1ac6-be2e-4d56-848c-b21a2f00ded4 - - - - -] ephemeral_storage_encryption.cipher = aes-xts-plain64 log_opt_values /usr/lib/python3/dist-packages/oslo_config/cfg.py:2609
2026-03-12 00:39:42.506 138619 DEBUG oslo_service.service [req-2acb1ac6-be2e-4d56-848c-b21a2f00ded4 - - - - -] ephemeral_storage_encryption.enabled = False log_opt_values /usr/lib/python3/dist-packages/oslo_config/cfg.py:2609
2026-03-12 00:39:42.506 138619 DEBUG oslo_service.service [req-2acb1ac6-be2e-4d56-848c-b21a2f00ded4 - - - - -] ephemeral_storage_encryption.key_size = 512 log_opt_values /usr/lib/python3/dist-packages/oslo_config/cfg.py:2609
2026-03-12 00:39:42.507 138619 WARNING oslo_config.cfg [req-2acb1ac6-be2e-4d56-848c-b21a2f00ded4 - - - - -] Deprecated: Option "api_servers" from group "glance" is deprecated for removal ( Support for image service configuration via standard keystoneauth1 Adapter options was added in the 17.0.0 Queens release. The api_servers option was retained temporarily to allow consumers time to cut over to a real load balancing solution. ). Its value may be silently ignored in the future.
2026-03-12 00:39:42.507 138619 DEBUG oslo_service.service [req-2acb1ac6-be2e-4d56-848c-b21a2f00ded4 - - - - -] glance.api_servers = ['http://252.41.169.165:9292'] log_opt_values /usr/lib/python3/dist-packages/oslo_config/cfg.py:2609
2026-03-12 00:39:42.507 138619 DEBUG oslo_service.service [req-2acb1ac6-be2e-4d56-848c-b21a2f00ded4 - - - - -] glance.cafile = None log_opt_values /usr/lib/python3/dist-packages/oslo_config/cfg.py:2609
2026-03-12 00:39:42.507 138619 DEBUG oslo_service.service [req-2acb1ac6-be2e-4d56-848c-b21a2f00ded4 - - - - -] glance.certfile = None log_opt_values /usr/lib/python3/dist-packages/oslo_config/cfg.py:2609
2026-03-12 00:39:42.508 138619 DEBUG oslo_service.service [req-2acb1ac6-be2e-4d56-848c-b21a2f00ded4 - - - - -] glance.collect_timing = False log_opt_values /usr/lib/python3/dist-packages/oslo_config/cfg.py:2609
2026-03-12 00:39:42.508 138619 DEBUG oslo_service.service [req-2acb1ac6-be2e-4d56-848c-b21a2f00ded4 - - - - -] glance.connect_retries = None log_opt_values /usr/lib/python3/dist-packages/oslo_config/cfg.py:2609
2026-03-12 00:39:42.508 138619 DEBUG oslo_service.service [req-2acb1ac6-be2e-4d56-848c-b21a2f00ded4 - - - - -] glance.connect_retry_delay = None log_opt_values /usr/lib/python3/dist-packages/oslo_config/cfg.py:2609
2026-03-12 00:39:42.508 138619 DEBUG oslo_service.service [req-2acb1ac6-be2e-4d56-848c-b21a2f00ded4 - - - - -] glance.debug = False log_opt_values /usr/lib/python3/dist-packages/oslo_config/cfg.py:2609
2026-03-12 00:39:42.508 138619 DEBUG oslo_service.service [req-2acb1ac6-be2e-4d56-848c-b21a2f00ded4 - - - - -] glance.default_trusted_certificate_ids = [] log_opt_values /usr/lib/python3/dist-packages/oslo_config/cfg.py:2609
2026-03-12 00:39:42.509 138619 DEBUG oslo_service.service [req-2acb1ac6-be2e-4d56-848c-b21a2f00ded4 - - - - -] glance.enable_certificate_validation = False log_opt_values /usr/lib/python3/dist-packages/oslo_config/cfg.py:2609
2026-03-12 00:39:42.509 138619 DEBUG oslo_service.service [req-2acb1ac6-be2e-4d56-848c-b21a2f00ded4 - - - - -] glance.enable_rbd_download = False log_opt_values /usr/lib/python3/dist-packages/oslo_config/cfg.py:2609
2026-03-12 00:39:42.509 138619 DEBUG oslo_service.service [req-2acb1ac6-be2e-4d56-848c-b21a2f00ded4 - - - - -] glance.endpoint_override = None log_opt_values /usr/lib/python3/dist-packages/oslo_config/cfg.py:2609
2026-03-12 00:39:42.509 138619 DEBUG oslo_service.service [req-2acb1ac6-be2e-4d56-848c-b21a2f00ded4 - - - - -] glance.insecure = False log_opt_values /usr/lib/python3/dist-packages/oslo_config/cfg.py:2609
2026-03-12 00:39:42.509 138619 DEBUG oslo_service.service [req-2acb1ac6-be2e-4d56-848c-b21a2f00ded4 - - - - -] glance.keyfile = None log_opt_values /usr/lib/python3/dist-packages/oslo_config/cfg.py:2609
2026-03-12 00:39:42.510 138619 DEBUG oslo_service.service [req-2acb1ac6-be2e-4d56-848c-b21a2f00ded4 - - - - -] glance.max_version = None log_opt_values /usr/lib/python3/dist-packages/oslo_config/cfg.py:2609
2026-03-12 00:39:42.510 138619 DEBUG oslo_service.service [req-2acb1ac6-be2e-4d56-848c-b21a2f00ded4 - - - - -] glance.min_version = None log_opt_values /usr/lib/python3/dist-packages/oslo_config/cfg.py:2609
2026-03-12 00:39:42.510 138619 DEBUG oslo_service.service [req-2acb1ac6-be2e-4d56-848c-b21a2f00ded4 - - - - -] glance.num_retries = 3 log_opt_values /usr/lib/python3/dist-packages/oslo_config/cfg.py:2609
2026-03-12 00:39:42.510 138619 DEBUG oslo_service.service [req-2acb1ac6-be2e-4d56-848c-b21a2f00ded4 - - - - -] glance.rbd_ceph_conf = log_opt_values /usr/lib/python3/dist-packages/oslo_config/cfg.py:2609
2026-03-12 00:39:42.510 138619 DEBUG oslo_service.service [req-2acb1ac6-be2e-4d56-848c-b21a2f00ded4 - - - - -] glance.rbd_connect_timeout = 5 log_opt_values /usr/lib/python3/dist-packages/oslo_config/cfg.py:2609
2026-03-12 00:39:42.511 138619 DEBUG oslo_service.service [req-2acb1ac6-be2e-4d56-848c-b21a2f00ded4 - - - - -] glance.rbd_pool = log_opt_values /usr/lib/python3/dist-packages/oslo_config/cfg.py:2609
2026-03-12 00:39:42.511 138619 DEBUG oslo_service.service [req-2acb1ac6-be2e-4d56-848c-b21a2f00ded4 - - - - -] glance.rbd_user = log_opt_values /usr/lib/python3/dist-packages/oslo_config/cfg.py:2609
2026-03-12 00:39:42.511 138619 DEBUG oslo_service.service [req-2acb1ac6-be2e-4d56-848c-b21a2f00ded4 - - - - -] glance.region_name = None log_opt_values /usr/lib/python3/dist-packages/oslo_config/cfg.py:2609
2026-03-12 00:39:42.511 138619 DEBUG oslo_service.service [req-2acb1ac6-be2e-4d56-848c-b21a2f00ded4 - - - - -] glance.service_name = None log_opt_values /usr/lib/python3/dist-packages/oslo_config/cfg.py:2609
2026-03-12 00:39:42.511 138619 DEBUG oslo_service.service [req-2acb1ac6-be2e-4d56-848c-b21a2f00ded4 - - - - -] glance.service_type = image log_opt_values /usr/lib/python3/dist-packages/oslo_config/cfg.py:2609
2026-03-12 00:39:42.512 138619 DEBUG oslo_service.service [req-2acb1ac6-be2e-4d56-848c-b21a2f00ded4 - - - - -] glance.split_loggers = False log_opt_values /usr/lib/python3/dist-packages/oslo_config/cfg.py:2609
2026-03-12 00:39:42.512 138619 DEBUG oslo_service.service [req-2acb1ac6-be2e-4d56-848c-b21a2f00ded4 - - - - -] glance.status_code_retries = None log_opt_values /usr/lib/python3/dist-packages/oslo_config/cfg.py:2609
2026-03-12 00:39:42.512 138619 DEBUG oslo_service.service [req-2acb1ac6-be2e-4d56-848c-b21a2f00ded4 - - - - -] glance.status_code_retry_delay = None log_opt_values /usr/lib/python3/dist-packages/oslo_config/cfg.py:2609
2026-03-12 00:39:42.512 138619 DEBUG oslo_service.service [req-2acb1ac6-be2e-4d56-848c-b21a2f00ded4 - - - - -] glance.timeout = None log_opt_values /usr/lib/python3/dist-packages/oslo_config/cfg.py:2609
2026-03-12 00:39:42.513 138619 DEBUG oslo_service.service [req-2acb1ac6-be2e-4d56-848c-b21a2f00ded4 - - - - -] glance.valid_interfaces = ['internal', 'public'] log_opt_values /usr/lib/python3/dist-packages/oslo_config/cfg.py:2609
2026-03-12 00:39:42.513 138619 DEBUG oslo_service.service [req-2acb1ac6-be2e-4d56-848c-b21a2f00ded4 - - - - -] glance.verify_glance_signatures = False log_opt_values /usr/lib/python3/dist-packages/oslo_config/cfg.py:2609
2026-03-12 00:39:42.513 138619 DEBUG oslo_service.service [req-2acb1ac6-be2e-4d56-848c-b21a2f00ded4 - - - - -] glance.version = None log_opt_values /usr/lib/python3/dist-packages/oslo_config/cfg.py:2609
2026-03-12 00:39:42.513 138619 DEBUG oslo_service.service [req-2acb1ac6-be2e-4d56-848c-b21a2f00ded4 - - - - -] guestfs.debug = False log_opt_values /usr/lib/python3/dist-packages/oslo_config/cfg.py:2609
2026-03-12 00:39:42.513 138619 DEBUG oslo_service.service [req-2acb1ac6-be2e-4d56-848c-b21a2f00ded4 - - - - -] hyperv.config_drive_cdrom = False log_opt_values /usr/lib/python3/dist-packages/oslo_config/cfg.py:2609
2026-03-12 00:39:42.514 138619 DEBUG oslo_service.service [req-2acb1ac6-be2e-4d56-848c-b21a2f00ded4 - - - - -] hyperv.config_drive_inject_password = False log_opt_values /usr/lib/python3/dist-packages/oslo_config/cfg.py:2609
2026-03-12 00:39:42.514 138619 DEBUG oslo_service.service [req-2acb1ac6-be2e-4d56-848c-b21a2f00ded4 - - - - -] hyperv.dynamic_memory_ratio = 1.0 log_opt_values /usr/lib/python3/dist-packages/oslo_config/cfg.py:2609
2026-03-12 00:39:42.514 138619 DEBUG oslo_service.service [req-2acb1ac6-be2e-4d56-848c-b21a2f00ded4 - - - - -] hyperv.enable_instance_metrics_collection = False log_opt_values /usr/lib/python3/dist-packages/oslo_config/cfg.py:2609
2026-03-12 00:39:42.515 138619 DEBUG oslo_service.service [req-2acb1ac6-be2e-4d56-848c-b21a2f00ded4 - - - - -] hyperv.enable_remotefx = False log_opt_values /usr/lib/python3/dist-packages/oslo_config/cfg.py:2609
2026-03-12 00:39:42.515 138619 DEBUG oslo_service.service [req-2acb1ac6-be2e-4d56-848c-b21a2f00ded4 - - - - -] hyperv.instances_path_share = log_opt_values /usr/lib/python3/dist-packages/oslo_config/cfg.py:2609
2026-03-12 00:39:42.515 138619 DEBUG oslo_service.service [req-2acb1ac6-be2e-4d56-848c-b21a2f00ded4 - - - - -] hyperv.iscsi_initiator_list = [] log_opt_values /usr/lib/python3/dist-packages/oslo_config/cfg.py:2609
2026-03-12 00:39:42.515 138619 DEBUG oslo_service.service [req-2acb1ac6-be2e-4d56-848c-b21a2f00ded4 - - - - -] hyperv.limit_cpu_features = False log_opt_values /usr/lib/python3/dist-packages/oslo_config/cfg.py:2609
2026-03-12 00:39:42.516 138619 DEBUG oslo_service.service [req-2acb1ac6-be2e-4d56-848c-b21a2f00ded4 - - - - -] hyperv.mounted_disk_query_retry_count = 10 log_opt_values /usr/lib/python3/dist-packages/oslo_config/cfg.py:2609
2026-03-12 00:39:42.516 138619 DEBUG oslo_service.service [req-2acb1ac6-be2e-4d56-848c-b21a2f00ded4 - - - - -] hyperv.mounted_disk_query_retry_interval = 5 log_opt_values /usr/lib/python3/dist-packages/oslo_config/cfg.py:2609
2026-03-12 00:39:42.516 138619 DEBUG oslo_service.service [req-2acb1ac6-be2e-4d56-848c-b21a2f00ded4 - - - - -] hyperv.power_state_check_timeframe = 60 log_opt_values /usr/lib/python3/dist-packages/oslo_config/cfg.py:2609
2026-03-12 00:39:42.516 138619 DEBUG oslo_service.service [req-2acb1ac6-be2e-4d56-848c-b21a2f00ded4 - - - - -] hyperv.power_state_event_polling_interval = 2 log_opt_values /usr/lib/python3/dist-packages/oslo_config/cfg.py:2609
2026-03-12 00:39:42.516 138619 DEBUG oslo_service.service [req-2acb1ac6-be2e-4d56-848c-b21a2f00ded4 - - - - -] hyperv.qemu_img_cmd = qemu-img.exe log_opt_values /usr/lib/python3/dist-packages/oslo_config/cfg.py:2609
2026-03-12 00:39:42.517 138619 DEBUG oslo_service.service [req-2acb1ac6-be2e-4d56-848c-b21a2f00ded4 - - - - -] hyperv.use_multipath_io = False log_opt_values /usr/lib/python3/dist-packages/oslo_config/cfg.py:2609
2026-03-12 00:39:42.517 138619 DEBUG oslo_service.service [req-2acb1ac6-be2e-4d56-848c-b21a2f00ded4 - - - - -] hyperv.volume_attach_retry_count = 10 log_opt_values /usr/lib/python3/dist-packages/oslo_config/cfg.py:2609
2026-03-12 00:39:42.517 138619 DEBUG oslo_service.service [req-2acb1ac6-be2e-4d56-848c-b21a2f00ded4 - - - - -] hyperv.volume_attach_retry_interval = 5 log_opt_values /usr/lib/python3/dist-packages/oslo_config/cfg.py:2609
2026-03-12 00:39:42.517 138619 DEBUG oslo_service.service [req-2acb1ac6-be2e-4d56-848c-b21a2f00ded4 - - - - -] hyperv.vswitch_name = None log_opt_values /usr/lib/python3/dist-packages/oslo_config/cfg.py:2609
2026-03-12 00:39:42.517 138619 DEBUG oslo_service.service [req-2acb1ac6-be2e-4d56-848c-b21a2f00ded4 - - - - -] hyperv.wait_soft_reboot_seconds = 60 log_opt_values /usr/lib/python3/dist-packages/oslo_config/cfg.py:2609
2026-03-12 00:39:42.517 138619 DEBUG oslo_service.service [req-2acb1ac6-be2e-4d56-848c-b21a2f00ded4 - - - - -] mks.enabled = False log_opt_values /usr/lib/python3/dist-packages/oslo_config/cfg.py:2609
2026-03-12 00:39:42.518 138619 DEBUG oslo_service.service [req-2acb1ac6-be2e-4d56-848c-b21a2f00ded4 - - - - -] mks.mksproxy_base_url = http://127.0.0.1:6090/ log_opt_values /usr/lib/python3/dist-packages/oslo_config/cfg.py:2609
2026-03-12 00:39:42.518 138619 DEBUG oslo_service.service [req-2acb1ac6-be2e-4d56-848c-b21a2f00ded4 - - - - -] image_cache.manager_interval = 2400 log_opt_values /usr/lib/python3/dist-packages/oslo_config/cfg.py:2609
2026-03-12 00:39:42.518 138619 DEBUG oslo_service.service [req-2acb1ac6-be2e-4d56-848c-b21a2f00ded4 - - - - -] image_cache.precache_concurrency = 1 log_opt_values /usr/lib/python3/dist-packages/oslo_config/cfg.py:2609
2026-03-12 00:39:42.519 138619 DEBUG oslo_service.service [req-2acb1ac6-be2e-4d56-848c-b21a2f00ded4 - - - - -] image_cache.remove_unused_base_images = True log_opt_values /usr/lib/python3/dist-packages/oslo_config/cfg.py:2609
2026-03-12 00:39:42.519 138619 DEBUG oslo_service.service [req-2acb1ac6-be2e-4d56-848c-b21a2f00ded4 - - - - -] image_cache.remove_unused_original_minimum_age_seconds = 86400 log_opt_values /usr/lib/python3/dist-packages/oslo_config/cfg.py:2609
2026-03-12 00:39:42.519 138619 DEBUG oslo_service.service [req-2acb1ac6-be2e-4d56-848c-b21a2f00ded4 - - - - -] image_cache.remove_unused_resized_minimum_age_seconds = 3600 log_opt_values /usr/lib/python3/dist-packages/oslo_config/cfg.py:2609
2026-03-12 00:39:42.519 138619 DEBUG oslo_service.service [req-2acb1ac6-be2e-4d56-848c-b21a2f00ded4 - - - - -] image_cache.subdirectory_name = _base log_opt_values /usr/lib/python3/dist-packages/oslo_config/cfg.py:2609
2026-03-12 00:39:42.520 138619 DEBUG oslo_service.service [req-2acb1ac6-be2e-4d56-848c-b21a2f00ded4 - - - - -] ironic.api_max_retries = 60 log_opt_values /usr/lib/python3/dist-packages/oslo_config/cfg.py:2609
2026-03-12 00:39:42.520 138619 DEBUG oslo_service.service [req-2acb1ac6-be2e-4d56-848c-b21a2f00ded4 - - - - -] ironic.api_retry_interval = 2 log_opt_values /usr/lib/python3/dist-packages/oslo_config/cfg.py:2609
2026-03-12 00:39:42.520 138619 DEBUG oslo_service.service [req-2acb1ac6-be2e-4d56-848c-b21a2f00ded4 - - - - -] ironic.auth_section = None log_opt_values /usr/lib/python3/dist-packages/oslo_config/cfg.py:2609
2026-03-12 00:39:42.520 138619 DEBUG oslo_service.service [req-2acb1ac6-be2e-4d56-848c-b21a2f00ded4 - - - - -] ironic.auth_type = None log_opt_values /usr/lib/python3/dist-packages/oslo_config/cfg.py:2609
2026-03-12 00:39:42.520 138619 DEBUG oslo_service.service [req-2acb1ac6-be2e-4d56-848c-b21a2f00ded4 - - - - -] ironic.cafile = None log_opt_values /usr/lib/python3/dist-packages/oslo_config/cfg.py:2609
2026-03-12 00:39:42.520 138619 DEBUG oslo_service.service [req-2acb1ac6-be2e-4d56-848c-b21a2f00ded4 - - - - -] ironic.certfile = None log_opt_values /usr/lib/python3/dist-packages/oslo_config/cfg.py:2609
2026-03-12 00:39:42.521 138619 DEBUG oslo_service.service [req-2acb1ac6-be2e-4d56-848c-b21a2f00ded4 - - - - -] ironic.collect_timing = False log_opt_values /usr/lib/python3/dist-packages/oslo_config/cfg.py:2609
2026-03-12 00:39:42.521 138619 DEBUG oslo_service.service [req-2acb1ac6-be2e-4d56-848c-b21a2f00ded4 - - - - -] ironic.connect_retries = None log_opt_values /usr/lib/python3/dist-packages/oslo_config/cfg.py:2609
2026-03-12 00:39:42.521 138619 DEBUG oslo_service.service [req-2acb1ac6-be2e-4d56-848c-b21a2f00ded4 - - - - -] ironic.connect_retry_delay = None log_opt_values /usr/lib/python3/dist-packages/oslo_config/cfg.py:2609
2026-03-12 00:39:42.521 138619 DEBUG oslo_service.service [req-2acb1ac6-be2e-4d56-848c-b21a2f00ded4 - - - - -] ironic.endpoint_override = None log_opt_values /usr/lib/python3/dist-packages/oslo_config/cfg.py:2609
2026-03-12 00:39:42.521 138619 DEBUG oslo_service.service [req-2acb1ac6-be2e-4d56-848c-b21a2f00ded4 - - - - -] ironic.insecure = False log_opt_values /usr/lib/python3/dist-packages/oslo_config/cfg.py:2609
2026-03-12 00:39:42.521 138619 DEBUG oslo_service.service [req-2acb1ac6-be2e-4d56-848c-b21a2f00ded4 - - - - -] ironic.keyfile = None log_opt_values /usr/lib/python3/dist-packages/oslo_config/cfg.py:2609
2026-03-12 00:39:42.522 138619 DEBUG oslo_service.service [req-2acb1ac6-be2e-4d56-848c-b21a2f00ded4 - - - - -] ironic.max_version = None log_opt_values /usr/lib/python3/dist-packages/oslo_config/cfg.py:2609
2026-03-12 00:39:42.522 138619 DEBUG oslo_service.service [req-2acb1ac6-be2e-4d56-848c-b21a2f00ded4 - - - - -] ironic.min_version = None log_opt_values /usr/lib/python3/dist-packages/oslo_config/cfg.py:2609
2026-03-12 00:39:42.522 138619 DEBUG oslo_service.service [req-2acb1ac6-be2e-4d56-848c-b21a2f00ded4 - - - - -] ironic.partition_key = None log_opt_values /usr/lib/python3/dist-packages/oslo_config/cfg.py:2609
2026-03-12 00:39:42.522 138619 DEBUG oslo_service.service [req-2acb1ac6-be2e-4d56-848c-b21a2f00ded4 - - - - -] ironic.peer_list = [] log_opt_values /usr/lib/python3/dist-packages/oslo_config/cfg.py:2609
2026-03-12 00:39:42.522 138619 DEBUG oslo_service.service [req-2acb1ac6-be2e-4d56-848c-b21a2f00ded4 - - - - -] ironic.region_name = None log_opt_values /usr/lib/python3/dist-packages/oslo_config/cfg.py:2609
2026-03-12 00:39:42.522 138619 DEBUG oslo_service.service [req-2acb1ac6-be2e-4d56-848c-b21a2f00ded4 - - - - -] ironic.serial_console_state_timeout = 10 log_opt_values /usr/lib/python3/dist-packages/oslo_config/cfg.py:2609
2026-03-12 00:39:42.523 138619 DEBUG oslo_service.service [req-2acb1ac6-be2e-4d56-848c-b21a2f00ded4 - - - - -] ironic.service_name = None log_opt_values /usr/lib/python3/dist-packages/oslo_config/cfg.py:2609
2026-03-12 00:39:42.523 138619 DEBUG oslo_service.service [req-2acb1ac6-be2e-4d56-848c-b21a2f00ded4 - - - - -] ironic.service_type = baremetal log_opt_values /usr/lib/python3/dist-packages/oslo_config/cfg.py:2609
