2026-03-12 01:36:54.840 63300 DEBUG oslo_service.service [-] oslo_messaging_metrics.metrics_process_name = log_opt_values /usr/lib/python3/dist-packages/oslo_config/cfg.py:2609
2026-03-12 01:36:54.840 63300 DEBUG oslo_service.service [-] oslo_messaging_metrics.metrics_socket_file = /var/tmp/metrics_collector.sock log_opt_values /usr/lib/python3/dist-packages/oslo_config/cfg.py:2609
2026-03-12 01:36:54.840 63300 DEBUG oslo_service.service [-] oslo_messaging_metrics.metrics_thread_stop_timeout = 10 log_opt_values /usr/lib/python3/dist-packages/oslo_config/cfg.py:2609
2026-03-12 01:36:54.840 63300 DEBUG oslo_service.service [-] oslo_policy.enforce_new_defaults = False log_opt_values /usr/lib/python3/dist-packages/oslo_config/cfg.py:2609
2026-03-12 01:36:54.840 63300 DEBUG oslo_service.service [-] oslo_policy.enforce_scope = False log_opt_values /usr/lib/python3/dist-packages/oslo_config/cfg.py:2609
2026-03-12 01:36:54.841 63300 DEBUG oslo_service.service [-] oslo_policy.policy_default_rule = default log_opt_values /usr/lib/python3/dist-packages/oslo_config/cfg.py:2609
2026-03-12 01:36:54.841 63300 DEBUG oslo_service.service [-] oslo_policy.policy_dirs = ['policy.d'] log_opt_values /usr/lib/python3/dist-packages/oslo_config/cfg.py:2609
2026-03-12 01:36:54.841 63300 DEBUG oslo_service.service [-] oslo_policy.policy_file = policy.yaml log_opt_values /usr/lib/python3/dist-packages/oslo_config/cfg.py:2609
2026-03-12 01:36:54.841 63300 DEBUG oslo_service.service [-] oslo_policy.remote_content_type = application/x-www-form-urlencoded log_opt_values /usr/lib/python3/dist-packages/oslo_config/cfg.py:2609
2026-03-12 01:36:54.841 63300 DEBUG oslo_service.service [-] oslo_policy.remote_ssl_ca_crt_file = None log_opt_values /usr/lib/python3/dist-packages/oslo_config/cfg.py:2609
2026-03-12 01:36:54.841 63300 DEBUG oslo_service.service [-] oslo_policy.remote_ssl_client_crt_file = None log_opt_values /usr/lib/python3/dist-packages/oslo_config/cfg.py:2609
2026-03-12 01:36:54.841 63300 DEBUG oslo_service.service [-] oslo_policy.remote_ssl_client_key_file = None log_opt_values /usr/lib/python3/dist-packages/oslo_config/cfg.py:2609
2026-03-12 01:36:54.842 63300 DEBUG oslo_service.service [-] oslo_policy.remote_ssl_verify_server_crt = False log_opt_values /usr/lib/python3/dist-packages/oslo_config/cfg.py:2609
2026-03-12 01:36:54.842 63300 DEBUG oslo_service.service [-] trustee.auth_section = None log_opt_values /usr/lib/python3/dist-packages/oslo_config/cfg.py:2609
2026-03-12 01:36:54.842 63300 WARNING oslo_config.cfg [-] Deprecated: Option "auth_plugin" from group "trustee" is deprecated. Use option "auth_type" from group "trustee".
2026-03-12 01:36:54.842 63300 DEBUG oslo_service.service [-] trustee.auth_type = password log_opt_values /usr/lib/python3/dist-packages/oslo_config/cfg.py:2609
2026-03-12 01:36:54.842 63300 DEBUG oslo_service.service [-] oslo_versionedobjects.fatal_exception_format_errors = False log_opt_values /usr/lib/python3/dist-packages/oslo_config/cfg.py:2609
2026-03-12 01:36:54.842 63300 DEBUG oslo_service.service [-] oslo_messaging_rabbit.amqp_auto_delete = False log_opt_values /usr/lib/python3/dist-packages/oslo_config/cfg.py:2609
2026-03-12 01:36:54.843 63300 DEBUG oslo_service.service [-] oslo_messaging_rabbit.amqp_durable_queues = False log_opt_values /usr/lib/python3/dist-packages/oslo_config/cfg.py:2609
2026-03-12 01:36:54.843 63300 DEBUG oslo_service.service [-] oslo_messaging_rabbit.conn_pool_min_size = 2 log_opt_values /usr/lib/python3/dist-packages/oslo_config/cfg.py:2609
2026-03-12 01:36:54.843 63300 DEBUG oslo_service.service [-] oslo_messaging_rabbit.conn_pool_ttl = 1200 log_opt_values /usr/lib/python3/dist-packages/oslo_config/cfg.py:2609
2026-03-12 01:36:54.843 63300 DEBUG oslo_service.service [-] oslo_messaging_rabbit.direct_mandatory_flag = True log_opt_values /usr/lib/python3/dist-packages/oslo_config/cfg.py:2609
2026-03-12 01:36:54.843 63300 DEBUG oslo_service.service [-] oslo_messaging_rabbit.enable_cancel_on_failover = False log_opt_values /usr/lib/python3/dist-packages/oslo_config/cfg.py:2609
2026-03-12 01:36:54.843 63300 DEBUG oslo_service.service [-] oslo_messaging_rabbit.heartbeat_in_pthread = False log_opt_values /usr/lib/python3/dist-packages/oslo_config/cfg.py:2609
2026-03-12 01:36:54.843 63300 DEBUG oslo_service.service [-] oslo_messaging_rabbit.heartbeat_rate = 2 log_opt_values /usr/lib/python3/dist-packages/oslo_config/cfg.py:2609
2026-03-12 01:36:54.843 63300 DEBUG oslo_service.service [-] oslo_messaging_rabbit.heartbeat_timeout_threshold = 60 log_opt_values /usr/lib/python3/dist-packages/oslo_config/cfg.py:2609
2026-03-12 01:36:54.844 63300 DEBUG oslo_service.service [-] oslo_messaging_rabbit.kombu_compression = None log_opt_values /usr/lib/python3/dist-packages/oslo_config/cfg.py:2609
2026-03-12 01:36:54.844 63300 DEBUG oslo_service.service [-] oslo_messaging_rabbit.kombu_failover_strategy = round-robin log_opt_values /usr/lib/python3/dist-packages/oslo_config/cfg.py:2609
2026-03-12 01:36:54.844 63300 DEBUG oslo_service.service [-] oslo_messaging_rabbit.kombu_missing_consumer_retry_timeout = 60 log_opt_values /usr/lib/python3/dist-packages/oslo_config/cfg.py:2609
2026-03-12 01:36:54.844 63300 DEBUG oslo_service.service [-] oslo_messaging_rabbit.kombu_reconnect_delay = 1.0 log_opt_values /usr/lib/python3/dist-packages/oslo_config/cfg.py:2609
2026-03-12 01:36:54.844 63300 DEBUG oslo_service.service [-] oslo_messaging_rabbit.rabbit_ha_queues = False log_opt_values /usr/lib/python3/dist-packages/oslo_config/cfg.py:2609
2026-03-12 01:36:54.844 63300 DEBUG oslo_service.service [-] oslo_messaging_rabbit.rabbit_interval_max = 30 log_opt_values /usr/lib/python3/dist-packages/oslo_config/cfg.py:2609
2026-03-12 01:36:54.844 63300 DEBUG oslo_service.service [-] oslo_messaging_rabbit.rabbit_login_method = AMQPLAIN log_opt_values /usr/lib/python3/dist-packages/oslo_config/cfg.py:2609
2026-03-12 01:36:54.844 63300 DEBUG oslo_service.service [-] oslo_messaging_rabbit.rabbit_qos_prefetch_count = 0 log_opt_values /usr/lib/python3/dist-packages/oslo_config/cfg.py:2609
2026-03-12 01:36:54.845 63300 DEBUG oslo_service.service [-] oslo_messaging_rabbit.rabbit_quorum_queue = False log_opt_values /usr/lib/python3/dist-packages/oslo_config/cfg.py:2609
2026-03-12 01:36:54.845 63300 DEBUG oslo_service.service [-] oslo_messaging_rabbit.rabbit_retry_backoff = 2 log_opt_values /usr/lib/python3/dist-packages/oslo_config/cfg.py:2609
2026-03-12 01:36:54.845 63300 DEBUG oslo_service.service [-] oslo_messaging_rabbit.rabbit_retry_interval = 1 log_opt_values /usr/lib/python3/dist-packages/oslo_config/cfg.py:2609
2026-03-12 01:36:54.845 63300 DEBUG oslo_service.service [-] oslo_messaging_rabbit.rabbit_transient_queues_ttl = 1800 log_opt_values /usr/lib/python3/dist-packages/oslo_config/cfg.py:2609
2026-03-12 01:36:54.845 63300 DEBUG oslo_service.service [-] oslo_messaging_rabbit.rpc_conn_pool_size = 30 log_opt_values /usr/lib/python3/dist-packages/oslo_config/cfg.py:2609
2026-03-12 01:36:54.845 63300 DEBUG oslo_service.service [-] oslo_messaging_rabbit.ssl = False log_opt_values /usr/lib/python3/dist-packages/oslo_config/cfg.py:2609
2026-03-12 01:36:54.845 63300 DEBUG oslo_service.service [-] oslo_messaging_rabbit.ssl_ca_file = log_opt_values /usr/lib/python3/dist-packages/oslo_config/cfg.py:2609
2026-03-12 01:36:54.845 63300 DEBUG oslo_service.service [-] oslo_messaging_rabbit.ssl_cert_file = log_opt_values /usr/lib/python3/dist-packages/oslo_config/cfg.py:2609
2026-03-12 01:36:54.845 63300 DEBUG oslo_service.service [-] oslo_messaging_rabbit.ssl_key_file = log_opt_values /usr/lib/python3/dist-packages/oslo_config/cfg.py:2609
2026-03-12 01:36:54.846 63300 DEBUG oslo_service.service [-] oslo_messaging_rabbit.ssl_version = log_opt_values /usr/lib/python3/dist-packages/oslo_config/cfg.py:2609
2026-03-12 01:36:54.846 63300 DEBUG oslo_service.service [-] oslo_messaging_notifications.driver = [] log_opt_values /usr/lib/python3/dist-packages/oslo_config/cfg.py:2609
2026-03-12 01:36:54.846 63300 DEBUG oslo_service.service [-] oslo_messaging_notifications.retry = -1 log_opt_values /usr/lib/python3/dist-packages/oslo_config/cfg.py:2609
2026-03-12 01:36:54.846 63300 DEBUG oslo_service.service [-] oslo_messaging_notifications.topics = ['notifications'] log_opt_values /usr/lib/python3/dist-packages/oslo_config/cfg.py:2609
2026-03-12 01:36:54.846 63300 DEBUG oslo_service.service [-] oslo_messaging_notifications.transport_url = **** log_opt_values /usr/lib/python3/dist-packages/oslo_config/cfg.py:2609
2026-03-12 01:36:54.846 63300 DEBUG oslo_service.service [-] cache.backend = dogpile.cache.null log_opt_values /usr/lib/python3/dist-packages/oslo_config/cfg.py:2609
2026-03-12 01:36:54.846 63300 DEBUG oslo_service.service [-] cache.backend_argument = **** log_opt_values /usr/lib/python3/dist-packages/oslo_config/cfg.py:2609
2026-03-12 01:36:54.846 63300 DEBUG oslo_service.service [-] cache.config_prefix = cache.oslo log_opt_values /usr/lib/python3/dist-packages/oslo_config/cfg.py:2609
2026-03-12 01:36:54.847 63300 DEBUG oslo_service.service [-] cache.debug_cache_backend = False log_opt_values /usr/lib/python3/dist-packages/oslo_config/cfg.py:2609
2026-03-12 01:36:54.847 63300 DEBUG oslo_service.service [-] cache.enabled = False log_opt_values /usr/lib/python3/dist-packages/oslo_config/cfg.py:2609
2026-03-12 01:36:54.847 63300 DEBUG oslo_service.service [-] cache.expiration_time = 600 log_opt_values /usr/lib/python3/dist-packages/oslo_config/cfg.py:2609
2026-03-12 01:36:54.847 63300 DEBUG oslo_service.service [-] cache.memcache_dead_retry = 300 log_opt_values /usr/lib/python3/dist-packages/oslo_config/cfg.py:2609
2026-03-12 01:36:54.847 63300 DEBUG oslo_service.service [-] cache.memcache_pool_connection_get_timeout = 10 log_opt_values /usr/lib/python3/dist-packages/oslo_config/cfg.py:2609
2026-03-12 01:36:54.847 63300 DEBUG oslo_service.service [-] cache.memcache_pool_flush_on_reconnect = False log_opt_values /usr/lib/python3/dist-packages/oslo_config/cfg.py:2609
2026-03-12 01:36:54.847 63300 DEBUG oslo_service.service [-] cache.memcache_pool_maxsize = 10 log_opt_values /usr/lib/python3/dist-packages/oslo_config/cfg.py:2609
2026-03-12 01:36:54.847 63300 DEBUG oslo_service.service [-] cache.memcache_pool_unused_timeout = 60 log_opt_values /usr/lib/python3/dist-packages/oslo_config/cfg.py:2609
2026-03-12 01:36:54.847 63300 DEBUG oslo_service.service [-] cache.memcache_servers = ['localhost:11211'] log_opt_values /usr/lib/python3/dist-packages/oslo_config/cfg.py:2609
2026-03-12 01:36:54.848 63300 DEBUG oslo_service.service [-] cache.memcache_socket_timeout = 1.0 log_opt_values /usr/lib/python3/dist-packages/oslo_config/cfg.py:2609
2026-03-12 01:36:54.848 63300 DEBUG oslo_service.service [-] cache.proxies = [] log_opt_values /usr/lib/python3/dist-packages/oslo_config/cfg.py:2609
2026-03-12 01:36:54.848 63300 DEBUG oslo_service.service [-] cache.tls_allowed_ciphers = None log_opt_values /usr/lib/python3/dist-packages/oslo_config/cfg.py:2609
2026-03-12 01:36:54.848 63300 DEBUG oslo_service.service [-] cache.tls_cafile = None log_opt_values /usr/lib/python3/dist-packages/oslo_config/cfg.py:2609
2026-03-12 01:36:54.847 63529 INFO heat.engine.worker [-] Starting engine_worker (1.4) in engine 6606c92d-ae28-4d58-841c-0516343ff1ad.
2026-03-12 01:36:54.849 63300 DEBUG oslo_service.service [-] cache.tls_certfile = None log_opt_values /usr/lib/python3/dist-packages/oslo_config/cfg.py:2609
2026-03-12 01:36:54.849 63300 DEBUG oslo_service.service [-] cache.tls_enabled = False log_opt_values /usr/lib/python3/dist-packages/oslo_config/cfg.py:2609
2026-03-12 01:36:54.849 63300 DEBUG oslo_service.service [-] cache.tls_keyfile = None log_opt_values /usr/lib/python3/dist-packages/oslo_config/cfg.py:2609
2026-03-12 01:36:54.849 63300 DEBUG oslo_service.service [-] constraint_validation_cache.caching = True log_opt_values /usr/lib/python3/dist-packages/oslo_config/cfg.py:2609
2026-03-12 01:36:54.849 63300 DEBUG oslo_service.service [-] constraint_validation_cache.expiration_time = 60 log_opt_values /usr/lib/python3/dist-packages/oslo_config/cfg.py:2609
2026-03-12 01:36:54.849 63300 DEBUG oslo_service.service [-] service_extension_cache.caching = True log_opt_values /usr/lib/python3/dist-packages/oslo_config/cfg.py:2609
2026-03-12 01:36:54.849 63300 DEBUG oslo_service.service [-] service_extension_cache.expiration_time = 3600 log_opt_values /usr/lib/python3/dist-packages/oslo_config/cfg.py:2609
2026-03-12 01:36:54.850 63300 DEBUG oslo_service.service [-] resource_finder_cache.caching = True log_opt_values /usr/lib/python3/dist-packages/oslo_config/cfg.py:2609
2026-03-12 01:36:54.850 63300 DEBUG oslo_service.service [-] resource_finder_cache.expiration_time = 3600 log_opt_values /usr/lib/python3/dist-packages/oslo_config/cfg.py:2609
2026-03-12 01:36:54.850 63300 DEBUG oslo_service.service [-] yaql.limit_iterators = 200 log_opt_values /usr/lib/python3/dist-packages/oslo_config/cfg.py:2609
2026-03-12 01:36:54.850 63300 DEBUG oslo_service.service [-] yaql.memory_quota = 10000 log_opt_values /usr/lib/python3/dist-packages/oslo_config/cfg.py:2609
2026-03-12 01:36:54.850 63300 DEBUG oslo_service.service [-] ******************************************************************************** log_opt_values /usr/lib/python3/dist-packages/oslo_config/cfg.py:2613
2026-03-12 01:36:54.910 63528 DEBUG oslo_db.sqlalchemy.engines [req-abbaecef-3173-44f6-9f28-8f3ea7838274 - - - - -] MySQL server mode set to STRICT_TRANS_TABLES,STRICT_ALL_TABLES,NO_ZERO_IN_DATE,NO_ZERO_DATE,ERROR_FOR_DIVISION_BY_ZERO,TRADITIONAL,NO_ENGINE_SUBSTITUTION _check_effective_sql_mode /usr/lib/python3/dist-packages/oslo_db/sqlalchemy/engines.py:314
2026-03-12 01:36:54.914 63526 DEBUG oslo_db.sqlalchemy.engines [req-29bca6bb-03d7-449b-b2d7-9091f918ff82 - - - - -] MySQL server mode set to STRICT_TRANS_TABLES,STRICT_ALL_TABLES,NO_ZERO_IN_DATE,NO_ZERO_DATE,ERROR_FOR_DIVISION_BY_ZERO,TRADITIONAL,NO_ENGINE_SUBSTITUTION _check_effective_sql_mode /usr/lib/python3/dist-packages/oslo_db/sqlalchemy/engines.py:314
2026-03-12 01:36:54.918 63529 DEBUG oslo_db.sqlalchemy.engines [req-82f419c1-cc27-49e9-9cc5-b53a42ad9e59 - - - - -] MySQL server mode set to STRICT_TRANS_TABLES,STRICT_ALL_TABLES,NO_ZERO_IN_DATE,NO_ZERO_DATE,ERROR_FOR_DIVISION_BY_ZERO,TRADITIONAL,NO_ENGINE_SUBSTITUTION _check_effective_sql_mode /usr/lib/python3/dist-packages/oslo_db/sqlalchemy/engines.py:314
2026-03-12 01:36:54.922 63527 DEBUG oslo_db.sqlalchemy.engines [req-31f13d7b-ed1c-414f-87bc-dcb102dcd605 - - - - -] MySQL server mode set to STRICT_TRANS_TABLES,STRICT_ALL_TABLES,NO_ZERO_IN_DATE,NO_ZERO_DATE,ERROR_FOR_DIVISION_BY_ZERO,TRADITIONAL,NO_ENGINE_SUBSTITUTION _check_effective_sql_mode /usr/lib/python3/dist-packages/oslo_db/sqlalchemy/engines.py:314
2026-03-12 01:36:54.963 63528 DEBUG heat.engine.service [req-abbaecef-3173-44f6-9f28-8f3ea7838274 - - - - -] Service 034d9758-92a1-4bd3-9ad7-1638a2a2b799 was aborted service_manage_cleanup /usr/lib/python3/dist-packages/heat/engine/service.py:2391
2026-03-12 01:36:54.967 63526 DEBUG heat.engine.service [req-29bca6bb-03d7-449b-b2d7-9091f918ff82 - - - - -] Service 034d9758-92a1-4bd3-9ad7-1638a2a2b799 was aborted service_manage_cleanup /usr/lib/python3/dist-packages/heat/engine/service.py:2391
2026-03-12 01:36:54.968 63529 DEBUG heat.engine.service [req-82f419c1-cc27-49e9-9cc5-b53a42ad9e59 - - - - -] Service 034d9758-92a1-4bd3-9ad7-1638a2a2b799 was aborted service_manage_cleanup /usr/lib/python3/dist-packages/heat/engine/service.py:2391
2026-03-12 01:36:54.979 63527 DEBUG heat.engine.service [req-31f13d7b-ed1c-414f-87bc-dcb102dcd605 - - - - -] Service 034d9758-92a1-4bd3-9ad7-1638a2a2b799 was aborted service_manage_cleanup /usr/lib/python3/dist-packages/heat/engine/service.py:2391
2026-03-12 01:36:54.984 63528 DEBUG heat.engine.service [req-abbaecef-3173-44f6-9f28-8f3ea7838274 - - - - -] Service 0a084c78-529d-48a5-86c5-8813e2542adc was aborted service_manage_cleanup /usr/lib/python3/dist-packages/heat/engine/service.py:2391
2026-03-12 01:36:54.985 63526 DEBUG heat.engine.service [req-29bca6bb-03d7-449b-b2d7-9091f918ff82 - - - - -] Service 0a084c78-529d-48a5-86c5-8813e2542adc was aborted service_manage_cleanup /usr/lib/python3/dist-packages/heat/engine/service.py:2391
2026-03-12 01:36:54.988 63529 DEBUG heat.engine.service [req-82f419c1-cc27-49e9-9cc5-b53a42ad9e59 - - - - -] Service 0a084c78-529d-48a5-86c5-8813e2542adc was aborted service_manage_cleanup /usr/lib/python3/dist-packages/heat/engine/service.py:2391
2026-03-12 01:36:54.989 63527 DEBUG heat.engine.service [req-31f13d7b-ed1c-414f-87bc-dcb102dcd605 - - - - -] Service 0a084c78-529d-48a5-86c5-8813e2542adc was aborted service_manage_cleanup /usr/lib/python3/dist-packages/heat/engine/service.py:2391
2026-03-12 01:36:54.999 63528 DEBUG heat.engine.service [req-abbaecef-3173-44f6-9f28-8f3ea7838274 - - - - -] Service 1cb4def6-2a21-4580-8fbf-a07924b80fd8 was aborted service_manage_cleanup /usr/lib/python3/dist-packages/heat/engine/service.py:2391
2026-03-12 01:36:55.000 63526 DEBUG heat.engine.service [req-29bca6bb-03d7-449b-b2d7-9091f918ff82 - - - - -] Service 1cb4def6-2a21-4580-8fbf-a07924b80fd8 was aborted service_manage_cleanup /usr/lib/python3/dist-packages/heat/engine/service.py:2391
2026-03-12 01:36:55.001 63527 DEBUG heat.engine.service [req-31f13d7b-ed1c-414f-87bc-dcb102dcd605 - - - - -] Service 1cb4def6-2a21-4580-8fbf-a07924b80fd8 was aborted service_manage_cleanup /usr/lib/python3/dist-packages/heat/engine/service.py:2391
2026-03-12 01:36:55.008 63529 DEBUG heat.engine.service [req-82f419c1-cc27-49e9-9cc5-b53a42ad9e59 - - - - -] Service 1cb4def6-2a21-4580-8fbf-a07924b80fd8 was aborted service_manage_cleanup /usr/lib/python3/dist-packages/heat/engine/service.py:2391
2026-03-12 01:36:55.013 63527 DEBUG heat.engine.service [req-31f13d7b-ed1c-414f-87bc-dcb102dcd605 - - - - -] Service 37463607-cafe-4ea7-9006-6740907edfe9 was aborted service_manage_cleanup /usr/lib/python3/dist-packages/heat/engine/service.py:2391
2026-03-12 01:36:55.013 63526 DEBUG heat.engine.service [req-29bca6bb-03d7-449b-b2d7-9091f918ff82 - - - - -] Service 37463607-cafe-4ea7-9006-6740907edfe9 was aborted service_manage_cleanup /usr/lib/python3/dist-packages/heat/engine/service.py:2391
2026-03-12 01:36:55.014 63529 DEBUG heat.engine.service [req-82f419c1-cc27-49e9-9cc5-b53a42ad9e59 - - - - -] Service 37463607-cafe-4ea7-9006-6740907edfe9 was aborted service_manage_cleanup /usr/lib/python3/dist-packages/heat/engine/service.py:2391
2026-03-12 01:36:55.014 63528 DEBUG heat.engine.service [req-abbaecef-3173-44f6-9f28-8f3ea7838274 - - - - -] Service 37463607-cafe-4ea7-9006-6740907edfe9 was aborted service_manage_cleanup /usr/lib/python3/dist-packages/heat/engine/service.py:2391
2026-03-12 01:36:55.025 63527 DEBUG heat.engine.service [req-31f13d7b-ed1c-414f-87bc-dcb102dcd605 - - - - -] Service 63f47bed-9da5-4e09-a0ae-598fd2f383ed was aborted service_manage_cleanup /usr/lib/python3/dist-packages/heat/engine/service.py:2391
2026-03-12 01:36:55.025 63526 DEBUG heat.engine.service [req-29bca6bb-03d7-449b-b2d7-9091f918ff82 - - - - -] Service 63f47bed-9da5-4e09-a0ae-598fd2f383ed was aborted service_manage_cleanup /usr/lib/python3/dist-packages/heat/engine/service.py:2391
2026-03-12 01:36:55.027 63529 DEBUG heat.engine.service [req-82f419c1-cc27-49e9-9cc5-b53a42ad9e59 - - - - -] Service 63f47bed-9da5-4e09-a0ae-598fd2f383ed was aborted service_manage_cleanup /usr/lib/python3/dist-packages/heat/engine/service.py:2391
2026-03-12 01:36:55.028 63528 DEBUG heat.engine.service [req-abbaecef-3173-44f6-9f28-8f3ea7838274 - - - - -] Service 63f47bed-9da5-4e09-a0ae-598fd2f383ed was aborted service_manage_cleanup /usr/lib/python3/dist-packages/heat/engine/service.py:2391
2026-03-12 01:36:55.036 63527 DEBUG heat.engine.service [req-31f13d7b-ed1c-414f-87bc-dcb102dcd605 - - - - -] Service 67379218-71ec-4a84-8ec3-332090a5a1c9 was aborted service_manage_cleanup /usr/lib/python3/dist-packages/heat/engine/service.py:2391
2026-03-12 01:36:55.037 63526 DEBUG heat.engine.service [req-29bca6bb-03d7-449b-b2d7-9091f918ff82 - - - - -] Service 67379218-71ec-4a84-8ec3-332090a5a1c9 was aborted service_manage_cleanup /usr/lib/python3/dist-packages/heat/engine/service.py:2391
2026-03-12 01:36:55.038 63529 DEBUG heat.engine.service [req-82f419c1-cc27-49e9-9cc5-b53a42ad9e59 - - - - -] Service 67379218-71ec-4a84-8ec3-332090a5a1c9 was aborted service_manage_cleanup /usr/lib/python3/dist-packages/heat/engine/service.py:2391
2026-03-12 01:36:55.038 63528 DEBUG heat.engine.service [req-abbaecef-3173-44f6-9f28-8f3ea7838274 - - - - -] Service 67379218-71ec-4a84-8ec3-332090a5a1c9 was aborted service_manage_cleanup /usr/lib/python3/dist-packages/heat/engine/service.py:2391
2026-03-12 01:36:55.047 63527 DEBUG heat.engine.service [req-31f13d7b-ed1c-414f-87bc-dcb102dcd605 - - - - -] Service 70505972-85be-4b6c-b76e-758fbb0c8d71 was aborted service_manage_cleanup /usr/lib/python3/dist-packages/heat/engine/service.py:2391
2026-03-12 01:36:55.048 63526 DEBUG heat.engine.service [req-29bca6bb-03d7-449b-b2d7-9091f918ff82 - - - - -] Service 70505972-85be-4b6c-b76e-758fbb0c8d71 was aborted service_manage_cleanup /usr/lib/python3/dist-packages/heat/engine/service.py:2391
2026-03-12 01:36:55.049 63529 DEBUG heat.engine.service [req-82f419c1-cc27-49e9-9cc5-b53a42ad9e59 - - - - -] Service 70505972-85be-4b6c-b76e-758fbb0c8d71 was aborted service_manage_cleanup /usr/lib/python3/dist-packages/heat/engine/service.py:2391
2026-03-12 01:36:55.050 63528 DEBUG heat.engine.service [req-abbaecef-3173-44f6-9f28-8f3ea7838274 - - - - -] Service 70505972-85be-4b6c-b76e-758fbb0c8d71 was aborted service_manage_cleanup /usr/lib/python3/dist-packages/heat/engine/service.py:2391
2026-03-12 01:36:55.058 63527 DEBUG heat.engine.service [req-31f13d7b-ed1c-414f-87bc-dcb102dcd605 - - - - -] Service 894a9c2b-5a75-4a30-a7fe-8899c1958e81 was aborted service_manage_cleanup /usr/lib/python3/dist-packages/heat/engine/service.py:2391
2026-03-12 01:36:55.059 63526 DEBUG heat.engine.service [req-29bca6bb-03d7-449b-b2d7-9091f918ff82 - - - - -] Service 894a9c2b-5a75-4a30-a7fe-8899c1958e81 was aborted service_manage_cleanup /usr/lib/python3/dist-packages/heat/engine/service.py:2391
2026-03-12 01:36:55.059 63529 DEBUG heat.engine.service [req-82f419c1-cc27-49e9-9cc5-b53a42ad9e59 - - - - -] Service 894a9c2b-5a75-4a30-a7fe-8899c1958e81 was aborted service_manage_cleanup /usr/lib/python3/dist-packages/heat/engine/service.py:2391
2026-03-12 01:36:55.061 63528 DEBUG heat.engine.service [req-abbaecef-3173-44f6-9f28-8f3ea7838274 - - - - -] Service 894a9c2b-5a75-4a30-a7fe-8899c1958e81 was aborted service_manage_cleanup /usr/lib/python3/dist-packages/heat/engine/service.py:2391
2026-03-12 01:36:55.069 63527 DEBUG heat.engine.service [req-31f13d7b-ed1c-414f-87bc-dcb102dcd605 - - - - -] Service 95b3c282-a9d0-4f9f-a78a-76016dc13775 was aborted service_manage_cleanup /usr/lib/python3/dist-packages/heat/engine/service.py:2391
2026-03-12 01:36:55.069 63526 DEBUG heat.engine.service [req-29bca6bb-03d7-449b-b2d7-9091f918ff82 - - - - -] Service 95b3c282-a9d0-4f9f-a78a-76016dc13775 was aborted service_manage_cleanup /usr/lib/python3/dist-packages/heat/engine/service.py:2391
2026-03-12 01:36:55.070 63528 DEBUG heat.engine.service [req-abbaecef-3173-44f6-9f28-8f3ea7838274 - - - - -] Service 95b3c282-a9d0-4f9f-a78a-76016dc13775 was aborted service_manage_cleanup /usr/lib/python3/dist-packages/heat/engine/service.py:2391
2026-03-12 01:36:55.071 63529 DEBUG heat.engine.service [req-82f419c1-cc27-49e9-9cc5-b53a42ad9e59 - - - - -] Service 95b3c282-a9d0-4f9f-a78a-76016dc13775 was aborted service_manage_cleanup /usr/lib/python3/dist-packages/heat/engine/service.py:2391
2026-03-12 01:36:55.080 63527 DEBUG heat.engine.service [req-31f13d7b-ed1c-414f-87bc-dcb102dcd605 - - - - -] Service 960387f8-e433-4549-841a-1d206c9dd624 was aborted service_manage_cleanup /usr/lib/python3/dist-packages/heat/engine/service.py:2391
2026-03-12 01:36:55.081 63526 DEBUG heat.engine.service [req-29bca6bb-03d7-449b-b2d7-9091f918ff82 - - - - -] Service 960387f8-e433-4549-841a-1d206c9dd624 was aborted service_manage_cleanup /usr/lib/python3/dist-packages/heat/engine/service.py:2391
2026-03-12 01:36:55.082 63528 DEBUG heat.engine.service [req-abbaecef-3173-44f6-9f28-8f3ea7838274 - - - - -] Service 960387f8-e433-4549-841a-1d206c9dd624 was aborted service_manage_cleanup /usr/lib/python3/dist-packages/heat/engine/service.py:2391
2026-03-12 01:36:55.082 63529 DEBUG heat.engine.service [req-82f419c1-cc27-49e9-9cc5-b53a42ad9e59 - - - - -] Service 960387f8-e433-4549-841a-1d206c9dd624 was aborted service_manage_cleanup /usr/lib/python3/dist-packages/heat/engine/service.py:2391
2026-03-12 01:36:55.091 63527 DEBUG heat.engine.service [req-31f13d7b-ed1c-414f-87bc-dcb102dcd605 - - - - -] Service e14c76da-1b38-4c56-80a5-7054d417b868 was aborted service_manage_cleanup /usr/lib/python3/dist-packages/heat/engine/service.py:2391
2026-03-12 01:36:55.092 63529 DEBUG heat.engine.service [req-82f419c1-cc27-49e9-9cc5-b53a42ad9e59 - - - - -] Service e14c76da-1b38-4c56-80a5-7054d417b868 was aborted service_manage_cleanup /usr/lib/python3/dist-packages/heat/engine/service.py:2391
2026-03-12 01:36:55.093 63526 DEBUG heat.engine.service [req-29bca6bb-03d7-449b-b2d7-9091f918ff82 - - - - -] Service e14c76da-1b38-4c56-80a5-7054d417b868 was aborted service_manage_cleanup /usr/lib/python3/dist-packages/heat/engine/service.py:2391
2026-03-12 01:36:55.094 63528 DEBUG heat.engine.service [req-abbaecef-3173-44f6-9f28-8f3ea7838274 - - - - -] Service e14c76da-1b38-4c56-80a5-7054d417b868 was aborted service_manage_cleanup /usr/lib/python3/dist-packages/heat/engine/service.py:2391
2026-03-12 01:36:55.104 63529 DEBUG heat.engine.service [req-82f419c1-cc27-49e9-9cc5-b53a42ad9e59 - - - - -] Service e4cf54b1-fb60-426d-8904-4ec4ddbef8a6 was aborted service_manage_cleanup /usr/lib/python3/dist-packages/heat/engine/service.py:2391
2026-03-12 01:36:55.104 63528 DEBUG heat.engine.service [req-abbaecef-3173-44f6-9f28-8f3ea7838274 - - - - -] Service e4cf54b1-fb60-426d-8904-4ec4ddbef8a6 was aborted service_manage_cleanup /usr/lib/python3/dist-packages/heat/engine/service.py:2391
2026-03-12 01:36:55.104 63526 DEBUG heat.engine.service [req-29bca6bb-03d7-449b-b2d7-9091f918ff82 - - - - -] Service e4cf54b1-fb60-426d-8904-4ec4ddbef8a6 was aborted service_manage_cleanup /usr/lib/python3/dist-packages/heat/engine/service.py:2391
2026-03-12 01:36:55.105 63527 DEBUG heat.engine.service [req-31f13d7b-ed1c-414f-87bc-dcb102dcd605 - - - - -] Service e4cf54b1-fb60-426d-8904-4ec4ddbef8a6 was aborted service_manage_cleanup /usr/lib/python3/dist-packages/heat/engine/service.py:2391
2026-03-12 01:36:55.129 63529 DEBUG heat.engine.service [req-a75434e2-1f74-4a3f-8849-095a772b43dc - - - - -] Service 335430f2-f62e-41b0-96c0-06b7e4131d27 is started service_manage_report /usr/lib/python3/dist-packages/heat/engine/service.py:2363
2026-03-12 01:36:55.137 63528 DEBUG heat.engine.service [req-8fa9ce09-c93d-4c70-ba1f-a179f24b53fe - - - - -] Service 41958b97-414e-47e6-8d77-82a1cc375435 is started service_manage_report /usr/lib/python3/dist-packages/heat/engine/service.py:2363
2026-03-12 01:36:55.145 63527 DEBUG heat.engine.service [req-599b99f9-5d32-4235-82dd-61d45c1054b6 - - - - -] Service f08ed6b2-2d1a-49b5-92f4-f5a1b10b541d is started service_manage_report /usr/lib/python3/dist-packages/heat/engine/service.py:2363
2026-03-12 01:36:55.147 63526 DEBUG heat.engine.service [req-df24a399-5476-47df-89bf-3f0ec374607a - - - - -] Service a751528c-543e-4170-90d1-a5f04ec175fa is started service_manage_report /usr/lib/python3/dist-packages/heat/engine/service.py:2363
2026-03-12 01:36:55.148 63529 DEBUG heat.engine.service [req-a75434e2-1f74-4a3f-8849-095a772b43dc - - - - -] Service 335430f2-f62e-41b0-96c0-06b7e4131d27 is updated service_manage_report /usr/lib/python3/dist-packages/heat/engine/service.py:2370
2026-03-12 01:36:55.156 63528 DEBUG heat.engine.service [req-8fa9ce09-c93d-4c70-ba1f-a179f24b53fe - - - - -] Service 41958b97-414e-47e6-8d77-82a1cc375435 is updated service_manage_report /usr/lib/python3/dist-packages/heat/engine/service.py:2370
2026-03-12 01:36:55.160 63527 DEBUG heat.engine.service [req-599b99f9-5d32-4235-82dd-61d45c1054b6 - - - - -] Service f08ed6b2-2d1a-49b5-92f4-f5a1b10b541d is updated service_manage_report /usr/lib/python3/dist-packages/heat/engine/service.py:2370
2026-03-12 01:36:55.161 63526 DEBUG heat.engine.service [req-df24a399-5476-47df-89bf-3f0ec374607a - - - - -] Service a751528c-543e-4170-90d1-a5f04ec175fa is updated service_manage_report /usr/lib/python3/dist-packages/heat/engine/service.py:2370
2026-03-12 01:37:55.131 63526 DEBUG heat.engine.service [req-c408dc6c-53e5-4c4d-ac08-d22760383e70 - - - - -] Service a751528c-543e-4170-90d1-a5f04ec175fa is updated service_manage_report /usr/lib/python3/dist-packages/heat/engine/service.py:2370
2026-03-12 01:37:55.136 63528 DEBUG heat.engine.service [req-d180695e-0ad6-4917-9cc2-10d8e130e450 - - - - -] Service 41958b97-414e-47e6-8d77-82a1cc375435 is updated service_manage_report /usr/lib/python3/dist-packages/heat/engine/service.py:2370
2026-03-12 01:37:55.140 63529 DEBUG heat.engine.service [req-95109864-a874-4981-b6e9-f8c2bfd1bd28 - - - - -] Service 335430f2-f62e-41b0-96c0-06b7e4131d27 is updated service_manage_report /usr/lib/python3/dist-packages/heat/engine/service.py:2370
2026-03-12 01:37:55.145 63527 DEBUG heat.engine.service [req-605cc770-d1b0-4d2a-9e96-073cd5afd120 - - - - -] Service f08ed6b2-2d1a-49b5-92f4-f5a1b10b541d is updated service_manage_report /usr/lib/python3/dist-packages/heat/engine/service.py:2370
2026-03-12 01:38:27.411 63528 DEBUG heat.engine.service [-] Attempting to stop engine service... _stop_rpc_server /usr/lib/python3/dist-packages/heat/engine/service.py:437
2026-03-12 01:38:27.412 63529 DEBUG heat.engine.service [-] Attempting to stop engine service... _stop_rpc_server /usr/lib/python3/dist-packages/heat/engine/service.py:437
2026-03-12 01:38:27.412 63526 DEBUG heat.engine.service [-] Attempting to stop engine service... _stop_rpc_server /usr/lib/python3/dist-packages/heat/engine/service.py:437
2026-03-12 01:38:27.413 63527 DEBUG heat.engine.service [-] Attempting to stop engine service... _stop_rpc_server /usr/lib/python3/dist-packages/heat/engine/service.py:437
2026-03-12 01:38:27.415 63300 INFO oslo_service.service [-] Caught SIGTERM, stopping children
2026-03-12 01:38:27.416 63300 DEBUG oslo_concurrency.lockutils [-] Acquired lock "singleton_lock" lock /usr/lib/python3/dist-packages/oslo_concurrency/lockutils.py:294
2026-03-12 01:38:27.416 63300 DEBUG oslo_concurrency.lockutils [-] Releasing lock "singleton_lock" lock /usr/lib/python3/dist-packages/oslo_concurrency/lockutils.py:312
2026-03-12 01:38:27.416 63300 DEBUG oslo_service.service [-] Stop services. stop /usr/lib/python3/dist-packages/oslo_service/service.py:695
2026-03-12 01:38:27.416 63300 INFO heat.engine.service [-] All threads were gone, terminating engine
2026-03-12 01:38:27.416 63300 DEBUG oslo_service.service [-] Killing children. stop /usr/lib/python3/dist-packages/oslo_service/service.py:700
2026-03-12 01:38:27.441 63300 INFO oslo_service.service [-] Waiting on 4 children to exit
2026-03-12 01:38:27.441 63300 INFO oslo_service.service [-] Child 63526 killed by signal 15
2026-03-12 01:38:27.441 63300 INFO oslo_service.service [-] Child 63528 killed by signal 15
2026-03-12 01:38:27.441 63300 INFO oslo_service.service [-] Child 63529 killed by signal 15
2026-03-12 01:38:27.442 63300 INFO oslo_service.service [-] Child 63527 killed by signal 15
2026-03-12 01:38:29.363 66316 DEBUG oslo_concurrency.lockutils [-] Lock "context-manager" acquired by "neutron_lib.db.api._create_context_manager" :: waited 0.000s inner /usr/lib/python3/dist-packages/oslo_concurrency/lockutils.py:386
2026-03-12 01:38:29.363 66316 DEBUG oslo_concurrency.lockutils [-] Lock "context-manager" "released" by "neutron_lib.db.api._create_context_manager" :: held 0.001s inner /usr/lib/python3/dist-packages/oslo_concurrency/lockutils.py:400
2026-03-12 01:38:32.006 66316 WARNING heat.engine.environment [-] OS::Aodh::Alarm is DEPRECATED. Theshold alarm relies on ceilometer-api and has been deprecated in aodh since Ocata. Use OS::Aodh::GnocchiAggregationByResourcesAlarm instead.
2026-03-12 01:38:32.008 66316 WARNING heat.engine.environment [-] OS::Aodh::CombinationAlarm is HIDDEN. OS::Aodh::CombinationAlarm is deprecated and has been removed from Aodh, use OS::Aodh::CompositeAlarm instead.
2026-03-12 01:38:32.008 66316 WARNING heat.engine.environment [-] OS::Designate::Domain is HIDDEN. This resource has been removed, use OS::Designate::Zone instead.
2026-03-12 01:38:32.008 66316 WARNING heat.engine.environment [-] OS::Designate::Record is HIDDEN. This resource has been removed, use OS::Designate::RecordSet instead.
2026-03-12 01:38:32.008 66316 WARNING heat.engine.environment [-] OS::Glance::Image is DEPRECATED. Creating a Glance Image based on an existing URL location requires the Glance v1 API, which is deprecated.
2026-03-12 01:38:32.009 66316 WARNING heat.engine.environment [-] OS::Heat::HARestarter is HIDDEN. The HARestarter resource type has been removed. Existing stacks containing HARestarter resources can still be used, but the HARestarter resource will be a placeholder that does nothing.
2026-03-12 01:38:32.009 66316 WARNING heat.engine.environment [-] OS::Heat::SoftwareDeployments is HIDDEN. Please use OS::Heat::SoftwareDeploymentGroup instead.
2026-03-12 01:38:32.009 66316 WARNING heat.engine.environment [-] OS::Heat::StructuredDeployments is HIDDEN. Please use OS::Heat::StructuredDeploymentGroup instead.
2026-03-12 01:38:32.010 66316 WARNING heat.engine.environment [-] OS::Magnum::Bay is HIDDEN. Please use OS::Magnum::Cluster instead.
2026-03-12 01:38:32.010 66316 WARNING heat.engine.environment [-] OS::Magnum::BayModel is HIDDEN. Please use OS::Magnum::ClusterTemplate instead.
2026-03-12 01:38:32.010 66316 WARNING heat.engine.environment [-] OS::Neutron::ExtraRoute is UNSUPPORTED. Use this resource at your own risk.
2026-03-12 01:38:32.010 66316 WARNING heat.engine.environment [-] OS::Neutron::HealthMonitor is HIDDEN. Use LBaaS V2 instead.
2026-03-12 01:38:32.010 66316 WARNING heat.engine.environment [-] OS::Neutron::Pool is HIDDEN. Use LBaaS V2 instead.
2026-03-12 01:38:32.011 66316 WARNING heat.engine.environment [-] OS::Neutron::PoolMember is HIDDEN. Use LBaaS V2 instead.
2026-03-12 01:38:32.011 66316 WARNING heat.engine.environment [-] OS::Neutron::LoadBalancer is HIDDEN. Use LBaaS V2 instead.
2026-03-12 01:38:32.011 66316 WARNING heat.engine.environment [-] OS::Neutron::RouterGateway is HIDDEN. Use the `external_gateway_info` property in the router resource to set up the gateway.
2026-03-12 01:38:32.011 66316 WARNING heat.engine.environment [-] OS::Nova::FloatingIP is HIDDEN. Please use OS::Neutron::FloatingIP instead.
2026-03-12 01:38:32.011 66316 WARNING heat.engine.environment [-] OS::Nova::FloatingIPAssociation is HIDDEN. Please use OS::Neutron::FloatingIPAssociation instead.
2026-03-12 01:38:32.015 66316 INFO heat.engine.environment [-] Loading /etc/heat/environment.d/default.yaml
2026-03-12 01:38:32.016 66316 INFO heat.engine.environment [-] Registered: [Plugin](User:False) AWS::AutoScaling::AutoScalingGroup ->
2026-03-12 01:38:32.016 66316 INFO heat.engine.environment [-] Registered: [Plugin](User:False) AWS::AutoScaling::LaunchConfiguration ->
2026-03-12 01:38:32.016 66316 INFO heat.engine.environment [-] Registered: [Plugin](User:False) AWS::AutoScaling::ScalingPolicy ->
2026-03-12 01:38:32.016 66316 INFO heat.engine.environment [-] Registered: [Plugin](User:False) AWS::CloudFormation::Stack ->
2026-03-12 01:38:32.016 66316 INFO heat.engine.environment [-] Registered: [Plugin](User:False) AWS::CloudFormation::WaitCondition ->
2026-03-12 01:38:32.016 66316 INFO heat.engine.environment [-] Registered: [Plugin](User:False) AWS::CloudFormation::WaitConditionHandle ->
2026-03-12 01:38:32.016 66316 INFO heat.engine.environment [-] Registered: [Plugin](User:False) AWS::EC2::EIP ->
2026-03-12 01:38:32.016 66316 INFO heat.engine.environment [-] Registered: [Plugin](User:False) AWS::EC2::EIPAssociation ->
2026-03-12 01:38:32.017 66316 INFO heat.engine.environment [-] Registered: [Plugin](User:False) AWS::EC2::Instance ->
2026-03-12 01:38:32.017 66316 INFO heat.engine.environment [-] Registered: [Plugin](User:False) AWS::EC2::InternetGateway ->
2026-03-12 01:38:32.017 66316 INFO heat.engine.environment [-] Registered: [Plugin](User:False) AWS::EC2::VPCGatewayAttachment ->
2026-03-12 01:38:32.017 66316 INFO heat.engine.environment [-] Registered: [Plugin](User:False) AWS::EC2::NetworkInterface ->
2026-03-12 01:38:32.017 66316 INFO heat.engine.environment [-] Registered: [Plugin](User:False) AWS::EC2::RouteTable ->
2026-03-12 01:38:32.017 66316 INFO heat.engine.environment [-] Registered: [Plugin](User:False) AWS::EC2::SubnetRouteTableAssociation ->
2026-03-12 01:38:32.017 66316 INFO heat.engine.environment [-] Registered: [Plugin](User:False) AWS::EC2::SecurityGroup ->
2026-03-12 01:38:32.017 66316 INFO heat.engine.environment [-] Registered: [Plugin](User:False) AWS::EC2::Subnet ->
2026-03-12 01:38:32.017 66316 INFO heat.engine.environment [-] Registered: [Plugin](User:False) AWS::EC2::Volume ->
2026-03-12 01:38:32.017 66316 INFO heat.engine.environment [-] Registered: [Plugin](User:False) AWS::EC2::VolumeAttachment ->
2026-03-12 01:38:32.018 66316 INFO heat.engine.environment [-] Registered: [Plugin](User:False) AWS::EC2::VPC ->
2026-03-12 01:38:32.018 66316 INFO heat.engine.environment [-] Registered: [Plugin](User:False) AWS::IAM::User ->
2026-03-12 01:38:32.018 66316 INFO heat.engine.environment [-] Registered: [Plugin](User:False) AWS::IAM::AccessKey ->
2026-03-12 01:38:32.018 66316 INFO heat.engine.environment [-] Registered: [Plugin](User:False) AWS::ElasticLoadBalancing::LoadBalancer ->
2026-03-12 01:38:32.018 66316 INFO heat.engine.environment [-] Registered: [Plugin](User:False) AWS::S3::Bucket ->
2026-03-12 01:38:32.018 66316 INFO heat.engine.environment [-] Registered: [Plugin](User:False) OS::Aodh::Alarm ->
2026-03-12 01:38:32.018 66316 INFO heat.engine.environment [-] Registered: [Plugin](User:False) OS::Aodh::CombinationAlarm ->
2026-03-12 01:38:32.019 66316 INFO heat.engine.environment [-] Registered: [Plugin](User:False) OS::Aodh::EventAlarm ->
2026-03-12 01:38:32.019 66316 INFO heat.engine.environment [-] Registered: [Plugin](User:False) OS::Aodh::LBMemberHealthAlarm ->
2026-03-12 01:38:32.019 66316 INFO heat.engine.environment [-] Registered: [Plugin](User:False) OS::Aodh::CompositeAlarm ->
2026-03-12 01:38:32.019 66316 INFO heat.engine.environment [-] Registered: [Plugin](User:False) OS::Aodh::GnocchiResourcesAlarm ->
2026-03-12 01:38:32.019 66316 INFO heat.engine.environment [-] Registered: [Plugin](User:False) OS::Aodh::GnocchiAggregationByMetricsAlarm ->
2026-03-12 01:38:32.019 66316 INFO heat.engine.environment [-] Registered: [Plugin](User:False) OS::Aodh::GnocchiAggregationByResourcesAlarm ->
2026-03-12 01:38:32.019 66316 INFO heat.engine.environment [-] Registered: [Plugin](User:False) OS::Barbican::GenericContainer ->
2026-03-12 01:38:32.019 66316 INFO heat.engine.environment [-] Registered: [Plugin](User:False) OS::Barbican::CertificateContainer ->
2026-03-12 01:38:32.020 66316 INFO heat.engine.environment [-] Registered: [Plugin](User:False) OS::Barbican::RSAContainer ->
2026-03-12 01:38:32.020 66316 INFO heat.engine.environment [-] Registered: [Plugin](User:False) OS::Barbican::Order ->
2026-03-12 01:38:32.020 66316 INFO heat.engine.environment [-] Registered: [Plugin](User:False) OS::Barbican::Secret ->
2026-03-12 01:38:32.020 66316 INFO heat.engine.environment [-] Registered: [Plugin](User:False) OS::Blazar::Host ->
2026-03-12 01:38:32.020 66316 INFO heat.engine.environment [-] Registered: [Plugin](User:False) OS::Blazar::Lease ->
2026-03-12 01:38:32.020 66316 INFO heat.engine.environment [-] Registered: [Plugin](User:False) OS::Cinder::EncryptedVolumeType ->
2026-03-12 01:38:32.021 66316 INFO heat.engine.environment [-] Registered: [Plugin](User:False) OS::Cinder::QoSSpecs ->
2026-03-12 01:38:32.021 66316 INFO heat.engine.environment [-] Registered: [Plugin](User:False) OS::Cinder::QoSAssociation ->
2026-03-12 01:38:32.021 66316 INFO heat.engine.environment [-] Registered: [Plugin](User:False) OS::Cinder::Quota ->
2026-03-12 01:38:32.021 66316 INFO heat.engine.environment [-] Registered: [Plugin](User:False) OS::Cinder::Volume ->
2026-03-12 01:38:32.021 66316 INFO heat.engine.environment [-] Registered: [Plugin](User:False) OS::Cinder::VolumeAttachment ->
2026-03-12 01:38:32.021 66316 INFO heat.engine.environment [-] Registered: [Plugin](User:False) OS::Cinder::VolumeType ->
2026-03-12 01:38:32.021 66316 INFO heat.engine.environment [-] Registered: [Plugin](User:False) OS::Designate::Domain ->
2026-03-12 01:38:32.021 66316 INFO heat.engine.environment [-] Registered: [Plugin](User:False) OS::Designate::Record ->
2026-03-12 01:38:32.021 66316 INFO heat.engine.environment [-] Registered: [Plugin](User:False) OS::Designate::RecordSet ->
2026-03-12 01:38:32.022 66316 INFO heat.engine.environment [-] Registered: [Plugin](User:False) OS::Designate::Zone ->
2026-03-12 01:38:32.022 66316 INFO heat.engine.environment [-] Registered: [Plugin](User:False) OS::Glance::Image ->
2026-03-12 01:38:32.022 66316 INFO heat.engine.environment [-] Registered: [Plugin](User:False) OS::Glance::WebImage ->
2026-03-12 01:38:32.022 66316 INFO heat.engine.environment [-] Registered: [Plugin](User:False) OS::Heat::AccessPolicy ->
2026-03-12 01:38:32.022 66316 INFO heat.engine.environment [-] Registered: [Plugin](User:False) OS::Heat::AutoScalingGroup ->
2026-03-12 01:38:32.022 66316 INFO heat.engine.environment [-] Registered: [Plugin](User:False) OS::Heat::CloudConfig ->
2026-03-12 01:38:32.022 66316 INFO heat.engine.environment [-] Registered: [Plugin](User:False) OS::Heat::Delay ->
2026-03-12 01:38:32.022 66316 INFO heat.engine.environment [-] Registered: [Plugin](User:False) OS::Heat::DeployedServer ->
2026-03-12 01:38:32.022 66316 INFO heat.engine.environment [-] Registered: [Plugin](User:False) OS::Heat::HARestarter ->
2026-03-12 01:38:32.023 66316 INFO heat.engine.environment [-] Registered: [Plugin](User:False) OS::Heat::InstanceGroup ->
2026-03-12 01:38:32.023 66316 INFO heat.engine.environment [-] Registered: [Plugin](User:False) OS::Heat::MultipartMime ->
2026-03-12 01:38:32.023 66316 INFO heat.engine.environment [-] Registered: [Plugin](User:False) OS::Heat::None ->
2026-03-12 01:38:32.023 66316 INFO heat.engine.environment [-] Registered: [Plugin](User:False) OS::Heat::RandomString ->
2026-03-12 01:38:32.023 66316 INFO heat.engine.environment [-] Registered: [Plugin](User:False) OS::Heat::Stack ->
2026-03-12 01:38:32.023 66316 INFO heat.engine.environment [-] Registered: [Plugin](User:False) OS::Heat::ResourceChain ->
2026-03-12 01:38:32.023 66316 INFO heat.engine.environment [-] Registered: [Plugin](User:False) OS::Heat::ResourceGroup ->
2026-03-12 01:38:32.023 66316 INFO heat.engine.environment [-] Registered: [Plugin](User:False) OS::Heat::ScalingPolicy ->
2026-03-12 01:38:32.023 66316 INFO heat.engine.environment [-] Registered: [Plugin](User:False) OS::Heat::SoftwareComponent ->
2026-03-12 01:38:32.023 66316 INFO heat.engine.environment [-] Registered: [Plugin](User:False) OS::Heat::SoftwareConfig ->
2026-03-12 01:38:32.024 66316 INFO heat.engine.environment [-] Registered: [Plugin](User:False) OS::Heat::SoftwareDeployment ->
2026-03-12 01:38:32.024 66316 INFO heat.engine.environment [-] Registered: [Plugin](User:False) OS::Heat::SoftwareDeploymentGroup ->
2026-03-12 01:38:32.024 66316 INFO heat.engine.environment [-] Registered: [Plugin](User:False) OS::Heat::SoftwareDeployments ->
2026-03-12 01:38:32.024 66316 INFO heat.engine.environment [-] Registered: [Plugin](User:False) OS::Heat::StructuredConfig ->
2026-03-12 01:38:32.024 66316 INFO heat.engine.environment [-] Registered: [Plugin](User:False) OS::Heat::StructuredDeployment ->
2026-03-12 01:38:32.024 66316 INFO heat.engine.environment [-] Registered: [Plugin](User:False) OS::Heat::StructuredDeploymentGroup ->
2026-03-12 01:38:32.024 66316 INFO heat.engine.environment [-] Registered: [Plugin](User:False) OS::Heat::StructuredDeployments ->
2026-03-12 01:38:32.024 66316 INFO heat.engine.environment [-] Registered: [Plugin](User:False) OS::Heat::SwiftSignal ->
2026-03-12 01:38:32.024 66316 INFO heat.engine.environment [-] Registered: [Plugin](User:False) OS::Heat::SwiftSignalHandle ->
2026-03-12 01:38:32.025 66316 INFO heat.engine.environment [-] Registered: [Plugin](User:False) OS::Heat::TestResource ->
2026-03-12 01:38:32.025 66316 INFO heat.engine.environment [-] Registered: [Plugin](User:False) OS::Heat::Value ->
2026-03-12 01:38:32.025 66316 INFO heat.engine.environment [-] Registered: [Plugin](User:False) OS::Heat::WaitCondition ->
2026-03-12 01:38:32.025 66316 INFO heat.engine.environment [-] Registered: [Plugin](User:False) OS::Heat::WaitConditionHandle ->
2026-03-12 01:38:32.025 66316 INFO heat.engine.environment [-] Registered: [Plugin](User:False) OS::Heat::UpdateWaitConditionHandle ->
2026-03-12 01:38:32.025 66316 INFO heat.engine.environment [-] Registered: [Plugin](User:False) OS::Ironic::Port ->
2026-03-12 01:38:32.025 66316 INFO heat.engine.environment [-] Registered: [Plugin](User:False) OS::Keystone::Domain ->
2026-03-12 01:38:32.025 66316 INFO heat.engine.environment [-] Registered: [Plugin](User:False) OS::Keystone::Endpoint ->
2026-03-12 01:38:32.026 66316 INFO heat.engine.environment [-] Registered: [Plugin](User:False) OS::Keystone::Group ->
2026-03-12 01:38:32.026 66316 INFO heat.engine.environment [-] Registered: [Plugin](User:False) OS::Keystone::Project ->
2026-03-12 01:38:32.026 66316 INFO heat.engine.environment [-] Registered: [Plugin](User:False) OS::Keystone::Region ->
2026-03-12 01:38:32.026 66316 INFO heat.engine.environment [-] Registered: [Plugin](User:False) OS::Keystone::Role ->
2026-03-12 01:38:32.026 66316 INFO heat.engine.environment [-] Registered: [Plugin](User:False) OS::Keystone::UserRoleAssignment ->
2026-03-12 01:38:32.026 66316 INFO heat.engine.environment [-] Registered: [Plugin](User:False) OS::Keystone::GroupRoleAssignment ->
2026-03-12 01:38:32.026 66316 INFO heat.engine.environment [-] Registered: [Plugin](User:False) OS::Keystone::Service ->
2026-03-12 01:38:32.026 66316 INFO heat.engine.environment [-] Registered: [Plugin](User:False) OS::Keystone::User ->
2026-03-12 01:38:32.026 66316 INFO heat.engine.environment [-] Registered: [Plugin](User:False) OS::Magnum::Bay ->
2026-03-12 01:38:32.027 66316 INFO heat.engine.environment [-] Registered: [Plugin](User:False) OS::Magnum::BayModel ->
2026-03-12 01:38:32.027 66316 INFO heat.engine.environment [-] Registered: [Plugin](User:False) OS::Magnum::Cluster ->
2026-03-12 01:38:32.027 66316 INFO heat.engine.environment [-] Registered: [Plugin](User:False) OS::Magnum::ClusterTemplate ->
2026-03-12 01:38:32.027 66316 INFO heat.engine.environment [-] Registered: [Plugin](User:False) OS::Manila::SecurityService ->
2026-03-12 01:38:32.027 66316 INFO heat.engine.environment [-] Registered: [Plugin](User:False) OS::Manila::Share ->
2026-03-12 01:38:32.027 66316 INFO heat.engine.environment [-] Registered: [Plugin](User:False) OS::Manila::ShareNetwork ->
2026-03-12 01:38:32.027 66316 INFO heat.engine.environment [-] Registered: [Plugin](User:False) OS::Manila::ShareType ->
2026-03-12 01:38:32.027 66316 INFO heat.engine.environment [-] Registered: [Plugin](User:False) OS::Mistral::CronTrigger ->
2026-03-12 01:38:32.028 66316 INFO heat.engine.environment [-] Registered: [Plugin](User:False) OS::Mistral::ExternalResource ->
2026-03-12 01:38:32.028 66316 INFO heat.engine.environment [-] Registered: [Plugin](User:False) OS::Mistral::Workflow ->
2026-03-12 01:38:32.028 66316 INFO heat.engine.environment [-] Registered: [Plugin](User:False) OS::Monasca::AlarmDefinition ->
2026-03-12 01:38:32.028 66316 INFO heat.engine.environment [-] Registered: [Plugin](User:False) OS::Monasca::Notification ->
2026-03-12 01:38:32.028 66316 INFO heat.engine.environment [-] Registered: [Plugin](User:False) OS::Neutron::AddressScope ->
2026-03-12 01:38:32.028 66316 INFO heat.engine.environment [-] Registered: [Plugin](User:False) OS::Neutron::ExtraRoute ->
2026-03-12 01:38:32.028 66316 INFO heat.engine.environment [-] Registered: [Plugin](User:False) OS::Neutron::ExtraRouteSet ->
2026-03-12 01:38:32.029 66316 INFO heat.engine.environment [-] Registered: [Plugin](User:False) OS::Neutron::Firewall ->
2026-03-12 01:38:32.029 66316 INFO heat.engine.environment [-] Registered: [Plugin](User:False) OS::Neutron::FirewallPolicy ->
2026-03-12 01:38:32.029 66316 INFO heat.engine.environment [-] Registered: [Plugin](User:False) OS::Neutron::FirewallRule ->
2026-03-12 01:38:32.029 66316 INFO heat.engine.environment [-] Registered: [Plugin](User:False) OS::Neutron::FloatingIP ->
2026-03-12 01:38:32.029 66316 INFO heat.engine.environment [-] Registered: [Plugin](User:False) OS::Neutron::FloatingIPAssociation ->
2026-03-12 01:38:32.029 66316 INFO heat.engine.environment [-] Registered: [Plugin](User:False) OS::Neutron::L2Gateway ->
2026-03-12 01:38:32.029 66316 INFO heat.engine.environment [-] Registered: [Plugin](User:False) OS::Neutron::L2GatewayConnection ->
2026-03-12 01:38:32.029 66316 INFO heat.engine.environment [-] Registered: [Plugin](User:False) OS::Neutron::LBaaS::HealthMonitor ->
2026-03-12 01:38:32.030 66316 INFO heat.engine.environment [-] Registered: [Plugin](User:False) OS::Neutron::LBaaS::L7Policy ->
2026-03-12 01:38:32.030 66316 INFO heat.engine.environment [-] Registered: [Plugin](User:False) OS::Neutron::LBaaS::L7Rule ->
