2026-03-12 00:35:02.055 39930 DEBUG oslo_service.service [-] database.sqlite_synchronous = True log_opt_values /usr/lib/python3/dist-packages/oslo_config/cfg.py:2609
2026-03-12 00:35:02.055 39930 DEBUG oslo_service.service [-] database.use_db_reconnect = False log_opt_values /usr/lib/python3/dist-packages/oslo_config/cfg.py:2609
2026-03-12 00:35:02.055 39930 DEBUG oslo_service.service [-] oslo_messaging_metrics.metrics_buffer_size = 1000 log_opt_values /usr/lib/python3/dist-packages/oslo_config/cfg.py:2609
2026-03-12 00:35:02.055 39930 DEBUG oslo_service.service [-] oslo_messaging_metrics.metrics_enabled = False log_opt_values /usr/lib/python3/dist-packages/oslo_config/cfg.py:2609
2026-03-12 00:35:02.055 39930 DEBUG oslo_service.service [-] oslo_messaging_metrics.metrics_process_name = log_opt_values /usr/lib/python3/dist-packages/oslo_config/cfg.py:2609
2026-03-12 00:35:02.055 39930 DEBUG oslo_service.service [-] oslo_messaging_metrics.metrics_socket_file = /var/tmp/metrics_collector.sock log_opt_values /usr/lib/python3/dist-packages/oslo_config/cfg.py:2609
2026-03-12 00:35:02.055 39930 DEBUG oslo_service.service [-] oslo_messaging_metrics.metrics_thread_stop_timeout = 10 log_opt_values /usr/lib/python3/dist-packages/oslo_config/cfg.py:2609
2026-03-12 00:35:02.056 39930 DEBUG oslo_service.service [-] oslo_policy.enforce_new_defaults = False log_opt_values /usr/lib/python3/dist-packages/oslo_config/cfg.py:2609
2026-03-12 00:35:02.056 39930 DEBUG oslo_service.service [-] oslo_policy.enforce_scope = False log_opt_values /usr/lib/python3/dist-packages/oslo_config/cfg.py:2609
2026-03-12 00:35:02.056 39930 DEBUG oslo_service.service [-] oslo_policy.policy_default_rule = default log_opt_values /usr/lib/python3/dist-packages/oslo_config/cfg.py:2609
2026-03-12 00:35:02.056 39930 DEBUG oslo_service.service [-] oslo_policy.policy_dirs = ['policy.d'] log_opt_values /usr/lib/python3/dist-packages/oslo_config/cfg.py:2609
2026-03-12 00:35:02.057 39930 DEBUG oslo_service.service [-] oslo_policy.policy_file = policy.yaml log_opt_values /usr/lib/python3/dist-packages/oslo_config/cfg.py:2609
2026-03-12 00:35:02.057 39930 DEBUG oslo_service.service [-] oslo_policy.remote_content_type = application/x-www-form-urlencoded log_opt_values /usr/lib/python3/dist-packages/oslo_config/cfg.py:2609
2026-03-12 00:35:02.057 39930 DEBUG oslo_service.service [-] oslo_policy.remote_ssl_ca_crt_file = None log_opt_values /usr/lib/python3/dist-packages/oslo_config/cfg.py:2609
2026-03-12 00:35:02.057 39930 DEBUG oslo_service.service [-] oslo_policy.remote_ssl_client_crt_file = None log_opt_values /usr/lib/python3/dist-packages/oslo_config/cfg.py:2609
2026-03-12 00:35:02.057 39930 DEBUG oslo_service.service [-] oslo_policy.remote_ssl_client_key_file = None log_opt_values /usr/lib/python3/dist-packages/oslo_config/cfg.py:2609
2026-03-12 00:35:02.057 39930 DEBUG oslo_service.service [-] oslo_policy.remote_ssl_verify_server_crt = False log_opt_values /usr/lib/python3/dist-packages/oslo_config/cfg.py:2609
2026-03-12 00:35:02.057 39930 DEBUG oslo_service.service [-] trustee.auth_section = None log_opt_values /usr/lib/python3/dist-packages/oslo_config/cfg.py:2609
2026-03-12 00:35:02.059 39930 WARNING oslo_config.cfg [-] Deprecated: Option "auth_plugin" from group "trustee" is deprecated. Use option "auth_type" from group "trustee".
2026-03-12 00:35:02.060 39930 DEBUG oslo_service.service [-] trustee.auth_type = password log_opt_values /usr/lib/python3/dist-packages/oslo_config/cfg.py:2609
2026-03-12 00:35:02.060 39930 DEBUG oslo_service.service [-] oslo_versionedobjects.fatal_exception_format_errors = False log_opt_values /usr/lib/python3/dist-packages/oslo_config/cfg.py:2609
2026-03-12 00:35:02.060 39930 DEBUG oslo_service.service [-] oslo_messaging_rabbit.amqp_auto_delete = False log_opt_values /usr/lib/python3/dist-packages/oslo_config/cfg.py:2609
2026-03-12 00:35:02.060 39930 DEBUG oslo_service.service [-] oslo_messaging_rabbit.amqp_durable_queues = False log_opt_values /usr/lib/python3/dist-packages/oslo_config/cfg.py:2609
2026-03-12 00:35:02.061 39930 DEBUG oslo_service.service [-] oslo_messaging_rabbit.conn_pool_min_size = 2 log_opt_values /usr/lib/python3/dist-packages/oslo_config/cfg.py:2609
2026-03-12 00:35:02.062 39930 DEBUG oslo_service.service [-] oslo_messaging_rabbit.conn_pool_ttl = 1200 log_opt_values /usr/lib/python3/dist-packages/oslo_config/cfg.py:2609
2026-03-12 00:35:02.062 39930 DEBUG oslo_service.service [-] oslo_messaging_rabbit.direct_mandatory_flag = True log_opt_values /usr/lib/python3/dist-packages/oslo_config/cfg.py:2609
2026-03-12 00:35:02.062 39930 DEBUG oslo_service.service [-] oslo_messaging_rabbit.enable_cancel_on_failover = False log_opt_values /usr/lib/python3/dist-packages/oslo_config/cfg.py:2609
2026-03-12 00:35:02.063 39930 DEBUG oslo_service.service [-] oslo_messaging_rabbit.heartbeat_in_pthread = False log_opt_values /usr/lib/python3/dist-packages/oslo_config/cfg.py:2609
2026-03-12 00:35:02.063 39930 DEBUG oslo_service.service [-] oslo_messaging_rabbit.heartbeat_rate = 2 log_opt_values /usr/lib/python3/dist-packages/oslo_config/cfg.py:2609
2026-03-12 00:35:02.063 39930 DEBUG oslo_service.service [-] oslo_messaging_rabbit.heartbeat_timeout_threshold = 60 log_opt_values /usr/lib/python3/dist-packages/oslo_config/cfg.py:2609
2026-03-12 00:35:02.066 39930 DEBUG oslo_service.service [-] oslo_messaging_rabbit.kombu_compression = None log_opt_values /usr/lib/python3/dist-packages/oslo_config/cfg.py:2609
2026-03-12 00:35:02.067 39930 DEBUG oslo_service.service [-] oslo_messaging_rabbit.kombu_failover_strategy = round-robin log_opt_values /usr/lib/python3/dist-packages/oslo_config/cfg.py:2609
2026-03-12 00:35:02.068 39930 DEBUG oslo_service.service [-] oslo_messaging_rabbit.kombu_missing_consumer_retry_timeout = 60 log_opt_values /usr/lib/python3/dist-packages/oslo_config/cfg.py:2609
2026-03-12 00:35:02.068 39930 DEBUG oslo_service.service [-] oslo_messaging_rabbit.kombu_reconnect_delay = 1.0 log_opt_values /usr/lib/python3/dist-packages/oslo_config/cfg.py:2609
2026-03-12 00:35:02.068 39930 DEBUG oslo_service.service [-] oslo_messaging_rabbit.rabbit_ha_queues = False log_opt_values /usr/lib/python3/dist-packages/oslo_config/cfg.py:2609
2026-03-12 00:35:02.072 39930 DEBUG oslo_service.service [-] oslo_messaging_rabbit.rabbit_interval_max = 30 log_opt_values /usr/lib/python3/dist-packages/oslo_config/cfg.py:2609
2026-03-12 00:35:02.073 39930 DEBUG oslo_service.service [-] oslo_messaging_rabbit.rabbit_login_method = AMQPLAIN log_opt_values /usr/lib/python3/dist-packages/oslo_config/cfg.py:2609
2026-03-12 00:35:02.073 39930 DEBUG oslo_service.service [-] oslo_messaging_rabbit.rabbit_qos_prefetch_count = 0 log_opt_values /usr/lib/python3/dist-packages/oslo_config/cfg.py:2609
2026-03-12 00:35:02.073 39930 DEBUG oslo_service.service [-] oslo_messaging_rabbit.rabbit_quorum_queue = False log_opt_values /usr/lib/python3/dist-packages/oslo_config/cfg.py:2609
2026-03-12 00:35:02.073 39930 DEBUG oslo_service.service [-] oslo_messaging_rabbit.rabbit_retry_backoff = 2 log_opt_values /usr/lib/python3/dist-packages/oslo_config/cfg.py:2609
2026-03-12 00:35:02.075 39930 DEBUG oslo_service.service [-] oslo_messaging_rabbit.rabbit_retry_interval = 1 log_opt_values /usr/lib/python3/dist-packages/oslo_config/cfg.py:2609
2026-03-12 00:35:02.079 39930 DEBUG oslo_service.service [-] oslo_messaging_rabbit.rabbit_transient_queues_ttl = 1800 log_opt_values /usr/lib/python3/dist-packages/oslo_config/cfg.py:2609
2026-03-12 00:35:02.081 39930 DEBUG oslo_service.service [-] oslo_messaging_rabbit.rpc_conn_pool_size = 30 log_opt_values /usr/lib/python3/dist-packages/oslo_config/cfg.py:2609
2026-03-12 00:35:02.086 39930 DEBUG oslo_service.service [-] oslo_messaging_rabbit.ssl = False log_opt_values /usr/lib/python3/dist-packages/oslo_config/cfg.py:2609
2026-03-12 00:35:02.089 39930 DEBUG oslo_service.service [-] oslo_messaging_rabbit.ssl_ca_file = log_opt_values /usr/lib/python3/dist-packages/oslo_config/cfg.py:2609
2026-03-12 00:35:02.092 39930 DEBUG oslo_service.service [-] oslo_messaging_rabbit.ssl_cert_file = log_opt_values /usr/lib/python3/dist-packages/oslo_config/cfg.py:2609
2026-03-12 00:35:02.094 39930 DEBUG oslo_service.service [-] oslo_messaging_rabbit.ssl_key_file = log_opt_values /usr/lib/python3/dist-packages/oslo_config/cfg.py:2609
2026-03-12 00:35:02.094 39930 DEBUG oslo_service.service [-] oslo_messaging_rabbit.ssl_version = log_opt_values /usr/lib/python3/dist-packages/oslo_config/cfg.py:2609
2026-03-12 00:35:02.095 39930 DEBUG oslo_service.service [-] oslo_messaging_notifications.driver = [] log_opt_values /usr/lib/python3/dist-packages/oslo_config/cfg.py:2609
2026-03-12 00:35:02.098 39930 DEBUG oslo_service.service [-] oslo_messaging_notifications.retry = -1 log_opt_values /usr/lib/python3/dist-packages/oslo_config/cfg.py:2609
2026-03-12 00:35:02.100 39930 DEBUG oslo_service.service [-] oslo_messaging_notifications.topics = ['notifications'] log_opt_values /usr/lib/python3/dist-packages/oslo_config/cfg.py:2609
2026-03-12 00:35:02.101 39930 DEBUG oslo_service.service [-] oslo_messaging_notifications.transport_url = **** log_opt_values /usr/lib/python3/dist-packages/oslo_config/cfg.py:2609
2026-03-12 00:35:02.101 39930 DEBUG oslo_service.service [-] cache.backend = dogpile.cache.null log_opt_values /usr/lib/python3/dist-packages/oslo_config/cfg.py:2609
2026-03-12 00:35:02.102 39930 DEBUG oslo_service.service [-] cache.backend_argument = **** log_opt_values /usr/lib/python3/dist-packages/oslo_config/cfg.py:2609
2026-03-12 00:35:02.102 39930 DEBUG oslo_service.service [-] cache.config_prefix = cache.oslo log_opt_values /usr/lib/python3/dist-packages/oslo_config/cfg.py:2609
2026-03-12 00:35:02.103 39930 DEBUG oslo_service.service [-] cache.debug_cache_backend = False log_opt_values /usr/lib/python3/dist-packages/oslo_config/cfg.py:2609
2026-03-12 00:35:02.103 39930 DEBUG oslo_service.service [-] cache.enabled = False log_opt_values /usr/lib/python3/dist-packages/oslo_config/cfg.py:2609
2026-03-12 00:35:02.103 39930 DEBUG oslo_service.service [-] cache.expiration_time = 600 log_opt_values /usr/lib/python3/dist-packages/oslo_config/cfg.py:2609
2026-03-12 00:35:02.103 39930 DEBUG oslo_service.service [-] cache.memcache_dead_retry = 300 log_opt_values /usr/lib/python3/dist-packages/oslo_config/cfg.py:2609
2026-03-12 00:35:02.112 39930 DEBUG oslo_service.service [-] cache.memcache_pool_connection_get_timeout = 10 log_opt_values /usr/lib/python3/dist-packages/oslo_config/cfg.py:2609
2026-03-12 00:35:02.113 39930 DEBUG oslo_service.service [-] cache.memcache_pool_flush_on_reconnect = False log_opt_values /usr/lib/python3/dist-packages/oslo_config/cfg.py:2609
2026-03-12 00:35:02.113 39930 DEBUG oslo_service.service [-] cache.memcache_pool_maxsize = 10 log_opt_values /usr/lib/python3/dist-packages/oslo_config/cfg.py:2609
2026-03-12 00:35:02.113 39930 DEBUG oslo_service.service [-] cache.memcache_pool_unused_timeout = 60 log_opt_values /usr/lib/python3/dist-packages/oslo_config/cfg.py:2609
2026-03-12 00:35:02.113 39930 DEBUG oslo_service.service [-] cache.memcache_servers = ['localhost:11211'] log_opt_values /usr/lib/python3/dist-packages/oslo_config/cfg.py:2609
2026-03-12 00:35:02.113 39930 DEBUG oslo_service.service [-] cache.memcache_socket_timeout = 1.0 log_opt_values /usr/lib/python3/dist-packages/oslo_config/cfg.py:2609
2026-03-12 00:35:02.114 39930 DEBUG oslo_service.service [-] cache.proxies = [] log_opt_values /usr/lib/python3/dist-packages/oslo_config/cfg.py:2609
2026-03-12 00:35:02.114 39930 DEBUG oslo_service.service [-] cache.tls_allowed_ciphers = None log_opt_values /usr/lib/python3/dist-packages/oslo_config/cfg.py:2609
2026-03-12 00:35:02.114 39930 DEBUG oslo_service.service [-] cache.tls_cafile = None log_opt_values /usr/lib/python3/dist-packages/oslo_config/cfg.py:2609
2026-03-12 00:35:02.114 39930 DEBUG oslo_service.service [-] cache.tls_certfile = None log_opt_values /usr/lib/python3/dist-packages/oslo_config/cfg.py:2609
2026-03-12 00:35:02.114 39930 DEBUG oslo_service.service [-] cache.tls_enabled = False log_opt_values /usr/lib/python3/dist-packages/oslo_config/cfg.py:2609
2026-03-12 00:35:02.114 39930 DEBUG oslo_service.service [-] cache.tls_keyfile = None log_opt_values /usr/lib/python3/dist-packages/oslo_config/cfg.py:2609
2026-03-12 00:35:02.114 39930 DEBUG oslo_service.service [-] constraint_validation_cache.caching = True log_opt_values /usr/lib/python3/dist-packages/oslo_config/cfg.py:2609
2026-03-12 00:35:02.115 39930 DEBUG oslo_service.service [-] constraint_validation_cache.expiration_time = 60 log_opt_values /usr/lib/python3/dist-packages/oslo_config/cfg.py:2609
2026-03-12 00:35:02.117 39930 DEBUG oslo_service.service [-] service_extension_cache.caching = True log_opt_values /usr/lib/python3/dist-packages/oslo_config/cfg.py:2609
2026-03-12 00:35:02.117 39930 DEBUG oslo_service.service [-] service_extension_cache.expiration_time = 3600 log_opt_values /usr/lib/python3/dist-packages/oslo_config/cfg.py:2609
2026-03-12 00:35:02.118 39930 DEBUG oslo_service.service [-] resource_finder_cache.caching = True log_opt_values /usr/lib/python3/dist-packages/oslo_config/cfg.py:2609
2026-03-12 00:35:02.118 39930 DEBUG oslo_service.service [-] resource_finder_cache.expiration_time = 3600 log_opt_values /usr/lib/python3/dist-packages/oslo_config/cfg.py:2609
2026-03-12 00:35:02.119 39930 DEBUG oslo_service.service [-] yaql.limit_iterators = 200 log_opt_values /usr/lib/python3/dist-packages/oslo_config/cfg.py:2609
2026-03-12 00:35:02.119 39930 DEBUG oslo_service.service [-] yaql.memory_quota = 10000 log_opt_values /usr/lib/python3/dist-packages/oslo_config/cfg.py:2609
2026-03-12 00:35:02.120 39930 DEBUG oslo_service.service [-] ******************************************************************************** log_opt_values /usr/lib/python3/dist-packages/oslo_config/cfg.py:2613
2026-03-12 00:35:02.168 40149 DEBUG oslo_db.sqlalchemy.engines [req-b5f50e7c-a483-4a41-8897-1ab6a53088fd - - - - -] MySQL server mode set to STRICT_TRANS_TABLES,STRICT_ALL_TABLES,NO_ZERO_IN_DATE,NO_ZERO_DATE,ERROR_FOR_DIVISION_BY_ZERO,TRADITIONAL,NO_ENGINE_SUBSTITUTION _check_effective_sql_mode /usr/lib/python3/dist-packages/oslo_db/sqlalchemy/engines.py:314
2026-03-12 00:35:02.171 40151 DEBUG oslo_db.sqlalchemy.engines [req-fd21c7ca-3879-4a63-b6bc-96a29afd35a3 - - - - -] MySQL server mode set to STRICT_TRANS_TABLES,STRICT_ALL_TABLES,NO_ZERO_IN_DATE,NO_ZERO_DATE,ERROR_FOR_DIVISION_BY_ZERO,TRADITIONAL,NO_ENGINE_SUBSTITUTION _check_effective_sql_mode /usr/lib/python3/dist-packages/oslo_db/sqlalchemy/engines.py:314
2026-03-12 00:35:02.175 40150 DEBUG oslo_db.sqlalchemy.engines [req-f353542d-6c7b-4b17-84dc-223869802567 - - - - -] MySQL server mode set to STRICT_TRANS_TABLES,STRICT_ALL_TABLES,NO_ZERO_IN_DATE,NO_ZERO_DATE,ERROR_FOR_DIVISION_BY_ZERO,TRADITIONAL,NO_ENGINE_SUBSTITUTION _check_effective_sql_mode /usr/lib/python3/dist-packages/oslo_db/sqlalchemy/engines.py:314
2026-03-12 00:35:02.197 40152 DEBUG oslo_db.sqlalchemy.engines [req-fd43f09a-1d73-4eba-8631-cde716ae77d3 - - - - -] MySQL server mode set to STRICT_TRANS_TABLES,STRICT_ALL_TABLES,NO_ZERO_IN_DATE,NO_ZERO_DATE,ERROR_FOR_DIVISION_BY_ZERO,TRADITIONAL,NO_ENGINE_SUBSTITUTION _check_effective_sql_mode /usr/lib/python3/dist-packages/oslo_db/sqlalchemy/engines.py:314
2026-03-12 00:35:02.266 40149 DEBUG heat.engine.service [req-211020e8-63e8-43b9-a328-657c1a688250 - - - - -] Service 37463607-cafe-4ea7-9006-6740907edfe9 is started service_manage_report /usr/lib/python3/dist-packages/heat/engine/service.py:2363
2026-03-12 00:35:02.285 40151 DEBUG heat.engine.service [req-a2298424-7a83-44c1-8954-f5e6223fc4e4 - - - - -] Service 960387f8-e433-4549-841a-1d206c9dd624 is started service_manage_report /usr/lib/python3/dist-packages/heat/engine/service.py:2363
2026-03-12 00:35:02.305 40152 DEBUG heat.engine.service [req-878d9f7e-0b87-4f56-92eb-30bff631eac1 - - - - -] Service e4cf54b1-fb60-426d-8904-4ec4ddbef8a6 is started service_manage_report /usr/lib/python3/dist-packages/heat/engine/service.py:2363
2026-03-12 00:35:02.313 40150 DEBUG heat.engine.service [req-6ecbb30b-3fb1-4a35-b0bf-076679afab97 - - - - -] Service 1cb4def6-2a21-4580-8fbf-a07924b80fd8 is started service_manage_report /usr/lib/python3/dist-packages/heat/engine/service.py:2363
2026-03-12 00:35:02.315 40149 DEBUG heat.engine.service [req-211020e8-63e8-43b9-a328-657c1a688250 - - - - -] Service 37463607-cafe-4ea7-9006-6740907edfe9 is updated service_manage_report /usr/lib/python3/dist-packages/heat/engine/service.py:2370
2026-03-12 00:35:02.320 40151 DEBUG heat.engine.service [req-a2298424-7a83-44c1-8954-f5e6223fc4e4 - - - - -] Service 960387f8-e433-4549-841a-1d206c9dd624 is updated service_manage_report /usr/lib/python3/dist-packages/heat/engine/service.py:2370
2026-03-12 00:35:02.369 40152 DEBUG heat.engine.service [req-878d9f7e-0b87-4f56-92eb-30bff631eac1 - - - - -] Service e4cf54b1-fb60-426d-8904-4ec4ddbef8a6 is updated service_manage_report /usr/lib/python3/dist-packages/heat/engine/service.py:2370
2026-03-12 00:35:02.369 40150 DEBUG heat.engine.service [req-6ecbb30b-3fb1-4a35-b0bf-076679afab97 - - - - -] Service 1cb4def6-2a21-4580-8fbf-a07924b80fd8 is updated service_manage_report /usr/lib/python3/dist-packages/heat/engine/service.py:2370
2026-03-12 00:36:02.234 40149 DEBUG heat.engine.service [req-1264c234-6bca-4162-b912-52912049ef28 - - - - -] Service 37463607-cafe-4ea7-9006-6740907edfe9 is updated service_manage_report /usr/lib/python3/dist-packages/heat/engine/service.py:2370
2026-03-12 00:36:02.262 40151 DEBUG heat.engine.service [req-aa4a1a4a-6b00-49b0-949c-6b5c6e765515 - - - - -] Service 960387f8-e433-4549-841a-1d206c9dd624 is updated service_manage_report /usr/lib/python3/dist-packages/heat/engine/service.py:2370
2026-03-12 00:36:02.277 40152 DEBUG heat.engine.service [req-ae7cabd8-ee18-43c5-9a39-79c8fe56bb36 - - - - -] Service e4cf54b1-fb60-426d-8904-4ec4ddbef8a6 is updated service_manage_report /usr/lib/python3/dist-packages/heat/engine/service.py:2370
2026-03-12 00:36:02.283 40150 DEBUG heat.engine.service [req-f34bd0b1-8d53-4a28-b36e-53689705ff8b - - - - -] Service 1cb4def6-2a21-4580-8fbf-a07924b80fd8 is updated service_manage_report /usr/lib/python3/dist-packages/heat/engine/service.py:2370
2026-03-12 00:37:02.230 40149 DEBUG heat.engine.service [req-6b2ef875-e3de-408b-90b9-9e1130643620 - - - - -] Service 37463607-cafe-4ea7-9006-6740907edfe9 is updated service_manage_report /usr/lib/python3/dist-packages/heat/engine/service.py:2370
2026-03-12 00:37:02.259 40151 DEBUG heat.engine.service [req-0041623f-53ae-479d-b473-1b4dde4c8ee4 - - - - -] Service 960387f8-e433-4549-841a-1d206c9dd624 is updated service_manage_report /usr/lib/python3/dist-packages/heat/engine/service.py:2370
2026-03-12 00:37:02.273 40152 DEBUG heat.engine.service [req-abd12a2e-be15-45ab-aab3-cb4e3dae439d - - - - -] Service e4cf54b1-fb60-426d-8904-4ec4ddbef8a6 is updated service_manage_report /usr/lib/python3/dist-packages/heat/engine/service.py:2370
2026-03-12 00:37:02.292 40150 DEBUG heat.engine.service [req-52f5af3c-222f-4cec-be55-5b8db54d4a04 - - - - -] Service 1cb4def6-2a21-4580-8fbf-a07924b80fd8 is updated service_manage_report /usr/lib/python3/dist-packages/heat/engine/service.py:2370
2026-03-12 00:38:02.226 40149 DEBUG heat.engine.service [req-6fbf90b2-d5fc-4e5d-aa46-6b126cab85be - - - - -] Service 37463607-cafe-4ea7-9006-6740907edfe9 is updated service_manage_report /usr/lib/python3/dist-packages/heat/engine/service.py:2370
2026-03-12 00:38:02.254 40151 DEBUG heat.engine.service [req-6f6d6e17-ba6a-4afe-b1ec-bb4988eafc8b - - - - -] Service 960387f8-e433-4549-841a-1d206c9dd624 is updated service_manage_report /usr/lib/python3/dist-packages/heat/engine/service.py:2370
2026-03-12 00:38:02.278 40152 DEBUG heat.engine.service [req-ff993d9c-c68f-42c1-853d-c21cff41ba24 - - - - -] Service e4cf54b1-fb60-426d-8904-4ec4ddbef8a6 is updated service_manage_report /usr/lib/python3/dist-packages/heat/engine/service.py:2370
2026-03-12 00:38:02.285 40150 DEBUG heat.engine.service [req-24c05b52-0555-4ca4-8ac4-648144fdd6ef - - - - -] Service 1cb4def6-2a21-4580-8fbf-a07924b80fd8 is updated service_manage_report /usr/lib/python3/dist-packages/heat/engine/service.py:2370
2026-03-12 00:39:02.229 40149 DEBUG heat.engine.service [req-4a730062-2172-4af3-b853-2457601f193a - - - - -] Service 37463607-cafe-4ea7-9006-6740907edfe9 is updated service_manage_report /usr/lib/python3/dist-packages/heat/engine/service.py:2370
2026-03-12 00:39:02.259 40151 DEBUG heat.engine.service [req-9fb08599-4a4c-4022-89fd-17c805dc756d - - - - -] Service 960387f8-e433-4549-841a-1d206c9dd624 is updated service_manage_report /usr/lib/python3/dist-packages/heat/engine/service.py:2370
2026-03-12 00:39:02.284 40152 DEBUG heat.engine.service [req-5052b29c-6fbd-442f-af80-b3cf606f81c2 - - - - -] Service e4cf54b1-fb60-426d-8904-4ec4ddbef8a6 is updated service_manage_report /usr/lib/python3/dist-packages/heat/engine/service.py:2370
2026-03-12 00:39:02.289 40150 DEBUG heat.engine.service [req-68b9fff8-13b3-445a-b0c9-3d8aa1fe554e - - - - -] Service 1cb4def6-2a21-4580-8fbf-a07924b80fd8 is updated service_manage_report /usr/lib/python3/dist-packages/heat/engine/service.py:2370
2026-03-12 00:40:02.224 40149 DEBUG heat.engine.service [req-87902bb5-bcd2-43c5-ba4a-35888807dc13 - - - - -] Service 37463607-cafe-4ea7-9006-6740907edfe9 is updated service_manage_report /usr/lib/python3/dist-packages/heat/engine/service.py:2370
2026-03-12 00:40:02.267 40151 DEBUG heat.engine.service [req-0e064107-3e64-4cdf-aec6-2e916874df78 - - - - -] Service 960387f8-e433-4549-841a-1d206c9dd624 is updated service_manage_report /usr/lib/python3/dist-packages/heat/engine/service.py:2370
2026-03-12 00:40:02.289 40152 DEBUG heat.engine.service [req-85368254-a950-4621-b9c7-0fd15138d9db - - - - -] Service e4cf54b1-fb60-426d-8904-4ec4ddbef8a6 is updated service_manage_report /usr/lib/python3/dist-packages/heat/engine/service.py:2370
2026-03-12 00:40:02.300 40150 DEBUG heat.engine.service [req-49f42933-6e30-49c6-b018-5b668f9f3450 - - - - -] Service 1cb4def6-2a21-4580-8fbf-a07924b80fd8 is updated service_manage_report /usr/lib/python3/dist-packages/heat/engine/service.py:2370
2026-03-12 00:41:02.231 40149 DEBUG heat.engine.service [req-80c00471-a550-423a-9f7a-5fac7ae5ca95 - - - - -] Service 37463607-cafe-4ea7-9006-6740907edfe9 is updated service_manage_report /usr/lib/python3/dist-packages/heat/engine/service.py:2370
2026-03-12 00:41:02.264 40151 DEBUG heat.engine.service [req-79bf1a75-914e-4080-bb77-1eccb6791eaa - - - - -] Service 960387f8-e433-4549-841a-1d206c9dd624 is updated service_manage_report /usr/lib/python3/dist-packages/heat/engine/service.py:2370
2026-03-12 00:41:02.295 40152 DEBUG heat.engine.service [req-5e1fec6e-f3fb-4453-8f53-1568b1c26f71 - - - - -] Service e4cf54b1-fb60-426d-8904-4ec4ddbef8a6 is updated service_manage_report /usr/lib/python3/dist-packages/heat/engine/service.py:2370
2026-03-12 00:41:02.298 40150 DEBUG heat.engine.service [req-98793d1d-3ef4-48ef-88d5-143f6d16b76e - - - - -] Service 1cb4def6-2a21-4580-8fbf-a07924b80fd8 is updated service_manage_report /usr/lib/python3/dist-packages/heat/engine/service.py:2370
2026-03-12 00:42:02.226 40149 DEBUG heat.engine.service [req-c853ec42-8b40-4b5e-a143-28889b7159ea - - - - -] Service 37463607-cafe-4ea7-9006-6740907edfe9 is updated service_manage_report /usr/lib/python3/dist-packages/heat/engine/service.py:2370
2026-03-12 00:42:02.260 40151 DEBUG heat.engine.service [req-271a141b-e868-457d-a3de-24d8d04aff9b - - - - -] Service 960387f8-e433-4549-841a-1d206c9dd624 is updated service_manage_report /usr/lib/python3/dist-packages/heat/engine/service.py:2370
2026-03-12 00:42:02.295 40152 DEBUG heat.engine.service [req-afd979bb-8f70-4dd8-bc33-815be0d76206 - - - - -] Service e4cf54b1-fb60-426d-8904-4ec4ddbef8a6 is updated service_manage_report /usr/lib/python3/dist-packages/heat/engine/service.py:2370
2026-03-12 00:42:02.301 40150 DEBUG heat.engine.service [req-c5ff889c-64e6-4559-bcab-ebf618e3d0a2 - - - - -] Service 1cb4def6-2a21-4580-8fbf-a07924b80fd8 is updated service_manage_report /usr/lib/python3/dist-packages/heat/engine/service.py:2370
2026-03-12 00:43:02.233 40149 DEBUG heat.engine.service [req-c97f68b4-69d9-4be8-bdf5-a19cf349d85b - - - - -] Service 37463607-cafe-4ea7-9006-6740907edfe9 is updated service_manage_report /usr/lib/python3/dist-packages/heat/engine/service.py:2370
2026-03-12 00:43:02.254 40151 DEBUG heat.engine.service [req-be1805af-4200-4113-88a8-682fcc405ea1 - - - - -] Service 960387f8-e433-4549-841a-1d206c9dd624 is updated service_manage_report /usr/lib/python3/dist-packages/heat/engine/service.py:2370
2026-03-12 00:43:02.291 40152 DEBUG heat.engine.service [req-5af4147f-4954-4c71-bafd-0712c37e91dd - - - - -] Service e4cf54b1-fb60-426d-8904-4ec4ddbef8a6 is updated service_manage_report /usr/lib/python3/dist-packages/heat/engine/service.py:2370
2026-03-12 00:43:02.296 40150 DEBUG heat.engine.service [req-dedfed39-b2f8-4042-a822-4427d6362b3a - - - - -] Service 1cb4def6-2a21-4580-8fbf-a07924b80fd8 is updated service_manage_report /usr/lib/python3/dist-packages/heat/engine/service.py:2370
2026-03-12 00:44:02.228 40149 DEBUG heat.engine.service [req-67e3239c-52f8-4cbd-bb43-06066d2f99cc - - - - -] Service 37463607-cafe-4ea7-9006-6740907edfe9 is updated service_manage_report /usr/lib/python3/dist-packages/heat/engine/service.py:2370
2026-03-12 00:44:02.257 40151 DEBUG heat.engine.service [req-5b6ea56b-874c-42e6-a26a-adce2916b33b - - - - -] Service 960387f8-e433-4549-841a-1d206c9dd624 is updated service_manage_report /usr/lib/python3/dist-packages/heat/engine/service.py:2370
2026-03-12 00:44:02.302 40152 DEBUG heat.engine.service [req-83c80955-0ac1-4a3b-a54b-5f07dddfc742 - - - - -] Service e4cf54b1-fb60-426d-8904-4ec4ddbef8a6 is updated service_manage_report /usr/lib/python3/dist-packages/heat/engine/service.py:2370
2026-03-12 00:44:02.304 40150 DEBUG heat.engine.service [req-f1472cbe-bcdf-416e-a34d-5ebd24249f2e - - - - -] Service 1cb4def6-2a21-4580-8fbf-a07924b80fd8 is updated service_manage_report /usr/lib/python3/dist-packages/heat/engine/service.py:2370
2026-03-12 00:45:02.235 40149 DEBUG heat.engine.service [req-941598b7-4937-4874-81d1-b843a9edb359 - - - - -] Service 37463607-cafe-4ea7-9006-6740907edfe9 is updated service_manage_report /usr/lib/python3/dist-packages/heat/engine/service.py:2370
2026-03-12 00:45:02.265 40151 DEBUG heat.engine.service [req-de6819fb-f549-4da2-88ec-30009f71c371 - - - - -] Service 960387f8-e433-4549-841a-1d206c9dd624 is updated service_manage_report /usr/lib/python3/dist-packages/heat/engine/service.py:2370
2026-03-12 00:45:02.298 40152 DEBUG heat.engine.service [req-6562086e-9ea6-43f4-b8bd-605333a5b61a - - - - -] Service e4cf54b1-fb60-426d-8904-4ec4ddbef8a6 is updated service_manage_report /usr/lib/python3/dist-packages/heat/engine/service.py:2370
2026-03-12 00:45:02.303 40150 DEBUG heat.engine.service [req-2e4d2006-5954-4a74-9b79-7150d3f61083 - - - - -] Service 1cb4def6-2a21-4580-8fbf-a07924b80fd8 is updated service_manage_report /usr/lib/python3/dist-packages/heat/engine/service.py:2370
2026-03-12 00:46:02.234 40149 DEBUG heat.engine.service [req-3d120d7a-7cb2-468c-b578-0329533638fb - - - - -] Service 37463607-cafe-4ea7-9006-6740907edfe9 is updated service_manage_report /usr/lib/python3/dist-packages/heat/engine/service.py:2370
2026-03-12 00:46:02.263 40151 DEBUG heat.engine.service [req-35edd355-46dc-4969-9fc7-cc3bfd7150be - - - - -] Service 960387f8-e433-4549-841a-1d206c9dd624 is updated service_manage_report /usr/lib/python3/dist-packages/heat/engine/service.py:2370
2026-03-12 00:46:02.293 40152 DEBUG heat.engine.service [req-ff2b2ecf-22cf-40fa-87f9-1cefe490af20 - - - - -] Service e4cf54b1-fb60-426d-8904-4ec4ddbef8a6 is updated service_manage_report /usr/lib/python3/dist-packages/heat/engine/service.py:2370
2026-03-12 00:46:02.302 40150 DEBUG heat.engine.service [req-c513d54a-3aa3-499a-9c56-391f2a647d4e - - - - -] Service 1cb4def6-2a21-4580-8fbf-a07924b80fd8 is updated service_manage_report /usr/lib/python3/dist-packages/heat/engine/service.py:2370
2026-03-12 00:47:02.228 40149 DEBUG heat.engine.service [req-8ac88541-5100-4b24-89e2-0136d55eda30 - - - - -] Service 37463607-cafe-4ea7-9006-6740907edfe9 is updated service_manage_report /usr/lib/python3/dist-packages/heat/engine/service.py:2370
2026-03-12 00:47:02.258 40151 DEBUG heat.engine.service [req-ac54746c-0eaf-4893-bcd8-95f11697d5fc - - - - -] Service 960387f8-e433-4549-841a-1d206c9dd624 is updated service_manage_report /usr/lib/python3/dist-packages/heat/engine/service.py:2370
2026-03-12 00:47:02.298 40150 DEBUG heat.engine.service [req-ab449d98-81d9-464f-a58f-6792b112f8ee - - - - -] Service 1cb4def6-2a21-4580-8fbf-a07924b80fd8 is updated service_manage_report /usr/lib/python3/dist-packages/heat/engine/service.py:2370
2026-03-12 00:47:02.299 40152 DEBUG heat.engine.service [req-4f609722-7483-4773-890c-e492fb8929dc - - - - -] Service e4cf54b1-fb60-426d-8904-4ec4ddbef8a6 is updated service_manage_report /usr/lib/python3/dist-packages/heat/engine/service.py:2370
2026-03-12 00:48:02.234 40149 DEBUG heat.engine.service [req-12711c28-0d03-4229-a1e0-dec934bce6d2 - - - - -] Service 37463607-cafe-4ea7-9006-6740907edfe9 is updated service_manage_report /usr/lib/python3/dist-packages/heat/engine/service.py:2370
2026-03-12 00:48:02.263 40151 DEBUG heat.engine.service [req-c283c942-7c9d-4192-b82d-8170accd08c3 - - - - -] Service 960387f8-e433-4549-841a-1d206c9dd624 is updated service_manage_report /usr/lib/python3/dist-packages/heat/engine/service.py:2370
2026-03-12 00:48:02.295 40152 DEBUG heat.engine.service [req-13b8ab2c-b9c4-4142-8a7c-f17a5495f5bf - - - - -] Service e4cf54b1-fb60-426d-8904-4ec4ddbef8a6 is updated service_manage_report /usr/lib/python3/dist-packages/heat/engine/service.py:2370
2026-03-12 00:48:02.296 40150 DEBUG heat.engine.service [req-027c09d4-4c98-4392-b4fe-b88a2d192669 - - - - -] Service 1cb4def6-2a21-4580-8fbf-a07924b80fd8 is updated service_manage_report /usr/lib/python3/dist-packages/heat/engine/service.py:2370
2026-03-12 00:49:02.240 40149 DEBUG heat.engine.service [req-c3ee4e79-a2b6-4d59-a816-8018c2a96c2d - - - - -] Service 37463607-cafe-4ea7-9006-6740907edfe9 is updated service_manage_report /usr/lib/python3/dist-packages/heat/engine/service.py:2370
2026-03-12 00:49:02.267 40151 DEBUG heat.engine.service [req-450f19ee-0d9c-4b6e-a163-f64f51f28672 - - - - -] Service 960387f8-e433-4549-841a-1d206c9dd624 is updated service_manage_report /usr/lib/python3/dist-packages/heat/engine/service.py:2370
2026-03-12 00:49:02.297 40150 DEBUG heat.engine.service [req-d549eeab-dc91-436e-84a6-e6e8e9793ab2 - - - - -] Service 1cb4def6-2a21-4580-8fbf-a07924b80fd8 is updated service_manage_report /usr/lib/python3/dist-packages/heat/engine/service.py:2370
2026-03-12 00:49:02.299 40152 DEBUG heat.engine.service [req-08940a56-49f3-404f-bb65-f3ed17a278dd - - - - -] Service e4cf54b1-fb60-426d-8904-4ec4ddbef8a6 is updated service_manage_report /usr/lib/python3/dist-packages/heat/engine/service.py:2370
2026-03-12 00:50:02.245 40149 DEBUG heat.engine.service [req-63e4cf64-2eba-433d-bf9a-069a74b2d9bd - - - - -] Service 37463607-cafe-4ea7-9006-6740907edfe9 is updated service_manage_report /usr/lib/python3/dist-packages/heat/engine/service.py:2370
2026-03-12 00:50:02.273 40151 DEBUG heat.engine.service [req-95f24d35-b5f4-4651-870e-17f0db468b78 - - - - -] Service 960387f8-e433-4549-841a-1d206c9dd624 is updated service_manage_report /usr/lib/python3/dist-packages/heat/engine/service.py:2370
2026-03-12 00:50:02.291 40150 DEBUG heat.engine.service [req-6d7596f8-c3e7-47c6-a762-e1c0ad5b1cfc - - - - -] Service 1cb4def6-2a21-4580-8fbf-a07924b80fd8 is updated service_manage_report /usr/lib/python3/dist-packages/heat/engine/service.py:2370
2026-03-12 00:50:02.304 40152 DEBUG heat.engine.service [req-7aab4f18-3679-412a-878e-10d53c21623e - - - - -] Service e4cf54b1-fb60-426d-8904-4ec4ddbef8a6 is updated service_manage_report /usr/lib/python3/dist-packages/heat/engine/service.py:2370
2026-03-12 00:51:02.250 40149 DEBUG heat.engine.service [req-6d246dca-d2c3-492e-846f-c7d81eb5174a - - - - -] Service 37463607-cafe-4ea7-9006-6740907edfe9 is updated service_manage_report /usr/lib/python3/dist-packages/heat/engine/service.py:2370
2026-03-12 00:51:02.267 40151 DEBUG heat.engine.service [req-2511838f-ef3a-408d-8d45-943cc2653f3a - - - - -] Service 960387f8-e433-4549-841a-1d206c9dd624 is updated service_manage_report /usr/lib/python3/dist-packages/heat/engine/service.py:2370
2026-03-12 00:51:02.299 40150 DEBUG heat.engine.service [req-f399be72-0485-4265-8892-157dfea5c30e - - - - -] Service 1cb4def6-2a21-4580-8fbf-a07924b80fd8 is updated service_manage_report /usr/lib/python3/dist-packages/heat/engine/service.py:2370
2026-03-12 00:51:02.313 40152 DEBUG heat.engine.service [req-49ac8f1d-2961-416d-ae2f-b0153d392d26 - - - - -] Service e4cf54b1-fb60-426d-8904-4ec4ddbef8a6 is updated service_manage_report /usr/lib/python3/dist-packages/heat/engine/service.py:2370
2026-03-12 00:52:02.255 40149 DEBUG heat.engine.service [req-eba49bf1-dcac-49b2-aebd-ac9eb1e296a3 - - - - -] Service 37463607-cafe-4ea7-9006-6740907edfe9 is updated service_manage_report /usr/lib/python3/dist-packages/heat/engine/service.py:2370
2026-03-12 00:52:02.270 40151 DEBUG heat.engine.service [req-7c4eae60-660e-4a10-ae85-a1ce2f2eb3ef - - - - -] Service 960387f8-e433-4549-841a-1d206c9dd624 is updated service_manage_report /usr/lib/python3/dist-packages/heat/engine/service.py:2370
2026-03-12 00:52:02.293 40150 DEBUG heat.engine.service [req-34aeb621-1566-4e4d-8cb3-c8617afbdcf0 - - - - -] Service 1cb4def6-2a21-4580-8fbf-a07924b80fd8 is updated service_manage_report /usr/lib/python3/dist-packages/heat/engine/service.py:2370
2026-03-12 00:52:02.308 40152 DEBUG heat.engine.service [req-a4eae07a-70c1-47f7-9da4-186ec272f944 - - - - -] Service e4cf54b1-fb60-426d-8904-4ec4ddbef8a6 is updated service_manage_report /usr/lib/python3/dist-packages/heat/engine/service.py:2370
2026-03-12 00:53:02.258 40149 DEBUG heat.engine.service [req-d1aa50ac-9fc4-4a6d-bba9-e777353032ff - - - - -] Service 37463607-cafe-4ea7-9006-6740907edfe9 is updated service_manage_report /usr/lib/python3/dist-packages/heat/engine/service.py:2370
2026-03-12 00:53:02.275 40151 DEBUG heat.engine.service [req-15f3ac21-b595-4c08-936b-ec0baa98c8b8 - - - - -] Service 960387f8-e433-4549-841a-1d206c9dd624 is updated service_manage_report /usr/lib/python3/dist-packages/heat/engine/service.py:2370
2026-03-12 00:53:02.296 40150 DEBUG heat.engine.service [req-e2cd2adb-402c-48f4-bf54-0255df7b94c3 - - - - -] Service 1cb4def6-2a21-4580-8fbf-a07924b80fd8 is updated service_manage_report /usr/lib/python3/dist-packages/heat/engine/service.py:2370
2026-03-12 00:53:02.312 40152 DEBUG heat.engine.service [req-6de287b4-7e95-4d3a-bb2f-e3d6b05650c7 - - - - -] Service e4cf54b1-fb60-426d-8904-4ec4ddbef8a6 is updated service_manage_report /usr/lib/python3/dist-packages/heat/engine/service.py:2370
2026-03-12 00:54:02.264 40149 DEBUG heat.engine.service [req-bfb19d31-e412-4eae-bdc2-d95365cd8562 - - - - -] Service 37463607-cafe-4ea7-9006-6740907edfe9 is updated service_manage_report /usr/lib/python3/dist-packages/heat/engine/service.py:2370
2026-03-12 00:54:02.287 40151 DEBUG heat.engine.service [req-a540a56c-1764-4139-9bd3-d22655e61746 - - - - -] Service 960387f8-e433-4549-841a-1d206c9dd624 is updated service_manage_report /usr/lib/python3/dist-packages/heat/engine/service.py:2370
2026-03-12 00:54:02.300 40150 DEBUG heat.engine.service [req-4a9366fc-ebe1-46f0-83ec-653d1430e888 - - - - -] Service 1cb4def6-2a21-4580-8fbf-a07924b80fd8 is updated service_manage_report /usr/lib/python3/dist-packages/heat/engine/service.py:2370
2026-03-12 00:54:02.317 40152 DEBUG heat.engine.service [req-988efb06-06db-44c9-a1f5-445e23fae1d2 - - - - -] Service e4cf54b1-fb60-426d-8904-4ec4ddbef8a6 is updated service_manage_report /usr/lib/python3/dist-packages/heat/engine/service.py:2370
2026-03-12 00:55:02.261 40149 DEBUG heat.engine.service [req-9af59284-76c6-44cd-929d-3f1b561b5c24 - - - - -] Service 37463607-cafe-4ea7-9006-6740907edfe9 is updated service_manage_report /usr/lib/python3/dist-packages/heat/engine/service.py:2370
2026-03-12 00:55:02.283 40151 DEBUG heat.engine.service [req-5227c407-94a3-492b-995a-f5b51f2a2498 - - - - -] Service 960387f8-e433-4549-841a-1d206c9dd624 is updated service_manage_report /usr/lib/python3/dist-packages/heat/engine/service.py:2370
2026-03-12 00:55:02.306 40150 DEBUG heat.engine.service [req-9c329fab-8ff0-4b78-982e-52dc1823f9c8 - - - - -] Service 1cb4def6-2a21-4580-8fbf-a07924b80fd8 is updated service_manage_report /usr/lib/python3/dist-packages/heat/engine/service.py:2370
2026-03-12 00:55:02.325 40152 DEBUG heat.engine.service [req-f17011e4-269a-4f3d-945b-5ae348786794 - - - - -] Service e4cf54b1-fb60-426d-8904-4ec4ddbef8a6 is updated service_manage_report /usr/lib/python3/dist-packages/heat/engine/service.py:2370
2026-03-12 00:56:02.257 40149 DEBUG heat.engine.service [req-73d27ab8-4803-49d8-aee0-820ba777295a - - - - -] Service 37463607-cafe-4ea7-9006-6740907edfe9 is updated service_manage_report /usr/lib/python3/dist-packages/heat/engine/service.py:2370
2026-03-12 00:56:02.290 40151 DEBUG heat.engine.service [req-1f2400fd-d840-4d95-b002-c5742274e3ee - - - - -] Service 960387f8-e433-4549-841a-1d206c9dd624 is updated service_manage_report /usr/lib/python3/dist-packages/heat/engine/service.py:2370
2026-03-12 00:56:02.312 40150 DEBUG heat.engine.service [req-c0fa574e-1606-4823-9440-407185efa7c4 - - - - -] Service 1cb4def6-2a21-4580-8fbf-a07924b80fd8 is updated service_manage_report /usr/lib/python3/dist-packages/heat/engine/service.py:2370
2026-03-12 00:56:02.323 40152 DEBUG heat.engine.service [req-22cada6f-fceb-45c8-ade3-1793544c0168 - - - - -] Service e4cf54b1-fb60-426d-8904-4ec4ddbef8a6 is updated service_manage_report /usr/lib/python3/dist-packages/heat/engine/service.py:2370
2026-03-12 00:57:02.251 40149 DEBUG heat.engine.service [req-369960e9-8438-4d3c-9c49-383472dbb18a - - - - -] Service 37463607-cafe-4ea7-9006-6740907edfe9 is updated service_manage_report /usr/lib/python3/dist-packages/heat/engine/service.py:2370
2026-03-12 00:57:02.285 40151 DEBUG heat.engine.service [req-4664e8d7-b187-4fd6-86b0-46ac840730b8 - - - - -] Service 960387f8-e433-4549-841a-1d206c9dd624 is updated service_manage_report /usr/lib/python3/dist-packages/heat/engine/service.py:2370
2026-03-12 00:57:02.306 40150 DEBUG heat.engine.service [req-dbc32c27-5f63-43e1-b5ed-6c961500f4b7 - - - - -] Service 1cb4def6-2a21-4580-8fbf-a07924b80fd8 is updated service_manage_report /usr/lib/python3/dist-packages/heat/engine/service.py:2370
2026-03-12 00:57:02.320 40152 DEBUG heat.engine.service [req-369b2251-135d-44d2-afe4-104410bc461a - - - - -] Service e4cf54b1-fb60-426d-8904-4ec4ddbef8a6 is updated service_manage_report /usr/lib/python3/dist-packages/heat/engine/service.py:2370
2026-03-12 00:58:02.257 40149 DEBUG heat.engine.service [req-07ffa122-5020-45f9-91d7-8ed25fee3f6b - - - - -] Service 37463607-cafe-4ea7-9006-6740907edfe9 is updated service_manage_report /usr/lib/python3/dist-packages/heat/engine/service.py:2370
2026-03-12 00:58:02.289 40151 DEBUG heat.engine.service [req-48be2a7c-1136-404c-96e3-eeb3b52cf386 - - - - -] Service 960387f8-e433-4549-841a-1d206c9dd624 is updated service_manage_report /usr/lib/python3/dist-packages/heat/engine/service.py:2370
2026-03-12 00:58:02.311 40150 DEBUG heat.engine.service [req-9debd018-1050-4d28-aff0-5b7c78d2834d - - - - -] Service 1cb4def6-2a21-4580-8fbf-a07924b80fd8 is updated service_manage_report /usr/lib/python3/dist-packages/heat/engine/service.py:2370
2026-03-12 00:58:02.318 40152 DEBUG heat.engine.service [req-fb174e4a-7ab7-4ba7-aab9-bb4e48f3c572 - - - - -] Service e4cf54b1-fb60-426d-8904-4ec4ddbef8a6 is updated service_manage_report /usr/lib/python3/dist-packages/heat/engine/service.py:2370
2026-03-12 00:59:02.264 40149 DEBUG heat.engine.service [req-87250516-fcff-40bd-90e4-2b878b76ae26 - - - - -] Service 37463607-cafe-4ea7-9006-6740907edfe9 is updated service_manage_report /usr/lib/python3/dist-packages/heat/engine/service.py:2370
2026-03-12 00:59:02.293 40151 DEBUG heat.engine.service [req-ae47449e-27a1-4773-ae8e-2eaadc294814 - - - - -] Service 960387f8-e433-4549-841a-1d206c9dd624 is updated service_manage_report /usr/lib/python3/dist-packages/heat/engine/service.py:2370
2026-03-12 00:59:02.314 40152 DEBUG heat.engine.service [req-a11019b3-1fa8-4079-bc7f-30e47a978c80 - - - - -] Service e4cf54b1-fb60-426d-8904-4ec4ddbef8a6 is updated service_manage_report /usr/lib/python3/dist-packages/heat/engine/service.py:2370
2026-03-12 00:59:02.319 40150 DEBUG heat.engine.service [req-c576279e-84a7-457f-aa31-980090f966cd - - - - -] Service 1cb4def6-2a21-4580-8fbf-a07924b80fd8 is updated service_manage_report /usr/lib/python3/dist-packages/heat/engine/service.py:2370
2026-03-12 01:00:02.259 40149 DEBUG heat.engine.service [req-547cda6d-54fc-48fd-b81c-ffe136bb025c - - - - -] Service 37463607-cafe-4ea7-9006-6740907edfe9 is updated service_manage_report /usr/lib/python3/dist-packages/heat/engine/service.py:2370
2026-03-12 01:00:02.301 40151 DEBUG heat.engine.service [req-816bb58a-df73-4527-8391-0de2fabab4ac - - - - -] Service 960387f8-e433-4549-841a-1d206c9dd624 is updated service_manage_report /usr/lib/python3/dist-packages/heat/engine/service.py:2370
2026-03-12 01:00:02.313 40150 DEBUG heat.engine.service [req-615b2530-3502-46e7-a184-92a790429cb3 - - - - -] Service 1cb4def6-2a21-4580-8fbf-a07924b80fd8 is updated service_manage_report /usr/lib/python3/dist-packages/heat/engine/service.py:2370
2026-03-12 01:00:02.320 40152 DEBUG heat.engine.service [req-64c30bbc-1277-4f35-88e7-fe8adf365a90 - - - - -] Service e4cf54b1-fb60-426d-8904-4ec4ddbef8a6 is updated service_manage_report /usr/lib/python3/dist-packages/heat/engine/service.py:2370
2026-03-12 01:01:02.267 40149 DEBUG heat.engine.service [req-477a38cb-8823-44b2-8f13-9a30f333e6c7 - - - - -] Service 37463607-cafe-4ea7-9006-6740907edfe9 is updated service_manage_report /usr/lib/python3/dist-packages/heat/engine/service.py:2370
2026-03-12 01:01:02.297 40151 DEBUG heat.engine.service [req-6bdc5070-0488-4a5b-97f8-7996c0857193 - - - - -] Service 960387f8-e433-4549-841a-1d206c9dd624 is updated service_manage_report /usr/lib/python3/dist-packages/heat/engine/service.py:2370
2026-03-12 01:01:02.315 40152 DEBUG heat.engine.service [req-4a9d84e4-cc10-41d1-b626-18427a4b9f0b - - - - -] Service e4cf54b1-fb60-426d-8904-4ec4ddbef8a6 is updated service_manage_report /usr/lib/python3/dist-packages/heat/engine/service.py:2370
2026-03-12 01:01:02.318 40150 DEBUG heat.engine.service [req-d79ba2a6-878b-4185-b626-7bbde5c9fad0 - - - - -] Service 1cb4def6-2a21-4580-8fbf-a07924b80fd8 is updated service_manage_report /usr/lib/python3/dist-packages/heat/engine/service.py:2370
2026-03-12 01:02:02.263 40149 DEBUG heat.engine.service [req-9fa85d0e-4577-41ae-85e3-18162b77dfe6 - - - - -] Service 37463607-cafe-4ea7-9006-6740907edfe9 is updated service_manage_report /usr/lib/python3/dist-packages/heat/engine/service.py:2370
2026-03-12 01:02:02.301 40151 DEBUG heat.engine.service [req-cd96cb53-9316-4f0c-93e1-63870827fba7 - - - - -] Service 960387f8-e433-4549-841a-1d206c9dd624 is updated service_manage_report /usr/lib/python3/dist-packages/heat/engine/service.py:2370
2026-03-12 01:02:02.322 40152 DEBUG heat.engine.service [req-7f1e3397-1189-4811-a788-663c99ed3fbc - - - - -] Service e4cf54b1-fb60-426d-8904-4ec4ddbef8a6 is updated service_manage_report /usr/lib/python3/dist-packages/heat/engine/service.py:2370
2026-03-12 01:02:02.327 40150 DEBUG heat.engine.service [req-1f2250ea-7711-427c-8e88-d502a8e0d108 - - - - -] Service 1cb4def6-2a21-4580-8fbf-a07924b80fd8 is updated service_manage_report /usr/lib/python3/dist-packages/heat/engine/service.py:2370
2026-03-12 01:03:02.259 40149 DEBUG heat.engine.service [req-aef6e0c3-0d68-4a2f-8633-e326ba5cbdca - - - - -] Service 37463607-cafe-4ea7-9006-6740907edfe9 is updated service_manage_report /usr/lib/python3/dist-packages/heat/engine/service.py:2370
2026-03-12 01:03:02.307 40151 DEBUG heat.engine.service [req-cc03de08-2dbc-4ef4-88a3-dc0611fe142f - - - - -] Service 960387f8-e433-4549-841a-1d206c9dd624 is updated service_manage_report /usr/lib/python3/dist-packages/heat/engine/service.py:2370
2026-03-12 01:03:02.316 40152 DEBUG heat.engine.service [req-1ead29f0-9456-4795-91be-6d42b5e85e55 - - - - -] Service e4cf54b1-fb60-426d-8904-4ec4ddbef8a6 is updated service_manage_report /usr/lib/python3/dist-packages/heat/engine/service.py:2370
2026-03-12 01:03:02.324 40150 DEBUG heat.engine.service [req-16154046-f63e-47d9-b322-4f61da3a4beb - - - - -] Service 1cb4def6-2a21-4580-8fbf-a07924b80fd8 is updated service_manage_report /usr/lib/python3/dist-packages/heat/engine/service.py:2370
2026-03-12 01:04:02.254 40149 DEBUG heat.engine.service [req-484648c6-14c8-4bed-bc69-035223b6246c - - - - -] Service 37463607-cafe-4ea7-9006-6740907edfe9 is updated service_manage_report /usr/lib/python3/dist-packages/heat/engine/service.py:2370
2026-03-12 01:04:02.302 40151 DEBUG heat.engine.service [req-fd69cd85-c65a-4d9d-83dc-354bfd5f55d9 - - - - -] Service 960387f8-e433-4549-841a-1d206c9dd624 is updated service_manage_report /usr/lib/python3/dist-packages/heat/engine/service.py:2370
2026-03-12 01:04:02.318 40150 DEBUG heat.engine.service [req-cb076d74-5ef6-4447-a6ad-8def1017ef84 - - - - -] Service 1cb4def6-2a21-4580-8fbf-a07924b80fd8 is updated service_manage_report /usr/lib/python3/dist-packages/heat/engine/service.py:2370
2026-03-12 01:04:02.320 40152 DEBUG heat.engine.service [req-0857b830-ed0a-457e-bdff-ff7130ea0c63 - - - - -] Service e4cf54b1-fb60-426d-8904-4ec4ddbef8a6 is updated service_manage_report /usr/lib/python3/dist-packages/heat/engine/service.py:2370
2026-03-12 01:05:02.262 40149 DEBUG heat.engine.service [req-b05f9ec3-68b3-43fb-aa07-976380687df8 - - - - -] Service 37463607-cafe-4ea7-9006-6740907edfe9 is updated service_manage_report /usr/lib/python3/dist-packages/heat/engine/service.py:2370
2026-03-12 01:05:02.309 40151 DEBUG heat.engine.service [req-96b1dc43-064a-4977-b962-fe081717da10 - - - - -] Service 960387f8-e433-4549-841a-1d206c9dd624 is updated service_manage_report /usr/lib/python3/dist-packages/heat/engine/service.py:2370
2026-03-12 01:05:02.334 40150 DEBUG heat.engine.service [req-fbd2a3b7-a068-4483-a95b-abd4d156e173 - - - - -] Service 1cb4def6-2a21-4580-8fbf-a07924b80fd8 is updated service_manage_report /usr/lib/python3/dist-packages/heat/engine/service.py:2370
2026-03-12 01:05:02.336 40152 DEBUG heat.engine.service [req-2f03ae58-5766-463d-be5d-5971a1ae3458 - - - - -] Service e4cf54b1-fb60-426d-8904-4ec4ddbef8a6 is updated service_manage_report /usr/lib/python3/dist-packages/heat/engine/service.py:2370
2026-03-12 01:06:02.258 40149 DEBUG heat.engine.service [req-13139207-323c-4c4a-a33f-cfd4b684808c - - - - -] Service 37463607-cafe-4ea7-9006-6740907edfe9 is updated service_manage_report /usr/lib/python3/dist-packages/heat/engine/service.py:2370
2026-03-12 01:06:02.304 40151 DEBUG heat.engine.service [req-b2581174-a3ef-42e1-b8ba-e5f5ded57058 - - - - -] Service 960387f8-e433-4549-841a-1d206c9dd624 is updated service_manage_report /usr/lib/python3/dist-packages/heat/engine/service.py:2370
2026-03-12 01:06:02.321 40152 DEBUG heat.engine.service [req-25428308-6143-4ee7-b075-af56e0f77a9c - - - - -] Service e4cf54b1-fb60-426d-8904-4ec4ddbef8a6 is updated service_manage_report /usr/lib/python3/dist-packages/heat/engine/service.py:2370
2026-03-12 01:06:02.327 40150 DEBUG heat.engine.service [req-a2750705-5b11-42ab-8955-f8e939b213e9 - - - - -] Service 1cb4def6-2a21-4580-8fbf-a07924b80fd8 is updated service_manage_report /usr/lib/python3/dist-packages/heat/engine/service.py:2370
2026-03-12 01:07:02.265 40149 DEBUG heat.engine.service [req-42305441-66ee-4788-985d-0d5eef8b6293 - - - - -] Service 37463607-cafe-4ea7-9006-6740907edfe9 is updated service_manage_report /usr/lib/python3/dist-packages/heat/engine/service.py:2370
2026-03-12 01:07:02.310 40151 DEBUG heat.engine.service [req-d2b296ec-4d50-4a06-af5a-af50a5aa3e67 - - - - -] Service 960387f8-e433-4549-841a-1d206c9dd624 is updated service_manage_report /usr/lib/python3/dist-packages/heat/engine/service.py:2370
2026-03-12 01:07:02.324 40152 DEBUG heat.engine.service [req-4b7107c9-ad8d-431a-8d61-039d00403f87 - - - - -] Service e4cf54b1-fb60-426d-8904-4ec4ddbef8a6 is updated service_manage_report /usr/lib/python3/dist-packages/heat/engine/service.py:2370
2026-03-12 01:07:02.333 40150 DEBUG heat.engine.service [req-ddcc1855-f75f-47b0-b40d-2a391f66c2cc - - - - -] Service 1cb4def6-2a21-4580-8fbf-a07924b80fd8 is updated service_manage_report /usr/lib/python3/dist-packages/heat/engine/service.py:2370
2026-03-12 01:08:02.263 40149 DEBUG heat.engine.service [req-88109216-e29d-4dbd-8b32-f0a13c02f366 - - - - -] Service 37463607-cafe-4ea7-9006-6740907edfe9 is updated service_manage_report /usr/lib/python3/dist-packages/heat/engine/service.py:2370
2026-03-12 01:08:02.306 40151 DEBUG heat.engine.service [req-c9c97205-761e-4634-9674-d033f6f426c7 - - - - -] Service 960387f8-e433-4549-841a-1d206c9dd624 is updated service_manage_report /usr/lib/python3/dist-packages/heat/engine/service.py:2370
2026-03-12 01:08:02.328 40152 DEBUG heat.engine.service [req-08d4d9a5-e1e5-43e4-8247-f5d733fe95de - - - - -] Service e4cf54b1-fb60-426d-8904-4ec4ddbef8a6 is updated service_manage_report /usr/lib/python3/dist-packages/heat/engine/service.py:2370
2026-03-12 01:08:02.337 40150 DEBUG heat.engine.service [req-7fb4a979-11bd-462c-a1a9-429c06afda91 - - - - -] Service 1cb4def6-2a21-4580-8fbf-a07924b80fd8 is updated service_manage_report /usr/lib/python3/dist-packages/heat/engine/service.py:2370
