2026-03-12 01:09:02.259 40149 DEBUG heat.engine.service [req-29602a83-1ded-4052-bacb-a8338e01e8b8 - - - - -] Service 37463607-cafe-4ea7-9006-6740907edfe9 is updated service_manage_report /usr/lib/python3/dist-packages/heat/engine/service.py:2370
2026-03-12 01:09:02.310 40151 DEBUG heat.engine.service [req-752b521e-f88e-4af4-86ea-878b48cedb95 - - - - -] Service 960387f8-e433-4549-841a-1d206c9dd624 is updated service_manage_report /usr/lib/python3/dist-packages/heat/engine/service.py:2370
2026-03-12 01:09:02.332 40152 DEBUG heat.engine.service [req-e6313689-2632-41f2-a9a5-50b27607c0cc - - - - -] Service e4cf54b1-fb60-426d-8904-4ec4ddbef8a6 is updated service_manage_report /usr/lib/python3/dist-packages/heat/engine/service.py:2370
2026-03-12 01:09:02.344 40150 DEBUG heat.engine.service [req-ad3c595a-2e35-4999-af46-7eaa10dafd49 - - - - -] Service 1cb4def6-2a21-4580-8fbf-a07924b80fd8 is updated service_manage_report /usr/lib/python3/dist-packages/heat/engine/service.py:2370
2026-03-12 01:10:02.260 40149 DEBUG heat.engine.service [req-b75147d0-c9f4-444c-b82f-5ceec8b8b551 - - - - -] Service 37463607-cafe-4ea7-9006-6740907edfe9 is updated service_manage_report /usr/lib/python3/dist-packages/heat/engine/service.py:2370
2026-03-12 01:10:02.315 40151 DEBUG heat.engine.service [req-e10f0408-bfb1-4c32-a169-4a74d8fa3e75 - - - - -] Service 960387f8-e433-4549-841a-1d206c9dd624 is updated service_manage_report /usr/lib/python3/dist-packages/heat/engine/service.py:2370
2026-03-12 01:10:02.338 40152 DEBUG heat.engine.service [req-2d59c4f1-9e98-4179-ac14-cd03e5d78800 - - - - -] Service e4cf54b1-fb60-426d-8904-4ec4ddbef8a6 is updated service_manage_report /usr/lib/python3/dist-packages/heat/engine/service.py:2370
2026-03-12 01:10:02.341 40150 DEBUG heat.engine.service [req-5f667526-88fd-4b26-a998-62074ae375c9 - - - - -] Service 1cb4def6-2a21-4580-8fbf-a07924b80fd8 is updated service_manage_report /usr/lib/python3/dist-packages/heat/engine/service.py:2370
2026-03-12 01:11:02.257 40149 DEBUG heat.engine.service [req-b14202d5-7741-4605-952a-b7231a67387f - - - - -] Service 37463607-cafe-4ea7-9006-6740907edfe9 is updated service_manage_report /usr/lib/python3/dist-packages/heat/engine/service.py:2370
2026-03-12 01:11:02.323 40151 DEBUG heat.engine.service [req-592cc906-2a9d-40d8-971c-70e2ffa4ca64 - - - - -] Service 960387f8-e433-4549-841a-1d206c9dd624 is updated service_manage_report /usr/lib/python3/dist-packages/heat/engine/service.py:2370
2026-03-12 01:11:02.336 40152 DEBUG heat.engine.service [req-6107f33a-9835-4e69-a7ef-d5b3ba6eee41 - - - - -] Service e4cf54b1-fb60-426d-8904-4ec4ddbef8a6 is updated service_manage_report /usr/lib/python3/dist-packages/heat/engine/service.py:2370
2026-03-12 01:11:02.338 40150 DEBUG heat.engine.service [req-2038b849-5b04-4888-8e2b-e4312389b8b5 - - - - -] Service 1cb4def6-2a21-4580-8fbf-a07924b80fd8 is updated service_manage_report /usr/lib/python3/dist-packages/heat/engine/service.py:2370
2026-03-12 01:12:02.253 40149 DEBUG heat.engine.service [req-93ed83c3-6527-4a51-a254-3b503c74ce83 - - - - -] Service 37463607-cafe-4ea7-9006-6740907edfe9 is updated service_manage_report /usr/lib/python3/dist-packages/heat/engine/service.py:2370
2026-03-12 01:12:02.319 40151 DEBUG heat.engine.service [req-0772a163-32a8-4e45-bbfd-b9733e4d7dba - - - - -] Service 960387f8-e433-4549-841a-1d206c9dd624 is updated service_manage_report /usr/lib/python3/dist-packages/heat/engine/service.py:2370
2026-03-12 01:12:02.332 40152 DEBUG heat.engine.service [req-8a31c5f7-e2d5-4c02-96a7-79227bb7d69c - - - - -] Service e4cf54b1-fb60-426d-8904-4ec4ddbef8a6 is updated service_manage_report /usr/lib/python3/dist-packages/heat/engine/service.py:2370
2026-03-12 01:12:02.334 40150 DEBUG heat.engine.service [req-3b641b61-5f35-4610-9f59-3b1bbaade493 - - - - -] Service 1cb4def6-2a21-4580-8fbf-a07924b80fd8 is updated service_manage_report /usr/lib/python3/dist-packages/heat/engine/service.py:2370
2026-03-12 01:13:02.247 40149 DEBUG heat.engine.service [req-2a791d36-d1e7-4ffc-aa69-642dcb43ecdb - - - - -] Service 37463607-cafe-4ea7-9006-6740907edfe9 is updated service_manage_report /usr/lib/python3/dist-packages/heat/engine/service.py:2370
2026-03-12 01:13:02.313 40151 DEBUG heat.engine.service [req-bc7b1878-bf8c-4ccb-a4f3-f566f85d41c6 - - - - -] Service 960387f8-e433-4549-841a-1d206c9dd624 is updated service_manage_report /usr/lib/python3/dist-packages/heat/engine/service.py:2370
2026-03-12 01:13:02.330 40152 DEBUG heat.engine.service [req-2dc44458-20c1-4343-bd4f-8d94349ebbca - - - - -] Service e4cf54b1-fb60-426d-8904-4ec4ddbef8a6 is updated service_manage_report /usr/lib/python3/dist-packages/heat/engine/service.py:2370
2026-03-12 01:13:02.331 40150 DEBUG heat.engine.service [req-716e69f1-d262-4fe2-9bd2-b2684e108c68 - - - - -] Service 1cb4def6-2a21-4580-8fbf-a07924b80fd8 is updated service_manage_report /usr/lib/python3/dist-packages/heat/engine/service.py:2370
2026-03-12 01:14:02.253 40149 DEBUG heat.engine.service [req-a73226c4-76ac-4cfe-bf21-86c3fb7b772f - - - - -] Service 37463607-cafe-4ea7-9006-6740907edfe9 is updated service_manage_report /usr/lib/python3/dist-packages/heat/engine/service.py:2370
2026-03-12 01:14:02.316 40151 DEBUG heat.engine.service [req-20e8fe0c-0253-46df-b767-da17908278c1 - - - - -] Service 960387f8-e433-4549-841a-1d206c9dd624 is updated service_manage_report /usr/lib/python3/dist-packages/heat/engine/service.py:2370
2026-03-12 01:14:02.325 40152 DEBUG heat.engine.service [req-990e7306-fb2f-4cd6-aa5c-352f64ba302e - - - - -] Service e4cf54b1-fb60-426d-8904-4ec4ddbef8a6 is updated service_manage_report /usr/lib/python3/dist-packages/heat/engine/service.py:2370
2026-03-12 01:14:02.326 40150 DEBUG heat.engine.service [req-ca8c72eb-1877-45b9-abb8-a478339160b0 - - - - -] Service 1cb4def6-2a21-4580-8fbf-a07924b80fd8 is updated service_manage_report /usr/lib/python3/dist-packages/heat/engine/service.py:2370
2026-03-12 01:15:02.266 40149 DEBUG heat.engine.service [req-b2c0c260-443d-4671-bebc-5d7f62d1b34d - - - - -] Service 37463607-cafe-4ea7-9006-6740907edfe9 is updated service_manage_report /usr/lib/python3/dist-packages/heat/engine/service.py:2370
2026-03-12 01:15:02.325 40151 DEBUG heat.engine.service [req-faa84fe6-5a52-40b6-956c-a91d46bb5069 - - - - -] Service 960387f8-e433-4549-841a-1d206c9dd624 is updated service_manage_report /usr/lib/python3/dist-packages/heat/engine/service.py:2370
2026-03-12 01:15:02.332 40152 DEBUG heat.engine.service [req-68cd1796-0c07-45fc-a40c-27392b4933ff - - - - -] Service e4cf54b1-fb60-426d-8904-4ec4ddbef8a6 is updated service_manage_report /usr/lib/python3/dist-packages/heat/engine/service.py:2370
2026-03-12 01:15:02.345 40150 DEBUG heat.engine.service [req-73202841-4cb2-4a26-853b-6b9d9e8951dc - - - - -] Service 1cb4def6-2a21-4580-8fbf-a07924b80fd8 is updated service_manage_report /usr/lib/python3/dist-packages/heat/engine/service.py:2370
2026-03-12 01:16:02.262 40149 DEBUG heat.engine.service [req-d63414ab-0c71-446c-becf-e15547da5e9e - - - - -] Service 37463607-cafe-4ea7-9006-6740907edfe9 is updated service_manage_report /usr/lib/python3/dist-packages/heat/engine/service.py:2370
2026-03-12 01:16:02.320 40151 DEBUG heat.engine.service [req-26080088-b80a-4cb0-bab6-3eeef81ad46c - - - - -] Service 960387f8-e433-4549-841a-1d206c9dd624 is updated service_manage_report /usr/lib/python3/dist-packages/heat/engine/service.py:2370
2026-03-12 01:16:02.333 40152 DEBUG heat.engine.service [req-2091c82e-8a42-4903-b682-558cd27f6a26 - - - - -] Service e4cf54b1-fb60-426d-8904-4ec4ddbef8a6 is updated service_manage_report /usr/lib/python3/dist-packages/heat/engine/service.py:2370
2026-03-12 01:16:02.335 40150 DEBUG heat.engine.service [req-2f7807f2-1668-45c6-828f-dddf625a6dd2 - - - - -] Service 1cb4def6-2a21-4580-8fbf-a07924b80fd8 is updated service_manage_report /usr/lib/python3/dist-packages/heat/engine/service.py:2370
2026-03-12 01:17:02.269 40149 DEBUG heat.engine.service [req-7029c486-babd-4bdc-8c27-4765e4bff323 - - - - -] Service 37463607-cafe-4ea7-9006-6740907edfe9 is updated service_manage_report /usr/lib/python3/dist-packages/heat/engine/service.py:2370
2026-03-12 01:17:02.326 40151 DEBUG heat.engine.service [req-f8ee419a-c992-4c36-a61b-bf5dad7da50f - - - - -] Service 960387f8-e433-4549-841a-1d206c9dd624 is updated service_manage_report /usr/lib/python3/dist-packages/heat/engine/service.py:2370
2026-03-12 01:17:02.329 40152 DEBUG heat.engine.service [req-a97cad9f-47ec-4944-88b2-27891906267a - - - - -] Service e4cf54b1-fb60-426d-8904-4ec4ddbef8a6 is updated service_manage_report /usr/lib/python3/dist-packages/heat/engine/service.py:2370
2026-03-12 01:17:02.329 40150 DEBUG heat.engine.service [req-0b4edd21-fe3f-4255-8d01-9f9c2cc22d05 - - - - -] Service 1cb4def6-2a21-4580-8fbf-a07924b80fd8 is updated service_manage_report /usr/lib/python3/dist-packages/heat/engine/service.py:2370
2026-03-12 01:18:02.265 40149 DEBUG heat.engine.service [req-7ca965fb-8468-4912-b64c-e2dd86bf8683 - - - - -] Service 37463607-cafe-4ea7-9006-6740907edfe9 is updated service_manage_report /usr/lib/python3/dist-packages/heat/engine/service.py:2370
2026-03-12 01:18:02.322 40151 DEBUG heat.engine.service [req-b315cf51-a67a-465d-95a3-3e4660b8c067 - - - - -] Service 960387f8-e433-4549-841a-1d206c9dd624 is updated service_manage_report /usr/lib/python3/dist-packages/heat/engine/service.py:2370
2026-03-12 01:18:02.324 40152 DEBUG heat.engine.service [req-83ac689f-1030-4398-9668-2357a396c7f6 - - - - -] Service e4cf54b1-fb60-426d-8904-4ec4ddbef8a6 is updated service_manage_report /usr/lib/python3/dist-packages/heat/engine/service.py:2370
2026-03-12 01:18:02.335 40150 DEBUG heat.engine.service [req-672ba68a-3d46-4b00-b3d0-d7745067e6ea - - - - -] Service 1cb4def6-2a21-4580-8fbf-a07924b80fd8 is updated service_manage_report /usr/lib/python3/dist-packages/heat/engine/service.py:2370
2026-03-12 01:19:02.271 40149 DEBUG heat.engine.service [req-95e89efc-6871-4a1d-a639-785948af73b9 - - - - -] Service 37463607-cafe-4ea7-9006-6740907edfe9 is updated service_manage_report /usr/lib/python3/dist-packages/heat/engine/service.py:2370
2026-03-12 01:19:02.318 40151 DEBUG heat.engine.service [req-76c4cd30-c7b8-4b1e-98bd-f64adf240f75 - - - - -] Service 960387f8-e433-4549-841a-1d206c9dd624 is updated service_manage_report /usr/lib/python3/dist-packages/heat/engine/service.py:2370
2026-03-12 01:19:02.328 40152 DEBUG heat.engine.service [req-43dee027-0272-4e8a-b8f5-7aa8ec5684d8 - - - - -] Service e4cf54b1-fb60-426d-8904-4ec4ddbef8a6 is updated service_manage_report /usr/lib/python3/dist-packages/heat/engine/service.py:2370
2026-03-12 01:19:02.340 40150 DEBUG heat.engine.service [req-6008a054-106e-4528-9677-6006973954b0 - - - - -] Service 1cb4def6-2a21-4580-8fbf-a07924b80fd8 is updated service_manage_report /usr/lib/python3/dist-packages/heat/engine/service.py:2370
2026-03-12 01:20:02.270 40149 DEBUG heat.engine.service [req-f398f250-1804-4d6c-97f2-eba17a2ece39 - - - - -] Service 37463607-cafe-4ea7-9006-6740907edfe9 is updated service_manage_report /usr/lib/python3/dist-packages/heat/engine/service.py:2370
2026-03-12 01:20:02.322 40151 DEBUG heat.engine.service [req-2c146f45-16a4-4651-9381-930d1a3dcc93 - - - - -] Service 960387f8-e433-4549-841a-1d206c9dd624 is updated service_manage_report /usr/lib/python3/dist-packages/heat/engine/service.py:2370
2026-03-12 01:20:02.333 40152 DEBUG heat.engine.service [req-6f5b90af-b595-4439-9378-82b427cac1d6 - - - - -] Service e4cf54b1-fb60-426d-8904-4ec4ddbef8a6 is updated service_manage_report /usr/lib/python3/dist-packages/heat/engine/service.py:2370
2026-03-12 01:20:02.346 40150 DEBUG heat.engine.service [req-2f3ffd71-cb80-4a4c-9565-241632197ba5 - - - - -] Service 1cb4def6-2a21-4580-8fbf-a07924b80fd8 is updated service_manage_report /usr/lib/python3/dist-packages/heat/engine/service.py:2370
2026-03-12 01:21:02.267 40149 DEBUG heat.engine.service [req-add4211e-c194-486d-add1-786d9707a692 - - - - -] Service 37463607-cafe-4ea7-9006-6740907edfe9 is updated service_manage_report /usr/lib/python3/dist-packages/heat/engine/service.py:2370
2026-03-12 01:21:02.328 40151 DEBUG heat.engine.service [req-0af2f62f-cd20-47f9-8f2a-f145cbbdf1c4 - - - - -] Service 960387f8-e433-4549-841a-1d206c9dd624 is updated service_manage_report /usr/lib/python3/dist-packages/heat/engine/service.py:2370
2026-03-12 01:21:02.337 40152 DEBUG heat.engine.service [req-03941176-0331-4083-8fc5-a85a673fe145 - - - - -] Service e4cf54b1-fb60-426d-8904-4ec4ddbef8a6 is updated service_manage_report /usr/lib/python3/dist-packages/heat/engine/service.py:2370
2026-03-12 01:21:02.341 40150 DEBUG heat.engine.service [req-12437b86-f7e7-447c-a5c7-99d6f711a3bb - - - - -] Service 1cb4def6-2a21-4580-8fbf-a07924b80fd8 is updated service_manage_report /usr/lib/python3/dist-packages/heat/engine/service.py:2370
2026-03-12 01:22:02.261 40149 DEBUG heat.engine.service [req-500091df-6daa-4128-a0d3-38e34aa84ffd - - - - -] Service 37463607-cafe-4ea7-9006-6740907edfe9 is updated service_manage_report /usr/lib/python3/dist-packages/heat/engine/service.py:2370
2026-03-12 01:22:02.331 40151 DEBUG heat.engine.service [req-f8ecf68a-386e-42a3-b33e-5616139b489b - - - - -] Service 960387f8-e433-4549-841a-1d206c9dd624 is updated service_manage_report /usr/lib/python3/dist-packages/heat/engine/service.py:2370
2026-03-12 01:22:02.341 40152 DEBUG heat.engine.service [req-d9cba21c-3736-4a02-b15e-6863c048d752 - - - - -] Service e4cf54b1-fb60-426d-8904-4ec4ddbef8a6 is updated service_manage_report /usr/lib/python3/dist-packages/heat/engine/service.py:2370
2026-03-12 01:22:02.345 40150 DEBUG heat.engine.service [req-1b99e767-beb9-450b-a1be-43016342a412 - - - - -] Service 1cb4def6-2a21-4580-8fbf-a07924b80fd8 is updated service_manage_report /usr/lib/python3/dist-packages/heat/engine/service.py:2370
2026-03-12 01:23:02.265 40149 DEBUG heat.engine.service [req-8c85836a-0018-4062-bc7d-1446c69d3532 - - - - -] Service 37463607-cafe-4ea7-9006-6740907edfe9 is updated service_manage_report /usr/lib/python3/dist-packages/heat/engine/service.py:2370
2026-03-12 01:23:02.337 40151 DEBUG heat.engine.service [req-4d41a618-068c-430f-9457-8a93437fdd88 - - - - -] Service 960387f8-e433-4549-841a-1d206c9dd624 is updated service_manage_report /usr/lib/python3/dist-packages/heat/engine/service.py:2370
2026-03-12 01:23:02.345 40152 DEBUG heat.engine.service [req-ecd5f84f-1733-466a-8c1f-b4a101fa02a5 - - - - -] Service e4cf54b1-fb60-426d-8904-4ec4ddbef8a6 is updated service_manage_report /usr/lib/python3/dist-packages/heat/engine/service.py:2370
2026-03-12 01:23:02.349 40150 DEBUG heat.engine.service [req-b7549d5b-e10c-435d-97b7-f6cfc2f863ab - - - - -] Service 1cb4def6-2a21-4580-8fbf-a07924b80fd8 is updated service_manage_report /usr/lib/python3/dist-packages/heat/engine/service.py:2370
2026-03-12 01:24:02.270 40149 DEBUG heat.engine.service [req-ffc0a58a-f8c7-495c-9dd7-395c4c2dd197 - - - - -] Service 37463607-cafe-4ea7-9006-6740907edfe9 is updated service_manage_report /usr/lib/python3/dist-packages/heat/engine/service.py:2370
2026-03-12 01:24:02.332 40151 DEBUG heat.engine.service [req-46521f07-0211-4473-9972-d9624f1ba876 - - - - -] Service 960387f8-e433-4549-841a-1d206c9dd624 is updated service_manage_report /usr/lib/python3/dist-packages/heat/engine/service.py:2370
2026-03-12 01:24:02.350 40152 DEBUG heat.engine.service [req-5cec6ce2-92ef-4ec0-9555-a501f9aa450c - - - - -] Service e4cf54b1-fb60-426d-8904-4ec4ddbef8a6 is updated service_manage_report /usr/lib/python3/dist-packages/heat/engine/service.py:2370
2026-03-12 01:24:02.354 40150 DEBUG heat.engine.service [req-f020b756-f01b-4367-96be-ee00163d0ce0 - - - - -] Service 1cb4def6-2a21-4580-8fbf-a07924b80fd8 is updated service_manage_report /usr/lib/python3/dist-packages/heat/engine/service.py:2370
2026-03-12 01:25:02.275 40149 DEBUG heat.engine.service [req-e88ef9ec-1c30-4d0d-b7cf-f66b0ce3a07e - - - - -] Service 37463607-cafe-4ea7-9006-6740907edfe9 is updated service_manage_report /usr/lib/python3/dist-packages/heat/engine/service.py:2370
2026-03-12 01:25:02.336 40151 DEBUG heat.engine.service [req-5571176a-4604-41fe-8410-b50be960dc8b - - - - -] Service 960387f8-e433-4549-841a-1d206c9dd624 is updated service_manage_report /usr/lib/python3/dist-packages/heat/engine/service.py:2370
2026-03-12 01:25:02.354 40152 DEBUG heat.engine.service [req-d184f946-83be-4794-bd21-6f453dc8d4e4 - - - - -] Service e4cf54b1-fb60-426d-8904-4ec4ddbef8a6 is updated service_manage_report /usr/lib/python3/dist-packages/heat/engine/service.py:2370
2026-03-12 01:25:02.359 40150 DEBUG heat.engine.service [req-1b5e9adc-96b8-49cb-9305-0de904cebe72 - - - - -] Service 1cb4def6-2a21-4580-8fbf-a07924b80fd8 is updated service_manage_report /usr/lib/python3/dist-packages/heat/engine/service.py:2370
2026-03-12 01:26:02.282 40149 DEBUG heat.engine.service [req-d2afcc37-a0a0-4495-966d-f4f03f636a21 - - - - -] Service 37463607-cafe-4ea7-9006-6740907edfe9 is updated service_manage_report /usr/lib/python3/dist-packages/heat/engine/service.py:2370
2026-03-12 01:26:02.343 40151 DEBUG heat.engine.service [req-2e63d2f4-8be0-420c-b0ae-1037180b770d - - - - -] Service 960387f8-e433-4549-841a-1d206c9dd624 is updated service_manage_report /usr/lib/python3/dist-packages/heat/engine/service.py:2370
2026-03-12 01:26:02.361 40152 DEBUG heat.engine.service [req-5df83e49-497a-4c8b-b12a-c07ddbcdf54b - - - - -] Service e4cf54b1-fb60-426d-8904-4ec4ddbef8a6 is updated service_manage_report /usr/lib/python3/dist-packages/heat/engine/service.py:2370
2026-03-12 01:26:02.366 40150 DEBUG heat.engine.service [req-2989b0fc-9ea9-4ee3-b08e-a660a3aa23c4 - - - - -] Service 1cb4def6-2a21-4580-8fbf-a07924b80fd8 is updated service_manage_report /usr/lib/python3/dist-packages/heat/engine/service.py:2370
2026-03-12 01:27:02.280 40149 DEBUG heat.engine.service [req-7f31f394-3603-490b-ac13-fa3399597000 - - - - -] Service 37463607-cafe-4ea7-9006-6740907edfe9 is updated service_manage_report /usr/lib/python3/dist-packages/heat/engine/service.py:2370
2026-03-12 01:27:02.339 40151 DEBUG heat.engine.service [req-203d6ba8-dbfb-488d-9b88-30ff83304ca0 - - - - -] Service 960387f8-e433-4549-841a-1d206c9dd624 is updated service_manage_report /usr/lib/python3/dist-packages/heat/engine/service.py:2370
2026-03-12 01:27:02.364 40150 DEBUG heat.engine.service [req-9d157840-34e5-4ed6-8c6b-e850b3519d4b - - - - -] Service 1cb4def6-2a21-4580-8fbf-a07924b80fd8 is updated service_manage_report /usr/lib/python3/dist-packages/heat/engine/service.py:2370
2026-03-12 01:27:02.366 40152 DEBUG heat.engine.service [req-1d4e2080-60aa-4eca-87ea-905de8874d7e - - - - -] Service e4cf54b1-fb60-426d-8904-4ec4ddbef8a6 is updated service_manage_report /usr/lib/python3/dist-packages/heat/engine/service.py:2370
2026-03-12 01:28:02.277 40149 DEBUG heat.engine.service [req-4c129b73-0a30-4d2c-84f5-f2d7707329fb - - - - -] Service 37463607-cafe-4ea7-9006-6740907edfe9 is updated service_manage_report /usr/lib/python3/dist-packages/heat/engine/service.py:2370
2026-03-12 01:28:02.334 40151 DEBUG heat.engine.service [req-16c3e6d5-de92-4120-9030-0e70879e1aa9 - - - - -] Service 960387f8-e433-4549-841a-1d206c9dd624 is updated service_manage_report /usr/lib/python3/dist-packages/heat/engine/service.py:2370
2026-03-12 01:28:02.361 40150 DEBUG heat.engine.service [req-f0c6a5e8-7dce-47dc-a83c-a4ce71f1dc37 - - - - -] Service 1cb4def6-2a21-4580-8fbf-a07924b80fd8 is updated service_manage_report /usr/lib/python3/dist-packages/heat/engine/service.py:2370
2026-03-12 01:28:02.363 40152 DEBUG heat.engine.service [req-4b81bf92-f41f-48fe-aaae-cdf5e0c62051 - - - - -] Service e4cf54b1-fb60-426d-8904-4ec4ddbef8a6 is updated service_manage_report /usr/lib/python3/dist-packages/heat/engine/service.py:2370
2026-03-12 01:29:02.272 40149 DEBUG heat.engine.service [req-ca85a961-7948-4ee8-b695-aed6c2577ef7 - - - - -] Service 37463607-cafe-4ea7-9006-6740907edfe9 is updated service_manage_report /usr/lib/python3/dist-packages/heat/engine/service.py:2370
2026-03-12 01:29:02.339 40151 DEBUG heat.engine.service [req-2ca6e56d-e278-44ad-bb51-02d9580a4f33 - - - - -] Service 960387f8-e433-4549-841a-1d206c9dd624 is updated service_manage_report /usr/lib/python3/dist-packages/heat/engine/service.py:2370
2026-03-12 01:29:02.353 40150 DEBUG heat.engine.service [req-35b0fb01-90b1-4f37-8b0d-7098332d82a1 - - - - -] Service 1cb4def6-2a21-4580-8fbf-a07924b80fd8 is updated service_manage_report /usr/lib/python3/dist-packages/heat/engine/service.py:2370
2026-03-12 01:29:02.366 40152 DEBUG heat.engine.service [req-77a26ef5-3f78-4dd5-b9cc-b98ce2dd9e4c - - - - -] Service e4cf54b1-fb60-426d-8904-4ec4ddbef8a6 is updated service_manage_report /usr/lib/python3/dist-packages/heat/engine/service.py:2370
2026-03-12 01:30:02.279 40149 DEBUG heat.engine.service [req-64cbaab4-107c-48a9-a8f6-0e5dc524d45f - - - - -] Service 37463607-cafe-4ea7-9006-6740907edfe9 is updated service_manage_report /usr/lib/python3/dist-packages/heat/engine/service.py:2370
2026-03-12 01:30:02.345 40151 DEBUG heat.engine.service [req-cf77ffe1-744d-491d-800b-2f45408b883d - - - - -] Service 960387f8-e433-4549-841a-1d206c9dd624 is updated service_manage_report /usr/lib/python3/dist-packages/heat/engine/service.py:2370
2026-03-12 01:30:02.363 40150 DEBUG heat.engine.service [req-1f9c9895-5130-4e8e-9366-73505c85e26b - - - - -] Service 1cb4def6-2a21-4580-8fbf-a07924b80fd8 is updated service_manage_report /usr/lib/python3/dist-packages/heat/engine/service.py:2370
2026-03-12 01:30:02.376 40152 DEBUG heat.engine.service [req-46594b17-cac6-4327-9ab7-5fcb4dbcb63b - - - - -] Service e4cf54b1-fb60-426d-8904-4ec4ddbef8a6 is updated service_manage_report /usr/lib/python3/dist-packages/heat/engine/service.py:2370
2026-03-12 01:31:02.278 40149 DEBUG heat.engine.service [req-9880c201-6e8f-4767-8c9f-5a01fe8edf65 - - - - -] Service 37463607-cafe-4ea7-9006-6740907edfe9 is updated service_manage_report /usr/lib/python3/dist-packages/heat/engine/service.py:2370
2026-03-12 01:31:02.340 40151 DEBUG heat.engine.service [req-e8ab41bb-3a04-4901-a708-a4ee3964433c - - - - -] Service 960387f8-e433-4549-841a-1d206c9dd624 is updated service_manage_report /usr/lib/python3/dist-packages/heat/engine/service.py:2370
2026-03-12 01:31:02.357 40150 DEBUG heat.engine.service [req-4606ebb2-985c-4c02-882e-1d82fae2a192 - - - - -] Service 1cb4def6-2a21-4580-8fbf-a07924b80fd8 is updated service_manage_report /usr/lib/python3/dist-packages/heat/engine/service.py:2370
2026-03-12 01:31:02.372 40152 DEBUG heat.engine.service [req-f4b18350-a89a-445a-884c-764617c5671c - - - - -] Service e4cf54b1-fb60-426d-8904-4ec4ddbef8a6 is updated service_manage_report /usr/lib/python3/dist-packages/heat/engine/service.py:2370
2026-03-12 01:32:02.274 40149 DEBUG heat.engine.service [req-c21b9819-0615-48eb-846e-ace458fdd622 - - - - -] Service 37463607-cafe-4ea7-9006-6740907edfe9 is updated service_manage_report /usr/lib/python3/dist-packages/heat/engine/service.py:2370
2026-03-12 01:32:02.344 40151 DEBUG heat.engine.service [req-bee34c7b-a8db-40ca-9def-fde792d6b2e2 - - - - -] Service 960387f8-e433-4549-841a-1d206c9dd624 is updated service_manage_report /usr/lib/python3/dist-packages/heat/engine/service.py:2370
2026-03-12 01:32:02.361 40150 DEBUG heat.engine.service [req-052b5b1c-627c-4fd4-9b4a-ebcafbdf8a56 - - - - -] Service 1cb4def6-2a21-4580-8fbf-a07924b80fd8 is updated service_manage_report /usr/lib/python3/dist-packages/heat/engine/service.py:2370
2026-03-12 01:32:02.376 40152 DEBUG heat.engine.service [req-07f58ba7-dee6-47aa-8b1f-0a16ba09b311 - - - - -] Service e4cf54b1-fb60-426d-8904-4ec4ddbef8a6 is updated service_manage_report /usr/lib/python3/dist-packages/heat/engine/service.py:2370
2026-03-12 01:33:02.377 40149 DEBUG heat.engine.service [req-77847080-171f-44ae-b857-f75baf732baf - - - - -] Service 37463607-cafe-4ea7-9006-6740907edfe9 is updated service_manage_report /usr/lib/python3/dist-packages/heat/engine/service.py:2370
2026-03-12 01:33:02.398 40151 DEBUG heat.engine.service [req-2a749908-ea73-4e51-b9cc-c07345693112 - - - - -] Service 960387f8-e433-4549-841a-1d206c9dd624 is updated service_manage_report /usr/lib/python3/dist-packages/heat/engine/service.py:2370
2026-03-12 01:33:02.406 40150 DEBUG heat.engine.service [req-934b8398-9d10-4850-bf63-75a13b715bf4 - - - - -] Service 1cb4def6-2a21-4580-8fbf-a07924b80fd8 is updated service_manage_report /usr/lib/python3/dist-packages/heat/engine/service.py:2370
2026-03-12 01:33:02.406 40152 DEBUG heat.engine.service [req-3953d6de-be20-4789-a3b8-d84811ce89b3 - - - - -] Service e4cf54b1-fb60-426d-8904-4ec4ddbef8a6 is updated service_manage_report /usr/lib/python3/dist-packages/heat/engine/service.py:2370
2026-03-12 01:33:41.125 40150 DEBUG heat.engine.service [-] Attempting to stop engine service... _stop_rpc_server /usr/lib/python3/dist-packages/heat/engine/service.py:437
2026-03-12 01:33:41.125 40149 DEBUG heat.engine.service [-] Attempting to stop engine service... _stop_rpc_server /usr/lib/python3/dist-packages/heat/engine/service.py:437
2026-03-12 01:33:41.125 40151 DEBUG heat.engine.service [-] Attempting to stop engine service... _stop_rpc_server /usr/lib/python3/dist-packages/heat/engine/service.py:437
2026-03-12 01:33:41.125 39930 INFO oslo_service.service [-] Caught SIGTERM, stopping children
2026-03-12 01:33:41.125 39930 DEBUG oslo_concurrency.lockutils [-] Acquired lock "singleton_lock" lock /usr/lib/python3/dist-packages/oslo_concurrency/lockutils.py:294
2026-03-12 01:33:41.126 39930 DEBUG oslo_concurrency.lockutils [-] Releasing lock "singleton_lock" lock /usr/lib/python3/dist-packages/oslo_concurrency/lockutils.py:312
2026-03-12 01:33:41.126 39930 DEBUG oslo_service.service [-] Stop services. stop /usr/lib/python3/dist-packages/oslo_service/service.py:695
2026-03-12 01:33:41.126 39930 INFO heat.engine.service [-] All threads were gone, terminating engine
2026-03-12 01:33:41.126 39930 DEBUG oslo_service.service [-] Killing children. stop /usr/lib/python3/dist-packages/oslo_service/service.py:700
2026-03-12 01:33:41.126 40152 DEBUG heat.engine.service [-] Attempting to stop engine service... _stop_rpc_server /usr/lib/python3/dist-packages/heat/engine/service.py:437
2026-03-12 01:33:41.129 39930 INFO oslo_service.service [-] Waiting on 4 children to exit
2026-03-12 01:33:41.136 39930 INFO oslo_service.service [-] Child 40151 killed by signal 15
2026-03-12 01:33:41.137 39930 INFO oslo_service.service [-] Child 40149 killed by signal 15
2026-03-12 01:33:41.140 39930 INFO oslo_service.service [-] Child 40150 killed by signal 15
2026-03-12 01:33:41.140 39930 INFO oslo_service.service [-] Child 40152 killed by signal 15
2026-03-12 01:33:43.263 58929 DEBUG oslo_concurrency.lockutils [-] Lock "context-manager" acquired by "neutron_lib.db.api._create_context_manager" :: waited 0.000s inner /usr/lib/python3/dist-packages/oslo_concurrency/lockutils.py:386
2026-03-12 01:33:43.266 58929 DEBUG oslo_concurrency.lockutils [-] Lock "context-manager" "released" by "neutron_lib.db.api._create_context_manager" :: held 0.003s inner /usr/lib/python3/dist-packages/oslo_concurrency/lockutils.py:400
2026-03-12 01:33:43.527 58929 WARNING heat.engine.environment [-] OS::Aodh::Alarm is DEPRECATED. Theshold alarm relies on ceilometer-api and has been deprecated in aodh since Ocata. Use OS::Aodh::GnocchiAggregationByResourcesAlarm instead.
2026-03-12 01:33:43.527 58929 WARNING heat.engine.environment [-] OS::Aodh::CombinationAlarm is HIDDEN. OS::Aodh::CombinationAlarm is deprecated and has been removed from Aodh, use OS::Aodh::CompositeAlarm instead.
2026-03-12 01:33:43.527 58929 WARNING heat.engine.environment [-] OS::Designate::Domain is HIDDEN. This resource has been removed, use OS::Designate::Zone instead.
2026-03-12 01:33:43.528 58929 WARNING heat.engine.environment [-] OS::Designate::Record is HIDDEN. This resource has been removed, use OS::Designate::RecordSet instead.
2026-03-12 01:33:43.528 58929 WARNING heat.engine.environment [-] OS::Glance::Image is DEPRECATED. Creating a Glance Image based on an existing URL location requires the Glance v1 API, which is deprecated.
2026-03-12 01:33:43.528 58929 WARNING heat.engine.environment [-] OS::Heat::HARestarter is HIDDEN. The HARestarter resource type has been removed. Existing stacks containing HARestarter resources can still be used, but the HARestarter resource will be a placeholder that does nothing.
2026-03-12 01:33:43.528 58929 WARNING heat.engine.environment [-] OS::Heat::SoftwareDeployments is HIDDEN. Please use OS::Heat::SoftwareDeploymentGroup instead.
2026-03-12 01:33:43.528 58929 WARNING heat.engine.environment [-] OS::Heat::StructuredDeployments is HIDDEN. Please use OS::Heat::StructuredDeploymentGroup instead.
2026-03-12 01:33:43.529 58929 WARNING heat.engine.environment [-] OS::Magnum::Bay is HIDDEN. Please use OS::Magnum::Cluster instead.
2026-03-12 01:33:43.529 58929 WARNING heat.engine.environment [-] OS::Magnum::BayModel is HIDDEN. Please use OS::Magnum::ClusterTemplate instead.
2026-03-12 01:33:43.529 58929 WARNING heat.engine.environment [-] OS::Neutron::ExtraRoute is UNSUPPORTED. Use this resource at your own risk.
2026-03-12 01:33:43.529 58929 WARNING heat.engine.environment [-] OS::Neutron::HealthMonitor is HIDDEN. Use LBaaS V2 instead.
2026-03-12 01:33:43.530 58929 WARNING heat.engine.environment [-] OS::Neutron::Pool is HIDDEN. Use LBaaS V2 instead.
2026-03-12 01:33:43.530 58929 WARNING heat.engine.environment [-] OS::Neutron::PoolMember is HIDDEN. Use LBaaS V2 instead.
2026-03-12 01:33:43.530 58929 WARNING heat.engine.environment [-] OS::Neutron::LoadBalancer is HIDDEN. Use LBaaS V2 instead.
2026-03-12 01:33:43.530 58929 WARNING heat.engine.environment [-] OS::Neutron::RouterGateway is HIDDEN. Use the `external_gateway_info` property in the router resource to set up the gateway.
2026-03-12 01:33:43.531 58929 WARNING heat.engine.environment [-] OS::Nova::FloatingIP is HIDDEN. Please use OS::Neutron::FloatingIP instead.
2026-03-12 01:33:43.531 58929 WARNING heat.engine.environment [-] OS::Nova::FloatingIPAssociation is HIDDEN. Please use OS::Neutron::FloatingIPAssociation instead.
2026-03-12 01:33:43.532 58929 INFO heat.engine.environment [-] Loading /etc/heat/environment.d/default.yaml
2026-03-12 01:33:43.533 58929 INFO heat.engine.environment [-] Registered: [Plugin](User:False) AWS::AutoScaling::AutoScalingGroup ->
2026-03-12 01:33:43.533 58929 INFO heat.engine.environment [-] Registered: [Plugin](User:False) AWS::AutoScaling::LaunchConfiguration ->
2026-03-12 01:33:43.533 58929 INFO heat.engine.environment [-] Registered: [Plugin](User:False) AWS::AutoScaling::ScalingPolicy ->
2026-03-12 01:33:43.533 58929 INFO heat.engine.environment [-] Registered: [Plugin](User:False) AWS::CloudFormation::Stack ->
2026-03-12 01:33:43.533 58929 INFO heat.engine.environment [-] Registered: [Plugin](User:False) AWS::CloudFormation::WaitCondition ->
2026-03-12 01:33:43.533 58929 INFO heat.engine.environment [-] Registered: [Plugin](User:False) AWS::CloudFormation::WaitConditionHandle ->
2026-03-12 01:33:43.533 58929 INFO heat.engine.environment [-] Registered: [Plugin](User:False) AWS::EC2::EIP ->
2026-03-12 01:33:43.534 58929 INFO heat.engine.environment [-] Registered: [Plugin](User:False) AWS::EC2::EIPAssociation ->
2026-03-12 01:33:43.534 58929 INFO heat.engine.environment [-] Registered: [Plugin](User:False) AWS::EC2::Instance ->
2026-03-12 01:33:43.534 58929 INFO heat.engine.environment [-] Registered: [Plugin](User:False) AWS::EC2::InternetGateway ->
2026-03-12 01:33:43.534 58929 INFO heat.engine.environment [-] Registered: [Plugin](User:False) AWS::EC2::VPCGatewayAttachment ->
2026-03-12 01:33:43.534 58929 INFO heat.engine.environment [-] Registered: [Plugin](User:False) AWS::EC2::NetworkInterface ->
2026-03-12 01:33:43.534 58929 INFO heat.engine.environment [-] Registered: [Plugin](User:False) AWS::EC2::RouteTable ->
2026-03-12 01:33:43.534 58929 INFO heat.engine.environment [-] Registered: [Plugin](User:False) AWS::EC2::SubnetRouteTableAssociation ->
2026-03-12 01:33:43.534 58929 INFO heat.engine.environment [-] Registered: [Plugin](User:False) AWS::EC2::SecurityGroup ->
2026-03-12 01:33:43.534 58929 INFO heat.engine.environment [-] Registered: [Plugin](User:False) AWS::EC2::Subnet ->
2026-03-12 01:33:43.534 58929 INFO heat.engine.environment [-] Registered: [Plugin](User:False) AWS::EC2::Volume ->
2026-03-12 01:33:43.535 58929 INFO heat.engine.environment [-] Registered: [Plugin](User:False) AWS::EC2::VolumeAttachment ->
2026-03-12 01:33:43.535 58929 INFO heat.engine.environment [-] Registered: [Plugin](User:False) AWS::EC2::VPC ->
2026-03-12 01:33:43.535 58929 INFO heat.engine.environment [-] Registered: [Plugin](User:False) AWS::IAM::User ->
2026-03-12 01:33:43.535 58929 INFO heat.engine.environment [-] Registered: [Plugin](User:False) AWS::IAM::AccessKey ->
2026-03-12 01:33:43.535 58929 INFO heat.engine.environment [-] Registered: [Plugin](User:False) AWS::ElasticLoadBalancing::LoadBalancer ->
2026-03-12 01:33:43.535 58929 INFO heat.engine.environment [-] Registered: [Plugin](User:False) AWS::S3::Bucket ->
2026-03-12 01:33:43.535 58929 INFO heat.engine.environment [-] Registered: [Plugin](User:False) OS::Aodh::Alarm ->
2026-03-12 01:33:43.535 58929 INFO heat.engine.environment [-] Registered: [Plugin](User:False) OS::Aodh::CombinationAlarm ->
2026-03-12 01:33:43.535 58929 INFO heat.engine.environment [-] Registered: [Plugin](User:False) OS::Aodh::EventAlarm ->
2026-03-12 01:33:43.536 58929 INFO heat.engine.environment [-] Registered: [Plugin](User:False) OS::Aodh::LBMemberHealthAlarm ->
2026-03-12 01:33:43.536 58929 INFO heat.engine.environment [-] Registered: [Plugin](User:False) OS::Aodh::CompositeAlarm ->
2026-03-12 01:33:43.536 58929 INFO heat.engine.environment [-] Registered: [Plugin](User:False) OS::Aodh::GnocchiResourcesAlarm ->
2026-03-12 01:33:43.536 58929 INFO heat.engine.environment [-] Registered: [Plugin](User:False) OS::Aodh::GnocchiAggregationByMetricsAlarm ->
2026-03-12 01:33:43.536 58929 INFO heat.engine.environment [-] Registered: [Plugin](User:False) OS::Aodh::GnocchiAggregationByResourcesAlarm ->
2026-03-12 01:33:43.536 58929 INFO heat.engine.environment [-] Registered: [Plugin](User:False) OS::Barbican::GenericContainer ->
2026-03-12 01:33:43.536 58929 INFO heat.engine.environment [-] Registered: [Plugin](User:False) OS::Barbican::CertificateContainer ->
2026-03-12 01:33:43.536 58929 INFO heat.engine.environment [-] Registered: [Plugin](User:False) OS::Barbican::RSAContainer ->
2026-03-12 01:33:43.536 58929 INFO heat.engine.environment [-] Registered: [Plugin](User:False) OS::Barbican::Order ->
2026-03-12 01:33:43.536 58929 INFO heat.engine.environment [-] Registered: [Plugin](User:False) OS::Barbican::Secret ->
2026-03-12 01:33:43.537 58929 INFO heat.engine.environment [-] Registered: [Plugin](User:False) OS::Blazar::Host ->
2026-03-12 01:33:43.537 58929 INFO heat.engine.environment [-] Registered: [Plugin](User:False) OS::Blazar::Lease ->
2026-03-12 01:33:43.537 58929 INFO heat.engine.environment [-] Registered: [Plugin](User:False) OS::Cinder::EncryptedVolumeType ->
2026-03-12 01:33:43.537 58929 INFO heat.engine.environment [-] Registered: [Plugin](User:False) OS::Cinder::QoSSpecs ->
2026-03-12 01:33:43.537 58929 INFO heat.engine.environment [-] Registered: [Plugin](User:False) OS::Cinder::QoSAssociation ->
2026-03-12 01:33:43.537 58929 INFO heat.engine.environment [-] Registered: [Plugin](User:False) OS::Cinder::Quota ->
2026-03-12 01:33:43.537 58929 INFO heat.engine.environment [-] Registered: [Plugin](User:False) OS::Cinder::Volume ->
2026-03-12 01:33:43.537 58929 INFO heat.engine.environment [-] Registered: [Plugin](User:False) OS::Cinder::VolumeAttachment ->
2026-03-12 01:33:43.537 58929 INFO heat.engine.environment [-] Registered: [Plugin](User:False) OS::Cinder::VolumeType ->
2026-03-12 01:33:43.537 58929 INFO heat.engine.environment [-] Registered: [Plugin](User:False) OS::Designate::Domain ->
2026-03-12 01:33:43.537 58929 INFO heat.engine.environment [-] Registered: [Plugin](User:False) OS::Designate::Record ->
2026-03-12 01:33:43.538 58929 INFO heat.engine.environment [-] Registered: [Plugin](User:False) OS::Designate::RecordSet ->
2026-03-12 01:33:43.538 58929 INFO heat.engine.environment [-] Registered: [Plugin](User:False) OS::Designate::Zone ->
2026-03-12 01:33:43.538 58929 INFO heat.engine.environment [-] Registered: [Plugin](User:False) OS::Glance::Image ->
2026-03-12 01:33:43.538 58929 INFO heat.engine.environment [-] Registered: [Plugin](User:False) OS::Glance::WebImage ->
2026-03-12 01:33:43.538 58929 INFO heat.engine.environment [-] Registered: [Plugin](User:False) OS::Heat::AccessPolicy ->
2026-03-12 01:33:43.538 58929 INFO heat.engine.environment [-] Registered: [Plugin](User:False) OS::Heat::AutoScalingGroup ->
2026-03-12 01:33:43.538 58929 INFO heat.engine.environment [-] Registered: [Plugin](User:False) OS::Heat::CloudConfig ->
2026-03-12 01:33:43.538 58929 INFO heat.engine.environment [-] Registered: [Plugin](User:False) OS::Heat::Delay ->
2026-03-12 01:33:43.538 58929 INFO heat.engine.environment [-] Registered: [Plugin](User:False) OS::Heat::DeployedServer ->
2026-03-12 01:33:43.538 58929 INFO heat.engine.environment [-] Registered: [Plugin](User:False) OS::Heat::HARestarter ->
2026-03-12 01:33:43.538 58929 INFO heat.engine.environment [-] Registered: [Plugin](User:False) OS::Heat::InstanceGroup ->
2026-03-12 01:33:43.538 58929 INFO heat.engine.environment [-] Registered: [Plugin](User:False) OS::Heat::MultipartMime ->
2026-03-12 01:33:43.539 58929 INFO heat.engine.environment [-] Registered: [Plugin](User:False) OS::Heat::None ->
2026-03-12 01:33:43.539 58929 INFO heat.engine.environment [-] Registered: [Plugin](User:False) OS::Heat::RandomString ->
2026-03-12 01:33:43.539 58929 INFO heat.engine.environment [-] Registered: [Plugin](User:False) OS::Heat::Stack ->
2026-03-12 01:33:43.539 58929 INFO heat.engine.environment [-] Registered: [Plugin](User:False) OS::Heat::ResourceChain ->
2026-03-12 01:33:43.539 58929 INFO heat.engine.environment [-] Registered: [Plugin](User:False) OS::Heat::ResourceGroup ->
2026-03-12 01:33:43.539 58929 INFO heat.engine.environment [-] Registered: [Plugin](User:False) OS::Heat::ScalingPolicy ->
2026-03-12 01:33:43.539 58929 INFO heat.engine.environment [-] Registered: [Plugin](User:False) OS::Heat::SoftwareComponent ->
2026-03-12 01:33:43.539 58929 INFO heat.engine.environment [-] Registered: [Plugin](User:False) OS::Heat::SoftwareConfig ->
2026-03-12 01:33:43.539 58929 INFO heat.engine.environment [-] Registered: [Plugin](User:False) OS::Heat::SoftwareDeployment ->
2026-03-12 01:33:43.539 58929 INFO heat.engine.environment [-] Registered: [Plugin](User:False) OS::Heat::SoftwareDeploymentGroup ->
2026-03-12 01:33:43.539 58929 INFO heat.engine.environment [-] Registered: [Plugin](User:False) OS::Heat::SoftwareDeployments ->
2026-03-12 01:33:43.540 58929 INFO heat.engine.environment [-] Registered: [Plugin](User:False) OS::Heat::StructuredConfig ->
2026-03-12 01:33:43.540 58929 INFO heat.engine.environment [-] Registered: [Plugin](User:False) OS::Heat::StructuredDeployment ->
2026-03-12 01:33:43.540 58929 INFO heat.engine.environment [-] Registered: [Plugin](User:False) OS::Heat::StructuredDeploymentGroup ->
2026-03-12 01:33:43.540 58929 INFO heat.engine.environment [-] Registered: [Plugin](User:False) OS::Heat::StructuredDeployments ->
2026-03-12 01:33:43.540 58929 INFO heat.engine.environment [-] Registered: [Plugin](User:False) OS::Heat::SwiftSignal ->
2026-03-12 01:33:43.540 58929 INFO heat.engine.environment [-] Registered: [Plugin](User:False) OS::Heat::SwiftSignalHandle ->
2026-03-12 01:33:43.540 58929 INFO heat.engine.environment [-] Registered: [Plugin](User:False) OS::Heat::TestResource ->
2026-03-12 01:33:43.540 58929 INFO heat.engine.environment [-] Registered: [Plugin](User:False) OS::Heat::Value ->
2026-03-12 01:33:43.540 58929 INFO heat.engine.environment [-] Registered: [Plugin](User:False) OS::Heat::WaitCondition ->
2026-03-12 01:33:43.540 58929 INFO heat.engine.environment [-] Registered: [Plugin](User:False) OS::Heat::WaitConditionHandle ->
2026-03-12 01:33:43.540 58929 INFO heat.engine.environment [-] Registered: [Plugin](User:False) OS::Heat::UpdateWaitConditionHandle ->
2026-03-12 01:33:43.541 58929 INFO heat.engine.environment [-] Registered: [Plugin](User:False) OS::Ironic::Port ->
2026-03-12 01:33:43.541 58929 INFO heat.engine.environment [-] Registered: [Plugin](User:False) OS::Keystone::Domain ->
2026-03-12 01:33:43.541 58929 INFO heat.engine.environment [-] Registered: [Plugin](User:False) OS::Keystone::Endpoint ->
2026-03-12 01:33:43.541 58929 INFO heat.engine.environment [-] Registered: [Plugin](User:False) OS::Keystone::Group ->
2026-03-12 01:33:43.541 58929 INFO heat.engine.environment [-] Registered: [Plugin](User:False) OS::Keystone::Project ->
2026-03-12 01:33:43.541 58929 INFO heat.engine.environment [-] Registered: [Plugin](User:False) OS::Keystone::Region ->
2026-03-12 01:33:43.541 58929 INFO heat.engine.environment [-] Registered: [Plugin](User:False) OS::Keystone::Role ->
2026-03-12 01:33:43.541 58929 INFO heat.engine.environment [-] Registered: [Plugin](User:False) OS::Keystone::UserRoleAssignment ->
2026-03-12 01:33:43.541 58929 INFO heat.engine.environment [-] Registered: [Plugin](User:False) OS::Keystone::GroupRoleAssignment ->
2026-03-12 01:33:43.541 58929 INFO heat.engine.environment [-] Registered: [Plugin](User:False) OS::Keystone::Service ->
2026-03-12 01:33:43.541 58929 INFO heat.engine.environment [-] Registered: [Plugin](User:False) OS::Keystone::User ->
2026-03-12 01:33:43.542 58929 INFO heat.engine.environment [-] Registered: [Plugin](User:False) OS::Magnum::Bay ->
2026-03-12 01:33:43.542 58929 INFO heat.engine.environment [-] Registered: [Plugin](User:False) OS::Magnum::BayModel ->
2026-03-12 01:33:43.542 58929 INFO heat.engine.environment [-] Registered: [Plugin](User:False) OS::Magnum::Cluster ->
2026-03-12 01:33:43.542 58929 INFO heat.engine.environment [-] Registered: [Plugin](User:False) OS::Magnum::ClusterTemplate ->
2026-03-12 01:33:43.542 58929 INFO heat.engine.environment [-] Registered: [Plugin](User:False) OS::Manila::SecurityService ->
2026-03-12 01:33:43.542 58929 INFO heat.engine.environment [-] Registered: [Plugin](User:False) OS::Manila::Share ->
2026-03-12 01:33:43.542 58929 INFO heat.engine.environment [-] Registered: [Plugin](User:False) OS::Manila::ShareNetwork ->
2026-03-12 01:33:43.542 58929 INFO heat.engine.environment [-] Registered: [Plugin](User:False) OS::Manila::ShareType ->
2026-03-12 01:33:43.542 58929 INFO heat.engine.environment [-] Registered: [Plugin](User:False) OS::Mistral::CronTrigger ->
2026-03-12 01:33:43.542 58929 INFO heat.engine.environment [-] Registered: [Plugin](User:False) OS::Mistral::ExternalResource ->
2026-03-12 01:33:43.542 58929 INFO heat.engine.environment [-] Registered: [Plugin](User:False) OS::Mistral::Workflow ->
2026-03-12 01:33:43.543 58929 INFO heat.engine.environment [-] Registered: [Plugin](User:False) OS::Monasca::AlarmDefinition ->
2026-03-12 01:33:43.543 58929 INFO heat.engine.environment [-] Registered: [Plugin](User:False) OS::Monasca::Notification ->
2026-03-12 01:33:43.543 58929 INFO heat.engine.environment [-] Registered: [Plugin](User:False) OS::Neutron::AddressScope ->
2026-03-12 01:33:43.543 58929 INFO heat.engine.environment [-] Registered: [Plugin](User:False) OS::Neutron::ExtraRoute ->
2026-03-12 01:33:43.543 58929 INFO heat.engine.environment [-] Registered: [Plugin](User:False) OS::Neutron::ExtraRouteSet ->
2026-03-12 01:33:43.543 58929 INFO heat.engine.environment [-] Registered: [Plugin](User:False) OS::Neutron::Firewall ->
2026-03-12 01:33:43.543 58929 INFO heat.engine.environment [-] Registered: [Plugin](User:False) OS::Neutron::FirewallPolicy ->
2026-03-12 01:33:43.543 58929 INFO heat.engine.environment [-] Registered: [Plugin](User:False) OS::Neutron::FirewallRule ->
2026-03-12 01:33:43.543 58929 INFO heat.engine.environment [-] Registered: [Plugin](User:False) OS::Neutron::FloatingIP ->
2026-03-12 01:33:43.543 58929 INFO heat.engine.environment [-] Registered: [Plugin](User:False) OS::Neutron::FloatingIPAssociation ->
2026-03-12 01:33:43.543 58929 INFO heat.engine.environment [-] Registered: [Plugin](User:False) OS::Neutron::L2Gateway ->
2026-03-12 01:33:43.543 58929 INFO heat.engine.environment [-] Registered: [Plugin](User:False) OS::Neutron::L2GatewayConnection ->
2026-03-12 01:33:43.544 58929 INFO heat.engine.environment [-] Registered: [Plugin](User:False) OS::Neutron::LBaaS::HealthMonitor ->
2026-03-12 01:33:43.544 58929 INFO heat.engine.environment [-] Registered: [Plugin](User:False) OS::Neutron::LBaaS::L7Policy ->
2026-03-12 01:33:43.544 58929 INFO heat.engine.environment [-] Registered: [Plugin](User:False) OS::Neutron::LBaaS::L7Rule ->
2026-03-12 01:33:43.544 58929 INFO heat.engine.environment [-] Registered: [Plugin](User:False) OS::Neutron::LBaaS::Listener ->
2026-03-12 01:33:43.544 58929 INFO heat.engine.environment [-] Registered: [Plugin](User:False) OS::Neutron::LBaaS::LoadBalancer ->
2026-03-12 01:33:43.544 58929 INFO heat.engine.environment [-] Registered: [Plugin](User:False) OS::Neutron::LBaaS::Pool ->
2026-03-12 01:33:43.544 58929 INFO heat.engine.environment [-] Registered: [Plugin](User:False) OS::Neutron::LBaaS::PoolMember ->
2026-03-12 01:33:43.544 58929 INFO heat.engine.environment [-] Registered: [Plugin](User:False) OS::Neutron::HealthMonitor ->
2026-03-12 01:33:43.544 58929 INFO heat.engine.environment [-] Registered: [Plugin](User:False) OS::Neutron::Pool ->
2026-03-12 01:33:43.545 58929 INFO heat.engine.environment [-] Registered: [Plugin](User:False) OS::Neutron::PoolMember ->
2026-03-12 01:33:43.545 58929 INFO heat.engine.environment [-] Registered: [Plugin](User:False) OS::Neutron::LoadBalancer ->
2026-03-12 01:33:43.545 58929 INFO heat.engine.environment [-] Registered: [Plugin](User:False) OS::Neutron::MeteringLabel ->
2026-03-12 01:33:43.545 58929 INFO heat.engine.environment [-] Registered: [Plugin](User:False) OS::Neutron::MeteringRule ->
2026-03-12 01:33:43.545 58929 INFO heat.engine.environment [-] Registered: [Plugin](User:False) OS::Neutron::Net ->
2026-03-12 01:33:43.545 58929 INFO heat.engine.environment [-] Registered: [Plugin](User:False) OS::Neutron::NetworkGateway ->
2026-03-12 01:33:43.545 58929 INFO heat.engine.environment [-] Registered: [Plugin](User:False) OS::Neutron::Port ->
2026-03-12 01:33:43.545 58929 INFO heat.engine.environment [-] Registered: [Plugin](User:False) OS::Neutron::ProviderNet ->
2026-03-12 01:33:43.545 58929 INFO heat.engine.environment [-] Registered: [Plugin](User:False) OS::Neutron::QoSPolicy ->
2026-03-12 01:33:43.545 58929 INFO heat.engine.environment [-] Registered: [Plugin](User:False) OS::Neutron::QoSBandwidthLimitRule ->
2026-03-12 01:33:43.545 58929 INFO heat.engine.environment [-] Registered: [Plugin](User:False) OS::Neutron::QoSDscpMarkingRule ->
2026-03-12 01:33:43.546 58929 INFO heat.engine.environment [-] Registered: [Plugin](User:False) OS::Neutron::QoSMinimumBandwidthRule ->
2026-03-12 01:33:43.546 58929 INFO heat.engine.environment [-] Registered: [Plugin](User:False) OS::Neutron::Quota ->
2026-03-12 01:33:43.546 58929 INFO heat.engine.environment [-] Registered: [Plugin](User:False) OS::Neutron::RBACPolicy ->
2026-03-12 01:33:43.546 58929 INFO heat.engine.environment [-] Registered: [Plugin](User:False) OS::Neutron::Router ->
2026-03-12 01:33:43.546 58929 INFO heat.engine.environment [-] Registered: [Plugin](User:False) OS::Neutron::RouterInterface ->
2026-03-12 01:33:43.546 58929 INFO heat.engine.environment [-] Registered: [Plugin](User:False) OS::Neutron::RouterGateway ->
2026-03-12 01:33:43.546 58929 INFO heat.engine.environment [-] Registered: [Plugin](User:False) OS::Neutron::SecurityGroup ->
2026-03-12 01:33:43.546 58929 INFO heat.engine.environment [-] Registered: [Plugin](User:False) OS::Neutron::SecurityGroupRule ->
2026-03-12 01:33:43.546 58929 INFO heat.engine.environment [-] Registered: [Plugin](User:False) OS::Neutron::Segment ->
2026-03-12 01:33:43.546 58929 INFO heat.engine.environment [-] Registered: [Plugin](User:False) OS::Neutron::FlowClassifier ->
2026-03-12 01:33:43.547 58929 INFO heat.engine.environment [-] Registered: [Plugin](User:False) OS::Neutron::PortChain ->
2026-03-12 01:33:43.547 58929 INFO heat.engine.environment [-] Registered: [Plugin](User:False) OS::Neutron::PortPair ->
2026-03-12 01:33:43.547 58929 INFO heat.engine.environment [-] Registered: [Plugin](User:False) OS::Neutron::PortPairGroup ->
2026-03-12 01:33:43.547 58929 INFO heat.engine.environment [-] Registered: [Plugin](User:False) OS::Neutron::Subnet ->
2026-03-12 01:33:43.547 58929 INFO heat.engine.environment [-] Registered: [Plugin](User:False) OS::Neutron::SubnetPool ->
2026-03-12 01:33:43.547 58929 INFO heat.engine.environment [-] Registered: [Plugin](User:False) OS::Neutron::TaaS::TapFlow ->
2026-03-12 01:33:43.547 58929 INFO heat.engine.environment [-] Registered: [Plugin](User:False) OS::Neutron::TaaS::TapService ->
2026-03-12 01:33:43.547 58929 INFO heat.engine.environment [-] Registered: [Plugin](User:False) OS::Neutron::Trunk ->
2026-03-12 01:33:43.547 58929 INFO heat.engine.environment [-] Registered: [Plugin](User:False) OS::Neutron::VPNService ->
2026-03-12 01:33:43.547 58929 INFO heat.engine.environment [-] Registered: [Plugin](User:False) OS::Neutron::IPsecSiteConnection ->
2026-03-12 01:33:43.547 58929 INFO heat.engine.environment [-] Registered: [Plugin](User:False) OS::Neutron::IKEPolicy ->
2026-03-12 01:33:43.548 58929 INFO heat.engine.environment [-] Registered: [Plugin](User:False) OS::Neutron::IPsecPolicy ->
2026-03-12 01:33:43.548 58929 INFO heat.engine.environment [-] Registered: [Plugin](User:False) OS::Nova::Flavor ->
2026-03-12 01:33:43.548 58929 INFO heat.engine.environment [-] Registered: [Plugin](User:False) OS::Nova::FloatingIP ->
