2026-03-12 01:56:13.532 7 DEBUG oslo_service.service [-] ml2_type_gre.tunnel_id_ranges = [] log_opt_values /var/lib/kolla/venv/lib/python3.6/site-packages/oslo_config/cfg.py:2611
2026-03-12 01:56:13.532 7 DEBUG oslo_service.service [-] ml2_type_vlan.network_vlan_ranges = [] log_opt_values /var/lib/kolla/venv/lib/python3.6/site-packages/oslo_config/cfg.py:2611
2026-03-12 01:56:13.532 7 DEBUG oslo_service.service [-] ml2_type_vxlan.vni_ranges = [] log_opt_values /var/lib/kolla/venv/lib/python3.6/site-packages/oslo_config/cfg.py:2611
2026-03-12 01:56:13.532 7 DEBUG oslo_service.service [-] ml2_type_vxlan.vxlan_group = None log_opt_values /var/lib/kolla/venv/lib/python3.6/site-packages/oslo_config/cfg.py:2611
2026-03-12 01:56:13.532 7 DEBUG oslo_service.service [-] database.backend = sqlalchemy log_opt_values /var/lib/kolla/venv/lib/python3.6/site-packages/oslo_config/cfg.py:2611
2026-03-12 01:56:13.532 7 DEBUG oslo_service.service [-] database.connection = **** log_opt_values /var/lib/kolla/venv/lib/python3.6/site-packages/oslo_config/cfg.py:2611
2026-03-12 01:56:13.533 7 DEBUG oslo_service.service [-] database.connection_debug = 0 log_opt_values /var/lib/kolla/venv/lib/python3.6/site-packages/oslo_config/cfg.py:2611
2026-03-12 01:56:13.533 7 DEBUG oslo_service.service [-] database.connection_parameters = log_opt_values /var/lib/kolla/venv/lib/python3.6/site-packages/oslo_config/cfg.py:2611
2026-03-12 01:56:13.533 7 DEBUG oslo_service.service [-] database.connection_recycle_time = 10 log_opt_values /var/lib/kolla/venv/lib/python3.6/site-packages/oslo_config/cfg.py:2611
2026-03-12 01:56:13.533 7 DEBUG oslo_service.service [-] database.connection_trace = False log_opt_values /var/lib/kolla/venv/lib/python3.6/site-packages/oslo_config/cfg.py:2611
2026-03-12 01:56:13.533 7 DEBUG oslo_service.service [-] database.db_inc_retry_interval = True log_opt_values /var/lib/kolla/venv/lib/python3.6/site-packages/oslo_config/cfg.py:2611
2026-03-12 01:56:13.533 7 DEBUG oslo_service.service [-] database.db_max_retries = 20 log_opt_values /var/lib/kolla/venv/lib/python3.6/site-packages/oslo_config/cfg.py:2611
2026-03-12 01:56:13.533 7 DEBUG oslo_service.service [-] database.db_max_retry_interval = 10 log_opt_values /var/lib/kolla/venv/lib/python3.6/site-packages/oslo_config/cfg.py:2611
2026-03-12 01:56:13.533 7 DEBUG oslo_service.service [-] database.db_retry_interval = 1 log_opt_values /var/lib/kolla/venv/lib/python3.6/site-packages/oslo_config/cfg.py:2611
2026-03-12 01:56:13.533 7 DEBUG oslo_service.service [-] database.max_overflow = 50 log_opt_values /var/lib/kolla/venv/lib/python3.6/site-packages/oslo_config/cfg.py:2611
2026-03-12 01:56:13.534 7 DEBUG oslo_service.service [-] database.max_pool_size = 1 log_opt_values /var/lib/kolla/venv/lib/python3.6/site-packages/oslo_config/cfg.py:2611
2026-03-12 01:56:13.534 7 DEBUG oslo_service.service [-] database.max_retries = -1 log_opt_values /var/lib/kolla/venv/lib/python3.6/site-packages/oslo_config/cfg.py:2611
2026-03-12 01:56:13.534 7 DEBUG oslo_service.service [-] database.mysql_enable_ndb = False log_opt_values /var/lib/kolla/venv/lib/python3.6/site-packages/oslo_config/cfg.py:2611
2026-03-12 01:56:13.534 7 DEBUG oslo_service.service [-] database.mysql_sql_mode = TRADITIONAL log_opt_values /var/lib/kolla/venv/lib/python3.6/site-packages/oslo_config/cfg.py:2611
2026-03-12 01:56:13.534 7 DEBUG oslo_service.service [-] database.pool_timeout = None log_opt_values /var/lib/kolla/venv/lib/python3.6/site-packages/oslo_config/cfg.py:2611
2026-03-12 01:56:13.534 7 DEBUG oslo_service.service [-] database.retry_interval = 10 log_opt_values /var/lib/kolla/venv/lib/python3.6/site-packages/oslo_config/cfg.py:2611
2026-03-12 01:56:13.534 7 DEBUG oslo_service.service [-] database.slave_connection = **** log_opt_values /var/lib/kolla/venv/lib/python3.6/site-packages/oslo_config/cfg.py:2611
2026-03-12 01:56:13.534 7 DEBUG oslo_service.service [-] database.sqlite_synchronous = True log_opt_values /var/lib/kolla/venv/lib/python3.6/site-packages/oslo_config/cfg.py:2611
2026-03-12 01:56:13.534 7 DEBUG oslo_service.service [-] database.use_db_reconnect = False log_opt_values /var/lib/kolla/venv/lib/python3.6/site-packages/oslo_config/cfg.py:2611
2026-03-12 01:56:13.534 7 DEBUG oslo_service.service [-] ******************************************************************************** log_opt_values /var/lib/kolla/venv/lib/python3.6/site-packages/oslo_config/cfg.py:2613
2026-03-12 01:56:15.163 22 DEBUG neutron.wsgi [-] (22) accepted ('10.0.0.130', 43270) server /var/lib/kolla/venv/lib/python3.6/site-packages/eventlet/wsgi.py:1004
2026-03-12 01:56:15.169 22 INFO neutron.wsgi [-] 10.0.0.130 "GET / HTTP/1.1" status: 200 len: 228 time: 0.0048599
2026-03-12 01:56:17.570 23 DEBUG neutron.api.rpc.handlers.dhcp_rpc [req-8d3a57a8-6e5b-4949-aec8-94219e491c15 - - - - -] get_active_networks_info from cn-jenkins-deploy-platform-ansible-os-5459-1 get_active_networks_info /var/lib/kolla/venv/lib/python3.6/site-packages/neutron/api/rpc/handlers/dhcp_rpc.py:159
2026-03-12 01:56:17.596 27 DEBUG neutron_lib.callbacks.manager [req-f58f206a-f2f5-436f-ad7c-d73fc5ba35c2 - - - - -] Publish callbacks ['neutron.services.segments.db._update_segment_host_mapping_for_agent-8766911089523', 'neutron.services.l3_router.l3_router_plugin.DVRResourceOperationHandler.create_fip_agent_gw_ports-604163'] for agent (3e8f2923-cb7d-4ecb-8ac7-7c03aa3b7a27), after_create _notify_loop /var/lib/kolla/venv/lib/python3.6/site-packages/neutron_lib/callbacks/manager.py:177
2026-03-12 01:56:17.609 23 DEBUG neutron.scheduler.dhcp_agent_scheduler [req-8d3a57a8-6e5b-4949-aec8-94219e491c15 - - - - -] No non-hosted networks auto_schedule_networks /var/lib/kolla/venv/lib/python3.6/site-packages/neutron/scheduler/dhcp_agent_scheduler.py:60
2026-03-12 01:56:36.651 28 DEBUG neutron_lib.callbacks.manager [req-b581c0d1-7d9a-4e9a-9056-c24e2fc1069b - - - - -] Publish callbacks ['neutron.services.segments.db._update_segment_host_mapping_for_agent-8766911089523', 'neutron.services.l3_router.l3_router_plugin.DVRResourceOperationHandler.create_fip_agent_gw_ports-604163'] for agent (5d6fc266-65b9-480d-8846-d7d5f735137a), after_create _notify_loop /var/lib/kolla/venv/lib/python3.6/site-packages/neutron_lib/callbacks/manager.py:177
2026-03-12 01:56:45.210 22 DEBUG neutron.wsgi [-] (22) accepted ('10.0.0.130', 55920) server /var/lib/kolla/venv/lib/python3.6/site-packages/eventlet/wsgi.py:1004
2026-03-12 01:56:45.213 22 INFO neutron.wsgi [-] 10.0.0.130 "GET / HTTP/1.1" status: 200 len: 228 time: 0.0028639
2026-03-12 01:56:47.573 26 DEBUG neutron_lib.callbacks.manager [req-22337599-8481-4c3b-becf-a324ef3b9d35 - - - - -] Publish callbacks ['neutron.services.segments.db._update_segment_host_mapping_for_agent-8766911089523', 'neutron.plugins.ml2.plugin.Ml2Plugin._retry_binding_revived_agents--9223372036851302924'] for agent (3e8f2923-cb7d-4ecb-8ac7-7c03aa3b7a27), after_update _notify_loop /var/lib/kolla/venv/lib/python3.6/site-packages/neutron_lib/callbacks/manager.py:177
2026-03-12 01:57:06.628 23 DEBUG neutron_lib.callbacks.manager [req-b581c0d1-7d9a-4e9a-9056-c24e2fc1069b - - - - -] Publish callbacks ['neutron.services.segments.db._update_segment_host_mapping_for_agent-8766911089523', 'neutron.plugins.ml2.plugin.Ml2Plugin._retry_binding_revived_agents--9223372036851302924'] for agent (5d6fc266-65b9-480d-8846-d7d5f735137a), after_update _notify_loop /var/lib/kolla/venv/lib/python3.6/site-packages/neutron_lib/callbacks/manager.py:177
2026-03-12 01:57:15.255 22 DEBUG neutron.wsgi [-] (22) accepted ('10.0.0.130', 49408) server /var/lib/kolla/venv/lib/python3.6/site-packages/eventlet/wsgi.py:1004
2026-03-12 01:57:15.258 22 INFO neutron.wsgi [-] 10.0.0.130 "GET / HTTP/1.1" status: 200 len: 228 time: 0.0027499
2026-03-12 01:57:17.569 24 DEBUG neutron_lib.callbacks.manager [req-b37fd37d-0b74-4527-9fac-65a01e8d1bf3 - - - - -] Publish callbacks ['neutron.services.segments.db._update_segment_host_mapping_for_agent-8766911089523', 'neutron.plugins.ml2.plugin.Ml2Plugin._retry_binding_revived_agents--9223372036851302924'] for agent (3e8f2923-cb7d-4ecb-8ac7-7c03aa3b7a27), after_update _notify_loop /var/lib/kolla/venv/lib/python3.6/site-packages/neutron_lib/callbacks/manager.py:177
2026-03-12 01:57:18.477 29 DEBUG neutron.db.agents_db [req-cd1b4747-6b66-473d-a2ff-947e4b6dcafe - - - - -] Agent healthcheck: found 2 active agents agent_health_check /var/lib/kolla/venv/lib/python3.6/site-packages/neutron/db/agents_db.py:318
2026-03-12 01:57:36.642 25 DEBUG neutron_lib.callbacks.manager [req-b581c0d1-7d9a-4e9a-9056-c24e2fc1069b - - - - -] Publish callbacks ['neutron.services.segments.db._update_segment_host_mapping_for_agent-8766911089523', 'neutron.plugins.ml2.plugin.Ml2Plugin._retry_binding_revived_agents--9223372036851302924'] for agent (5d6fc266-65b9-480d-8846-d7d5f735137a), after_update _notify_loop /var/lib/kolla/venv/lib/python3.6/site-packages/neutron_lib/callbacks/manager.py:177
2026-03-12 01:57:45.301 22 DEBUG neutron.wsgi [-] (22) accepted ('10.0.0.130', 50694) server /var/lib/kolla/venv/lib/python3.6/site-packages/eventlet/wsgi.py:1004
2026-03-12 01:57:45.304 22 INFO neutron.wsgi [-] 10.0.0.130 "GET / HTTP/1.1" status: 200 len: 228 time: 0.0024624
2026-03-12 01:57:47.556 27 DEBUG neutron_lib.callbacks.manager [req-267b1b76-8f61-42fb-86ae-78c02d9d8a2b - - - - -] Publish callbacks ['neutron.services.segments.db._update_segment_host_mapping_for_agent-8766911089523', 'neutron.plugins.ml2.plugin.Ml2Plugin._retry_binding_revived_agents--9223372036851302924'] for agent (3e8f2923-cb7d-4ecb-8ac7-7c03aa3b7a27), after_update _notify_loop /var/lib/kolla/venv/lib/python3.6/site-packages/neutron_lib/callbacks/manager.py:177
2026-03-12 01:57:55.476 29 DEBUG neutron.db.agents_db [req-cd1b4747-6b66-473d-a2ff-947e4b6dcafe - - - - -] Agent healthcheck: found 2 active agents agent_health_check /var/lib/kolla/venv/lib/python3.6/site-packages/neutron/db/agents_db.py:318
2026-03-12 01:58:06.633 28 DEBUG neutron_lib.callbacks.manager [req-b581c0d1-7d9a-4e9a-9056-c24e2fc1069b - - - - -] Publish callbacks ['neutron.services.segments.db._update_segment_host_mapping_for_agent-8766911089523', 'neutron.plugins.ml2.plugin.Ml2Plugin._retry_binding_revived_agents--9223372036851302924'] for agent (5d6fc266-65b9-480d-8846-d7d5f735137a), after_update _notify_loop /var/lib/kolla/venv/lib/python3.6/site-packages/neutron_lib/callbacks/manager.py:177
2026-03-12 01:58:15.345 22 DEBUG neutron.wsgi [-] (22) accepted ('10.0.0.130', 40680) server /var/lib/kolla/venv/lib/python3.6/site-packages/eventlet/wsgi.py:1004
2026-03-12 01:58:15.348 22 INFO neutron.wsgi [-] 10.0.0.130 "GET / HTTP/1.1" status: 200 len: 228 time: 0.0024683
2026-03-12 01:58:17.551 26 DEBUG neutron_lib.callbacks.manager [req-204eb9a6-44e1-4c07-a373-4005c2b7a7b6 - - - - -] Publish callbacks ['neutron.services.segments.db._update_segment_host_mapping_for_agent-8766911089523', 'neutron.plugins.ml2.plugin.Ml2Plugin._retry_binding_revived_agents--9223372036851302924'] for agent (3e8f2923-cb7d-4ecb-8ac7-7c03aa3b7a27), after_update _notify_loop /var/lib/kolla/venv/lib/python3.6/site-packages/neutron_lib/callbacks/manager.py:177
2026-03-12 01:58:32.477 29 DEBUG neutron.db.agents_db [req-cd1b4747-6b66-473d-a2ff-947e4b6dcafe - - - - -] Agent healthcheck: found 2 active agents agent_health_check /var/lib/kolla/venv/lib/python3.6/site-packages/neutron/db/agents_db.py:318
2026-03-12 01:58:36.629 23 DEBUG neutron_lib.callbacks.manager [req-b581c0d1-7d9a-4e9a-9056-c24e2fc1069b - - - - -] Publish callbacks ['neutron.services.segments.db._update_segment_host_mapping_for_agent-8766911089523', 'neutron.plugins.ml2.plugin.Ml2Plugin._retry_binding_revived_agents--9223372036851302924'] for agent (5d6fc266-65b9-480d-8846-d7d5f735137a), after_update _notify_loop /var/lib/kolla/venv/lib/python3.6/site-packages/neutron_lib/callbacks/manager.py:177
2026-03-12 01:58:45.394 22 DEBUG neutron.wsgi [-] (22) accepted ('10.0.0.130', 58188) server /var/lib/kolla/venv/lib/python3.6/site-packages/eventlet/wsgi.py:1004
2026-03-12 01:58:45.397 22 INFO neutron.wsgi [-] 10.0.0.130 "GET / HTTP/1.1" status: 200 len: 228 time: 0.0027120
2026-03-12 01:58:47.556 24 DEBUG neutron_lib.callbacks.manager [req-36652a9d-4289-4289-b395-32844bcf7a00 - - - - -] Publish callbacks ['neutron.services.segments.db._update_segment_host_mapping_for_agent-8766911089523', 'neutron.plugins.ml2.plugin.Ml2Plugin._retry_binding_revived_agents--9223372036851302924'] for agent (3e8f2923-cb7d-4ecb-8ac7-7c03aa3b7a27), after_update _notify_loop /var/lib/kolla/venv/lib/python3.6/site-packages/neutron_lib/callbacks/manager.py:177
2026-03-12 01:59:06.631 25 DEBUG neutron_lib.callbacks.manager [req-b581c0d1-7d9a-4e9a-9056-c24e2fc1069b - - - - -] Publish callbacks ['neutron.services.segments.db._update_segment_host_mapping_for_agent-8766911089523', 'neutron.plugins.ml2.plugin.Ml2Plugin._retry_binding_revived_agents--9223372036851302924'] for agent (5d6fc266-65b9-480d-8846-d7d5f735137a), after_update _notify_loop /var/lib/kolla/venv/lib/python3.6/site-packages/neutron_lib/callbacks/manager.py:177
2026-03-12 01:59:09.474 29 DEBUG neutron.db.agents_db [req-cd1b4747-6b66-473d-a2ff-947e4b6dcafe - - - - -] Agent healthcheck: found 2 active agents agent_health_check /var/lib/kolla/venv/lib/python3.6/site-packages/neutron/db/agents_db.py:318
2026-03-12 01:59:15.441 22 DEBUG neutron.wsgi [-] (22) accepted ('10.0.0.130', 54594) server /var/lib/kolla/venv/lib/python3.6/site-packages/eventlet/wsgi.py:1004
2026-03-12 01:59:15.444 22 INFO neutron.wsgi [-] 10.0.0.130 "GET / HTTP/1.1" status: 200 len: 228 time: 0.0025597
2026-03-12 01:59:17.562 27 DEBUG neutron_lib.callbacks.manager [req-7985ac6a-57e1-4858-bae6-09d40b4835bc - - - - -] Publish callbacks ['neutron.services.segments.db._update_segment_host_mapping_for_agent-8766911089523', 'neutron.plugins.ml2.plugin.Ml2Plugin._retry_binding_revived_agents--9223372036851302924'] for agent (3e8f2923-cb7d-4ecb-8ac7-7c03aa3b7a27), after_update _notify_loop /var/lib/kolla/venv/lib/python3.6/site-packages/neutron_lib/callbacks/manager.py:177
2026-03-12 01:59:36.634 28 DEBUG neutron_lib.callbacks.manager [req-b581c0d1-7d9a-4e9a-9056-c24e2fc1069b - - - - -] Publish callbacks ['neutron.services.segments.db._update_segment_host_mapping_for_agent-8766911089523', 'neutron.plugins.ml2.plugin.Ml2Plugin._retry_binding_revived_agents--9223372036851302924'] for agent (5d6fc266-65b9-480d-8846-d7d5f735137a), after_update _notify_loop /var/lib/kolla/venv/lib/python3.6/site-packages/neutron_lib/callbacks/manager.py:177
2026-03-12 01:59:45.485 22 DEBUG neutron.wsgi [-] (22) accepted ('10.0.0.130', 46384) server /var/lib/kolla/venv/lib/python3.6/site-packages/eventlet/wsgi.py:1004
2026-03-12 01:59:45.488 22 INFO neutron.wsgi [-] 10.0.0.130 "GET / HTTP/1.1" status: 200 len: 228 time: 0.0024586
2026-03-12 01:59:46.472 29 DEBUG neutron.db.agents_db [req-cd1b4747-6b66-473d-a2ff-947e4b6dcafe - - - - -] Agent healthcheck: found 2 active agents agent_health_check /var/lib/kolla/venv/lib/python3.6/site-packages/neutron/db/agents_db.py:318
2026-03-12 01:59:47.556 26 DEBUG neutron_lib.callbacks.manager [req-acb8a4e0-e8ac-487d-8ab0-b86b7f1c6a30 - - - - -] Publish callbacks ['neutron.services.segments.db._update_segment_host_mapping_for_agent-8766911089523', 'neutron.plugins.ml2.plugin.Ml2Plugin._retry_binding_revived_agents--9223372036851302924'] for agent (3e8f2923-cb7d-4ecb-8ac7-7c03aa3b7a27), after_update _notify_loop /var/lib/kolla/venv/lib/python3.6/site-packages/neutron_lib/callbacks/manager.py:177
2026-03-12 02:00:06.638 23 DEBUG neutron_lib.callbacks.manager [req-b581c0d1-7d9a-4e9a-9056-c24e2fc1069b - - - - -] Publish callbacks ['neutron.services.segments.db._update_segment_host_mapping_for_agent-8766911089523', 'neutron.plugins.ml2.plugin.Ml2Plugin._retry_binding_revived_agents--9223372036851302924'] for agent (5d6fc266-65b9-480d-8846-d7d5f735137a), after_update _notify_loop /var/lib/kolla/venv/lib/python3.6/site-packages/neutron_lib/callbacks/manager.py:177
2026-03-12 02:00:15.533 22 DEBUG neutron.wsgi [-] (22) accepted ('10.0.0.130', 60248) server /var/lib/kolla/venv/lib/python3.6/site-packages/eventlet/wsgi.py:1004
2026-03-12 02:00:15.536 22 INFO neutron.wsgi [-] 10.0.0.130 "GET / HTTP/1.1" status: 200 len: 228 time: 0.0024831
2026-03-12 02:00:17.562 24 DEBUG neutron_lib.callbacks.manager [req-be32d3c5-8f80-4738-b1e3-f05f39beadf8 - - - - -] Publish callbacks ['neutron.services.segments.db._update_segment_host_mapping_for_agent-8766911089523', 'neutron.plugins.ml2.plugin.Ml2Plugin._retry_binding_revived_agents--9223372036851302924'] for agent (3e8f2923-cb7d-4ecb-8ac7-7c03aa3b7a27), after_update _notify_loop /var/lib/kolla/venv/lib/python3.6/site-packages/neutron_lib/callbacks/manager.py:177
2026-03-12 02:00:23.480 29 DEBUG neutron.db.agents_db [req-cd1b4747-6b66-473d-a2ff-947e4b6dcafe - - - - -] Agent healthcheck: found 2 active agents agent_health_check /var/lib/kolla/venv/lib/python3.6/site-packages/neutron/db/agents_db.py:318
2026-03-12 02:00:36.640 25 DEBUG neutron_lib.callbacks.manager [req-b581c0d1-7d9a-4e9a-9056-c24e2fc1069b - - - - -] Publish callbacks ['neutron.services.segments.db._update_segment_host_mapping_for_agent-8766911089523', 'neutron.plugins.ml2.plugin.Ml2Plugin._retry_binding_revived_agents--9223372036851302924'] for agent (5d6fc266-65b9-480d-8846-d7d5f735137a), after_update _notify_loop /var/lib/kolla/venv/lib/python3.6/site-packages/neutron_lib/callbacks/manager.py:177
2026-03-12 02:00:45.581 22 DEBUG neutron.wsgi [-] (22) accepted ('10.0.0.130', 57670) server /var/lib/kolla/venv/lib/python3.6/site-packages/eventlet/wsgi.py:1004
2026-03-12 02:00:45.586 22 INFO neutron.wsgi [-] 10.0.0.130 "GET / HTTP/1.1" status: 200 len: 228 time: 0.0045242
2026-03-12 02:00:47.581 27 DEBUG neutron_lib.callbacks.manager [req-16a944a7-11b4-468c-b4ab-deb4e8d57fa1 - - - - -] Publish callbacks ['neutron.services.segments.db._update_segment_host_mapping_for_agent-8766911089523', 'neutron.plugins.ml2.plugin.Ml2Plugin._retry_binding_revived_agents--9223372036851302924'] for agent (3e8f2923-cb7d-4ecb-8ac7-7c03aa3b7a27), after_update _notify_loop /var/lib/kolla/venv/lib/python3.6/site-packages/neutron_lib/callbacks/manager.py:177
2026-03-12 02:01:00.478 29 DEBUG neutron.db.agents_db [req-cd1b4747-6b66-473d-a2ff-947e4b6dcafe - - - - -] Agent healthcheck: found 2 active agents agent_health_check /var/lib/kolla/venv/lib/python3.6/site-packages/neutron/db/agents_db.py:318
2026-03-12 02:01:06.643 28 DEBUG neutron_lib.callbacks.manager [req-b581c0d1-7d9a-4e9a-9056-c24e2fc1069b - - - - -] Publish callbacks ['neutron.services.segments.db._update_segment_host_mapping_for_agent-8766911089523', 'neutron.plugins.ml2.plugin.Ml2Plugin._retry_binding_revived_agents--9223372036851302924'] for agent (5d6fc266-65b9-480d-8846-d7d5f735137a), after_update _notify_loop /var/lib/kolla/venv/lib/python3.6/site-packages/neutron_lib/callbacks/manager.py:177
2026-03-12 02:01:15.627 22 DEBUG neutron.wsgi [-] (22) accepted ('10.0.0.130', 50140) server /var/lib/kolla/venv/lib/python3.6/site-packages/eventlet/wsgi.py:1004
2026-03-12 02:01:15.630 22 INFO neutron.wsgi [-] 10.0.0.130 "GET / HTTP/1.1" status: 200 len: 228 time: 0.0025163
2026-03-12 02:01:17.559 26 DEBUG neutron_lib.callbacks.manager [req-8d717a94-5f9f-4cd6-931b-ef786ca8e4e4 - - - - -] Publish callbacks ['neutron.services.segments.db._update_segment_host_mapping_for_agent-8766911089523', 'neutron.plugins.ml2.plugin.Ml2Plugin._retry_binding_revived_agents--9223372036851302924'] for agent (3e8f2923-cb7d-4ecb-8ac7-7c03aa3b7a27), after_update _notify_loop /var/lib/kolla/venv/lib/python3.6/site-packages/neutron_lib/callbacks/manager.py:177
2026-03-12 02:01:36.642 23 DEBUG neutron_lib.callbacks.manager [req-b581c0d1-7d9a-4e9a-9056-c24e2fc1069b - - - - -] Publish callbacks ['neutron.services.segments.db._update_segment_host_mapping_for_agent-8766911089523', 'neutron.plugins.ml2.plugin.Ml2Plugin._retry_binding_revived_agents--9223372036851302924'] for agent (5d6fc266-65b9-480d-8846-d7d5f735137a), after_update _notify_loop /var/lib/kolla/venv/lib/python3.6/site-packages/neutron_lib/callbacks/manager.py:177
2026-03-12 02:01:37.475 29 DEBUG neutron.db.agents_db [req-cd1b4747-6b66-473d-a2ff-947e4b6dcafe - - - - -] Agent healthcheck: found 2 active agents agent_health_check /var/lib/kolla/venv/lib/python3.6/site-packages/neutron/db/agents_db.py:318
2026-03-12 02:01:45.678 22 DEBUG neutron.wsgi [-] (22) accepted ('10.0.0.130', 56398) server /var/lib/kolla/venv/lib/python3.6/site-packages/eventlet/wsgi.py:1004
2026-03-12 02:01:45.682 22 INFO neutron.wsgi [-] 10.0.0.130 "GET / HTTP/1.1" status: 200 len: 228 time: 0.0025702
2026-03-12 02:01:47.554 24 DEBUG neutron_lib.callbacks.manager [req-9789ef5d-0af7-4961-aa1c-5c01a26d3600 - - - - -] Publish callbacks ['neutron.services.segments.db._update_segment_host_mapping_for_agent-8766911089523', 'neutron.plugins.ml2.plugin.Ml2Plugin._retry_binding_revived_agents--9223372036851302924'] for agent (3e8f2923-cb7d-4ecb-8ac7-7c03aa3b7a27), after_update _notify_loop /var/lib/kolla/venv/lib/python3.6/site-packages/neutron_lib/callbacks/manager.py:177
2026-03-12 02:02:06.645 25 DEBUG neutron_lib.callbacks.manager [req-b581c0d1-7d9a-4e9a-9056-c24e2fc1069b - - - - -] Publish callbacks ['neutron.services.segments.db._update_segment_host_mapping_for_agent-8766911089523', 'neutron.plugins.ml2.plugin.Ml2Plugin._retry_binding_revived_agents--9223372036851302924'] for agent (5d6fc266-65b9-480d-8846-d7d5f735137a), after_update _notify_loop /var/lib/kolla/venv/lib/python3.6/site-packages/neutron_lib/callbacks/manager.py:177
2026-03-12 02:02:14.480 29 DEBUG neutron.db.agents_db [req-cd1b4747-6b66-473d-a2ff-947e4b6dcafe - - - - -] Agent healthcheck: found 2 active agents agent_health_check /var/lib/kolla/venv/lib/python3.6/site-packages/neutron/db/agents_db.py:318
2026-03-12 02:02:15.725 22 DEBUG neutron.wsgi [-] (22) accepted ('10.0.0.130', 50432) server /var/lib/kolla/venv/lib/python3.6/site-packages/eventlet/wsgi.py:1004
2026-03-12 02:02:15.729 22 INFO neutron.wsgi [-] 10.0.0.130 "GET / HTTP/1.1" status: 200 len: 228 time: 0.0033255
2026-03-12 02:02:17.559 27 DEBUG neutron_lib.callbacks.manager [req-c25e7d35-854d-4749-8cdb-fe0f31c76a66 - - - - -] Publish callbacks ['neutron.services.segments.db._update_segment_host_mapping_for_agent-8766911089523', 'neutron.plugins.ml2.plugin.Ml2Plugin._retry_binding_revived_agents--9223372036851302924'] for agent (3e8f2923-cb7d-4ecb-8ac7-7c03aa3b7a27), after_update _notify_loop /var/lib/kolla/venv/lib/python3.6/site-packages/neutron_lib/callbacks/manager.py:177
2026-03-12 02:02:36.647 28 DEBUG neutron_lib.callbacks.manager [req-b581c0d1-7d9a-4e9a-9056-c24e2fc1069b - - - - -] Publish callbacks ['neutron.services.segments.db._update_segment_host_mapping_for_agent-8766911089523', 'neutron.plugins.ml2.plugin.Ml2Plugin._retry_binding_revived_agents--9223372036851302924'] for agent (5d6fc266-65b9-480d-8846-d7d5f735137a), after_update _notify_loop /var/lib/kolla/venv/lib/python3.6/site-packages/neutron_lib/callbacks/manager.py:177
2026-03-12 02:02:45.769 22 DEBUG neutron.wsgi [-] (22) accepted ('10.0.0.130', 48922) server /var/lib/kolla/venv/lib/python3.6/site-packages/eventlet/wsgi.py:1004
2026-03-12 02:02:45.772 22 INFO neutron.wsgi [-] 10.0.0.130 "GET / HTTP/1.1" status: 200 len: 228 time: 0.0025690
2026-03-12 02:02:47.566 26 DEBUG neutron_lib.callbacks.manager [req-58ab65d3-b106-447b-ab50-9600fa342dd1 - - - - -] Publish callbacks ['neutron.services.segments.db._update_segment_host_mapping_for_agent-8766911089523', 'neutron.plugins.ml2.plugin.Ml2Plugin._retry_binding_revived_agents--9223372036851302924'] for agent (3e8f2923-cb7d-4ecb-8ac7-7c03aa3b7a27), after_update _notify_loop /var/lib/kolla/venv/lib/python3.6/site-packages/neutron_lib/callbacks/manager.py:177
2026-03-12 02:02:51.487 29 DEBUG neutron.db.agents_db [req-cd1b4747-6b66-473d-a2ff-947e4b6dcafe - - - - -] Agent healthcheck: found 2 active agents agent_health_check /var/lib/kolla/venv/lib/python3.6/site-packages/neutron/db/agents_db.py:318
2026-03-12 02:03:06.652 23 DEBUG neutron_lib.callbacks.manager [req-b581c0d1-7d9a-4e9a-9056-c24e2fc1069b - - - - -] Publish callbacks ['neutron.services.segments.db._update_segment_host_mapping_for_agent-8766911089523', 'neutron.plugins.ml2.plugin.Ml2Plugin._retry_binding_revived_agents--9223372036851302924'] for agent (5d6fc266-65b9-480d-8846-d7d5f735137a), after_update _notify_loop /var/lib/kolla/venv/lib/python3.6/site-packages/neutron_lib/callbacks/manager.py:177
2026-03-12 02:03:15.818 22 DEBUG neutron.wsgi [-] (22) accepted ('10.0.0.130', 54662) server /var/lib/kolla/venv/lib/python3.6/site-packages/eventlet/wsgi.py:1004
2026-03-12 02:03:15.823 22 INFO neutron.wsgi [-] 10.0.0.130 "GET / HTTP/1.1" status: 200 len: 228 time: 0.0035555
2026-03-12 02:03:17.565 24 DEBUG neutron_lib.callbacks.manager [req-e6bbc0a3-ec8a-4557-a0aa-d3fa50572f31 - - - - -] Publish callbacks ['neutron.services.segments.db._update_segment_host_mapping_for_agent-8766911089523', 'neutron.plugins.ml2.plugin.Ml2Plugin._retry_binding_revived_agents--9223372036851302924'] for agent (3e8f2923-cb7d-4ecb-8ac7-7c03aa3b7a27), after_update _notify_loop /var/lib/kolla/venv/lib/python3.6/site-packages/neutron_lib/callbacks/manager.py:177
2026-03-12 02:03:28.496 29 DEBUG neutron.db.agents_db [req-cd1b4747-6b66-473d-a2ff-947e4b6dcafe - - - - -] Agent healthcheck: found 2 active agents agent_health_check /var/lib/kolla/venv/lib/python3.6/site-packages/neutron/db/agents_db.py:318
2026-03-12 02:03:36.657 25 DEBUG neutron_lib.callbacks.manager [req-b581c0d1-7d9a-4e9a-9056-c24e2fc1069b - - - - -] Publish callbacks ['neutron.services.segments.db._update_segment_host_mapping_for_agent-8766911089523', 'neutron.plugins.ml2.plugin.Ml2Plugin._retry_binding_revived_agents--9223372036851302924'] for agent (5d6fc266-65b9-480d-8846-d7d5f735137a), after_update _notify_loop /var/lib/kolla/venv/lib/python3.6/site-packages/neutron_lib/callbacks/manager.py:177
2026-03-12 02:03:45.865 22 DEBUG neutron.wsgi [-] (22) accepted ('10.0.0.130', 35108) server /var/lib/kolla/venv/lib/python3.6/site-packages/eventlet/wsgi.py:1004
2026-03-12 02:03:45.869 22 INFO neutron.wsgi [-] 10.0.0.130 "GET / HTTP/1.1" status: 200 len: 228 time: 0.0035045
2026-03-12 02:03:47.561 27 DEBUG neutron_lib.callbacks.manager [req-e7b1bc7b-6248-4dd3-a04f-a73aae3dd3a2 - - - - -] Publish callbacks ['neutron.services.segments.db._update_segment_host_mapping_for_agent-8766911089523', 'neutron.plugins.ml2.plugin.Ml2Plugin._retry_binding_revived_agents--9223372036851302924'] for agent (3e8f2923-cb7d-4ecb-8ac7-7c03aa3b7a27), after_update _notify_loop /var/lib/kolla/venv/lib/python3.6/site-packages/neutron_lib/callbacks/manager.py:177
2026-03-12 02:04:05.493 29 DEBUG neutron.db.agents_db [req-cd1b4747-6b66-473d-a2ff-947e4b6dcafe - - - - -] Agent healthcheck: found 2 active agents agent_health_check /var/lib/kolla/venv/lib/python3.6/site-packages/neutron/db/agents_db.py:318
2026-03-12 02:04:06.656 28 DEBUG neutron_lib.callbacks.manager [req-b581c0d1-7d9a-4e9a-9056-c24e2fc1069b - - - - -] Publish callbacks ['neutron.services.segments.db._update_segment_host_mapping_for_agent-8766911089523', 'neutron.plugins.ml2.plugin.Ml2Plugin._retry_binding_revived_agents--9223372036851302924'] for agent (5d6fc266-65b9-480d-8846-d7d5f735137a), after_update _notify_loop /var/lib/kolla/venv/lib/python3.6/site-packages/neutron_lib/callbacks/manager.py:177
2026-03-12 02:04:15.917 22 DEBUG neutron.wsgi [-] (22) accepted ('10.0.0.130', 36554) server /var/lib/kolla/venv/lib/python3.6/site-packages/eventlet/wsgi.py:1004
2026-03-12 02:04:15.922 22 INFO neutron.wsgi [-] 10.0.0.130 "GET / HTTP/1.1" status: 200 len: 228 time: 0.0025141
2026-03-12 02:04:17.587 26 DEBUG neutron_lib.callbacks.manager [req-768bd373-f7f6-46d2-b243-488aacae1f80 - - - - -] Publish callbacks ['neutron.services.segments.db._update_segment_host_mapping_for_agent-8766911089523', 'neutron.plugins.ml2.plugin.Ml2Plugin._retry_binding_revived_agents--9223372036851302924'] for agent (3e8f2923-cb7d-4ecb-8ac7-7c03aa3b7a27), after_update _notify_loop /var/lib/kolla/venv/lib/python3.6/site-packages/neutron_lib/callbacks/manager.py:177
2026-03-12 02:04:36.655 23 DEBUG neutron_lib.callbacks.manager [req-b581c0d1-7d9a-4e9a-9056-c24e2fc1069b - - - - -] Publish callbacks ['neutron.services.segments.db._update_segment_host_mapping_for_agent-8766911089523', 'neutron.plugins.ml2.plugin.Ml2Plugin._retry_binding_revived_agents--9223372036851302924'] for agent (5d6fc266-65b9-480d-8846-d7d5f735137a), after_update _notify_loop /var/lib/kolla/venv/lib/python3.6/site-packages/neutron_lib/callbacks/manager.py:177
2026-03-12 02:04:42.493 29 DEBUG neutron.db.agents_db [req-cd1b4747-6b66-473d-a2ff-947e4b6dcafe - - - - -] Agent healthcheck: found 2 active agents agent_health_check /var/lib/kolla/venv/lib/python3.6/site-packages/neutron/db/agents_db.py:318
2026-03-12 02:04:45.971 22 DEBUG neutron.wsgi [-] (22) accepted ('10.0.0.130', 41428) server /var/lib/kolla/venv/lib/python3.6/site-packages/eventlet/wsgi.py:1004
2026-03-12 02:04:45.974 22 INFO neutron.wsgi [-] 10.0.0.130 "GET / HTTP/1.1" status: 200 len: 228 time: 0.0024672
2026-03-12 02:04:47.573 24 DEBUG neutron_lib.callbacks.manager [req-57283b62-3577-44ba-b1ab-b439082ebfc9 - - - - -] Publish callbacks ['neutron.services.segments.db._update_segment_host_mapping_for_agent-8766911089523', 'neutron.plugins.ml2.plugin.Ml2Plugin._retry_binding_revived_agents--9223372036851302924'] for agent (3e8f2923-cb7d-4ecb-8ac7-7c03aa3b7a27), after_update _notify_loop /var/lib/kolla/venv/lib/python3.6/site-packages/neutron_lib/callbacks/manager.py:177
2026-03-12 02:05:05.738 7 INFO oslo_service.service [-] Caught SIGTERM, stopping children
2026-03-12 02:05:05.739 7 DEBUG oslo_concurrency.lockutils [-] Acquired lock "singleton_lock" lock /var/lib/kolla/venv/lib/python3.6/site-packages/oslo_concurrency/lockutils.py:294
2026-03-12 02:05:05.739 7 DEBUG oslo_concurrency.lockutils [-] Releasing lock "singleton_lock" lock /var/lib/kolla/venv/lib/python3.6/site-packages/oslo_concurrency/lockutils.py:312
2026-03-12 02:05:05.739 7 DEBUG oslo_service.service [-] Stop services. stop /var/lib/kolla/venv/lib/python3.6/site-packages/oslo_service/service.py:695
2026-03-12 02:05:05.739 7 DEBUG neutron.service [-] calling RpcWorker stop() stop /var/lib/kolla/venv/lib/python3.6/site-packages/neutron/service.py:138
2026-03-12 02:05:05.739 7 DEBUG neutron.service [-] calling RpcWorker stop() stop /var/lib/kolla/venv/lib/python3.6/site-packages/neutron/service.py:138
2026-03-12 02:05:05.739 7 DEBUG oslo_service.service [-] Killing children. stop /var/lib/kolla/venv/lib/python3.6/site-packages/oslo_service/service.py:700
2026-03-12 02:05:05.739 7 INFO oslo_service.service [-] Waiting on 8 children to exit
2026-03-12 02:05:05.740 22 INFO neutron.wsgi [-] (22) wsgi exited, is_accepting=True
2026-03-12 02:05:05.740 25 DEBUG neutron.service [-] calling RpcWorker stop() stop /var/lib/kolla/venv/lib/python3.6/site-packages/neutron/service.py:138
2026-03-12 02:05:05.740 28 DEBUG neutron.service [-] calling RpcWorker stop() stop /var/lib/kolla/venv/lib/python3.6/site-packages/neutron/service.py:138
2026-03-12 02:05:05.741 29 DEBUG neutron.service [-] calling RpcWorker stop() stop /var/lib/kolla/venv/lib/python3.6/site-packages/neutron/service.py:138
2026-03-12 02:05:05.741 22 DEBUG oslo_concurrency.lockutils [req-b14ed74b-f079-4b1e-a386-855b532c28e2 - - - - -] Acquired lock "singleton_lock" lock /var/lib/kolla/venv/lib/python3.6/site-packages/oslo_concurrency/lockutils.py:294
2026-03-12 02:05:05.741 22 DEBUG oslo_concurrency.lockutils [req-b14ed74b-f079-4b1e-a386-855b532c28e2 - - - - -] Releasing lock "singleton_lock" lock /var/lib/kolla/venv/lib/python3.6/site-packages/oslo_concurrency/lockutils.py:312
2026-03-12 02:05:05.741 29 DEBUG neutron.service [-] calling stop on stop /var/lib/kolla/venv/lib/python3.6/site-packages/neutron/service.py:141
2026-03-12 02:05:05.741 25 DEBUG neutron.service [-] calling stop on stop /var/lib/kolla/venv/lib/python3.6/site-packages/neutron/service.py:141
2026-03-12 02:05:05.741 28 DEBUG neutron.service [-] calling stop on stop /var/lib/kolla/venv/lib/python3.6/site-packages/neutron/service.py:141
2026-03-12 02:05:05.744 24 DEBUG neutron.service [-] calling RpcWorker stop() stop /var/lib/kolla/venv/lib/python3.6/site-packages/neutron/service.py:138
2026-03-12 02:05:05.744 23 DEBUG neutron.service [-] calling RpcWorker stop() stop /var/lib/kolla/venv/lib/python3.6/site-packages/neutron/service.py:138
2026-03-12 02:05:05.745 7 INFO oslo_service.service [-] Child 22 exited with status 0
2026-03-12 02:05:05.744 23 DEBUG neutron.service [-] calling stop on stop /var/lib/kolla/venv/lib/python3.6/site-packages/neutron/service.py:141
2026-03-12 02:05:05.744 24 DEBUG neutron.service [-] calling stop on stop /var/lib/kolla/venv/lib/python3.6/site-packages/neutron/service.py:141
2026-03-12 02:05:05.747 27 DEBUG neutron.service [-] calling RpcWorker stop() stop /var/lib/kolla/venv/lib/python3.6/site-packages/neutron/service.py:138
2026-03-12 02:05:05.748 27 DEBUG neutron.service [-] calling stop on stop /var/lib/kolla/venv/lib/python3.6/site-packages/neutron/service.py:141
2026-03-12 02:05:05.758 26 DEBUG neutron.service [-] calling RpcWorker stop() stop /var/lib/kolla/venv/lib/python3.6/site-packages/neutron/service.py:138
2026-03-12 02:05:05.759 26 DEBUG neutron.service [-] calling stop on stop /var/lib/kolla/venv/lib/python3.6/site-packages/neutron/service.py:141
2026-03-12 02:05:05.762 26 DEBUG oslo_concurrency.lockutils [req-b14ed74b-f079-4b1e-a386-855b532c28e2 - - - - -] Acquired lock "singleton_lock" lock /var/lib/kolla/venv/lib/python3.6/site-packages/oslo_concurrency/lockutils.py:294
2026-03-12 02:05:05.762 26 DEBUG oslo_concurrency.lockutils [req-b14ed74b-f079-4b1e-a386-855b532c28e2 - - - - -] Releasing lock "singleton_lock" lock /var/lib/kolla/venv/lib/python3.6/site-packages/oslo_concurrency/lockutils.py:312
2026-03-12 02:05:05.763 26 DEBUG neutron.service [req-b14ed74b-f079-4b1e-a386-855b532c28e2 - - - - -] calling RpcWorker wait() _wait /var/lib/kolla/venv/lib/python3.6/site-packages/neutron/service.py:128
2026-03-12 02:05:05.763 26 DEBUG neutron.service [req-b14ed74b-f079-4b1e-a386-855b532c28e2 - - - - -] calling wait on _wait /var/lib/kolla/venv/lib/python3.6/site-packages/neutron/service.py:131
2026-03-12 02:05:05.770 26 WARNING amqp [req-b14ed74b-f079-4b1e-a386-855b532c28e2 - - - - -] Received method (60, 30) during closing channel 1. This method will be ignored
2026-03-12 02:05:05.771 26 DEBUG neutron.service [req-b14ed74b-f079-4b1e-a386-855b532c28e2 - - - - -] returning from RpcWorker wait() _wait /var/lib/kolla/venv/lib/python3.6/site-packages/neutron/service.py:135
2026-03-12 02:05:05.775 7 INFO oslo_service.service [-] Child 26 exited with status 0
2026-03-12 02:05:06.658 25 DEBUG neutron_lib.callbacks.manager [req-b581c0d1-7d9a-4e9a-9056-c24e2fc1069b - - - - -] Publish callbacks ['neutron.services.segments.db._update_segment_host_mapping_for_agent-8766911089523', 'neutron.plugins.ml2.plugin.Ml2Plugin._retry_binding_revived_agents--9223372036851302924'] for agent (5d6fc266-65b9-480d-8846-d7d5f735137a), after_update _notify_loop /var/lib/kolla/venv/lib/python3.6/site-packages/neutron_lib/callbacks/manager.py:177
2026-03-12 02:05:08.449 23 DEBUG neutron.service [-] calling stop on stop /var/lib/kolla/venv/lib/python3.6/site-packages/neutron/service.py:141
2026-03-12 02:05:08.456 24 DEBUG neutron.service [-] calling stop on stop /var/lib/kolla/venv/lib/python3.6/site-packages/neutron/service.py:141
2026-03-12 02:05:08.470 28 DEBUG oslo_concurrency.lockutils [req-b14ed74b-f079-4b1e-a386-855b532c28e2 - - - - -] Acquired lock "singleton_lock" lock /var/lib/kolla/venv/lib/python3.6/site-packages/oslo_concurrency/lockutils.py:294
2026-03-12 02:05:08.471 28 DEBUG oslo_concurrency.lockutils [req-b14ed74b-f079-4b1e-a386-855b532c28e2 - - - - -] Releasing lock "singleton_lock" lock /var/lib/kolla/venv/lib/python3.6/site-packages/oslo_concurrency/lockutils.py:312
2026-03-12 02:05:08.471 28 DEBUG neutron.service [req-b14ed74b-f079-4b1e-a386-855b532c28e2 - - - - -] calling RpcWorker wait() _wait /var/lib/kolla/venv/lib/python3.6/site-packages/neutron/service.py:128
2026-03-12 02:05:08.471 28 DEBUG neutron.service [req-b14ed74b-f079-4b1e-a386-855b532c28e2 - - - - -] calling wait on _wait /var/lib/kolla/venv/lib/python3.6/site-packages/neutron/service.py:131
2026-03-12 02:05:08.471 24 DEBUG neutron.service [-] calling stop on stop /var/lib/kolla/venv/lib/python3.6/site-packages/neutron/service.py:141
2026-03-12 02:05:08.472 27 DEBUG oslo_concurrency.lockutils [req-b14ed74b-f079-4b1e-a386-855b532c28e2 - - - - -] Acquired lock "singleton_lock" lock /var/lib/kolla/venv/lib/python3.6/site-packages/oslo_concurrency/lockutils.py:294
2026-03-12 02:05:08.472 27 DEBUG oslo_concurrency.lockutils [req-b14ed74b-f079-4b1e-a386-855b532c28e2 - - - - -] Releasing lock "singleton_lock" lock /var/lib/kolla/venv/lib/python3.6/site-packages/oslo_concurrency/lockutils.py:312
2026-03-12 02:05:08.472 27 DEBUG neutron.service [req-b14ed74b-f079-4b1e-a386-855b532c28e2 - - - - -] calling RpcWorker wait() _wait /var/lib/kolla/venv/lib/python3.6/site-packages/neutron/service.py:128
2026-03-12 02:05:08.473 27 DEBUG neutron.service [req-b14ed74b-f079-4b1e-a386-855b532c28e2 - - - - -] calling wait on _wait /var/lib/kolla/venv/lib/python3.6/site-packages/neutron/service.py:131
2026-03-12 02:05:08.477 23 DEBUG neutron.service [-] calling stop on stop /var/lib/kolla/venv/lib/python3.6/site-packages/neutron/service.py:141
2026-03-12 02:05:08.479 28 WARNING amqp [req-b14ed74b-f079-4b1e-a386-855b532c28e2 - - - - -] Received method (60, 30) during closing channel 1. This method will be ignored
2026-03-12 02:05:08.480 28 DEBUG neutron.service [req-b14ed74b-f079-4b1e-a386-855b532c28e2 - - - - -] returning from RpcWorker wait() _wait /var/lib/kolla/venv/lib/python3.6/site-packages/neutron/service.py:135
2026-03-12 02:05:08.482 27 WARNING amqp [req-b14ed74b-f079-4b1e-a386-855b532c28e2 - - - - -] Received method (60, 30) during closing channel 1. This method will be ignored
2026-03-12 02:05:08.483 27 DEBUG neutron.service [req-b14ed74b-f079-4b1e-a386-855b532c28e2 - - - - -] returning from RpcWorker wait() _wait /var/lib/kolla/venv/lib/python3.6/site-packages/neutron/service.py:135
2026-03-12 02:05:08.485 7 INFO oslo_service.service [-] Child 28 exited with status 0
2026-03-12 02:05:08.487 7 INFO oslo_service.service [-] Child 27 exited with status 0
2026-03-12 02:05:08.493 25 DEBUG neutron.service [-] calling stop on stop /var/lib/kolla/venv/lib/python3.6/site-packages/neutron/service.py:141
2026-03-12 02:05:08.495 29 DEBUG oslo_concurrency.lockutils [req-b14ed74b-f079-4b1e-a386-855b532c28e2 - - - - -] Acquired lock "singleton_lock" lock /var/lib/kolla/venv/lib/python3.6/site-packages/oslo_concurrency/lockutils.py:294
2026-03-12 02:05:08.495 29 DEBUG oslo_concurrency.lockutils [req-b14ed74b-f079-4b1e-a386-855b532c28e2 - - - - -] Releasing lock "singleton_lock" lock /var/lib/kolla/venv/lib/python3.6/site-packages/oslo_concurrency/lockutils.py:312
2026-03-12 02:05:08.496 29 DEBUG neutron.service [req-b14ed74b-f079-4b1e-a386-855b532c28e2 - - - - -] calling RpcWorker wait() _wait /var/lib/kolla/venv/lib/python3.6/site-packages/neutron/service.py:128
2026-03-12 02:05:08.496 29 DEBUG neutron.service [req-b14ed74b-f079-4b1e-a386-855b532c28e2 - - - - -] calling wait on _wait /var/lib/kolla/venv/lib/python3.6/site-packages/neutron/service.py:131
2026-03-12 02:05:08.503 29 WARNING amqp [req-b14ed74b-f079-4b1e-a386-855b532c28e2 - - - - -] Received method (60, 30) during closing channel 1. This method will be ignored
2026-03-12 02:05:08.504 29 DEBUG neutron.service [req-b14ed74b-f079-4b1e-a386-855b532c28e2 - - - - -] returning from RpcWorker wait() _wait /var/lib/kolla/venv/lib/python3.6/site-packages/neutron/service.py:135
2026-03-12 02:05:08.508 7 INFO oslo_service.service [-] Child 29 exited with status 0
2026-03-12 02:05:09.852 23 DEBUG neutron.service [-] calling stop on stop /var/lib/kolla/venv/lib/python3.6/site-packages/neutron/service.py:141
2026-03-12 02:05:10.761 24 DEBUG neutron.service [-] calling stop on stop /var/lib/kolla/venv/lib/python3.6/site-packages/neutron/service.py:141
2026-03-12 02:05:19.267 7 INFO neutron.common.config [-] Logging enabled!
2026-03-12 02:05:19.268 7 INFO neutron.common.config [-] /var/lib/kolla/venv/bin/neutron-server version 20.5.1.dev23
2026-03-12 02:05:19.268 7 DEBUG neutron.common.config [-] command line: /var/lib/kolla/venv/bin/neutron-server --config-file /etc/neutron/neutron.conf --config-file /etc/neutron/ContrailPlugin.ini --config-file /etc/neutron/api-paste.ini setup_logging /var/lib/kolla/venv/lib/python3.6/site-packages/neutron/common/config.py:115
2026-03-12 02:05:19.288 7 INFO neutron.common.config [-] Logging enabled!
2026-03-12 02:05:19.288 7 INFO neutron.common.config [-] /var/lib/kolla/venv/bin/neutron-server version 20.5.1.dev23
2026-03-12 02:05:19.288 7 DEBUG neutron.common.config [-] command line: /var/lib/kolla/venv/bin/neutron-server --config-file /etc/neutron/neutron.conf --config-file /etc/neutron/ContrailPlugin.ini --config-file /etc/neutron/api-paste.ini setup_logging /var/lib/kolla/venv/lib/python3.6/site-packages/neutron/common/config.py:115
2026-03-12 02:05:19.289 7 DEBUG neutron.common.config [-] ******************************************************************************** log_opt_values /var/lib/kolla/venv/lib/python3.6/site-packages/oslo_config/cfg.py:2589
2026-03-12 02:05:19.289 7 DEBUG neutron.common.config [-] Configuration options gathered from: log_opt_values /var/lib/kolla/venv/lib/python3.6/site-packages/oslo_config/cfg.py:2590
2026-03-12 02:05:19.289 7 DEBUG neutron.common.config [-] command line args: ['--config-file', '/etc/neutron/neutron.conf', '--config-file', '/etc/neutron/ContrailPlugin.ini', '--config-file', '/etc/neutron/api-paste.ini'] log_opt_values /var/lib/kolla/venv/lib/python3.6/site-packages/oslo_config/cfg.py:2591
2026-03-12 02:05:19.290 7 DEBUG neutron.common.config [-] config files: ['/etc/neutron/neutron.conf', '/etc/neutron/ContrailPlugin.ini', '/etc/neutron/api-paste.ini'] log_opt_values /var/lib/kolla/venv/lib/python3.6/site-packages/oslo_config/cfg.py:2593
2026-03-12 02:05:19.290 7 DEBUG neutron.common.config [-] ================================================================================ log_opt_values /var/lib/kolla/venv/lib/python3.6/site-packages/oslo_config/cfg.py:2594
2026-03-12 02:05:19.290 7 DEBUG neutron.common.config [-] allow_bulk = True log_opt_values /var/lib/kolla/venv/lib/python3.6/site-packages/oslo_config/cfg.py:2603
2026-03-12 02:05:19.290 7 WARNING oslo_config.cfg [-] Deprecated: Option "allow_overlapping_ips" from group "DEFAULT" is deprecated for removal. Its value may be silently ignored in the future.
2026-03-12 02:05:19.290 7 DEBUG neutron.common.config [-] allow_overlapping_ips = True log_opt_values /var/lib/kolla/venv/lib/python3.6/site-packages/oslo_config/cfg.py:2603
2026-03-12 02:05:19.291 7 DEBUG neutron.common.config [-] api_extensions_path = /opt/plugin/site-packages/neutron_plugin_contrail/extensions:/opt/plugin/site-packages/neutron_lbaas/extensions log_opt_values /var/lib/kolla/venv/lib/python3.6/site-packages/oslo_config/cfg.py:2603
2026-03-12 02:05:19.291 7 DEBUG neutron.common.config [-] api_paste_config = /etc/neutron/api-paste.ini log_opt_values /var/lib/kolla/venv/lib/python3.6/site-packages/oslo_config/cfg.py:2603
2026-03-12 02:05:19.291 7 DEBUG neutron.common.config [-] api_workers = 1 log_opt_values /var/lib/kolla/venv/lib/python3.6/site-packages/oslo_config/cfg.py:2603
2026-03-12 02:05:19.291 7 DEBUG neutron.common.config [-] auth_strategy = keystone log_opt_values /var/lib/kolla/venv/lib/python3.6/site-packages/oslo_config/cfg.py:2603
2026-03-12 02:05:19.291 7 DEBUG neutron.common.config [-] backlog = 4096 log_opt_values /var/lib/kolla/venv/lib/python3.6/site-packages/oslo_config/cfg.py:2603
2026-03-12 02:05:19.291 7 DEBUG neutron.common.config [-] base_mac = fa:16:3e:00:00:00 log_opt_values /var/lib/kolla/venv/lib/python3.6/site-packages/oslo_config/cfg.py:2603
2026-03-12 02:05:19.291 7 DEBUG neutron.common.config [-] bind_host = 10.0.0.130 log_opt_values /var/lib/kolla/venv/lib/python3.6/site-packages/oslo_config/cfg.py:2603
2026-03-12 02:05:19.292 7 DEBUG neutron.common.config [-] bind_port = 9696 log_opt_values /var/lib/kolla/venv/lib/python3.6/site-packages/oslo_config/cfg.py:2603
2026-03-12 02:05:19.292 7 DEBUG neutron.common.config [-] client_socket_timeout = 900 log_opt_values /var/lib/kolla/venv/lib/python3.6/site-packages/oslo_config/cfg.py:2603
2026-03-12 02:05:19.292 7 DEBUG neutron.common.config [-] config_dir = [] log_opt_values /var/lib/kolla/venv/lib/python3.6/site-packages/oslo_config/cfg.py:2603
2026-03-12 02:05:19.292 7 DEBUG neutron.common.config [-] config_file = ['/etc/neutron/neutron.conf', '/etc/neutron/ContrailPlugin.ini', '/etc/neutron/api-paste.ini'] log_opt_values /var/lib/kolla/venv/lib/python3.6/site-packages/oslo_config/cfg.py:2603
2026-03-12 02:05:19.292 7 DEBUG neutron.common.config [-] config_source = [] log_opt_values /var/lib/kolla/venv/lib/python3.6/site-packages/oslo_config/cfg.py:2603
2026-03-12 02:05:19.292 7 DEBUG neutron.common.config [-] control_exchange = neutron log_opt_values /var/lib/kolla/venv/lib/python3.6/site-packages/oslo_config/cfg.py:2603
2026-03-12 02:05:19.292 7 DEBUG neutron.common.config [-] core_plugin = neutron_plugin_contrail.plugins.opencontrail.contrail_plugin.NeutronPluginContrailCoreV2 log_opt_values /var/lib/kolla/venv/lib/python3.6/site-packages/oslo_config/cfg.py:2603
2026-03-12 02:05:19.293 7 DEBUG neutron.common.config [-] debug = True log_opt_values /var/lib/kolla/venv/lib/python3.6/site-packages/oslo_config/cfg.py:2603
2026-03-12 02:05:19.293 7 DEBUG neutron.common.config [-] default_availability_zones = [] log_opt_values /var/lib/kolla/venv/lib/python3.6/site-packages/oslo_config/cfg.py:2603
2026-03-12 02:05:19.293 7 DEBUG neutron.common.config [-] default_log_levels = ['amqp=WARN', 'amqplib=WARN', 'boto=WARN', 'qpid=WARN', 'sqlalchemy=WARN', 'suds=INFO', 'oslo.messaging=INFO', 'oslo_messaging=INFO', 'iso8601=WARN', 'requests.packages.urllib3.connectionpool=WARN', 'urllib3.connectionpool=WARN', 'websocket=WARN', 'requests.packages.urllib3.util.retry=WARN', 'urllib3.util.retry=WARN', 'keystonemiddleware=WARN', 'routes.middleware=WARN', 'stevedore=WARN', 'taskflow=WARN', 'keystoneauth=WARN', 'oslo.cache=INFO', 'oslo_policy=INFO', 'dogpile.core.dogpile=INFO', 'OFPHandler=INFO', 'OfctlService=INFO', 'os_ken.base.app_manager=INFO', 'os_ken.controller.controller=INFO'] log_opt_values /var/lib/kolla/venv/lib/python3.6/site-packages/oslo_config/cfg.py:2603
2026-03-12 02:05:19.293 7 DEBUG neutron.common.config [-] dhcp_agent_notification = True log_opt_values /var/lib/kolla/venv/lib/python3.6/site-packages/oslo_config/cfg.py:2603
2026-03-12 02:05:19.294 7 DEBUG neutron.common.config [-] dhcp_lease_duration = 86400 log_opt_values /var/lib/kolla/venv/lib/python3.6/site-packages/oslo_config/cfg.py:2603
2026-03-12 02:05:19.294 7 DEBUG neutron.common.config [-] dns_domain = openstacklocal log_opt_values /var/lib/kolla/venv/lib/python3.6/site-packages/oslo_config/cfg.py:2603
2026-03-12 02:05:19.294 7 DEBUG neutron.common.config [-] enable_traditional_dhcp = True log_opt_values /var/lib/kolla/venv/lib/python3.6/site-packages/oslo_config/cfg.py:2603
2026-03-12 02:05:19.294 7 DEBUG neutron.common.config [-] external_dns_driver = None log_opt_values /var/lib/kolla/venv/lib/python3.6/site-packages/oslo_config/cfg.py:2603
2026-03-12 02:05:19.294 7 DEBUG neutron.common.config [-] filter_validation = True log_opt_values /var/lib/kolla/venv/lib/python3.6/site-packages/oslo_config/cfg.py:2603
2026-03-12 02:05:19.295 7 DEBUG neutron.common.config [-] global_physnet_mtu = 1500 log_opt_values /var/lib/kolla/venv/lib/python3.6/site-packages/oslo_config/cfg.py:2603
2026-03-12 02:05:19.295 7 DEBUG neutron.common.config [-] host = cn-jenkins-deploy-platform-ansible-os-5459-1 log_opt_values /var/lib/kolla/venv/lib/python3.6/site-packages/oslo_config/cfg.py:2603
2026-03-12 02:05:19.295 7 DEBUG neutron.common.config [-] http_retries = 3 log_opt_values /var/lib/kolla/venv/lib/python3.6/site-packages/oslo_config/cfg.py:2603
2026-03-12 02:05:19.295 7 DEBUG neutron.common.config [-] instance_format = [instance: %(uuid)s] log_opt_values /var/lib/kolla/venv/lib/python3.6/site-packages/oslo_config/cfg.py:2603
2026-03-12 02:05:19.295 7 DEBUG neutron.common.config [-] instance_uuid_format = [instance: %(uuid)s] log_opt_values /var/lib/kolla/venv/lib/python3.6/site-packages/oslo_config/cfg.py:2603
2026-03-12 02:05:19.295 7 DEBUG neutron.common.config [-] ipam_driver = internal log_opt_values /var/lib/kolla/venv/lib/python3.6/site-packages/oslo_config/cfg.py:2603
2026-03-12 02:05:19.295 7 DEBUG neutron.common.config [-] ipv6_pd_enabled = False log_opt_values /var/lib/kolla/venv/lib/python3.6/site-packages/oslo_config/cfg.py:2603
2026-03-12 02:05:19.295 7 DEBUG neutron.common.config [-] log_config_append = None log_opt_values /var/lib/kolla/venv/lib/python3.6/site-packages/oslo_config/cfg.py:2603
2026-03-12 02:05:19.296 7 DEBUG neutron.common.config [-] log_date_format = %Y-%m-%d %H:%M:%S log_opt_values /var/lib/kolla/venv/lib/python3.6/site-packages/oslo_config/cfg.py:2603
2026-03-12 02:05:19.296 7 DEBUG neutron.common.config [-] log_dir = /var/log/kolla/neutron log_opt_values /var/lib/kolla/venv/lib/python3.6/site-packages/oslo_config/cfg.py:2603
2026-03-12 02:05:19.296 7 DEBUG neutron.common.config [-] log_file = None log_opt_values /var/lib/kolla/venv/lib/python3.6/site-packages/oslo_config/cfg.py:2603
