2026-03-09 00:36:49.077 158477 DEBUG oslo_service.service [req-a975a79e-1461-4b32-91ae-def672bc9104 - - - - -] use_cow_images = True log_opt_values /usr/lib/python3/dist-packages/oslo_config/cfg.py:2602
2026-03-09 00:36:49.077 158477 DEBUG oslo_service.service [req-a975a79e-1461-4b32-91ae-def672bc9104 - - - - -] use_eventlog = False log_opt_values /usr/lib/python3/dist-packages/oslo_config/cfg.py:2602
2026-03-09 00:36:49.077 158477 DEBUG oslo_service.service [req-a975a79e-1461-4b32-91ae-def672bc9104 - - - - -] use_journal = False log_opt_values /usr/lib/python3/dist-packages/oslo_config/cfg.py:2602
2026-03-09 00:36:49.077 158477 DEBUG oslo_service.service [req-a975a79e-1461-4b32-91ae-def672bc9104 - - - - -] use_json = False log_opt_values /usr/lib/python3/dist-packages/oslo_config/cfg.py:2602
2026-03-09 00:36:49.077 158477 DEBUG oslo_service.service [req-a975a79e-1461-4b32-91ae-def672bc9104 - - - - -] use_rootwrap_daemon = False log_opt_values /usr/lib/python3/dist-packages/oslo_config/cfg.py:2602
2026-03-09 00:36:49.077 158477 DEBUG oslo_service.service [req-a975a79e-1461-4b32-91ae-def672bc9104 - - - - -] use_stderr = False log_opt_values /usr/lib/python3/dist-packages/oslo_config/cfg.py:2602
2026-03-09 00:36:49.078 158477 DEBUG oslo_service.service [req-a975a79e-1461-4b32-91ae-def672bc9104 - - - - -] use_syslog = False log_opt_values /usr/lib/python3/dist-packages/oslo_config/cfg.py:2602
2026-03-09 00:36:49.078 158477 DEBUG oslo_service.service [req-a975a79e-1461-4b32-91ae-def672bc9104 - - - - -] vcpu_pin_set = None log_opt_values /usr/lib/python3/dist-packages/oslo_config/cfg.py:2602
2026-03-09 00:36:49.078 158477 DEBUG oslo_service.service [req-a975a79e-1461-4b32-91ae-def672bc9104 - - - - -] vif_plugging_is_fatal = True log_opt_values /usr/lib/python3/dist-packages/oslo_config/cfg.py:2602
2026-03-09 00:36:49.078 158477 DEBUG oslo_service.service [req-a975a79e-1461-4b32-91ae-def672bc9104 - - - - -] vif_plugging_timeout = 300 log_opt_values /usr/lib/python3/dist-packages/oslo_config/cfg.py:2602
2026-03-09 00:36:49.078 158477 DEBUG oslo_service.service [req-a975a79e-1461-4b32-91ae-def672bc9104 - - - - -] virt_mkfs = [] log_opt_values /usr/lib/python3/dist-packages/oslo_config/cfg.py:2602
2026-03-09 00:36:49.078 158477 DEBUG oslo_service.service [req-a975a79e-1461-4b32-91ae-def672bc9104 - - - - -] volume_usage_poll_interval = 0 log_opt_values /usr/lib/python3/dist-packages/oslo_config/cfg.py:2602
2026-03-09 00:36:49.079 158477 DEBUG oslo_service.service [req-a975a79e-1461-4b32-91ae-def672bc9104 - - - - -] watch_log_file = False log_opt_values /usr/lib/python3/dist-packages/oslo_config/cfg.py:2602
2026-03-09 00:36:49.079 158477 DEBUG oslo_service.service [req-a975a79e-1461-4b32-91ae-def672bc9104 - - - - -] web = /usr/share/spice-html5 log_opt_values /usr/lib/python3/dist-packages/oslo_config/cfg.py:2602
2026-03-09 00:36:49.079 158477 DEBUG oslo_service.service [req-a975a79e-1461-4b32-91ae-def672bc9104 - - - - -] oslo_concurrency.disable_process_locking = False log_opt_values /usr/lib/python3/dist-packages/oslo_config/cfg.py:2609
2026-03-09 00:36:49.079 158477 DEBUG oslo_service.service [req-a975a79e-1461-4b32-91ae-def672bc9104 - - - - -] oslo_concurrency.lock_path = /var/lock/nova log_opt_values /usr/lib/python3/dist-packages/oslo_config/cfg.py:2609
2026-03-09 00:36:49.080 158477 WARNING oslo_config.cfg [req-a975a79e-1461-4b32-91ae-def672bc9104 - - - - -] Deprecated: Option "auth_strategy" from group "api" is deprecated for removal ( The only non-default choice, ``noauth2``, is for internal development and testing purposes only and should not be used in deployments. This option and its middleware, NoAuthMiddleware[V2_18], will be removed in a future release. ). Its value may be silently ignored in the future.
2026-03-09 00:36:49.080 158477 DEBUG oslo_service.service [req-a975a79e-1461-4b32-91ae-def672bc9104 - - - - -] api.auth_strategy = keystone log_opt_values /usr/lib/python3/dist-packages/oslo_config/cfg.py:2609
2026-03-09 00:36:49.080 158477 DEBUG oslo_service.service [req-a975a79e-1461-4b32-91ae-def672bc9104 - - - - -] api.compute_link_prefix = None log_opt_values /usr/lib/python3/dist-packages/oslo_config/cfg.py:2609
2026-03-09 00:36:49.080 158477 DEBUG oslo_service.service [req-a975a79e-1461-4b32-91ae-def672bc9104 - - - - -] api.config_drive_skip_versions = 1.0 2007-01-19 2007-03-01 2007-08-29 2007-10-10 2007-12-15 2008-02-01 2008-09-01 log_opt_values /usr/lib/python3/dist-packages/oslo_config/cfg.py:2609
2026-03-09 00:36:49.080 158477 DEBUG oslo_service.service [req-a975a79e-1461-4b32-91ae-def672bc9104 - - - - -] api.dhcp_domain = novalocal log_opt_values /usr/lib/python3/dist-packages/oslo_config/cfg.py:2609
2026-03-09 00:36:49.080 158477 DEBUG oslo_service.service [req-a975a79e-1461-4b32-91ae-def672bc9104 - - - - -] api.enable_instance_password = True log_opt_values /usr/lib/python3/dist-packages/oslo_config/cfg.py:2609
2026-03-09 00:36:49.081 158477 DEBUG oslo_service.service [req-a975a79e-1461-4b32-91ae-def672bc9104 - - - - -] api.glance_link_prefix = None log_opt_values /usr/lib/python3/dist-packages/oslo_config/cfg.py:2609
2026-03-09 00:36:49.081 158477 DEBUG oslo_service.service [req-a975a79e-1461-4b32-91ae-def672bc9104 - - - - -] api.instance_list_cells_batch_fixed_size = 100 log_opt_values /usr/lib/python3/dist-packages/oslo_config/cfg.py:2609
2026-03-09 00:36:49.081 158477 DEBUG oslo_service.service [req-a975a79e-1461-4b32-91ae-def672bc9104 - - - - -] api.instance_list_cells_batch_strategy = distributed log_opt_values /usr/lib/python3/dist-packages/oslo_config/cfg.py:2609
2026-03-09 00:36:49.081 158477 DEBUG oslo_service.service [req-a975a79e-1461-4b32-91ae-def672bc9104 - - - - -] api.instance_list_per_project_cells = False log_opt_values /usr/lib/python3/dist-packages/oslo_config/cfg.py:2609
2026-03-09 00:36:49.081 158477 DEBUG oslo_service.service [req-a975a79e-1461-4b32-91ae-def672bc9104 - - - - -] api.list_records_by_skipping_down_cells = True log_opt_values /usr/lib/python3/dist-packages/oslo_config/cfg.py:2609
2026-03-09 00:36:49.082 158477 DEBUG oslo_service.service [req-a975a79e-1461-4b32-91ae-def672bc9104 - - - - -] api.local_metadata_per_cell = False log_opt_values /usr/lib/python3/dist-packages/oslo_config/cfg.py:2609
2026-03-09 00:36:49.082 158477 DEBUG oslo_service.service [req-a975a79e-1461-4b32-91ae-def672bc9104 - - - - -] api.max_limit = 1000 log_opt_values /usr/lib/python3/dist-packages/oslo_config/cfg.py:2609
2026-03-09 00:36:49.082 158477 DEBUG oslo_service.service [req-a975a79e-1461-4b32-91ae-def672bc9104 - - - - -] api.metadata_cache_expiration = 15 log_opt_values /usr/lib/python3/dist-packages/oslo_config/cfg.py:2609
2026-03-09 00:36:49.082 158477 DEBUG oslo_service.service [req-a975a79e-1461-4b32-91ae-def672bc9104 - - - - -] api.neutron_default_tenant_id = default log_opt_values /usr/lib/python3/dist-packages/oslo_config/cfg.py:2609
2026-03-09 00:36:49.082 158477 DEBUG oslo_service.service [req-a975a79e-1461-4b32-91ae-def672bc9104 - - - - -] api.use_forwarded_for = False log_opt_values /usr/lib/python3/dist-packages/oslo_config/cfg.py:2609
2026-03-09 00:36:49.082 158878 DEBUG nova.service [req-f98accee-7533-4861-97f3-2609a45d9df4 - - - - -] Creating RPC server for service scheduler start /usr/lib/python3/dist-packages/nova/service.py:182
2026-03-09 00:36:49.083 158477 DEBUG oslo_service.service [req-a975a79e-1461-4b32-91ae-def672bc9104 - - - - -] api.use_neutron_default_nets = False log_opt_values /usr/lib/python3/dist-packages/oslo_config/cfg.py:2609
2026-03-09 00:36:49.083 158477 DEBUG oslo_service.service [req-a975a79e-1461-4b32-91ae-def672bc9104 - - - - -] api.vendordata_dynamic_connect_timeout = 5 log_opt_values /usr/lib/python3/dist-packages/oslo_config/cfg.py:2609
2026-03-09 00:36:49.083 158877 DEBUG nova.service [req-cfcc7387-4d5c-4429-838c-53c15468d8e3 - - - - -] Creating RPC server for service scheduler start /usr/lib/python3/dist-packages/nova/service.py:182
2026-03-09 00:36:49.083 158477 DEBUG oslo_service.service [req-a975a79e-1461-4b32-91ae-def672bc9104 - - - - -] api.vendordata_dynamic_failure_fatal = False log_opt_values /usr/lib/python3/dist-packages/oslo_config/cfg.py:2609
2026-03-09 00:36:49.083 158477 DEBUG oslo_service.service [req-a975a79e-1461-4b32-91ae-def672bc9104 - - - - -] api.vendordata_dynamic_read_timeout = 5 log_opt_values /usr/lib/python3/dist-packages/oslo_config/cfg.py:2609
2026-03-09 00:36:49.084 158477 DEBUG oslo_service.service [req-a975a79e-1461-4b32-91ae-def672bc9104 - - - - -] api.vendordata_dynamic_ssl_certfile = log_opt_values /usr/lib/python3/dist-packages/oslo_config/cfg.py:2609
2026-03-09 00:36:49.084 158477 DEBUG oslo_service.service [req-a975a79e-1461-4b32-91ae-def672bc9104 - - - - -] api.vendordata_dynamic_targets = [] log_opt_values /usr/lib/python3/dist-packages/oslo_config/cfg.py:2609
2026-03-09 00:36:49.084 158477 DEBUG oslo_service.service [req-a975a79e-1461-4b32-91ae-def672bc9104 - - - - -] api.vendordata_jsonfile_path = None log_opt_values /usr/lib/python3/dist-packages/oslo_config/cfg.py:2609
2026-03-09 00:36:49.084 158477 DEBUG oslo_service.service [req-a975a79e-1461-4b32-91ae-def672bc9104 - - - - -] api.vendordata_providers = ['StaticJSON'] log_opt_values /usr/lib/python3/dist-packages/oslo_config/cfg.py:2609
2026-03-09 00:36:49.084 158477 DEBUG oslo_service.service [req-a975a79e-1461-4b32-91ae-def672bc9104 - - - - -] cache.backend = dogpile.cache.null log_opt_values /usr/lib/python3/dist-packages/oslo_config/cfg.py:2609
2026-03-09 00:36:49.085 158477 DEBUG oslo_service.service [req-a975a79e-1461-4b32-91ae-def672bc9104 - - - - -] cache.backend_argument = **** log_opt_values /usr/lib/python3/dist-packages/oslo_config/cfg.py:2609
2026-03-09 00:36:49.085 158477 DEBUG oslo_service.service [req-a975a79e-1461-4b32-91ae-def672bc9104 - - - - -] cache.config_prefix = cache.oslo log_opt_values /usr/lib/python3/dist-packages/oslo_config/cfg.py:2609
2026-03-09 00:36:49.085 158477 DEBUG oslo_service.service [req-a975a79e-1461-4b32-91ae-def672bc9104 - - - - -] cache.debug_cache_backend = False log_opt_values /usr/lib/python3/dist-packages/oslo_config/cfg.py:2609
2026-03-09 00:36:49.086 158477 DEBUG oslo_service.service [req-a975a79e-1461-4b32-91ae-def672bc9104 - - - - -] cache.enabled = False log_opt_values /usr/lib/python3/dist-packages/oslo_config/cfg.py:2609
2026-03-09 00:36:49.086 158477 DEBUG oslo_service.service [req-a975a79e-1461-4b32-91ae-def672bc9104 - - - - -] cache.expiration_time = 600 log_opt_values /usr/lib/python3/dist-packages/oslo_config/cfg.py:2609
2026-03-09 00:36:49.086 158477 DEBUG oslo_service.service [req-a975a79e-1461-4b32-91ae-def672bc9104 - - - - -] cache.memcache_dead_retry = 300 log_opt_values /usr/lib/python3/dist-packages/oslo_config/cfg.py:2609
2026-03-09 00:36:49.087 158477 DEBUG oslo_service.service [req-a975a79e-1461-4b32-91ae-def672bc9104 - - - - -] cache.memcache_pool_connection_get_timeout = 10 log_opt_values /usr/lib/python3/dist-packages/oslo_config/cfg.py:2609
2026-03-09 00:36:49.087 158477 DEBUG oslo_service.service [req-a975a79e-1461-4b32-91ae-def672bc9104 - - - - -] cache.memcache_pool_flush_on_reconnect = False log_opt_values /usr/lib/python3/dist-packages/oslo_config/cfg.py:2609
2026-03-09 00:36:49.087 158477 DEBUG oslo_service.service [req-a975a79e-1461-4b32-91ae-def672bc9104 - - - - -] cache.memcache_pool_maxsize = 10 log_opt_values /usr/lib/python3/dist-packages/oslo_config/cfg.py:2609
2026-03-09 00:36:49.087 158477 DEBUG oslo_service.service [req-a975a79e-1461-4b32-91ae-def672bc9104 - - - - -] cache.memcache_pool_unused_timeout = 60 log_opt_values /usr/lib/python3/dist-packages/oslo_config/cfg.py:2609
2026-03-09 00:36:49.087 158477 DEBUG oslo_service.service [req-a975a79e-1461-4b32-91ae-def672bc9104 - - - - -] cache.memcache_servers = ['localhost:11211'] log_opt_values /usr/lib/python3/dist-packages/oslo_config/cfg.py:2609
2026-03-09 00:36:49.088 158477 DEBUG oslo_service.service [req-a975a79e-1461-4b32-91ae-def672bc9104 - - - - -] cache.memcache_socket_timeout = 1.0 log_opt_values /usr/lib/python3/dist-packages/oslo_config/cfg.py:2609
2026-03-09 00:36:49.088 158477 DEBUG oslo_service.service [req-a975a79e-1461-4b32-91ae-def672bc9104 - - - - -] cache.proxies = [] log_opt_values /usr/lib/python3/dist-packages/oslo_config/cfg.py:2609
2026-03-09 00:36:49.088 158477 DEBUG oslo_service.service [req-a975a79e-1461-4b32-91ae-def672bc9104 - - - - -] cache.tls_allowed_ciphers = None log_opt_values /usr/lib/python3/dist-packages/oslo_config/cfg.py:2609
2026-03-09 00:36:49.088 158477 DEBUG oslo_service.service [req-a975a79e-1461-4b32-91ae-def672bc9104 - - - - -] cache.tls_cafile = None log_opt_values /usr/lib/python3/dist-packages/oslo_config/cfg.py:2609
2026-03-09 00:36:49.088 158477 DEBUG oslo_service.service [req-a975a79e-1461-4b32-91ae-def672bc9104 - - - - -] cache.tls_certfile = None log_opt_values /usr/lib/python3/dist-packages/oslo_config/cfg.py:2609
2026-03-09 00:36:49.089 158477 DEBUG oslo_service.service [req-a975a79e-1461-4b32-91ae-def672bc9104 - - - - -] cache.tls_enabled = False log_opt_values /usr/lib/python3/dist-packages/oslo_config/cfg.py:2609
2026-03-09 00:36:49.089 158477 DEBUG oslo_service.service [req-a975a79e-1461-4b32-91ae-def672bc9104 - - - - -] cache.tls_keyfile = None log_opt_values /usr/lib/python3/dist-packages/oslo_config/cfg.py:2609
2026-03-09 00:36:49.089 158477 DEBUG oslo_service.service [req-a975a79e-1461-4b32-91ae-def672bc9104 - - - - -] cinder.auth_section = None log_opt_values /usr/lib/python3/dist-packages/oslo_config/cfg.py:2609
2026-03-09 00:36:49.089 158477 DEBUG oslo_service.service [req-a975a79e-1461-4b32-91ae-def672bc9104 - - - - -] cinder.auth_type = None log_opt_values /usr/lib/python3/dist-packages/oslo_config/cfg.py:2609
2026-03-09 00:36:49.090 158477 DEBUG oslo_service.service [req-a975a79e-1461-4b32-91ae-def672bc9104 - - - - -] cinder.cafile = None log_opt_values /usr/lib/python3/dist-packages/oslo_config/cfg.py:2609
2026-03-09 00:36:49.090 158477 DEBUG oslo_service.service [req-a975a79e-1461-4b32-91ae-def672bc9104 - - - - -] cinder.catalog_info = volumev3::publicURL log_opt_values /usr/lib/python3/dist-packages/oslo_config/cfg.py:2609
2026-03-09 00:36:49.090 158477 DEBUG oslo_service.service [req-a975a79e-1461-4b32-91ae-def672bc9104 - - - - -] cinder.certfile = None log_opt_values /usr/lib/python3/dist-packages/oslo_config/cfg.py:2609
2026-03-09 00:36:49.087 158879 DEBUG nova.service [req-0b311e16-d11d-48e6-b902-3b8c47079066 - - - - -] Creating RPC server for service scheduler start /usr/lib/python3/dist-packages/nova/service.py:182
2026-03-09 00:36:49.091 158477 DEBUG oslo_service.service [req-a975a79e-1461-4b32-91ae-def672bc9104 - - - - -] cinder.collect_timing = False log_opt_values /usr/lib/python3/dist-packages/oslo_config/cfg.py:2609
2026-03-09 00:36:49.091 158477 DEBUG oslo_service.service [req-a975a79e-1461-4b32-91ae-def672bc9104 - - - - -] cinder.cross_az_attach = True log_opt_values /usr/lib/python3/dist-packages/oslo_config/cfg.py:2609
2026-03-09 00:36:49.091 158477 DEBUG oslo_service.service [req-a975a79e-1461-4b32-91ae-def672bc9104 - - - - -] cinder.debug = False log_opt_values /usr/lib/python3/dist-packages/oslo_config/cfg.py:2609
2026-03-09 00:36:49.091 158477 DEBUG oslo_service.service [req-a975a79e-1461-4b32-91ae-def672bc9104 - - - - -] cinder.endpoint_template = None log_opt_values /usr/lib/python3/dist-packages/oslo_config/cfg.py:2609
2026-03-09 00:36:49.091 158477 DEBUG oslo_service.service [req-a975a79e-1461-4b32-91ae-def672bc9104 - - - - -] cinder.http_retries = 3 log_opt_values /usr/lib/python3/dist-packages/oslo_config/cfg.py:2609
2026-03-09 00:36:49.091 158477 DEBUG oslo_service.service [req-a975a79e-1461-4b32-91ae-def672bc9104 - - - - -] cinder.insecure = False log_opt_values /usr/lib/python3/dist-packages/oslo_config/cfg.py:2609
2026-03-09 00:36:49.091 158477 DEBUG oslo_service.service [req-a975a79e-1461-4b32-91ae-def672bc9104 - - - - -] cinder.keyfile = None log_opt_values /usr/lib/python3/dist-packages/oslo_config/cfg.py:2609
2026-03-09 00:36:49.092 158477 DEBUG oslo_service.service [req-a975a79e-1461-4b32-91ae-def672bc9104 - - - - -] cinder.os_region_name = None log_opt_values /usr/lib/python3/dist-packages/oslo_config/cfg.py:2609
2026-03-09 00:36:49.092 158477 DEBUG oslo_service.service [req-a975a79e-1461-4b32-91ae-def672bc9104 - - - - -] cinder.split_loggers = False log_opt_values /usr/lib/python3/dist-packages/oslo_config/cfg.py:2609
2026-03-09 00:36:49.092 158876 DEBUG oslo_messaging._drivers.amqpdriver [-] Listener is running poll /usr/lib/python3/dist-packages/oslo_messaging/_drivers/amqpdriver.py:343
2026-03-09 00:36:49.092 158477 DEBUG oslo_service.service [req-a975a79e-1461-4b32-91ae-def672bc9104 - - - - -] cinder.timeout = None log_opt_values /usr/lib/python3/dist-packages/oslo_config/cfg.py:2609
2026-03-09 00:36:49.092 158876 DEBUG oslo_messaging._drivers.amqpdriver [-] AMQPListener connection consume poll /usr/lib/python3/dist-packages/oslo_messaging/_drivers/amqpdriver.py:357
2026-03-09 00:36:49.092 158477 DEBUG oslo_service.service [req-a975a79e-1461-4b32-91ae-def672bc9104 - - - - -] compute.consecutive_build_service_disable_threshold = 10 log_opt_values /usr/lib/python3/dist-packages/oslo_config/cfg.py:2609
2026-03-09 00:36:49.092 158477 DEBUG oslo_service.service [req-a975a79e-1461-4b32-91ae-def672bc9104 - - - - -] compute.cpu_dedicated_set = None log_opt_values /usr/lib/python3/dist-packages/oslo_config/cfg.py:2609
2026-03-09 00:36:49.092 158477 DEBUG oslo_service.service [req-a975a79e-1461-4b32-91ae-def672bc9104 - - - - -] compute.cpu_shared_set = None log_opt_values /usr/lib/python3/dist-packages/oslo_config/cfg.py:2609
2026-03-09 00:36:49.093 158477 DEBUG oslo_service.service [req-a975a79e-1461-4b32-91ae-def672bc9104 - - - - -] compute.image_type_exclude_list = [] log_opt_values /usr/lib/python3/dist-packages/oslo_config/cfg.py:2609
2026-03-09 00:36:49.093 158876 DEBUG nova.service [req-10cd8965-d01f-4eda-bca9-54c38660018d - - - - -] Join ServiceGroup membership for this service scheduler start /usr/lib/python3/dist-packages/nova/service.py:199
2026-03-09 00:36:49.093 158477 DEBUG oslo_service.service [req-a975a79e-1461-4b32-91ae-def672bc9104 - - - - -] compute.live_migration_wait_for_vif_plug = True log_opt_values /usr/lib/python3/dist-packages/oslo_config/cfg.py:2609
2026-03-09 00:36:49.093 158477 DEBUG oslo_service.service [req-a975a79e-1461-4b32-91ae-def672bc9104 - - - - -] compute.max_concurrent_disk_ops = 0 log_opt_values /usr/lib/python3/dist-packages/oslo_config/cfg.py:2609
2026-03-09 00:36:49.093 158876 DEBUG nova.servicegroup.drivers.db [req-10cd8965-d01f-4eda-bca9-54c38660018d - - - - -] DB_Driver: join new ServiceGroup member juju-8f1831-0-lxd-7 to the scheduler group, service = join /usr/lib/python3/dist-packages/nova/servicegroup/drivers/db.py:44
2026-03-09 00:36:49.093 158477 DEBUG oslo_service.service [req-a975a79e-1461-4b32-91ae-def672bc9104 - - - - -] compute.max_disk_devices_to_attach = -1 log_opt_values /usr/lib/python3/dist-packages/oslo_config/cfg.py:2609
2026-03-09 00:36:49.093 158477 DEBUG oslo_service.service [req-a975a79e-1461-4b32-91ae-def672bc9104 - - - - -] compute.packing_host_numa_cells_allocation_strategy = True log_opt_values /usr/lib/python3/dist-packages/oslo_config/cfg.py:2609
2026-03-09 00:36:49.093 158477 DEBUG oslo_service.service [req-a975a79e-1461-4b32-91ae-def672bc9104 - - - - -] compute.provider_config_location = /etc/nova/provider_config/ log_opt_values /usr/lib/python3/dist-packages/oslo_config/cfg.py:2609
2026-03-09 00:36:49.094 158477 DEBUG oslo_service.service [req-a975a79e-1461-4b32-91ae-def672bc9104 - - - - -] compute.resource_provider_association_refresh = 300 log_opt_values /usr/lib/python3/dist-packages/oslo_config/cfg.py:2609
2026-03-09 00:36:49.094 158477 DEBUG oslo_service.service [req-a975a79e-1461-4b32-91ae-def672bc9104 - - - - -] compute.shutdown_retry_interval = 10 log_opt_values /usr/lib/python3/dist-packages/oslo_config/cfg.py:2609
2026-03-09 00:36:49.094 158477 DEBUG oslo_service.service [req-a975a79e-1461-4b32-91ae-def672bc9104 - - - - -] compute.vmdk_allowed_types = ['streamOptimized', 'monolithicSparse'] log_opt_values /usr/lib/python3/dist-packages/oslo_config/cfg.py:2609
2026-03-09 00:36:49.094 158477 DEBUG oslo_service.service [req-a975a79e-1461-4b32-91ae-def672bc9104 - - - - -] conductor.workers = 4 log_opt_values /usr/lib/python3/dist-packages/oslo_config/cfg.py:2609
2026-03-09 00:36:49.094 158477 DEBUG oslo_service.service [req-a975a79e-1461-4b32-91ae-def672bc9104 - - - - -] console.allowed_origins = [] log_opt_values /usr/lib/python3/dist-packages/oslo_config/cfg.py:2609
2026-03-09 00:36:49.094 158477 DEBUG oslo_service.service [req-a975a79e-1461-4b32-91ae-def672bc9104 - - - - -] console.ssl_ciphers = None log_opt_values /usr/lib/python3/dist-packages/oslo_config/cfg.py:2609
2026-03-09 00:36:49.095 158477 DEBUG oslo_service.service [req-a975a79e-1461-4b32-91ae-def672bc9104 - - - - -] console.ssl_minimum_version = default log_opt_values /usr/lib/python3/dist-packages/oslo_config/cfg.py:2609
2026-03-09 00:36:49.095 158876 DEBUG oslo_messaging._drivers.amqpdriver [-] AMQPListener connection timeout poll /usr/lib/python3/dist-packages/oslo_messaging/_drivers/amqpdriver.py:360
2026-03-09 00:36:49.096 158876 DEBUG oslo_messaging._drivers.amqpdriver [-] Listener is running poll /usr/lib/python3/dist-packages/oslo_messaging/_drivers/amqpdriver.py:343
2026-03-09 00:36:49.096 158876 DEBUG oslo_messaging._drivers.amqpdriver [-] AMQPListener connection consume poll /usr/lib/python3/dist-packages/oslo_messaging/_drivers/amqpdriver.py:357
2026-03-09 00:36:49.095 158477 DEBUG oslo_service.service [req-a975a79e-1461-4b32-91ae-def672bc9104 - - - - -] consoleauth.token_ttl = 600 log_opt_values /usr/lib/python3/dist-packages/oslo_config/cfg.py:2609
2026-03-09 00:36:49.096 158477 DEBUG oslo_service.service [req-a975a79e-1461-4b32-91ae-def672bc9104 - - - - -] cyborg.cafile = None log_opt_values /usr/lib/python3/dist-packages/oslo_config/cfg.py:2609
2026-03-09 00:36:49.096 158477 DEBUG oslo_service.service [req-a975a79e-1461-4b32-91ae-def672bc9104 - - - - -] cyborg.certfile = None log_opt_values /usr/lib/python3/dist-packages/oslo_config/cfg.py:2609
2026-03-09 00:36:49.096 158477 DEBUG oslo_service.service [req-a975a79e-1461-4b32-91ae-def672bc9104 - - - - -] cyborg.collect_timing = False log_opt_values /usr/lib/python3/dist-packages/oslo_config/cfg.py:2609
2026-03-09 00:36:49.097 158477 DEBUG oslo_service.service [req-a975a79e-1461-4b32-91ae-def672bc9104 - - - - -] cyborg.connect_retries = None log_opt_values /usr/lib/python3/dist-packages/oslo_config/cfg.py:2609
2026-03-09 00:36:49.097 158477 DEBUG oslo_service.service [req-a975a79e-1461-4b32-91ae-def672bc9104 - - - - -] cyborg.connect_retry_delay = None log_opt_values /usr/lib/python3/dist-packages/oslo_config/cfg.py:2609
2026-03-09 00:36:49.097 158477 DEBUG oslo_service.service [req-a975a79e-1461-4b32-91ae-def672bc9104 - - - - -] cyborg.endpoint_override = None log_opt_values /usr/lib/python3/dist-packages/oslo_config/cfg.py:2609
2026-03-09 00:36:49.098 158477 DEBUG oslo_service.service [req-a975a79e-1461-4b32-91ae-def672bc9104 - - - - -] cyborg.insecure = False log_opt_values /usr/lib/python3/dist-packages/oslo_config/cfg.py:2609
2026-03-09 00:36:49.098 158477 DEBUG oslo_service.service [req-a975a79e-1461-4b32-91ae-def672bc9104 - - - - -] cyborg.keyfile = None log_opt_values /usr/lib/python3/dist-packages/oslo_config/cfg.py:2609
2026-03-09 00:36:49.098 158477 DEBUG oslo_service.service [req-a975a79e-1461-4b32-91ae-def672bc9104 - - - - -] cyborg.max_version = None log_opt_values /usr/lib/python3/dist-packages/oslo_config/cfg.py:2609
2026-03-09 00:36:49.098 158477 DEBUG oslo_service.service [req-a975a79e-1461-4b32-91ae-def672bc9104 - - - - -] cyborg.min_version = None log_opt_values /usr/lib/python3/dist-packages/oslo_config/cfg.py:2609
2026-03-09 00:36:49.098 158477 DEBUG oslo_service.service [req-a975a79e-1461-4b32-91ae-def672bc9104 - - - - -] cyborg.region_name = None log_opt_values /usr/lib/python3/dist-packages/oslo_config/cfg.py:2609
2026-03-09 00:36:49.099 158477 DEBUG oslo_service.service [req-a975a79e-1461-4b32-91ae-def672bc9104 - - - - -] cyborg.service_name = None log_opt_values /usr/lib/python3/dist-packages/oslo_config/cfg.py:2609
2026-03-09 00:36:49.099 158477 DEBUG oslo_service.service [req-a975a79e-1461-4b32-91ae-def672bc9104 - - - - -] cyborg.service_type = accelerator log_opt_values /usr/lib/python3/dist-packages/oslo_config/cfg.py:2609
2026-03-09 00:36:49.099 158477 DEBUG oslo_service.service [req-a975a79e-1461-4b32-91ae-def672bc9104 - - - - -] cyborg.split_loggers = False log_opt_values /usr/lib/python3/dist-packages/oslo_config/cfg.py:2609
2026-03-09 00:36:49.099 158477 DEBUG oslo_service.service [req-a975a79e-1461-4b32-91ae-def672bc9104 - - - - -] cyborg.status_code_retries = None log_opt_values /usr/lib/python3/dist-packages/oslo_config/cfg.py:2609
2026-03-09 00:36:49.099 158477 DEBUG oslo_service.service [req-a975a79e-1461-4b32-91ae-def672bc9104 - - - - -] cyborg.status_code_retry_delay = None log_opt_values /usr/lib/python3/dist-packages/oslo_config/cfg.py:2609
2026-03-09 00:36:49.100 158477 DEBUG oslo_service.service [req-a975a79e-1461-4b32-91ae-def672bc9104 - - - - -] cyborg.timeout = None log_opt_values /usr/lib/python3/dist-packages/oslo_config/cfg.py:2609
2026-03-09 00:36:49.100 158477 DEBUG oslo_service.service [req-a975a79e-1461-4b32-91ae-def672bc9104 - - - - -] cyborg.valid_interfaces = ['internal', 'public'] log_opt_values /usr/lib/python3/dist-packages/oslo_config/cfg.py:2609
2026-03-09 00:36:49.100 158477 DEBUG oslo_service.service [req-a975a79e-1461-4b32-91ae-def672bc9104 - - - - -] cyborg.version = None log_opt_values /usr/lib/python3/dist-packages/oslo_config/cfg.py:2609
2026-03-09 00:36:49.100 158477 DEBUG oslo_service.service [req-a975a79e-1461-4b32-91ae-def672bc9104 - - - - -] database.backend = sqlalchemy log_opt_values /usr/lib/python3/dist-packages/oslo_config/cfg.py:2609
2026-03-09 00:36:49.100 158477 DEBUG oslo_service.service [req-a975a79e-1461-4b32-91ae-def672bc9104 - - - - -] database.connection = **** log_opt_values /usr/lib/python3/dist-packages/oslo_config/cfg.py:2609
2026-03-09 00:36:49.100 158477 DEBUG oslo_service.service [req-a975a79e-1461-4b32-91ae-def672bc9104 - - - - -] database.connection_debug = 0 log_opt_values /usr/lib/python3/dist-packages/oslo_config/cfg.py:2609
2026-03-09 00:36:49.101 158477 DEBUG oslo_service.service [req-a975a79e-1461-4b32-91ae-def672bc9104 - - - - -] database.connection_parameters = log_opt_values /usr/lib/python3/dist-packages/oslo_config/cfg.py:2609
2026-03-09 00:36:49.101 158477 DEBUG oslo_service.service [req-a975a79e-1461-4b32-91ae-def672bc9104 - - - - -] database.connection_recycle_time = 3600 log_opt_values /usr/lib/python3/dist-packages/oslo_config/cfg.py:2609
2026-03-09 00:36:49.101 158477 DEBUG oslo_service.service [req-a975a79e-1461-4b32-91ae-def672bc9104 - - - - -] database.connection_trace = False log_opt_values /usr/lib/python3/dist-packages/oslo_config/cfg.py:2609
2026-03-09 00:36:49.101 158477 DEBUG oslo_service.service [req-a975a79e-1461-4b32-91ae-def672bc9104 - - - - -] database.db_inc_retry_interval = True log_opt_values /usr/lib/python3/dist-packages/oslo_config/cfg.py:2609
2026-03-09 00:36:49.101 158477 DEBUG oslo_service.service [req-a975a79e-1461-4b32-91ae-def672bc9104 - - - - -] database.db_max_retries = 20 log_opt_values /usr/lib/python3/dist-packages/oslo_config/cfg.py:2609
2026-03-09 00:36:49.101 158477 DEBUG oslo_service.service [req-a975a79e-1461-4b32-91ae-def672bc9104 - - - - -] database.db_max_retry_interval = 10 log_opt_values /usr/lib/python3/dist-packages/oslo_config/cfg.py:2609
2026-03-09 00:36:49.102 158477 DEBUG oslo_service.service [req-a975a79e-1461-4b32-91ae-def672bc9104 - - - - -] database.db_retry_interval = 1 log_opt_values /usr/lib/python3/dist-packages/oslo_config/cfg.py:2609
2026-03-09 00:36:49.102 158477 DEBUG oslo_service.service [req-a975a79e-1461-4b32-91ae-def672bc9104 - - - - -] database.max_overflow = 50 log_opt_values /usr/lib/python3/dist-packages/oslo_config/cfg.py:2609
2026-03-09 00:36:49.102 158477 DEBUG oslo_service.service [req-a975a79e-1461-4b32-91ae-def672bc9104 - - - - -] database.max_pool_size = 4 log_opt_values /usr/lib/python3/dist-packages/oslo_config/cfg.py:2609
2026-03-09 00:36:49.102 158477 DEBUG oslo_service.service [req-a975a79e-1461-4b32-91ae-def672bc9104 - - - - -] database.max_retries = 10 log_opt_values /usr/lib/python3/dist-packages/oslo_config/cfg.py:2609
2026-03-09 00:36:49.102 158477 DEBUG oslo_service.service [req-a975a79e-1461-4b32-91ae-def672bc9104 - - - - -] database.mysql_enable_ndb = False log_opt_values /usr/lib/python3/dist-packages/oslo_config/cfg.py:2609
2026-03-09 00:36:49.102 158477 DEBUG oslo_service.service [req-a975a79e-1461-4b32-91ae-def672bc9104 - - - - -] database.mysql_sql_mode = TRADITIONAL log_opt_values /usr/lib/python3/dist-packages/oslo_config/cfg.py:2609
2026-03-09 00:36:49.103 158477 DEBUG oslo_service.service [req-a975a79e-1461-4b32-91ae-def672bc9104 - - - - -] database.pool_timeout = None log_opt_values /usr/lib/python3/dist-packages/oslo_config/cfg.py:2609
2026-03-09 00:36:49.103 158477 DEBUG oslo_service.service [req-a975a79e-1461-4b32-91ae-def672bc9104 - - - - -] database.retry_interval = 10 log_opt_values /usr/lib/python3/dist-packages/oslo_config/cfg.py:2609
2026-03-09 00:36:49.103 158477 DEBUG oslo_service.service [req-a975a79e-1461-4b32-91ae-def672bc9104 - - - - -] database.slave_connection = **** log_opt_values /usr/lib/python3/dist-packages/oslo_config/cfg.py:2609
2026-03-09 00:36:49.104 158477 DEBUG oslo_service.service [req-a975a79e-1461-4b32-91ae-def672bc9104 - - - - -] database.sqlite_synchronous = True log_opt_values /usr/lib/python3/dist-packages/oslo_config/cfg.py:2609
2026-03-09 00:36:49.104 158477 DEBUG oslo_service.service [req-a975a79e-1461-4b32-91ae-def672bc9104 - - - - -] database.use_db_reconnect = False log_opt_values /usr/lib/python3/dist-packages/oslo_config/cfg.py:2609
2026-03-09 00:36:49.104 158477 DEBUG oslo_service.service [req-a975a79e-1461-4b32-91ae-def672bc9104 - - - - -] api_database.backend = sqlalchemy log_opt_values /usr/lib/python3/dist-packages/oslo_config/cfg.py:2609
2026-03-09 00:36:49.104 158477 DEBUG oslo_service.service [req-a975a79e-1461-4b32-91ae-def672bc9104 - - - - -] api_database.connection = **** log_opt_values /usr/lib/python3/dist-packages/oslo_config/cfg.py:2609
2026-03-09 00:36:49.104 158477 DEBUG oslo_service.service [req-a975a79e-1461-4b32-91ae-def672bc9104 - - - - -] api_database.connection_debug = 0 log_opt_values /usr/lib/python3/dist-packages/oslo_config/cfg.py:2609
2026-03-09 00:36:49.105 158477 DEBUG oslo_service.service [req-a975a79e-1461-4b32-91ae-def672bc9104 - - - - -] api_database.connection_parameters = log_opt_values /usr/lib/python3/dist-packages/oslo_config/cfg.py:2609
2026-03-09 00:36:49.105 158477 DEBUG oslo_service.service [req-a975a79e-1461-4b32-91ae-def672bc9104 - - - - -] api_database.connection_recycle_time = 3600 log_opt_values /usr/lib/python3/dist-packages/oslo_config/cfg.py:2609
2026-03-09 00:36:49.105 158477 DEBUG oslo_service.service [req-a975a79e-1461-4b32-91ae-def672bc9104 - - - - -] api_database.connection_trace = False log_opt_values /usr/lib/python3/dist-packages/oslo_config/cfg.py:2609
2026-03-09 00:36:49.105 158877 DEBUG oslo_messaging._drivers.amqpdriver [-] Listener is running poll /usr/lib/python3/dist-packages/oslo_messaging/_drivers/amqpdriver.py:343
2026-03-09 00:36:49.105 158477 DEBUG oslo_service.service [req-a975a79e-1461-4b32-91ae-def672bc9104 - - - - -] api_database.db_inc_retry_interval = True log_opt_values /usr/lib/python3/dist-packages/oslo_config/cfg.py:2609
2026-03-09 00:36:49.105 158877 DEBUG oslo_messaging._drivers.amqpdriver [-] AMQPListener connection consume poll /usr/lib/python3/dist-packages/oslo_messaging/_drivers/amqpdriver.py:357
2026-03-09 00:36:49.105 158477 DEBUG oslo_service.service [req-a975a79e-1461-4b32-91ae-def672bc9104 - - - - -] api_database.db_max_retries = 20 log_opt_values /usr/lib/python3/dist-packages/oslo_config/cfg.py:2609
2026-03-09 00:36:49.105 158477 DEBUG oslo_service.service [req-a975a79e-1461-4b32-91ae-def672bc9104 - - - - -] api_database.db_max_retry_interval = 10 log_opt_values /usr/lib/python3/dist-packages/oslo_config/cfg.py:2609
2026-03-09 00:36:49.106 158477 DEBUG oslo_service.service [req-a975a79e-1461-4b32-91ae-def672bc9104 - - - - -] api_database.db_retry_interval = 1 log_opt_values /usr/lib/python3/dist-packages/oslo_config/cfg.py:2609
2026-03-09 00:36:49.106 158477 DEBUG oslo_service.service [req-a975a79e-1461-4b32-91ae-def672bc9104 - - - - -] api_database.max_overflow = 50 log_opt_values /usr/lib/python3/dist-packages/oslo_config/cfg.py:2609
2026-03-09 00:36:49.106 158877 DEBUG nova.service [req-cfcc7387-4d5c-4429-838c-53c15468d8e3 - - - - -] Join ServiceGroup membership for this service scheduler start /usr/lib/python3/dist-packages/nova/service.py:199
2026-03-09 00:36:49.106 158477 DEBUG oslo_service.service [req-a975a79e-1461-4b32-91ae-def672bc9104 - - - - -] api_database.max_pool_size = 4 log_opt_values /usr/lib/python3/dist-packages/oslo_config/cfg.py:2609
2026-03-09 00:36:49.106 158877 DEBUG nova.servicegroup.drivers.db [req-cfcc7387-4d5c-4429-838c-53c15468d8e3 - - - - -] DB_Driver: join new ServiceGroup member juju-8f1831-0-lxd-7 to the scheduler group, service = join /usr/lib/python3/dist-packages/nova/servicegroup/drivers/db.py:44
2026-03-09 00:36:49.106 158477 DEBUG oslo_service.service [req-a975a79e-1461-4b32-91ae-def672bc9104 - - - - -] api_database.max_retries = 10 log_opt_values /usr/lib/python3/dist-packages/oslo_config/cfg.py:2609
2026-03-09 00:36:49.106 158477 DEBUG oslo_service.service [req-a975a79e-1461-4b32-91ae-def672bc9104 - - - - -] api_database.mysql_enable_ndb = False log_opt_values /usr/lib/python3/dist-packages/oslo_config/cfg.py:2609
2026-03-09 00:36:49.107 158477 DEBUG oslo_service.service [req-a975a79e-1461-4b32-91ae-def672bc9104 - - - - -] api_database.mysql_sql_mode = TRADITIONAL log_opt_values /usr/lib/python3/dist-packages/oslo_config/cfg.py:2609
2026-03-09 00:36:49.107 158477 DEBUG oslo_service.service [req-a975a79e-1461-4b32-91ae-def672bc9104 - - - - -] api_database.pool_timeout = None log_opt_values /usr/lib/python3/dist-packages/oslo_config/cfg.py:2609
2026-03-09 00:36:49.108 158477 DEBUG oslo_service.service [req-a975a79e-1461-4b32-91ae-def672bc9104 - - - - -] api_database.retry_interval = 10 log_opt_values /usr/lib/python3/dist-packages/oslo_config/cfg.py:2609
2026-03-09 00:36:49.108 158477 DEBUG oslo_service.service [req-a975a79e-1461-4b32-91ae-def672bc9104 - - - - -] api_database.slave_connection = **** log_opt_values /usr/lib/python3/dist-packages/oslo_config/cfg.py:2609
2026-03-09 00:36:49.108 158477 DEBUG oslo_service.service [req-a975a79e-1461-4b32-91ae-def672bc9104 - - - - -] api_database.sqlite_synchronous = True log_opt_values /usr/lib/python3/dist-packages/oslo_config/cfg.py:2609
2026-03-09 00:36:49.108 158877 DEBUG oslo_messaging._drivers.amqpdriver [-] AMQPListener connection timeout poll /usr/lib/python3/dist-packages/oslo_messaging/_drivers/amqpdriver.py:360
2026-03-09 00:36:49.108 158477 DEBUG oslo_service.service [req-a975a79e-1461-4b32-91ae-def672bc9104 - - - - -] devices.enabled_mdev_types = [] log_opt_values /usr/lib/python3/dist-packages/oslo_config/cfg.py:2609
2026-03-09 00:36:49.108 158877 DEBUG oslo_messaging._drivers.amqpdriver [-] Listener is running poll /usr/lib/python3/dist-packages/oslo_messaging/_drivers/amqpdriver.py:343
2026-03-09 00:36:49.109 158877 DEBUG oslo_messaging._drivers.amqpdriver [-] AMQPListener connection consume poll /usr/lib/python3/dist-packages/oslo_messaging/_drivers/amqpdriver.py:357
2026-03-09 00:36:49.109 158477 DEBUG oslo_service.service [req-a975a79e-1461-4b32-91ae-def672bc9104 - - - - -] ephemeral_storage_encryption.cipher = aes-xts-plain64 log_opt_values /usr/lib/python3/dist-packages/oslo_config/cfg.py:2609
2026-03-09 00:36:49.109 158477 DEBUG oslo_service.service [req-a975a79e-1461-4b32-91ae-def672bc9104 - - - - -] ephemeral_storage_encryption.enabled = False log_opt_values /usr/lib/python3/dist-packages/oslo_config/cfg.py:2609
2026-03-09 00:36:49.109 158477 DEBUG oslo_service.service [req-a975a79e-1461-4b32-91ae-def672bc9104 - - - - -] ephemeral_storage_encryption.key_size = 512 log_opt_values /usr/lib/python3/dist-packages/oslo_config/cfg.py:2609
2026-03-09 00:36:49.109 158477 WARNING oslo_config.cfg [req-a975a79e-1461-4b32-91ae-def672bc9104 - - - - -] Deprecated: Option "api_servers" from group "glance" is deprecated for removal ( Support for image service configuration via standard keystoneauth1 Adapter options was added in the 17.0.0 Queens release. The api_servers option was retained temporarily to allow consumers time to cut over to a real load balancing solution. ). Its value may be silently ignored in the future.
2026-03-09 00:36:49.109 158477 DEBUG oslo_service.service [req-a975a79e-1461-4b32-91ae-def672bc9104 - - - - -] glance.api_servers = ['http://252.129.246.71:9292'] log_opt_values /usr/lib/python3/dist-packages/oslo_config/cfg.py:2609
2026-03-09 00:36:49.110 158477 DEBUG oslo_service.service [req-a975a79e-1461-4b32-91ae-def672bc9104 - - - - -] glance.cafile = None log_opt_values /usr/lib/python3/dist-packages/oslo_config/cfg.py:2609
2026-03-09 00:36:49.110 158477 DEBUG oslo_service.service [req-a975a79e-1461-4b32-91ae-def672bc9104 - - - - -] glance.certfile = None log_opt_values /usr/lib/python3/dist-packages/oslo_config/cfg.py:2609
2026-03-09 00:36:49.110 158477 DEBUG oslo_service.service [req-a975a79e-1461-4b32-91ae-def672bc9104 - - - - -] glance.collect_timing = False log_opt_values /usr/lib/python3/dist-packages/oslo_config/cfg.py:2609
2026-03-09 00:36:49.109 158878 DEBUG oslo_messaging._drivers.amqpdriver [-] Listener is running poll /usr/lib/python3/dist-packages/oslo_messaging/_drivers/amqpdriver.py:343
2026-03-09 00:36:49.110 158477 DEBUG oslo_service.service [req-a975a79e-1461-4b32-91ae-def672bc9104 - - - - -] glance.connect_retries = None log_opt_values /usr/lib/python3/dist-packages/oslo_config/cfg.py:2609
2026-03-09 00:36:49.111 158878 DEBUG oslo_messaging._drivers.amqpdriver [-] AMQPListener connection consume poll /usr/lib/python3/dist-packages/oslo_messaging/_drivers/amqpdriver.py:357
2026-03-09 00:36:49.111 158477 DEBUG oslo_service.service [req-a975a79e-1461-4b32-91ae-def672bc9104 - - - - -] glance.connect_retry_delay = None log_opt_values /usr/lib/python3/dist-packages/oslo_config/cfg.py:2609
2026-03-09 00:36:49.111 158477 DEBUG oslo_service.service [req-a975a79e-1461-4b32-91ae-def672bc9104 - - - - -] glance.debug = False log_opt_values /usr/lib/python3/dist-packages/oslo_config/cfg.py:2609
2026-03-09 00:36:49.111 158477 DEBUG oslo_service.service [req-a975a79e-1461-4b32-91ae-def672bc9104 - - - - -] glance.default_trusted_certificate_ids = [] log_opt_values /usr/lib/python3/dist-packages/oslo_config/cfg.py:2609
2026-03-09 00:36:49.111 158477 DEBUG oslo_service.service [req-a975a79e-1461-4b32-91ae-def672bc9104 - - - - -] glance.enable_certificate_validation = False log_opt_values /usr/lib/python3/dist-packages/oslo_config/cfg.py:2609
2026-03-09 00:36:49.111 158477 DEBUG oslo_service.service [req-a975a79e-1461-4b32-91ae-def672bc9104 - - - - -] glance.enable_rbd_download = False log_opt_values /usr/lib/python3/dist-packages/oslo_config/cfg.py:2609
2026-03-09 00:36:49.112 158477 DEBUG oslo_service.service [req-a975a79e-1461-4b32-91ae-def672bc9104 - - - - -] glance.endpoint_override = None log_opt_values /usr/lib/python3/dist-packages/oslo_config/cfg.py:2609
2026-03-09 00:36:49.111 158878 DEBUG nova.service [req-f98accee-7533-4861-97f3-2609a45d9df4 - - - - -] Join ServiceGroup membership for this service scheduler start /usr/lib/python3/dist-packages/nova/service.py:199
2026-03-09 00:36:49.112 158477 DEBUG oslo_service.service [req-a975a79e-1461-4b32-91ae-def672bc9104 - - - - -] glance.insecure = False log_opt_values /usr/lib/python3/dist-packages/oslo_config/cfg.py:2609
2026-03-09 00:36:49.112 158477 DEBUG oslo_service.service [req-a975a79e-1461-4b32-91ae-def672bc9104 - - - - -] glance.keyfile = None log_opt_values /usr/lib/python3/dist-packages/oslo_config/cfg.py:2609
2026-03-09 00:36:49.112 158477 DEBUG oslo_service.service [req-a975a79e-1461-4b32-91ae-def672bc9104 - - - - -] glance.max_version = None log_opt_values /usr/lib/python3/dist-packages/oslo_config/cfg.py:2609
2026-03-09 00:36:49.112 158477 DEBUG oslo_service.service [req-a975a79e-1461-4b32-91ae-def672bc9104 - - - - -] glance.min_version = None log_opt_values /usr/lib/python3/dist-packages/oslo_config/cfg.py:2609
2026-03-09 00:36:49.112 158477 DEBUG oslo_service.service [req-a975a79e-1461-4b32-91ae-def672bc9104 - - - - -] glance.num_retries = 3 log_opt_values /usr/lib/python3/dist-packages/oslo_config/cfg.py:2609
2026-03-09 00:36:49.112 158477 DEBUG oslo_service.service [req-a975a79e-1461-4b32-91ae-def672bc9104 - - - - -] glance.rbd_ceph_conf = log_opt_values /usr/lib/python3/dist-packages/oslo_config/cfg.py:2609
2026-03-09 00:36:49.113 158477 DEBUG oslo_service.service [req-a975a79e-1461-4b32-91ae-def672bc9104 - - - - -] glance.rbd_connect_timeout = 5 log_opt_values /usr/lib/python3/dist-packages/oslo_config/cfg.py:2609
2026-03-09 00:36:49.113 158477 DEBUG oslo_service.service [req-a975a79e-1461-4b32-91ae-def672bc9104 - - - - -] glance.rbd_pool = log_opt_values /usr/lib/python3/dist-packages/oslo_config/cfg.py:2609
2026-03-09 00:36:49.113 158477 DEBUG oslo_service.service [req-a975a79e-1461-4b32-91ae-def672bc9104 - - - - -] glance.rbd_user = log_opt_values /usr/lib/python3/dist-packages/oslo_config/cfg.py:2609
2026-03-09 00:36:49.113 158477 DEBUG oslo_service.service [req-a975a79e-1461-4b32-91ae-def672bc9104 - - - - -] glance.region_name = None log_opt_values /usr/lib/python3/dist-packages/oslo_config/cfg.py:2609
2026-03-09 00:36:49.113 158477 DEBUG oslo_service.service [req-a975a79e-1461-4b32-91ae-def672bc9104 - - - - -] glance.service_name = None log_opt_values /usr/lib/python3/dist-packages/oslo_config/cfg.py:2609
2026-03-09 00:36:49.113 158477 DEBUG oslo_service.service [req-a975a79e-1461-4b32-91ae-def672bc9104 - - - - -] glance.service_type = image log_opt_values /usr/lib/python3/dist-packages/oslo_config/cfg.py:2609
2026-03-09 00:36:49.114 158477 DEBUG oslo_service.service [req-a975a79e-1461-4b32-91ae-def672bc9104 - - - - -] glance.split_loggers = False log_opt_values /usr/lib/python3/dist-packages/oslo_config/cfg.py:2609
2026-03-09 00:36:49.114 158477 DEBUG oslo_service.service [req-a975a79e-1461-4b32-91ae-def672bc9104 - - - - -] glance.status_code_retries = None log_opt_values /usr/lib/python3/dist-packages/oslo_config/cfg.py:2609
2026-03-09 00:36:49.114 158477 DEBUG oslo_service.service [req-a975a79e-1461-4b32-91ae-def672bc9104 - - - - -] glance.status_code_retry_delay = None log_opt_values /usr/lib/python3/dist-packages/oslo_config/cfg.py:2609
2026-03-09 00:36:49.114 158477 DEBUG oslo_service.service [req-a975a79e-1461-4b32-91ae-def672bc9104 - - - - -] glance.timeout = None log_opt_values /usr/lib/python3/dist-packages/oslo_config/cfg.py:2609
2026-03-09 00:36:49.114 158477 DEBUG oslo_service.service [req-a975a79e-1461-4b32-91ae-def672bc9104 - - - - -] glance.valid_interfaces = ['internal', 'public'] log_opt_values /usr/lib/python3/dist-packages/oslo_config/cfg.py:2609
2026-03-09 00:36:49.114 158477 DEBUG oslo_service.service [req-a975a79e-1461-4b32-91ae-def672bc9104 - - - - -] glance.verify_glance_signatures = False log_opt_values /usr/lib/python3/dist-packages/oslo_config/cfg.py:2609
2026-03-09 00:36:49.114 158477 DEBUG oslo_service.service [req-a975a79e-1461-4b32-91ae-def672bc9104 - - - - -] glance.version = None log_opt_values /usr/lib/python3/dist-packages/oslo_config/cfg.py:2609
2026-03-09 00:36:49.115 158477 DEBUG oslo_service.service [req-a975a79e-1461-4b32-91ae-def672bc9104 - - - - -] guestfs.debug = False log_opt_values /usr/lib/python3/dist-packages/oslo_config/cfg.py:2609
2026-03-09 00:36:49.115 158477 DEBUG oslo_service.service [req-a975a79e-1461-4b32-91ae-def672bc9104 - - - - -] hyperv.config_drive_cdrom = False log_opt_values /usr/lib/python3/dist-packages/oslo_config/cfg.py:2609
2026-03-09 00:36:49.112 158878 DEBUG nova.servicegroup.drivers.db [req-f98accee-7533-4861-97f3-2609a45d9df4 - - - - -] DB_Driver: join new ServiceGroup member juju-8f1831-0-lxd-7 to the scheduler group, service = join /usr/lib/python3/dist-packages/nova/servicegroup/drivers/db.py:44
2026-03-09 00:36:49.115 158477 DEBUG oslo_service.service [req-a975a79e-1461-4b32-91ae-def672bc9104 - - - - -] hyperv.config_drive_inject_password = False log_opt_values /usr/lib/python3/dist-packages/oslo_config/cfg.py:2609
2026-03-09 00:36:49.115 158477 DEBUG oslo_service.service [req-a975a79e-1461-4b32-91ae-def672bc9104 - - - - -] hyperv.dynamic_memory_ratio = 1.0 log_opt_values /usr/lib/python3/dist-packages/oslo_config/cfg.py:2609
2026-03-09 00:36:49.115 158477 DEBUG oslo_service.service [req-a975a79e-1461-4b32-91ae-def672bc9104 - - - - -] hyperv.enable_instance_metrics_collection = False log_opt_values /usr/lib/python3/dist-packages/oslo_config/cfg.py:2609
2026-03-09 00:36:49.115 158477 DEBUG oslo_service.service [req-a975a79e-1461-4b32-91ae-def672bc9104 - - - - -] hyperv.enable_remotefx = False log_opt_values /usr/lib/python3/dist-packages/oslo_config/cfg.py:2609
2026-03-09 00:36:49.116 158477 DEBUG oslo_service.service [req-a975a79e-1461-4b32-91ae-def672bc9104 - - - - -] hyperv.instances_path_share = log_opt_values /usr/lib/python3/dist-packages/oslo_config/cfg.py:2609
2026-03-09 00:36:49.116 158477 DEBUG oslo_service.service [req-a975a79e-1461-4b32-91ae-def672bc9104 - - - - -] hyperv.iscsi_initiator_list = [] log_opt_values /usr/lib/python3/dist-packages/oslo_config/cfg.py:2609
2026-03-09 00:36:49.116 158477 DEBUG oslo_service.service [req-a975a79e-1461-4b32-91ae-def672bc9104 - - - - -] hyperv.limit_cpu_features = False log_opt_values /usr/lib/python3/dist-packages/oslo_config/cfg.py:2609
2026-03-09 00:36:49.116 158477 DEBUG oslo_service.service [req-a975a79e-1461-4b32-91ae-def672bc9104 - - - - -] hyperv.mounted_disk_query_retry_count = 10 log_opt_values /usr/lib/python3/dist-packages/oslo_config/cfg.py:2609
2026-03-09 00:36:49.116 158477 DEBUG oslo_service.service [req-a975a79e-1461-4b32-91ae-def672bc9104 - - - - -] hyperv.mounted_disk_query_retry_interval = 5 log_opt_values /usr/lib/python3/dist-packages/oslo_config/cfg.py:2609
2026-03-09 00:36:49.116 158477 DEBUG oslo_service.service [req-a975a79e-1461-4b32-91ae-def672bc9104 - - - - -] hyperv.power_state_check_timeframe = 60 log_opt_values /usr/lib/python3/dist-packages/oslo_config/cfg.py:2609
2026-03-09 00:36:49.117 158477 DEBUG oslo_service.service [req-a975a79e-1461-4b32-91ae-def672bc9104 - - - - -] hyperv.power_state_event_polling_interval = 2 log_opt_values /usr/lib/python3/dist-packages/oslo_config/cfg.py:2609
2026-03-09 00:36:49.117 158477 DEBUG oslo_service.service [req-a975a79e-1461-4b32-91ae-def672bc9104 - - - - -] hyperv.qemu_img_cmd = qemu-img.exe log_opt_values /usr/lib/python3/dist-packages/oslo_config/cfg.py:2609
2026-03-09 00:36:49.117 158477 DEBUG oslo_service.service [req-a975a79e-1461-4b32-91ae-def672bc9104 - - - - -] hyperv.use_multipath_io = False log_opt_values /usr/lib/python3/dist-packages/oslo_config/cfg.py:2609
2026-03-09 00:36:49.117 158477 DEBUG oslo_service.service [req-a975a79e-1461-4b32-91ae-def672bc9104 - - - - -] hyperv.volume_attach_retry_count = 10 log_opt_values /usr/lib/python3/dist-packages/oslo_config/cfg.py:2609
2026-03-09 00:36:49.117 158477 DEBUG oslo_service.service [req-a975a79e-1461-4b32-91ae-def672bc9104 - - - - -] hyperv.volume_attach_retry_interval = 5 log_opt_values /usr/lib/python3/dist-packages/oslo_config/cfg.py:2609
2026-03-09 00:36:49.117 158878 DEBUG oslo_messaging._drivers.amqpdriver [-] AMQPListener connection timeout poll /usr/lib/python3/dist-packages/oslo_messaging/_drivers/amqpdriver.py:360
2026-03-09 00:36:49.118 158878 DEBUG oslo_messaging._drivers.amqpdriver [-] Listener is running poll /usr/lib/python3/dist-packages/oslo_messaging/_drivers/amqpdriver.py:343
2026-03-09 00:36:49.118 158878 DEBUG oslo_messaging._drivers.amqpdriver [-] AMQPListener connection consume poll /usr/lib/python3/dist-packages/oslo_messaging/_drivers/amqpdriver.py:357
2026-03-09 00:36:49.117 158477 DEBUG oslo_service.service [req-a975a79e-1461-4b32-91ae-def672bc9104 - - - - -] hyperv.vswitch_name = None log_opt_values /usr/lib/python3/dist-packages/oslo_config/cfg.py:2609
2026-03-09 00:36:49.118 158477 DEBUG oslo_service.service [req-a975a79e-1461-4b32-91ae-def672bc9104 - - - - -] hyperv.wait_soft_reboot_seconds = 60 log_opt_values /usr/lib/python3/dist-packages/oslo_config/cfg.py:2609
2026-03-09 00:36:49.119 158477 DEBUG oslo_service.service [req-a975a79e-1461-4b32-91ae-def672bc9104 - - - - -] mks.enabled = False log_opt_values /usr/lib/python3/dist-packages/oslo_config/cfg.py:2609
2026-03-09 00:36:49.119 158879 DEBUG oslo_messaging._drivers.amqpdriver [-] Listener is running poll /usr/lib/python3/dist-packages/oslo_messaging/_drivers/amqpdriver.py:343
2026-03-09 00:36:49.120 158879 DEBUG oslo_messaging._drivers.amqpdriver [-] AMQPListener connection consume poll /usr/lib/python3/dist-packages/oslo_messaging/_drivers/amqpdriver.py:357
2026-03-09 00:36:49.120 158477 DEBUG oslo_service.service [req-a975a79e-1461-4b32-91ae-def672bc9104 - - - - -] mks.mksproxy_base_url = http://127.0.0.1:6090/ log_opt_values /usr/lib/python3/dist-packages/oslo_config/cfg.py:2609
2026-03-09 00:36:49.120 158477 DEBUG oslo_service.service [req-a975a79e-1461-4b32-91ae-def672bc9104 - - - - -] image_cache.manager_interval = 2400 log_opt_values /usr/lib/python3/dist-packages/oslo_config/cfg.py:2609
