2026-03-09 00:34:57.248 137133 DEBUG oslo_service.service [req-45ad44ed-8af2-4533-ba33-ebf7a51d7238 - - - - -] glance.endpoint_override = None log_opt_values /usr/lib/python3/dist-packages/oslo_config/cfg.py:2609
2026-03-09 00:34:57.248 137133 DEBUG oslo_service.service [req-45ad44ed-8af2-4533-ba33-ebf7a51d7238 - - - - -] glance.insecure = False log_opt_values /usr/lib/python3/dist-packages/oslo_config/cfg.py:2609
2026-03-09 00:34:57.248 137133 DEBUG oslo_service.service [req-45ad44ed-8af2-4533-ba33-ebf7a51d7238 - - - - -] glance.keyfile = None log_opt_values /usr/lib/python3/dist-packages/oslo_config/cfg.py:2609
2026-03-09 00:34:57.248 137133 DEBUG oslo_service.service [req-45ad44ed-8af2-4533-ba33-ebf7a51d7238 - - - - -] glance.max_version = None log_opt_values /usr/lib/python3/dist-packages/oslo_config/cfg.py:2609
2026-03-09 00:34:57.248 137133 DEBUG oslo_service.service [req-45ad44ed-8af2-4533-ba33-ebf7a51d7238 - - - - -] glance.min_version = None log_opt_values /usr/lib/python3/dist-packages/oslo_config/cfg.py:2609
2026-03-09 00:34:57.248 137133 DEBUG oslo_service.service [req-45ad44ed-8af2-4533-ba33-ebf7a51d7238 - - - - -] glance.num_retries = 3 log_opt_values /usr/lib/python3/dist-packages/oslo_config/cfg.py:2609
2026-03-09 00:34:57.248 137133 DEBUG oslo_service.service [req-45ad44ed-8af2-4533-ba33-ebf7a51d7238 - - - - -] glance.rbd_ceph_conf = log_opt_values /usr/lib/python3/dist-packages/oslo_config/cfg.py:2609
2026-03-09 00:34:57.249 137133 DEBUG oslo_service.service [req-45ad44ed-8af2-4533-ba33-ebf7a51d7238 - - - - -] glance.rbd_connect_timeout = 5 log_opt_values /usr/lib/python3/dist-packages/oslo_config/cfg.py:2609
2026-03-09 00:34:57.249 137133 DEBUG oslo_service.service [req-45ad44ed-8af2-4533-ba33-ebf7a51d7238 - - - - -] glance.rbd_pool = log_opt_values /usr/lib/python3/dist-packages/oslo_config/cfg.py:2609
2026-03-09 00:34:57.249 137133 DEBUG oslo_service.service [req-45ad44ed-8af2-4533-ba33-ebf7a51d7238 - - - - -] glance.rbd_user = log_opt_values /usr/lib/python3/dist-packages/oslo_config/cfg.py:2609
2026-03-09 00:34:57.249 137133 DEBUG oslo_service.service [req-45ad44ed-8af2-4533-ba33-ebf7a51d7238 - - - - -] glance.region_name = None log_opt_values /usr/lib/python3/dist-packages/oslo_config/cfg.py:2609
2026-03-09 00:34:57.249 137133 DEBUG oslo_service.service [req-45ad44ed-8af2-4533-ba33-ebf7a51d7238 - - - - -] glance.service_name = None log_opt_values /usr/lib/python3/dist-packages/oslo_config/cfg.py:2609
2026-03-09 00:34:57.250 137133 DEBUG oslo_service.service [req-45ad44ed-8af2-4533-ba33-ebf7a51d7238 - - - - -] glance.service_type = image log_opt_values /usr/lib/python3/dist-packages/oslo_config/cfg.py:2609
2026-03-09 00:34:57.251 137133 DEBUG oslo_service.service [req-45ad44ed-8af2-4533-ba33-ebf7a51d7238 - - - - -] glance.split_loggers = False log_opt_values /usr/lib/python3/dist-packages/oslo_config/cfg.py:2609
2026-03-09 00:34:57.251 137133 DEBUG oslo_service.service [req-45ad44ed-8af2-4533-ba33-ebf7a51d7238 - - - - -] glance.status_code_retries = None log_opt_values /usr/lib/python3/dist-packages/oslo_config/cfg.py:2609
2026-03-09 00:34:57.251 137133 DEBUG oslo_service.service [req-45ad44ed-8af2-4533-ba33-ebf7a51d7238 - - - - -] glance.status_code_retry_delay = None log_opt_values /usr/lib/python3/dist-packages/oslo_config/cfg.py:2609
2026-03-09 00:34:57.251 137133 DEBUG oslo_service.service [req-45ad44ed-8af2-4533-ba33-ebf7a51d7238 - - - - -] glance.timeout = None log_opt_values /usr/lib/python3/dist-packages/oslo_config/cfg.py:2609
2026-03-09 00:34:57.251 137133 DEBUG oslo_service.service [req-45ad44ed-8af2-4533-ba33-ebf7a51d7238 - - - - -] glance.valid_interfaces = ['internal', 'public'] log_opt_values /usr/lib/python3/dist-packages/oslo_config/cfg.py:2609
2026-03-09 00:34:57.252 137133 DEBUG oslo_service.service [req-45ad44ed-8af2-4533-ba33-ebf7a51d7238 - - - - -] glance.verify_glance_signatures = False log_opt_values /usr/lib/python3/dist-packages/oslo_config/cfg.py:2609
2026-03-09 00:34:57.251 138487 DEBUG oslo_messaging._drivers.amqpdriver [-] Listener is running poll /usr/lib/python3/dist-packages/oslo_messaging/_drivers/amqpdriver.py:343
2026-03-09 00:34:57.252 137133 DEBUG oslo_service.service [req-45ad44ed-8af2-4533-ba33-ebf7a51d7238 - - - - -] glance.version = None log_opt_values /usr/lib/python3/dist-packages/oslo_config/cfg.py:2609
2026-03-09 00:34:57.252 138487 DEBUG oslo_messaging._drivers.amqpdriver [-] AMQPListener connection consume poll /usr/lib/python3/dist-packages/oslo_messaging/_drivers/amqpdriver.py:357
2026-03-09 00:34:57.252 137133 DEBUG oslo_service.service [req-45ad44ed-8af2-4533-ba33-ebf7a51d7238 - - - - -] guestfs.debug = False log_opt_values /usr/lib/python3/dist-packages/oslo_config/cfg.py:2609
2026-03-09 00:34:57.252 137133 DEBUG oslo_service.service [req-45ad44ed-8af2-4533-ba33-ebf7a51d7238 - - - - -] hyperv.config_drive_cdrom = False log_opt_values /usr/lib/python3/dist-packages/oslo_config/cfg.py:2609
2026-03-09 00:34:57.252 137133 DEBUG oslo_service.service [req-45ad44ed-8af2-4533-ba33-ebf7a51d7238 - - - - -] hyperv.config_drive_inject_password = False log_opt_values /usr/lib/python3/dist-packages/oslo_config/cfg.py:2609
2026-03-09 00:34:57.252 137133 DEBUG oslo_service.service [req-45ad44ed-8af2-4533-ba33-ebf7a51d7238 - - - - -] hyperv.dynamic_memory_ratio = 1.0 log_opt_values /usr/lib/python3/dist-packages/oslo_config/cfg.py:2609
2026-03-09 00:34:57.252 137133 DEBUG oslo_service.service [req-45ad44ed-8af2-4533-ba33-ebf7a51d7238 - - - - -] hyperv.enable_instance_metrics_collection = False log_opt_values /usr/lib/python3/dist-packages/oslo_config/cfg.py:2609
2026-03-09 00:34:57.253 137133 DEBUG oslo_service.service [req-45ad44ed-8af2-4533-ba33-ebf7a51d7238 - - - - -] hyperv.enable_remotefx = False log_opt_values /usr/lib/python3/dist-packages/oslo_config/cfg.py:2609
2026-03-09 00:34:57.252 138487 DEBUG nova.service [req-7162bd6d-cd2e-4d38-b51b-693dc991f5d1 - - - - -] Join ServiceGroup membership for this service scheduler start /usr/lib/python3/dist-packages/nova/service.py:199
2026-03-09 00:34:57.253 137133 DEBUG oslo_service.service [req-45ad44ed-8af2-4533-ba33-ebf7a51d7238 - - - - -] hyperv.instances_path_share = log_opt_values /usr/lib/python3/dist-packages/oslo_config/cfg.py:2609
2026-03-09 00:34:57.253 138487 DEBUG nova.servicegroup.drivers.db [req-7162bd6d-cd2e-4d38-b51b-693dc991f5d1 - - - - -] DB_Driver: join new ServiceGroup member juju-8f1831-0-lxd-7 to the scheduler group, service = join /usr/lib/python3/dist-packages/nova/servicegroup/drivers/db.py:44
2026-03-09 00:34:57.253 137133 DEBUG oslo_service.service [req-45ad44ed-8af2-4533-ba33-ebf7a51d7238 - - - - -] hyperv.iscsi_initiator_list = [] log_opt_values /usr/lib/python3/dist-packages/oslo_config/cfg.py:2609
2026-03-09 00:34:57.253 137133 DEBUG oslo_service.service [req-45ad44ed-8af2-4533-ba33-ebf7a51d7238 - - - - -] hyperv.limit_cpu_features = False log_opt_values /usr/lib/python3/dist-packages/oslo_config/cfg.py:2609
2026-03-09 00:34:57.253 137133 DEBUG oslo_service.service [req-45ad44ed-8af2-4533-ba33-ebf7a51d7238 - - - - -] hyperv.mounted_disk_query_retry_count = 10 log_opt_values /usr/lib/python3/dist-packages/oslo_config/cfg.py:2609
2026-03-09 00:34:57.254 137133 DEBUG oslo_service.service [req-45ad44ed-8af2-4533-ba33-ebf7a51d7238 - - - - -] hyperv.mounted_disk_query_retry_interval = 5 log_opt_values /usr/lib/python3/dist-packages/oslo_config/cfg.py:2609
2026-03-09 00:34:57.254 137133 DEBUG oslo_service.service [req-45ad44ed-8af2-4533-ba33-ebf7a51d7238 - - - - -] hyperv.power_state_check_timeframe = 60 log_opt_values /usr/lib/python3/dist-packages/oslo_config/cfg.py:2609
2026-03-09 00:34:57.256 138487 DEBUG oslo_messaging._drivers.amqpdriver [-] AMQPListener connection timeout poll /usr/lib/python3/dist-packages/oslo_messaging/_drivers/amqpdriver.py:360
2026-03-09 00:34:57.257 138487 DEBUG oslo_messaging._drivers.amqpdriver [-] Listener is running poll /usr/lib/python3/dist-packages/oslo_messaging/_drivers/amqpdriver.py:343
2026-03-09 00:34:57.257 137133 DEBUG oslo_service.service [req-45ad44ed-8af2-4533-ba33-ebf7a51d7238 - - - - -] hyperv.power_state_event_polling_interval = 2 log_opt_values /usr/lib/python3/dist-packages/oslo_config/cfg.py:2609
2026-03-09 00:34:57.258 138487 DEBUG oslo_messaging._drivers.amqpdriver [-] AMQPListener connection consume poll /usr/lib/python3/dist-packages/oslo_messaging/_drivers/amqpdriver.py:357
2026-03-09 00:34:57.257 138486 DEBUG oslo_messaging._drivers.amqpdriver [-] Listener is running poll /usr/lib/python3/dist-packages/oslo_messaging/_drivers/amqpdriver.py:343
2026-03-09 00:34:57.258 137133 DEBUG oslo_service.service [req-45ad44ed-8af2-4533-ba33-ebf7a51d7238 - - - - -] hyperv.qemu_img_cmd = qemu-img.exe log_opt_values /usr/lib/python3/dist-packages/oslo_config/cfg.py:2609
2026-03-09 00:34:57.258 138486 DEBUG oslo_messaging._drivers.amqpdriver [-] AMQPListener connection consume poll /usr/lib/python3/dist-packages/oslo_messaging/_drivers/amqpdriver.py:357
2026-03-09 00:34:57.258 137133 DEBUG oslo_service.service [req-45ad44ed-8af2-4533-ba33-ebf7a51d7238 - - - - -] hyperv.use_multipath_io = False log_opt_values /usr/lib/python3/dist-packages/oslo_config/cfg.py:2609
2026-03-09 00:34:57.258 138485 DEBUG oslo_messaging._drivers.amqpdriver [-] Listener is running poll /usr/lib/python3/dist-packages/oslo_messaging/_drivers/amqpdriver.py:343
2026-03-09 00:34:57.258 137133 DEBUG oslo_service.service [req-45ad44ed-8af2-4533-ba33-ebf7a51d7238 - - - - -] hyperv.volume_attach_retry_count = 10 log_opt_values /usr/lib/python3/dist-packages/oslo_config/cfg.py:2609
2026-03-09 00:34:57.259 138485 DEBUG oslo_messaging._drivers.amqpdriver [-] AMQPListener connection consume poll /usr/lib/python3/dist-packages/oslo_messaging/_drivers/amqpdriver.py:357
2026-03-09 00:34:57.259 137133 DEBUG oslo_service.service [req-45ad44ed-8af2-4533-ba33-ebf7a51d7238 - - - - -] hyperv.volume_attach_retry_interval = 5 log_opt_values /usr/lib/python3/dist-packages/oslo_config/cfg.py:2609
2026-03-09 00:34:57.259 137133 DEBUG oslo_service.service [req-45ad44ed-8af2-4533-ba33-ebf7a51d7238 - - - - -] hyperv.vswitch_name = None log_opt_values /usr/lib/python3/dist-packages/oslo_config/cfg.py:2609
2026-03-09 00:34:57.259 137133 DEBUG oslo_service.service [req-45ad44ed-8af2-4533-ba33-ebf7a51d7238 - - - - -] hyperv.wait_soft_reboot_seconds = 60 log_opt_values /usr/lib/python3/dist-packages/oslo_config/cfg.py:2609
2026-03-09 00:34:57.259 137133 DEBUG oslo_service.service [req-45ad44ed-8af2-4533-ba33-ebf7a51d7238 - - - - -] mks.enabled = False log_opt_values /usr/lib/python3/dist-packages/oslo_config/cfg.py:2609
2026-03-09 00:34:57.259 138485 DEBUG nova.service [req-0ab7835f-b403-4e0d-8e33-e1c31f0aaa80 - - - - -] Join ServiceGroup membership for this service scheduler start /usr/lib/python3/dist-packages/nova/service.py:199
2026-03-09 00:34:57.260 138485 DEBUG nova.servicegroup.drivers.db [req-0ab7835f-b403-4e0d-8e33-e1c31f0aaa80 - - - - -] DB_Driver: join new ServiceGroup member juju-8f1831-0-lxd-7 to the scheduler group, service = join /usr/lib/python3/dist-packages/nova/servicegroup/drivers/db.py:44
2026-03-09 00:34:57.260 138479 DEBUG oslo_messaging._drivers.amqpdriver [-] Listener is running poll /usr/lib/python3/dist-packages/oslo_messaging/_drivers/amqpdriver.py:343
2026-03-09 00:34:57.265 138479 DEBUG oslo_messaging._drivers.amqpdriver [-] AMQPListener connection consume poll /usr/lib/python3/dist-packages/oslo_messaging/_drivers/amqpdriver.py:357
2026-03-09 00:34:57.260 137133 DEBUG oslo_service.service [req-45ad44ed-8af2-4533-ba33-ebf7a51d7238 - - - - -] mks.mksproxy_base_url = http://127.0.0.1:6090/ log_opt_values /usr/lib/python3/dist-packages/oslo_config/cfg.py:2609
2026-03-09 00:34:57.265 137133 DEBUG oslo_service.service [req-45ad44ed-8af2-4533-ba33-ebf7a51d7238 - - - - -] image_cache.manager_interval = 2400 log_opt_values /usr/lib/python3/dist-packages/oslo_config/cfg.py:2609
2026-03-09 00:34:57.265 138479 DEBUG nova.service [req-23587a9b-2da8-4928-ab22-68423a7f4a5e - - - - -] Join ServiceGroup membership for this service scheduler start /usr/lib/python3/dist-packages/nova/service.py:199
2026-03-09 00:34:57.266 137133 DEBUG oslo_service.service [req-45ad44ed-8af2-4533-ba33-ebf7a51d7238 - - - - -] image_cache.precache_concurrency = 1 log_opt_values /usr/lib/python3/dist-packages/oslo_config/cfg.py:2609
2026-03-09 00:34:57.266 138479 DEBUG nova.servicegroup.drivers.db [req-23587a9b-2da8-4928-ab22-68423a7f4a5e - - - - -] DB_Driver: join new ServiceGroup member juju-8f1831-0-lxd-7 to the scheduler group, service = join /usr/lib/python3/dist-packages/nova/servicegroup/drivers/db.py:44
2026-03-09 00:34:57.266 137133 DEBUG oslo_service.service [req-45ad44ed-8af2-4533-ba33-ebf7a51d7238 - - - - -] image_cache.remove_unused_base_images = True log_opt_values /usr/lib/python3/dist-packages/oslo_config/cfg.py:2609
2026-03-09 00:34:57.266 137133 DEBUG oslo_service.service [req-45ad44ed-8af2-4533-ba33-ebf7a51d7238 - - - - -] image_cache.remove_unused_original_minimum_age_seconds = 86400 log_opt_values /usr/lib/python3/dist-packages/oslo_config/cfg.py:2609
2026-03-09 00:34:57.261 138486 DEBUG nova.service [req-c7eada48-69bb-4f7c-ae1e-9e1f8d209830 - - - - -] Join ServiceGroup membership for this service scheduler start /usr/lib/python3/dist-packages/nova/service.py:199
2026-03-09 00:34:57.266 137133 DEBUG oslo_service.service [req-45ad44ed-8af2-4533-ba33-ebf7a51d7238 - - - - -] image_cache.remove_unused_resized_minimum_age_seconds = 3600 log_opt_values /usr/lib/python3/dist-packages/oslo_config/cfg.py:2609
2026-03-09 00:34:57.267 137133 DEBUG oslo_service.service [req-45ad44ed-8af2-4533-ba33-ebf7a51d7238 - - - - -] image_cache.subdirectory_name = _base log_opt_values /usr/lib/python3/dist-packages/oslo_config/cfg.py:2609
2026-03-09 00:34:57.266 138486 DEBUG nova.servicegroup.drivers.db [req-c7eada48-69bb-4f7c-ae1e-9e1f8d209830 - - - - -] DB_Driver: join new ServiceGroup member juju-8f1831-0-lxd-7 to the scheduler group, service = join /usr/lib/python3/dist-packages/nova/servicegroup/drivers/db.py:44
2026-03-09 00:34:57.267 137133 DEBUG oslo_service.service [req-45ad44ed-8af2-4533-ba33-ebf7a51d7238 - - - - -] ironic.api_max_retries = 60 log_opt_values /usr/lib/python3/dist-packages/oslo_config/cfg.py:2609
2026-03-09 00:34:57.267 137133 DEBUG oslo_service.service [req-45ad44ed-8af2-4533-ba33-ebf7a51d7238 - - - - -] ironic.api_retry_interval = 2 log_opt_values /usr/lib/python3/dist-packages/oslo_config/cfg.py:2609
2026-03-09 00:34:57.267 137133 DEBUG oslo_service.service [req-45ad44ed-8af2-4533-ba33-ebf7a51d7238 - - - - -] ironic.auth_section = None log_opt_values /usr/lib/python3/dist-packages/oslo_config/cfg.py:2609
2026-03-09 00:34:57.267 137133 DEBUG oslo_service.service [req-45ad44ed-8af2-4533-ba33-ebf7a51d7238 - - - - -] ironic.auth_type = None log_opt_values /usr/lib/python3/dist-packages/oslo_config/cfg.py:2609
2026-03-09 00:34:57.267 137133 DEBUG oslo_service.service [req-45ad44ed-8af2-4533-ba33-ebf7a51d7238 - - - - -] ironic.cafile = None log_opt_values /usr/lib/python3/dist-packages/oslo_config/cfg.py:2609
2026-03-09 00:34:57.268 137133 DEBUG oslo_service.service [req-45ad44ed-8af2-4533-ba33-ebf7a51d7238 - - - - -] ironic.certfile = None log_opt_values /usr/lib/python3/dist-packages/oslo_config/cfg.py:2609
2026-03-09 00:34:57.267 138485 DEBUG oslo_messaging._drivers.amqpdriver [-] AMQPListener connection timeout poll /usr/lib/python3/dist-packages/oslo_messaging/_drivers/amqpdriver.py:360
2026-03-09 00:34:57.268 137133 DEBUG oslo_service.service [req-45ad44ed-8af2-4533-ba33-ebf7a51d7238 - - - - -] ironic.collect_timing = False log_opt_values /usr/lib/python3/dist-packages/oslo_config/cfg.py:2609
2026-03-09 00:34:57.268 138485 DEBUG oslo_messaging._drivers.amqpdriver [-] Listener is running poll /usr/lib/python3/dist-packages/oslo_messaging/_drivers/amqpdriver.py:343
2026-03-09 00:34:57.269 138485 DEBUG oslo_messaging._drivers.amqpdriver [-] AMQPListener connection consume poll /usr/lib/python3/dist-packages/oslo_messaging/_drivers/amqpdriver.py:357
2026-03-09 00:34:57.269 137133 DEBUG oslo_service.service [req-45ad44ed-8af2-4533-ba33-ebf7a51d7238 - - - - -] ironic.connect_retries = None log_opt_values /usr/lib/python3/dist-packages/oslo_config/cfg.py:2609
2026-03-09 00:34:57.269 137133 DEBUG oslo_service.service [req-45ad44ed-8af2-4533-ba33-ebf7a51d7238 - - - - -] ironic.connect_retry_delay = None log_opt_values /usr/lib/python3/dist-packages/oslo_config/cfg.py:2609
2026-03-09 00:34:57.269 137133 DEBUG oslo_service.service [req-45ad44ed-8af2-4533-ba33-ebf7a51d7238 - - - - -] ironic.endpoint_override = None log_opt_values /usr/lib/python3/dist-packages/oslo_config/cfg.py:2609
2026-03-09 00:34:57.269 138486 DEBUG oslo_messaging._drivers.amqpdriver [-] AMQPListener connection timeout poll /usr/lib/python3/dist-packages/oslo_messaging/_drivers/amqpdriver.py:360
2026-03-09 00:34:57.269 138486 DEBUG oslo_messaging._drivers.amqpdriver [-] Listener is running poll /usr/lib/python3/dist-packages/oslo_messaging/_drivers/amqpdriver.py:343
2026-03-09 00:34:57.269 138486 DEBUG oslo_messaging._drivers.amqpdriver [-] AMQPListener connection consume poll /usr/lib/python3/dist-packages/oslo_messaging/_drivers/amqpdriver.py:357
2026-03-09 00:34:57.269 137133 DEBUG oslo_service.service [req-45ad44ed-8af2-4533-ba33-ebf7a51d7238 - - - - -] ironic.insecure = False log_opt_values /usr/lib/python3/dist-packages/oslo_config/cfg.py:2609
2026-03-09 00:34:57.270 137133 DEBUG oslo_service.service [req-45ad44ed-8af2-4533-ba33-ebf7a51d7238 - - - - -] ironic.keyfile = None log_opt_values /usr/lib/python3/dist-packages/oslo_config/cfg.py:2609
2026-03-09 00:34:57.270 137133 DEBUG oslo_service.service [req-45ad44ed-8af2-4533-ba33-ebf7a51d7238 - - - - -] ironic.max_version = None log_opt_values /usr/lib/python3/dist-packages/oslo_config/cfg.py:2609
2026-03-09 00:34:57.270 137133 DEBUG oslo_service.service [req-45ad44ed-8af2-4533-ba33-ebf7a51d7238 - - - - -] ironic.min_version = None log_opt_values /usr/lib/python3/dist-packages/oslo_config/cfg.py:2609
2026-03-09 00:34:57.271 137133 DEBUG oslo_service.service [req-45ad44ed-8af2-4533-ba33-ebf7a51d7238 - - - - -] ironic.partition_key = None log_opt_values /usr/lib/python3/dist-packages/oslo_config/cfg.py:2609
2026-03-09 00:34:57.271 137133 DEBUG oslo_service.service [req-45ad44ed-8af2-4533-ba33-ebf7a51d7238 - - - - -] ironic.peer_list = [] log_opt_values /usr/lib/python3/dist-packages/oslo_config/cfg.py:2609
2026-03-09 00:34:57.271 137133 DEBUG oslo_service.service [req-45ad44ed-8af2-4533-ba33-ebf7a51d7238 - - - - -] ironic.region_name = None log_opt_values /usr/lib/python3/dist-packages/oslo_config/cfg.py:2609
2026-03-09 00:34:57.271 137133 DEBUG oslo_service.service [req-45ad44ed-8af2-4533-ba33-ebf7a51d7238 - - - - -] ironic.serial_console_state_timeout = 10 log_opt_values /usr/lib/python3/dist-packages/oslo_config/cfg.py:2609
2026-03-09 00:34:57.271 137133 DEBUG oslo_service.service [req-45ad44ed-8af2-4533-ba33-ebf7a51d7238 - - - - -] ironic.service_name = None log_opt_values /usr/lib/python3/dist-packages/oslo_config/cfg.py:2609
2026-03-09 00:34:57.271 137133 DEBUG oslo_service.service [req-45ad44ed-8af2-4533-ba33-ebf7a51d7238 - - - - -] ironic.service_type = baremetal log_opt_values /usr/lib/python3/dist-packages/oslo_config/cfg.py:2609
2026-03-09 00:34:57.272 137133 DEBUG oslo_service.service [req-45ad44ed-8af2-4533-ba33-ebf7a51d7238 - - - - -] ironic.split_loggers = False log_opt_values /usr/lib/python3/dist-packages/oslo_config/cfg.py:2609
2026-03-09 00:34:57.272 137133 DEBUG oslo_service.service [req-45ad44ed-8af2-4533-ba33-ebf7a51d7238 - - - - -] ironic.status_code_retries = None log_opt_values /usr/lib/python3/dist-packages/oslo_config/cfg.py:2609
2026-03-09 00:34:57.272 137133 DEBUG oslo_service.service [req-45ad44ed-8af2-4533-ba33-ebf7a51d7238 - - - - -] ironic.status_code_retry_delay = None log_opt_values /usr/lib/python3/dist-packages/oslo_config/cfg.py:2609
2026-03-09 00:34:57.272 137133 DEBUG oslo_service.service [req-45ad44ed-8af2-4533-ba33-ebf7a51d7238 - - - - -] ironic.timeout = None log_opt_values /usr/lib/python3/dist-packages/oslo_config/cfg.py:2609
2026-03-09 00:34:57.272 137133 DEBUG oslo_service.service [req-45ad44ed-8af2-4533-ba33-ebf7a51d7238 - - - - -] ironic.valid_interfaces = ['internal', 'public'] log_opt_values /usr/lib/python3/dist-packages/oslo_config/cfg.py:2609
2026-03-09 00:34:57.272 137133 DEBUG oslo_service.service [req-45ad44ed-8af2-4533-ba33-ebf7a51d7238 - - - - -] ironic.version = None log_opt_values /usr/lib/python3/dist-packages/oslo_config/cfg.py:2609
2026-03-09 00:34:57.273 137133 DEBUG oslo_service.service [req-45ad44ed-8af2-4533-ba33-ebf7a51d7238 - - - - -] key_manager.backend = barbican log_opt_values /usr/lib/python3/dist-packages/oslo_config/cfg.py:2609
2026-03-09 00:34:57.273 137133 DEBUG oslo_service.service [req-45ad44ed-8af2-4533-ba33-ebf7a51d7238 - - - - -] key_manager.fixed_key = **** log_opt_values /usr/lib/python3/dist-packages/oslo_config/cfg.py:2609
2026-03-09 00:34:57.273 137133 DEBUG oslo_service.service [req-45ad44ed-8af2-4533-ba33-ebf7a51d7238 - - - - -] barbican.auth_endpoint = http://localhost/identity/v3 log_opt_values /usr/lib/python3/dist-packages/oslo_config/cfg.py:2609
2026-03-09 00:34:57.273 137133 DEBUG oslo_service.service [req-45ad44ed-8af2-4533-ba33-ebf7a51d7238 - - - - -] barbican.barbican_api_version = None log_opt_values /usr/lib/python3/dist-packages/oslo_config/cfg.py:2609
2026-03-09 00:34:57.273 137133 DEBUG oslo_service.service [req-45ad44ed-8af2-4533-ba33-ebf7a51d7238 - - - - -] barbican.barbican_endpoint = None log_opt_values /usr/lib/python3/dist-packages/oslo_config/cfg.py:2609
2026-03-09 00:34:57.273 137133 DEBUG oslo_service.service [req-45ad44ed-8af2-4533-ba33-ebf7a51d7238 - - - - -] barbican.barbican_endpoint_type = public log_opt_values /usr/lib/python3/dist-packages/oslo_config/cfg.py:2609
2026-03-09 00:34:57.274 137133 DEBUG oslo_service.service [req-45ad44ed-8af2-4533-ba33-ebf7a51d7238 - - - - -] barbican.barbican_region_name = None log_opt_values /usr/lib/python3/dist-packages/oslo_config/cfg.py:2609
2026-03-09 00:34:57.274 137133 DEBUG oslo_service.service [req-45ad44ed-8af2-4533-ba33-ebf7a51d7238 - - - - -] barbican.cafile = None log_opt_values /usr/lib/python3/dist-packages/oslo_config/cfg.py:2609
2026-03-09 00:34:57.274 137133 DEBUG oslo_service.service [req-45ad44ed-8af2-4533-ba33-ebf7a51d7238 - - - - -] barbican.certfile = None log_opt_values /usr/lib/python3/dist-packages/oslo_config/cfg.py:2609
2026-03-09 00:34:57.274 137133 DEBUG oslo_service.service [req-45ad44ed-8af2-4533-ba33-ebf7a51d7238 - - - - -] barbican.collect_timing = False log_opt_values /usr/lib/python3/dist-packages/oslo_config/cfg.py:2609
2026-03-09 00:34:57.274 137133 DEBUG oslo_service.service [req-45ad44ed-8af2-4533-ba33-ebf7a51d7238 - - - - -] barbican.insecure = False log_opt_values /usr/lib/python3/dist-packages/oslo_config/cfg.py:2609
2026-03-09 00:34:57.274 137133 DEBUG oslo_service.service [req-45ad44ed-8af2-4533-ba33-ebf7a51d7238 - - - - -] barbican.keyfile = None log_opt_values /usr/lib/python3/dist-packages/oslo_config/cfg.py:2609
2026-03-09 00:34:57.275 137133 DEBUG oslo_service.service [req-45ad44ed-8af2-4533-ba33-ebf7a51d7238 - - - - -] barbican.number_of_retries = 60 log_opt_values /usr/lib/python3/dist-packages/oslo_config/cfg.py:2609
2026-03-09 00:34:57.275 137133 DEBUG oslo_service.service [req-45ad44ed-8af2-4533-ba33-ebf7a51d7238 - - - - -] barbican.retry_delay = 1 log_opt_values /usr/lib/python3/dist-packages/oslo_config/cfg.py:2609
2026-03-09 00:34:57.275 138479 DEBUG oslo_messaging._drivers.amqpdriver [-] AMQPListener connection timeout poll /usr/lib/python3/dist-packages/oslo_messaging/_drivers/amqpdriver.py:360
2026-03-09 00:34:57.275 137133 DEBUG oslo_service.service [req-45ad44ed-8af2-4533-ba33-ebf7a51d7238 - - - - -] barbican.send_service_user_token = False log_opt_values /usr/lib/python3/dist-packages/oslo_config/cfg.py:2609
2026-03-09 00:34:57.275 138479 DEBUG oslo_messaging._drivers.amqpdriver [-] Listener is running poll /usr/lib/python3/dist-packages/oslo_messaging/_drivers/amqpdriver.py:343
2026-03-09 00:34:57.275 138479 DEBUG oslo_messaging._drivers.amqpdriver [-] AMQPListener connection consume poll /usr/lib/python3/dist-packages/oslo_messaging/_drivers/amqpdriver.py:357
2026-03-09 00:34:57.275 137133 DEBUG oslo_service.service [req-45ad44ed-8af2-4533-ba33-ebf7a51d7238 - - - - -] barbican.split_loggers = False log_opt_values /usr/lib/python3/dist-packages/oslo_config/cfg.py:2609
2026-03-09 00:34:57.275 137133 DEBUG oslo_service.service [req-45ad44ed-8af2-4533-ba33-ebf7a51d7238 - - - - -] barbican.timeout = None log_opt_values /usr/lib/python3/dist-packages/oslo_config/cfg.py:2609
2026-03-09 00:34:57.276 137133 DEBUG oslo_service.service [req-45ad44ed-8af2-4533-ba33-ebf7a51d7238 - - - - -] barbican.verify_ssl = True log_opt_values /usr/lib/python3/dist-packages/oslo_config/cfg.py:2609
2026-03-09 00:34:57.276 137133 DEBUG oslo_service.service [req-45ad44ed-8af2-4533-ba33-ebf7a51d7238 - - - - -] barbican.verify_ssl_path = None log_opt_values /usr/lib/python3/dist-packages/oslo_config/cfg.py:2609
2026-03-09 00:34:57.277 137133 DEBUG oslo_service.service [req-45ad44ed-8af2-4533-ba33-ebf7a51d7238 - - - - -] barbican_service_user.auth_section = None log_opt_values /usr/lib/python3/dist-packages/oslo_config/cfg.py:2609
2026-03-09 00:34:57.277 137133 DEBUG oslo_service.service [req-45ad44ed-8af2-4533-ba33-ebf7a51d7238 - - - - -] barbican_service_user.auth_type = None log_opt_values /usr/lib/python3/dist-packages/oslo_config/cfg.py:2609
2026-03-09 00:34:57.277 137133 DEBUG oslo_service.service [req-45ad44ed-8af2-4533-ba33-ebf7a51d7238 - - - - -] barbican_service_user.cafile = None log_opt_values /usr/lib/python3/dist-packages/oslo_config/cfg.py:2609
2026-03-09 00:34:57.277 137133 DEBUG oslo_service.service [req-45ad44ed-8af2-4533-ba33-ebf7a51d7238 - - - - -] barbican_service_user.certfile = None log_opt_values /usr/lib/python3/dist-packages/oslo_config/cfg.py:2609
2026-03-09 00:34:57.277 137133 DEBUG oslo_service.service [req-45ad44ed-8af2-4533-ba33-ebf7a51d7238 - - - - -] barbican_service_user.collect_timing = False log_opt_values /usr/lib/python3/dist-packages/oslo_config/cfg.py:2609
2026-03-09 00:34:57.277 137133 DEBUG oslo_service.service [req-45ad44ed-8af2-4533-ba33-ebf7a51d7238 - - - - -] barbican_service_user.insecure = False log_opt_values /usr/lib/python3/dist-packages/oslo_config/cfg.py:2609
2026-03-09 00:34:57.278 137133 DEBUG oslo_service.service [req-45ad44ed-8af2-4533-ba33-ebf7a51d7238 - - - - -] barbican_service_user.keyfile = None log_opt_values /usr/lib/python3/dist-packages/oslo_config/cfg.py:2609
2026-03-09 00:34:57.278 137133 DEBUG oslo_service.service [req-45ad44ed-8af2-4533-ba33-ebf7a51d7238 - - - - -] barbican_service_user.split_loggers = False log_opt_values /usr/lib/python3/dist-packages/oslo_config/cfg.py:2609
2026-03-09 00:34:57.278 137133 DEBUG oslo_service.service [req-45ad44ed-8af2-4533-ba33-ebf7a51d7238 - - - - -] barbican_service_user.timeout = None log_opt_values /usr/lib/python3/dist-packages/oslo_config/cfg.py:2609
2026-03-09 00:34:57.278 137133 DEBUG oslo_service.service [req-45ad44ed-8af2-4533-ba33-ebf7a51d7238 - - - - -] vault.approle_role_id = None log_opt_values /usr/lib/python3/dist-packages/oslo_config/cfg.py:2609
2026-03-09 00:34:57.278 137133 DEBUG oslo_service.service [req-45ad44ed-8af2-4533-ba33-ebf7a51d7238 - - - - -] vault.approle_secret_id = None log_opt_values /usr/lib/python3/dist-packages/oslo_config/cfg.py:2609
2026-03-09 00:34:57.278 137133 DEBUG oslo_service.service [req-45ad44ed-8af2-4533-ba33-ebf7a51d7238 - - - - -] vault.cafile = None log_opt_values /usr/lib/python3/dist-packages/oslo_config/cfg.py:2609
2026-03-09 00:34:57.279 137133 DEBUG oslo_service.service [req-45ad44ed-8af2-4533-ba33-ebf7a51d7238 - - - - -] vault.certfile = None log_opt_values /usr/lib/python3/dist-packages/oslo_config/cfg.py:2609
2026-03-09 00:34:57.279 137133 DEBUG oslo_service.service [req-45ad44ed-8af2-4533-ba33-ebf7a51d7238 - - - - -] vault.collect_timing = False log_opt_values /usr/lib/python3/dist-packages/oslo_config/cfg.py:2609
2026-03-09 00:34:57.279 137133 DEBUG oslo_service.service [req-45ad44ed-8af2-4533-ba33-ebf7a51d7238 - - - - -] vault.insecure = False log_opt_values /usr/lib/python3/dist-packages/oslo_config/cfg.py:2609
2026-03-09 00:34:57.280 137133 DEBUG oslo_service.service [req-45ad44ed-8af2-4533-ba33-ebf7a51d7238 - - - - -] vault.keyfile = None log_opt_values /usr/lib/python3/dist-packages/oslo_config/cfg.py:2609
2026-03-09 00:34:57.280 137133 DEBUG oslo_service.service [req-45ad44ed-8af2-4533-ba33-ebf7a51d7238 - - - - -] vault.kv_mountpoint = secret log_opt_values /usr/lib/python3/dist-packages/oslo_config/cfg.py:2609
2026-03-09 00:34:57.280 137133 DEBUG oslo_service.service [req-45ad44ed-8af2-4533-ba33-ebf7a51d7238 - - - - -] vault.kv_version = 2 log_opt_values /usr/lib/python3/dist-packages/oslo_config/cfg.py:2609
2026-03-09 00:34:57.280 137133 DEBUG oslo_service.service [req-45ad44ed-8af2-4533-ba33-ebf7a51d7238 - - - - -] vault.namespace = None log_opt_values /usr/lib/python3/dist-packages/oslo_config/cfg.py:2609
2026-03-09 00:34:57.280 137133 DEBUG oslo_service.service [req-45ad44ed-8af2-4533-ba33-ebf7a51d7238 - - - - -] vault.root_token_id = None log_opt_values /usr/lib/python3/dist-packages/oslo_config/cfg.py:2609
2026-03-09 00:34:57.280 137133 DEBUG oslo_service.service [req-45ad44ed-8af2-4533-ba33-ebf7a51d7238 - - - - -] vault.split_loggers = False log_opt_values /usr/lib/python3/dist-packages/oslo_config/cfg.py:2609
2026-03-09 00:34:57.281 137133 DEBUG oslo_service.service [req-45ad44ed-8af2-4533-ba33-ebf7a51d7238 - - - - -] vault.ssl_ca_crt_file = None log_opt_values /usr/lib/python3/dist-packages/oslo_config/cfg.py:2609
2026-03-09 00:34:57.281 137133 DEBUG oslo_service.service [req-45ad44ed-8af2-4533-ba33-ebf7a51d7238 - - - - -] vault.timeout = None log_opt_values /usr/lib/python3/dist-packages/oslo_config/cfg.py:2609
2026-03-09 00:34:57.281 137133 DEBUG oslo_service.service [req-45ad44ed-8af2-4533-ba33-ebf7a51d7238 - - - - -] vault.use_ssl = False log_opt_values /usr/lib/python3/dist-packages/oslo_config/cfg.py:2609
2026-03-09 00:34:57.281 137133 DEBUG oslo_service.service [req-45ad44ed-8af2-4533-ba33-ebf7a51d7238 - - - - -] vault.vault_url = http://127.0.0.1:8200 log_opt_values /usr/lib/python3/dist-packages/oslo_config/cfg.py:2609
2026-03-09 00:34:57.281 137133 DEBUG oslo_service.service [req-45ad44ed-8af2-4533-ba33-ebf7a51d7238 - - - - -] keystone.cafile = None log_opt_values /usr/lib/python3/dist-packages/oslo_config/cfg.py:2609
2026-03-09 00:34:57.281 137133 DEBUG oslo_service.service [req-45ad44ed-8af2-4533-ba33-ebf7a51d7238 - - - - -] keystone.certfile = None log_opt_values /usr/lib/python3/dist-packages/oslo_config/cfg.py:2609
2026-03-09 00:34:57.282 137133 DEBUG oslo_service.service [req-45ad44ed-8af2-4533-ba33-ebf7a51d7238 - - - - -] keystone.collect_timing = False log_opt_values /usr/lib/python3/dist-packages/oslo_config/cfg.py:2609
2026-03-09 00:34:57.282 137133 DEBUG oslo_service.service [req-45ad44ed-8af2-4533-ba33-ebf7a51d7238 - - - - -] keystone.connect_retries = None log_opt_values /usr/lib/python3/dist-packages/oslo_config/cfg.py:2609
2026-03-09 00:34:57.282 137133 DEBUG oslo_service.service [req-45ad44ed-8af2-4533-ba33-ebf7a51d7238 - - - - -] keystone.connect_retry_delay = None log_opt_values /usr/lib/python3/dist-packages/oslo_config/cfg.py:2609
2026-03-09 00:34:57.282 137133 DEBUG oslo_service.service [req-45ad44ed-8af2-4533-ba33-ebf7a51d7238 - - - - -] keystone.endpoint_override = None log_opt_values /usr/lib/python3/dist-packages/oslo_config/cfg.py:2609
2026-03-09 00:34:57.282 137133 DEBUG oslo_service.service [req-45ad44ed-8af2-4533-ba33-ebf7a51d7238 - - - - -] keystone.insecure = False log_opt_values /usr/lib/python3/dist-packages/oslo_config/cfg.py:2609
2026-03-09 00:34:57.282 137133 DEBUG oslo_service.service [req-45ad44ed-8af2-4533-ba33-ebf7a51d7238 - - - - -] keystone.keyfile = None log_opt_values /usr/lib/python3/dist-packages/oslo_config/cfg.py:2609
2026-03-09 00:34:57.283 137133 DEBUG oslo_service.service [req-45ad44ed-8af2-4533-ba33-ebf7a51d7238 - - - - -] keystone.max_version = None log_opt_values /usr/lib/python3/dist-packages/oslo_config/cfg.py:2609
2026-03-09 00:34:57.283 137133 DEBUG oslo_service.service [req-45ad44ed-8af2-4533-ba33-ebf7a51d7238 - - - - -] keystone.min_version = None log_opt_values /usr/lib/python3/dist-packages/oslo_config/cfg.py:2609
2026-03-09 00:34:57.283 137133 DEBUG oslo_service.service [req-45ad44ed-8af2-4533-ba33-ebf7a51d7238 - - - - -] keystone.region_name = None log_opt_values /usr/lib/python3/dist-packages/oslo_config/cfg.py:2609
2026-03-09 00:34:57.283 137133 DEBUG oslo_service.service [req-45ad44ed-8af2-4533-ba33-ebf7a51d7238 - - - - -] keystone.service_name = None log_opt_values /usr/lib/python3/dist-packages/oslo_config/cfg.py:2609
2026-03-09 00:34:57.283 137133 DEBUG oslo_service.service [req-45ad44ed-8af2-4533-ba33-ebf7a51d7238 - - - - -] keystone.service_type = identity log_opt_values /usr/lib/python3/dist-packages/oslo_config/cfg.py:2609
2026-03-09 00:34:57.283 137133 DEBUG oslo_service.service [req-45ad44ed-8af2-4533-ba33-ebf7a51d7238 - - - - -] keystone.split_loggers = False log_opt_values /usr/lib/python3/dist-packages/oslo_config/cfg.py:2609
2026-03-09 00:34:57.283 137133 DEBUG oslo_service.service [req-45ad44ed-8af2-4533-ba33-ebf7a51d7238 - - - - -] keystone.status_code_retries = None log_opt_values /usr/lib/python3/dist-packages/oslo_config/cfg.py:2609
2026-03-09 00:34:57.284 137133 DEBUG oslo_service.service [req-45ad44ed-8af2-4533-ba33-ebf7a51d7238 - - - - -] keystone.status_code_retry_delay = None log_opt_values /usr/lib/python3/dist-packages/oslo_config/cfg.py:2609
2026-03-09 00:34:57.284 137133 DEBUG oslo_service.service [req-45ad44ed-8af2-4533-ba33-ebf7a51d7238 - - - - -] keystone.timeout = None log_opt_values /usr/lib/python3/dist-packages/oslo_config/cfg.py:2609
2026-03-09 00:34:57.284 137133 DEBUG oslo_service.service [req-45ad44ed-8af2-4533-ba33-ebf7a51d7238 - - - - -] keystone.valid_interfaces = ['internal', 'public'] log_opt_values /usr/lib/python3/dist-packages/oslo_config/cfg.py:2609
2026-03-09 00:34:57.284 137133 DEBUG oslo_service.service [req-45ad44ed-8af2-4533-ba33-ebf7a51d7238 - - - - -] keystone.version = None log_opt_values /usr/lib/python3/dist-packages/oslo_config/cfg.py:2609
2026-03-09 00:34:57.284 137133 DEBUG oslo_service.service [req-45ad44ed-8af2-4533-ba33-ebf7a51d7238 - - - - -] libvirt.connection_uri = log_opt_values /usr/lib/python3/dist-packages/oslo_config/cfg.py:2609
2026-03-09 00:34:57.285 137133 DEBUG oslo_service.service [req-45ad44ed-8af2-4533-ba33-ebf7a51d7238 - - - - -] libvirt.cpu_mode = None log_opt_values /usr/lib/python3/dist-packages/oslo_config/cfg.py:2609
2026-03-09 00:34:57.285 137133 DEBUG oslo_service.service [req-45ad44ed-8af2-4533-ba33-ebf7a51d7238 - - - - -] libvirt.cpu_model_extra_flags = [] log_opt_values /usr/lib/python3/dist-packages/oslo_config/cfg.py:2609
2026-03-09 00:34:57.285 137133 DEBUG oslo_service.service [req-45ad44ed-8af2-4533-ba33-ebf7a51d7238 - - - - -] libvirt.cpu_models = [] log_opt_values /usr/lib/python3/dist-packages/oslo_config/cfg.py:2609
2026-03-09 00:34:57.285 137133 DEBUG oslo_service.service [req-45ad44ed-8af2-4533-ba33-ebf7a51d7238 - - - - -] libvirt.device_detach_attempts = 8 log_opt_values /usr/lib/python3/dist-packages/oslo_config/cfg.py:2609
2026-03-09 00:34:57.285 137133 DEBUG oslo_service.service [req-45ad44ed-8af2-4533-ba33-ebf7a51d7238 - - - - -] libvirt.device_detach_timeout = 20 log_opt_values /usr/lib/python3/dist-packages/oslo_config/cfg.py:2609
2026-03-09 00:34:57.285 137133 DEBUG oslo_service.service [req-45ad44ed-8af2-4533-ba33-ebf7a51d7238 - - - - -] libvirt.disk_cachemodes = [] log_opt_values /usr/lib/python3/dist-packages/oslo_config/cfg.py:2609
2026-03-09 00:34:57.286 137133 DEBUG oslo_service.service [req-45ad44ed-8af2-4533-ba33-ebf7a51d7238 - - - - -] libvirt.disk_prefix = None log_opt_values /usr/lib/python3/dist-packages/oslo_config/cfg.py:2609
2026-03-09 00:34:57.286 137133 DEBUG oslo_service.service [req-45ad44ed-8af2-4533-ba33-ebf7a51d7238 - - - - -] libvirt.enabled_perf_events = [] log_opt_values /usr/lib/python3/dist-packages/oslo_config/cfg.py:2609
2026-03-09 00:34:57.286 137133 DEBUG oslo_service.service [req-45ad44ed-8af2-4533-ba33-ebf7a51d7238 - - - - -] libvirt.file_backed_memory = 0 log_opt_values /usr/lib/python3/dist-packages/oslo_config/cfg.py:2609
2026-03-09 00:34:57.286 137133 DEBUG oslo_service.service [req-45ad44ed-8af2-4533-ba33-ebf7a51d7238 - - - - -] libvirt.gid_maps = [] log_opt_values /usr/lib/python3/dist-packages/oslo_config/cfg.py:2609
2026-03-09 00:34:57.286 137133 DEBUG oslo_service.service [req-45ad44ed-8af2-4533-ba33-ebf7a51d7238 - - - - -] libvirt.hw_disk_discard = None log_opt_values /usr/lib/python3/dist-packages/oslo_config/cfg.py:2609
2026-03-09 00:34:57.287 137133 DEBUG oslo_service.service [req-45ad44ed-8af2-4533-ba33-ebf7a51d7238 - - - - -] libvirt.hw_machine_type = None log_opt_values /usr/lib/python3/dist-packages/oslo_config/cfg.py:2609
2026-03-09 00:34:57.287 137133 DEBUG oslo_service.service [req-45ad44ed-8af2-4533-ba33-ebf7a51d7238 - - - - -] libvirt.images_rbd_ceph_conf = log_opt_values /usr/lib/python3/dist-packages/oslo_config/cfg.py:2609
2026-03-09 00:34:57.287 137133 DEBUG oslo_service.service [req-45ad44ed-8af2-4533-ba33-ebf7a51d7238 - - - - -] libvirt.images_rbd_glance_copy_poll_interval = 15 log_opt_values /usr/lib/python3/dist-packages/oslo_config/cfg.py:2609
2026-03-09 00:34:57.287 137133 DEBUG oslo_service.service [req-45ad44ed-8af2-4533-ba33-ebf7a51d7238 - - - - -] libvirt.images_rbd_glance_copy_timeout = 600 log_opt_values /usr/lib/python3/dist-packages/oslo_config/cfg.py:2609
2026-03-09 00:34:57.287 137133 DEBUG oslo_service.service [req-45ad44ed-8af2-4533-ba33-ebf7a51d7238 - - - - -] libvirt.images_rbd_glance_store_name = log_opt_values /usr/lib/python3/dist-packages/oslo_config/cfg.py:2609
2026-03-09 00:34:57.287 137133 DEBUG oslo_service.service [req-45ad44ed-8af2-4533-ba33-ebf7a51d7238 - - - - -] libvirt.images_rbd_pool = rbd log_opt_values /usr/lib/python3/dist-packages/oslo_config/cfg.py:2609
2026-03-09 00:34:57.288 137133 DEBUG oslo_service.service [req-45ad44ed-8af2-4533-ba33-ebf7a51d7238 - - - - -] libvirt.images_type = default log_opt_values /usr/lib/python3/dist-packages/oslo_config/cfg.py:2609
2026-03-09 00:34:57.288 137133 DEBUG oslo_service.service [req-45ad44ed-8af2-4533-ba33-ebf7a51d7238 - - - - -] libvirt.images_volume_group = None log_opt_values /usr/lib/python3/dist-packages/oslo_config/cfg.py:2609
2026-03-09 00:34:57.288 137133 DEBUG oslo_service.service [req-45ad44ed-8af2-4533-ba33-ebf7a51d7238 - - - - -] libvirt.inject_key = False log_opt_values /usr/lib/python3/dist-packages/oslo_config/cfg.py:2609
2026-03-09 00:34:57.288 137133 DEBUG oslo_service.service [req-45ad44ed-8af2-4533-ba33-ebf7a51d7238 - - - - -] libvirt.inject_partition = -2 log_opt_values /usr/lib/python3/dist-packages/oslo_config/cfg.py:2609
2026-03-09 00:34:57.288 137133 DEBUG oslo_service.service [req-45ad44ed-8af2-4533-ba33-ebf7a51d7238 - - - - -] libvirt.inject_password = False log_opt_values /usr/lib/python3/dist-packages/oslo_config/cfg.py:2609
2026-03-09 00:34:57.289 137133 DEBUG oslo_service.service [req-45ad44ed-8af2-4533-ba33-ebf7a51d7238 - - - - -] libvirt.iscsi_iface = None log_opt_values /usr/lib/python3/dist-packages/oslo_config/cfg.py:2609
2026-03-09 00:34:57.289 137133 DEBUG oslo_service.service [req-45ad44ed-8af2-4533-ba33-ebf7a51d7238 - - - - -] libvirt.iser_use_multipath = False log_opt_values /usr/lib/python3/dist-packages/oslo_config/cfg.py:2609
2026-03-09 00:34:57.289 137133 DEBUG oslo_service.service [req-45ad44ed-8af2-4533-ba33-ebf7a51d7238 - - - - -] libvirt.live_migration_bandwidth = 0 log_opt_values /usr/lib/python3/dist-packages/oslo_config/cfg.py:2609
2026-03-09 00:34:57.289 137133 DEBUG oslo_service.service [req-45ad44ed-8af2-4533-ba33-ebf7a51d7238 - - - - -] libvirt.live_migration_completion_timeout = 800 log_opt_values /usr/lib/python3/dist-packages/oslo_config/cfg.py:2609
2026-03-09 00:34:57.289 137133 DEBUG oslo_service.service [req-45ad44ed-8af2-4533-ba33-ebf7a51d7238 - - - - -] libvirt.live_migration_downtime = 500 log_opt_values /usr/lib/python3/dist-packages/oslo_config/cfg.py:2609
2026-03-09 00:34:57.289 137133 DEBUG oslo_service.service [req-45ad44ed-8af2-4533-ba33-ebf7a51d7238 - - - - -] libvirt.live_migration_downtime_delay = 75 log_opt_values /usr/lib/python3/dist-packages/oslo_config/cfg.py:2609
2026-03-09 00:34:57.289 137133 DEBUG oslo_service.service [req-45ad44ed-8af2-4533-ba33-ebf7a51d7238 - - - - -] libvirt.live_migration_downtime_steps = 10 log_opt_values /usr/lib/python3/dist-packages/oslo_config/cfg.py:2609
2026-03-09 00:34:57.290 137133 DEBUG oslo_service.service [req-45ad44ed-8af2-4533-ba33-ebf7a51d7238 - - - - -] libvirt.live_migration_inbound_addr = None log_opt_values /usr/lib/python3/dist-packages/oslo_config/cfg.py:2609
2026-03-09 00:34:57.290 137133 DEBUG oslo_service.service [req-45ad44ed-8af2-4533-ba33-ebf7a51d7238 - - - - -] libvirt.live_migration_permit_auto_converge = False log_opt_values /usr/lib/python3/dist-packages/oslo_config/cfg.py:2609
2026-03-09 00:34:57.290 137133 DEBUG oslo_service.service [req-45ad44ed-8af2-4533-ba33-ebf7a51d7238 - - - - -] libvirt.live_migration_permit_post_copy = False log_opt_values /usr/lib/python3/dist-packages/oslo_config/cfg.py:2609
2026-03-09 00:34:57.290 137133 DEBUG oslo_service.service [req-45ad44ed-8af2-4533-ba33-ebf7a51d7238 - - - - -] libvirt.live_migration_scheme = None log_opt_values /usr/lib/python3/dist-packages/oslo_config/cfg.py:2609
2026-03-09 00:34:57.290 137133 DEBUG oslo_service.service [req-45ad44ed-8af2-4533-ba33-ebf7a51d7238 - - - - -] libvirt.live_migration_timeout_action = abort log_opt_values /usr/lib/python3/dist-packages/oslo_config/cfg.py:2609
2026-03-09 00:34:57.291 137133 DEBUG oslo_service.service [req-45ad44ed-8af2-4533-ba33-ebf7a51d7238 - - - - -] libvirt.live_migration_tunnelled = False log_opt_values /usr/lib/python3/dist-packages/oslo_config/cfg.py:2609
2026-03-09 00:34:57.291 137133 DEBUG oslo_service.service [req-45ad44ed-8af2-4533-ba33-ebf7a51d7238 - - - - -] libvirt.live_migration_uri = None log_opt_values /usr/lib/python3/dist-packages/oslo_config/cfg.py:2609
2026-03-09 00:34:57.291 137133 DEBUG oslo_service.service [req-45ad44ed-8af2-4533-ba33-ebf7a51d7238 - - - - -] libvirt.live_migration_with_native_tls = False log_opt_values /usr/lib/python3/dist-packages/oslo_config/cfg.py:2609
2026-03-09 00:34:57.291 137133 DEBUG oslo_service.service [req-45ad44ed-8af2-4533-ba33-ebf7a51d7238 - - - - -] libvirt.max_queues = None log_opt_values /usr/lib/python3/dist-packages/oslo_config/cfg.py:2609
2026-03-09 00:34:57.291 137133 DEBUG oslo_service.service [req-45ad44ed-8af2-4533-ba33-ebf7a51d7238 - - - - -] libvirt.mem_stats_period_seconds = 10 log_opt_values /usr/lib/python3/dist-packages/oslo_config/cfg.py:2609
2026-03-09 00:34:57.291 137133 DEBUG oslo_service.service [req-45ad44ed-8af2-4533-ba33-ebf7a51d7238 - - - - -] libvirt.nfs_mount_options = None log_opt_values /usr/lib/python3/dist-packages/oslo_config/cfg.py:2609
2026-03-09 00:34:57.292 137133 DEBUG oslo_service.service [req-45ad44ed-8af2-4533-ba33-ebf7a51d7238 - - - - -] libvirt.nfs_mount_point_base = /var/lib/nova/mnt log_opt_values /usr/lib/python3/dist-packages/oslo_config/cfg.py:2609
2026-03-09 00:34:57.292 137133 DEBUG oslo_service.service [req-45ad44ed-8af2-4533-ba33-ebf7a51d7238 - - - - -] libvirt.num_aoe_discover_tries = 3 log_opt_values /usr/lib/python3/dist-packages/oslo_config/cfg.py:2609
2026-03-09 00:34:57.292 137133 DEBUG oslo_service.service [req-45ad44ed-8af2-4533-ba33-ebf7a51d7238 - - - - -] libvirt.num_iser_scan_tries = 5 log_opt_values /usr/lib/python3/dist-packages/oslo_config/cfg.py:2609
2026-03-09 00:34:57.292 137133 DEBUG oslo_service.service [req-45ad44ed-8af2-4533-ba33-ebf7a51d7238 - - - - -] libvirt.num_memory_encrypted_guests = None log_opt_values /usr/lib/python3/dist-packages/oslo_config/cfg.py:2609
2026-03-09 00:34:57.292 137133 DEBUG oslo_service.service [req-45ad44ed-8af2-4533-ba33-ebf7a51d7238 - - - - -] libvirt.num_nvme_discover_tries = 5 log_opt_values /usr/lib/python3/dist-packages/oslo_config/cfg.py:2609
2026-03-09 00:34:57.292 137133 DEBUG oslo_service.service [req-45ad44ed-8af2-4533-ba33-ebf7a51d7238 - - - - -] libvirt.num_pcie_ports = 0 log_opt_values /usr/lib/python3/dist-packages/oslo_config/cfg.py:2609
2026-03-09 00:34:57.293 137133 DEBUG oslo_service.service [req-45ad44ed-8af2-4533-ba33-ebf7a51d7238 - - - - -] libvirt.num_volume_scan_tries = 5 log_opt_values /usr/lib/python3/dist-packages/oslo_config/cfg.py:2609
2026-03-09 00:34:57.293 137133 DEBUG oslo_service.service [req-45ad44ed-8af2-4533-ba33-ebf7a51d7238 - - - - -] libvirt.pmem_namespaces = [] log_opt_values /usr/lib/python3/dist-packages/oslo_config/cfg.py:2609
2026-03-09 00:34:57.293 137133 DEBUG oslo_service.service [req-45ad44ed-8af2-4533-ba33-ebf7a51d7238 - - - - -] libvirt.quobyte_client_cfg = None log_opt_values /usr/lib/python3/dist-packages/oslo_config/cfg.py:2609
2026-03-09 00:34:57.293 137133 DEBUG oslo_service.service [req-45ad44ed-8af2-4533-ba33-ebf7a51d7238 - - - - -] libvirt.quobyte_mount_point_base = /var/lib/nova/mnt log_opt_values /usr/lib/python3/dist-packages/oslo_config/cfg.py:2609
2026-03-09 00:34:57.293 137133 DEBUG oslo_service.service [req-45ad44ed-8af2-4533-ba33-ebf7a51d7238 - - - - -] libvirt.rbd_connect_timeout = 5 log_opt_values /usr/lib/python3/dist-packages/oslo_config/cfg.py:2609
2026-03-09 00:34:57.293 137133 DEBUG oslo_service.service [req-45ad44ed-8af2-4533-ba33-ebf7a51d7238 - - - - -] libvirt.rbd_destroy_volume_retries = 12 log_opt_values /usr/lib/python3/dist-packages/oslo_config/cfg.py:2609
2026-03-09 00:34:57.294 137133 DEBUG oslo_service.service [req-45ad44ed-8af2-4533-ba33-ebf7a51d7238 - - - - -] libvirt.rbd_destroy_volume_retry_interval = 5 log_opt_values /usr/lib/python3/dist-packages/oslo_config/cfg.py:2609
2026-03-09 00:34:57.294 137133 DEBUG oslo_service.service [req-45ad44ed-8af2-4533-ba33-ebf7a51d7238 - - - - -] libvirt.rbd_secret_uuid = None log_opt_values /usr/lib/python3/dist-packages/oslo_config/cfg.py:2609
2026-03-09 00:34:57.294 137133 DEBUG oslo_service.service [req-45ad44ed-8af2-4533-ba33-ebf7a51d7238 - - - - -] libvirt.rbd_user = None log_opt_values /usr/lib/python3/dist-packages/oslo_config/cfg.py:2609
2026-03-09 00:34:57.294 137133 DEBUG oslo_service.service [req-45ad44ed-8af2-4533-ba33-ebf7a51d7238 - - - - -] libvirt.realtime_scheduler_priority = 1 log_opt_values /usr/lib/python3/dist-packages/oslo_config/cfg.py:2609
2026-03-09 00:34:57.294 137133 DEBUG oslo_service.service [req-45ad44ed-8af2-4533-ba33-ebf7a51d7238 - - - - -] libvirt.remote_filesystem_transport = ssh log_opt_values /usr/lib/python3/dist-packages/oslo_config/cfg.py:2609
2026-03-09 00:34:57.294 137133 DEBUG oslo_service.service [req-45ad44ed-8af2-4533-ba33-ebf7a51d7238 - - - - -] libvirt.rescue_image_id = None log_opt_values /usr/lib/python3/dist-packages/oslo_config/cfg.py:2609
2026-03-09 00:34:57.295 137133 DEBUG oslo_service.service [req-45ad44ed-8af2-4533-ba33-ebf7a51d7238 - - - - -] libvirt.rescue_kernel_id = None log_opt_values /usr/lib/python3/dist-packages/oslo_config/cfg.py:2609
2026-03-09 00:34:57.295 137133 DEBUG oslo_service.service [req-45ad44ed-8af2-4533-ba33-ebf7a51d7238 - - - - -] libvirt.rescue_ramdisk_id = None log_opt_values /usr/lib/python3/dist-packages/oslo_config/cfg.py:2609
2026-03-09 00:34:57.295 137133 DEBUG oslo_service.service [req-45ad44ed-8af2-4533-ba33-ebf7a51d7238 - - - - -] libvirt.rng_dev_path = /dev/urandom log_opt_values /usr/lib/python3/dist-packages/oslo_config/cfg.py:2609
2026-03-09 00:34:57.295 137133 DEBUG oslo_service.service [req-45ad44ed-8af2-4533-ba33-ebf7a51d7238 - - - - -] libvirt.rx_queue_size = None log_opt_values /usr/lib/python3/dist-packages/oslo_config/cfg.py:2609
2026-03-09 00:34:57.295 137133 DEBUG oslo_service.service [req-45ad44ed-8af2-4533-ba33-ebf7a51d7238 - - - - -] libvirt.smbfs_mount_options = log_opt_values /usr/lib/python3/dist-packages/oslo_config/cfg.py:2609
2026-03-09 00:34:57.296 137133 DEBUG oslo_service.service [req-45ad44ed-8af2-4533-ba33-ebf7a51d7238 - - - - -] libvirt.smbfs_mount_point_base = /var/lib/nova/mnt log_opt_values /usr/lib/python3/dist-packages/oslo_config/cfg.py:2609
2026-03-09 00:34:57.296 137133 DEBUG oslo_service.service [req-45ad44ed-8af2-4533-ba33-ebf7a51d7238 - - - - -] libvirt.snapshot_compression = False log_opt_values /usr/lib/python3/dist-packages/oslo_config/cfg.py:2609
2026-03-09 00:34:57.296 137133 DEBUG oslo_service.service [req-45ad44ed-8af2-4533-ba33-ebf7a51d7238 - - - - -] libvirt.snapshot_image_format = None log_opt_values /usr/lib/python3/dist-packages/oslo_config/cfg.py:2609
2026-03-09 00:34:57.296 137133 DEBUG oslo_service.service [req-45ad44ed-8af2-4533-ba33-ebf7a51d7238 - - - - -] libvirt.snapshots_directory = /var/lib/nova/instances/snapshots log_opt_values /usr/lib/python3/dist-packages/oslo_config/cfg.py:2609
2026-03-09 00:34:57.296 137133 DEBUG oslo_service.service [req-45ad44ed-8af2-4533-ba33-ebf7a51d7238 - - - - -] libvirt.sparse_logical_volumes = False log_opt_values /usr/lib/python3/dist-packages/oslo_config/cfg.py:2609
2026-03-09 00:34:57.296 137133 DEBUG oslo_service.service [req-45ad44ed-8af2-4533-ba33-ebf7a51d7238 - - - - -] libvirt.swtpm_enabled = False log_opt_values /usr/lib/python3/dist-packages/oslo_config/cfg.py:2609
2026-03-09 00:34:57.297 137133 DEBUG oslo_service.service [req-45ad44ed-8af2-4533-ba33-ebf7a51d7238 - - - - -] libvirt.swtpm_group = tss log_opt_values /usr/lib/python3/dist-packages/oslo_config/cfg.py:2609
