2026-03-09 00:34:58.893 137952 DEBUG oslo_service.service [req-456bfa6e-e8db-44b6-9e21-85344678f185 - - - - -] graceful_shutdown_timeout = 60 log_opt_values /usr/lib/python3/dist-packages/oslo_config/cfg.py:2602
2026-03-09 00:34:58.893 137952 DEBUG oslo_service.service [req-456bfa6e-e8db-44b6-9e21-85344678f185 - - - - -] heal_instance_info_cache_interval = 60 log_opt_values /usr/lib/python3/dist-packages/oslo_config/cfg.py:2602
2026-03-09 00:34:58.893 137952 DEBUG oslo_service.service [req-456bfa6e-e8db-44b6-9e21-85344678f185 - - - - -] host = juju-8f1831-0-lxd-7 log_opt_values /usr/lib/python3/dist-packages/oslo_config/cfg.py:2602
2026-03-09 00:34:58.894 137952 DEBUG oslo_service.service [req-456bfa6e-e8db-44b6-9e21-85344678f185 - - - - -] initial_cpu_allocation_ratio = 16.0 log_opt_values /usr/lib/python3/dist-packages/oslo_config/cfg.py:2602
2026-03-09 00:34:58.894 137952 DEBUG oslo_service.service [req-456bfa6e-e8db-44b6-9e21-85344678f185 - - - - -] initial_disk_allocation_ratio = 1.0 log_opt_values /usr/lib/python3/dist-packages/oslo_config/cfg.py:2602
2026-03-09 00:34:58.894 137952 DEBUG oslo_service.service [req-456bfa6e-e8db-44b6-9e21-85344678f185 - - - - -] initial_ram_allocation_ratio = 1.5 log_opt_values /usr/lib/python3/dist-packages/oslo_config/cfg.py:2602
2026-03-09 00:34:58.894 137952 DEBUG oslo_service.service [req-456bfa6e-e8db-44b6-9e21-85344678f185 - - - - -] injected_network_template = /usr/lib/python3/dist-packages/nova/virt/interfaces.template log_opt_values /usr/lib/python3/dist-packages/oslo_config/cfg.py:2602
2026-03-09 00:34:58.894 137952 DEBUG oslo_service.service [req-456bfa6e-e8db-44b6-9e21-85344678f185 - - - - -] instance_build_timeout = 0 log_opt_values /usr/lib/python3/dist-packages/oslo_config/cfg.py:2602
2026-03-09 00:34:58.895 137952 DEBUG oslo_service.service [req-456bfa6e-e8db-44b6-9e21-85344678f185 - - - - -] instance_delete_interval = 300 log_opt_values /usr/lib/python3/dist-packages/oslo_config/cfg.py:2602
2026-03-09 00:34:58.896 137952 DEBUG oslo_service.service [req-456bfa6e-e8db-44b6-9e21-85344678f185 - - - - -] instance_format = [instance: %(uuid)s] log_opt_values /usr/lib/python3/dist-packages/oslo_config/cfg.py:2602
2026-03-09 00:34:58.896 137952 DEBUG oslo_service.service [req-456bfa6e-e8db-44b6-9e21-85344678f185 - - - - -] instance_name_template = instance-%08x log_opt_values /usr/lib/python3/dist-packages/oslo_config/cfg.py:2602
2026-03-09 00:34:58.896 137952 DEBUG oslo_service.service [req-456bfa6e-e8db-44b6-9e21-85344678f185 - - - - -] instance_usage_audit = False log_opt_values /usr/lib/python3/dist-packages/oslo_config/cfg.py:2602
2026-03-09 00:34:58.897 137952 DEBUG oslo_service.service [req-456bfa6e-e8db-44b6-9e21-85344678f185 - - - - -] instance_usage_audit_period = month log_opt_values /usr/lib/python3/dist-packages/oslo_config/cfg.py:2602
2026-03-09 00:34:58.898 139051 DEBUG oslo_db.sqlalchemy.engines [req-188a7e6f-8b16-4ac7-b08a-11fb52bb6826 - - - - -] MySQL server mode set to STRICT_TRANS_TABLES,STRICT_ALL_TABLES,NO_ZERO_IN_DATE,NO_ZERO_DATE,ERROR_FOR_DIVISION_BY_ZERO,TRADITIONAL,NO_ENGINE_SUBSTITUTION _check_effective_sql_mode /usr/lib/python3/dist-packages/oslo_db/sqlalchemy/engines.py:314
2026-03-09 00:34:58.898 139049 DEBUG oslo_db.sqlalchemy.engines [req-6b0e3fc1-b5c3-40b8-b489-c078415639df - - - - -] MySQL server mode set to STRICT_TRANS_TABLES,STRICT_ALL_TABLES,NO_ZERO_IN_DATE,NO_ZERO_DATE,ERROR_FOR_DIVISION_BY_ZERO,TRADITIONAL,NO_ENGINE_SUBSTITUTION _check_effective_sql_mode /usr/lib/python3/dist-packages/oslo_db/sqlalchemy/engines.py:314
2026-03-09 00:34:58.899 137952 DEBUG oslo_service.service [req-456bfa6e-e8db-44b6-9e21-85344678f185 - - - - -] instance_uuid_format = [instance: %(uuid)s] log_opt_values /usr/lib/python3/dist-packages/oslo_config/cfg.py:2602
2026-03-09 00:34:58.900 137952 DEBUG oslo_service.service [req-456bfa6e-e8db-44b6-9e21-85344678f185 - - - - -] instances_path = /var/lib/nova/instances log_opt_values /usr/lib/python3/dist-packages/oslo_config/cfg.py:2602
2026-03-09 00:34:58.901 137952 DEBUG oslo_service.service [req-456bfa6e-e8db-44b6-9e21-85344678f185 - - - - -] internal_service_availability_zone = internal log_opt_values /usr/lib/python3/dist-packages/oslo_config/cfg.py:2602
2026-03-09 00:34:58.901 137952 DEBUG oslo_service.service [req-456bfa6e-e8db-44b6-9e21-85344678f185 - - - - -] key = None log_opt_values /usr/lib/python3/dist-packages/oslo_config/cfg.py:2602
2026-03-09 00:34:58.902 137952 DEBUG oslo_service.service [req-456bfa6e-e8db-44b6-9e21-85344678f185 - - - - -] live_migration_retry_count = 30 log_opt_values /usr/lib/python3/dist-packages/oslo_config/cfg.py:2602
2026-03-09 00:34:58.902 137952 DEBUG oslo_service.service [req-456bfa6e-e8db-44b6-9e21-85344678f185 - - - - -] log_config_append = None log_opt_values /usr/lib/python3/dist-packages/oslo_config/cfg.py:2602
2026-03-09 00:34:58.902 137952 DEBUG oslo_service.service [req-456bfa6e-e8db-44b6-9e21-85344678f185 - - - - -] log_date_format = %Y-%m-%d %H:%M:%S log_opt_values /usr/lib/python3/dist-packages/oslo_config/cfg.py:2602
2026-03-09 00:34:58.902 137952 DEBUG oslo_service.service [req-456bfa6e-e8db-44b6-9e21-85344678f185 - - - - -] log_dir = /var/log/nova log_opt_values /usr/lib/python3/dist-packages/oslo_config/cfg.py:2602
2026-03-09 00:34:58.903 137952 DEBUG oslo_service.service [req-456bfa6e-e8db-44b6-9e21-85344678f185 - - - - -] log_file = /var/log/nova/nova-conductor.log log_opt_values /usr/lib/python3/dist-packages/oslo_config/cfg.py:2602
2026-03-09 00:34:58.903 137952 DEBUG oslo_service.service [req-456bfa6e-e8db-44b6-9e21-85344678f185 - - - - -] log_options = True log_opt_values /usr/lib/python3/dist-packages/oslo_config/cfg.py:2602
2026-03-09 00:34:58.903 137952 DEBUG oslo_service.service [req-456bfa6e-e8db-44b6-9e21-85344678f185 - - - - -] log_rotate_interval = 1 log_opt_values /usr/lib/python3/dist-packages/oslo_config/cfg.py:2602
2026-03-09 00:34:58.903 137952 DEBUG oslo_service.service [req-456bfa6e-e8db-44b6-9e21-85344678f185 - - - - -] log_rotate_interval_type = days log_opt_values /usr/lib/python3/dist-packages/oslo_config/cfg.py:2602
2026-03-09 00:34:58.903 139056 DEBUG oslo_db.sqlalchemy.engines [req-5d2aada6-9eca-480e-bf29-b4f23b013197 - - - - -] MySQL server mode set to STRICT_TRANS_TABLES,STRICT_ALL_TABLES,NO_ZERO_IN_DATE,NO_ZERO_DATE,ERROR_FOR_DIVISION_BY_ZERO,TRADITIONAL,NO_ENGINE_SUBSTITUTION _check_effective_sql_mode /usr/lib/python3/dist-packages/oslo_db/sqlalchemy/engines.py:314
2026-03-09 00:34:58.904 137952 DEBUG oslo_service.service [req-456bfa6e-e8db-44b6-9e21-85344678f185 - - - - -] log_rotation_type = none log_opt_values /usr/lib/python3/dist-packages/oslo_config/cfg.py:2602
2026-03-09 00:34:58.905 137952 DEBUG oslo_service.service [req-456bfa6e-e8db-44b6-9e21-85344678f185 - - - - -] logging_context_format_string = %(asctime)s.%(msecs)03d %(process)d %(levelname)s %(name)s [%(request_id)s %(user_identity)s] %(instance)s%(message)s log_opt_values /usr/lib/python3/dist-packages/oslo_config/cfg.py:2602
2026-03-09 00:34:58.905 137952 DEBUG oslo_service.service [req-456bfa6e-e8db-44b6-9e21-85344678f185 - - - - -] logging_debug_format_suffix = %(funcName)s %(pathname)s:%(lineno)d log_opt_values /usr/lib/python3/dist-packages/oslo_config/cfg.py:2602
2026-03-09 00:34:58.906 137952 DEBUG oslo_service.service [req-456bfa6e-e8db-44b6-9e21-85344678f185 - - - - -] logging_default_format_string = %(asctime)s.%(msecs)03d %(process)d %(levelname)s %(name)s [-] %(instance)s%(message)s log_opt_values /usr/lib/python3/dist-packages/oslo_config/cfg.py:2602
2026-03-09 00:34:58.906 137952 DEBUG oslo_service.service [req-456bfa6e-e8db-44b6-9e21-85344678f185 - - - - -] logging_exception_prefix = %(asctime)s.%(msecs)03d %(process)d ERROR %(name)s %(instance)s log_opt_values /usr/lib/python3/dist-packages/oslo_config/cfg.py:2602
2026-03-09 00:34:58.906 137952 DEBUG oslo_service.service [req-456bfa6e-e8db-44b6-9e21-85344678f185 - - - - -] logging_user_identity_format = %(user)s %(project)s %(domain)s %(user_domain)s %(project_domain)s log_opt_values /usr/lib/python3/dist-packages/oslo_config/cfg.py:2602
2026-03-09 00:34:58.906 137952 DEBUG oslo_service.service [req-456bfa6e-e8db-44b6-9e21-85344678f185 - - - - -] long_rpc_timeout = 1800 log_opt_values /usr/lib/python3/dist-packages/oslo_config/cfg.py:2602
2026-03-09 00:34:58.906 137952 DEBUG oslo_service.service [req-456bfa6e-e8db-44b6-9e21-85344678f185 - - - - -] max_concurrent_builds = 10 log_opt_values /usr/lib/python3/dist-packages/oslo_config/cfg.py:2602
2026-03-09 00:34:58.907 137952 DEBUG oslo_service.service [req-456bfa6e-e8db-44b6-9e21-85344678f185 - - - - -] max_concurrent_live_migrations = 1 log_opt_values /usr/lib/python3/dist-packages/oslo_config/cfg.py:2602
2026-03-09 00:34:58.907 137952 DEBUG oslo_service.service [req-456bfa6e-e8db-44b6-9e21-85344678f185 - - - - -] max_concurrent_snapshots = 5 log_opt_values /usr/lib/python3/dist-packages/oslo_config/cfg.py:2602
2026-03-09 00:34:58.907 137952 DEBUG oslo_service.service [req-456bfa6e-e8db-44b6-9e21-85344678f185 - - - - -] max_local_block_devices = 3 log_opt_values /usr/lib/python3/dist-packages/oslo_config/cfg.py:2602
2026-03-09 00:34:58.907 137952 DEBUG oslo_service.service [req-456bfa6e-e8db-44b6-9e21-85344678f185 - - - - -] max_logfile_count = 30 log_opt_values /usr/lib/python3/dist-packages/oslo_config/cfg.py:2602
2026-03-09 00:34:58.907 137952 DEBUG oslo_service.service [req-456bfa6e-e8db-44b6-9e21-85344678f185 - - - - -] max_logfile_size_mb = 200 log_opt_values /usr/lib/python3/dist-packages/oslo_config/cfg.py:2602
2026-03-09 00:34:58.908 137952 DEBUG oslo_service.service [req-456bfa6e-e8db-44b6-9e21-85344678f185 - - - - -] maximum_instance_delete_attempts = 5 log_opt_values /usr/lib/python3/dist-packages/oslo_config/cfg.py:2602
2026-03-09 00:34:58.908 137952 DEBUG oslo_service.service [req-456bfa6e-e8db-44b6-9e21-85344678f185 - - - - -] metadata_listen = 0.0.0.0 log_opt_values /usr/lib/python3/dist-packages/oslo_config/cfg.py:2602
2026-03-09 00:34:58.908 137952 DEBUG oslo_service.service [req-456bfa6e-e8db-44b6-9e21-85344678f185 - - - - -] metadata_listen_port = 8765 log_opt_values /usr/lib/python3/dist-packages/oslo_config/cfg.py:2602
2026-03-09 00:34:58.908 137952 DEBUG oslo_service.service [req-456bfa6e-e8db-44b6-9e21-85344678f185 - - - - -] metadata_workers = None log_opt_values /usr/lib/python3/dist-packages/oslo_config/cfg.py:2602
2026-03-09 00:34:58.908 137952 DEBUG oslo_service.service [req-456bfa6e-e8db-44b6-9e21-85344678f185 - - - - -] migrate_max_retries = -1 log_opt_values /usr/lib/python3/dist-packages/oslo_config/cfg.py:2602
2026-03-09 00:34:58.909 139048 DEBUG nova.service [req-c3bebee3-f021-4fbd-a73e-f1233db8ff8e - - - - -] Creating RPC server for service conductor start /usr/lib/python3/dist-packages/nova/service.py:182
2026-03-09 00:34:58.908 137952 DEBUG oslo_service.service [req-456bfa6e-e8db-44b6-9e21-85344678f185 - - - - -] mkisofs_cmd = genisoimage log_opt_values /usr/lib/python3/dist-packages/oslo_config/cfg.py:2602
2026-03-09 00:34:58.913 137952 DEBUG oslo_service.service [req-456bfa6e-e8db-44b6-9e21-85344678f185 - - - - -] my_block_storage_ip = 252.129.6.170 log_opt_values /usr/lib/python3/dist-packages/oslo_config/cfg.py:2602
2026-03-09 00:34:58.914 137952 DEBUG oslo_service.service [req-456bfa6e-e8db-44b6-9e21-85344678f185 - - - - -] my_ip = 252.129.6.170 log_opt_values /usr/lib/python3/dist-packages/oslo_config/cfg.py:2602
2026-03-09 00:34:58.914 137952 DEBUG oslo_service.service [req-456bfa6e-e8db-44b6-9e21-85344678f185 - - - - -] network_allocate_retries = 0 log_opt_values /usr/lib/python3/dist-packages/oslo_config/cfg.py:2602
2026-03-09 00:34:58.915 137952 DEBUG oslo_service.service [req-456bfa6e-e8db-44b6-9e21-85344678f185 - - - - -] non_inheritable_image_properties = ['cache_in_nova', 'bittorrent'] log_opt_values /usr/lib/python3/dist-packages/oslo_config/cfg.py:2602
2026-03-09 00:34:58.915 137952 DEBUG oslo_service.service [req-456bfa6e-e8db-44b6-9e21-85344678f185 - - - - -] osapi_compute_listen = 0.0.0.0 log_opt_values /usr/lib/python3/dist-packages/oslo_config/cfg.py:2602
2026-03-09 00:34:58.915 137952 DEBUG oslo_service.service [req-456bfa6e-e8db-44b6-9e21-85344678f185 - - - - -] osapi_compute_listen_port = 8764 log_opt_values /usr/lib/python3/dist-packages/oslo_config/cfg.py:2602
2026-03-09 00:34:58.915 137952 DEBUG oslo_service.service [req-456bfa6e-e8db-44b6-9e21-85344678f185 - - - - -] osapi_compute_unique_server_name_scope = log_opt_values /usr/lib/python3/dist-packages/oslo_config/cfg.py:2602
2026-03-09 00:34:58.915 137952 DEBUG oslo_service.service [req-456bfa6e-e8db-44b6-9e21-85344678f185 - - - - -] osapi_compute_workers = 4 log_opt_values /usr/lib/python3/dist-packages/oslo_config/cfg.py:2602
2026-03-09 00:34:58.916 137952 DEBUG oslo_service.service [req-456bfa6e-e8db-44b6-9e21-85344678f185 - - - - -] password_length = 12 log_opt_values /usr/lib/python3/dist-packages/oslo_config/cfg.py:2602
2026-03-09 00:34:58.916 137952 DEBUG oslo_service.service [req-456bfa6e-e8db-44b6-9e21-85344678f185 - - - - -] periodic_enable = True log_opt_values /usr/lib/python3/dist-packages/oslo_config/cfg.py:2602
2026-03-09 00:34:58.916 137952 DEBUG oslo_service.service [req-456bfa6e-e8db-44b6-9e21-85344678f185 - - - - -] periodic_fuzzy_delay = 60 log_opt_values /usr/lib/python3/dist-packages/oslo_config/cfg.py:2602
2026-03-09 00:34:58.916 137952 DEBUG oslo_service.service [req-456bfa6e-e8db-44b6-9e21-85344678f185 - - - - -] pointer_model = usbtablet log_opt_values /usr/lib/python3/dist-packages/oslo_config/cfg.py:2602
2026-03-09 00:34:58.916 137952 DEBUG oslo_service.service [req-456bfa6e-e8db-44b6-9e21-85344678f185 - - - - -] preallocate_images = none log_opt_values /usr/lib/python3/dist-packages/oslo_config/cfg.py:2602
2026-03-09 00:34:58.916 137952 DEBUG oslo_service.service [req-456bfa6e-e8db-44b6-9e21-85344678f185 - - - - -] publish_errors = False log_opt_values /usr/lib/python3/dist-packages/oslo_config/cfg.py:2602
2026-03-09 00:34:58.916 137952 DEBUG oslo_service.service [req-456bfa6e-e8db-44b6-9e21-85344678f185 - - - - -] pybasedir = /usr/lib/python3/dist-packages log_opt_values /usr/lib/python3/dist-packages/oslo_config/cfg.py:2602
2026-03-09 00:34:58.917 137952 DEBUG oslo_service.service [req-456bfa6e-e8db-44b6-9e21-85344678f185 - - - - -] ram_allocation_ratio = 0.98 log_opt_values /usr/lib/python3/dist-packages/oslo_config/cfg.py:2602
2026-03-09 00:34:58.917 137952 DEBUG oslo_service.service [req-456bfa6e-e8db-44b6-9e21-85344678f185 - - - - -] rate_limit_burst = 0 log_opt_values /usr/lib/python3/dist-packages/oslo_config/cfg.py:2602
2026-03-09 00:34:58.917 137952 DEBUG oslo_service.service [req-456bfa6e-e8db-44b6-9e21-85344678f185 - - - - -] rate_limit_except_level = CRITICAL log_opt_values /usr/lib/python3/dist-packages/oslo_config/cfg.py:2602
2026-03-09 00:34:58.918 139049 DEBUG nova.service [req-6b0e3fc1-b5c3-40b8-b489-c078415639df - - - - -] Creating RPC server for service conductor start /usr/lib/python3/dist-packages/nova/service.py:182
2026-03-09 00:34:58.918 137952 DEBUG oslo_service.service [req-456bfa6e-e8db-44b6-9e21-85344678f185 - - - - -] rate_limit_interval = 0 log_opt_values /usr/lib/python3/dist-packages/oslo_config/cfg.py:2602
2026-03-09 00:34:58.919 137952 DEBUG oslo_service.service [req-456bfa6e-e8db-44b6-9e21-85344678f185 - - - - -] reboot_timeout = 0 log_opt_values /usr/lib/python3/dist-packages/oslo_config/cfg.py:2602
2026-03-09 00:34:58.919 137952 DEBUG oslo_service.service [req-456bfa6e-e8db-44b6-9e21-85344678f185 - - - - -] reclaim_instance_interval = 0 log_opt_values /usr/lib/python3/dist-packages/oslo_config/cfg.py:2602
2026-03-09 00:34:58.919 137952 DEBUG oslo_service.service [req-456bfa6e-e8db-44b6-9e21-85344678f185 - - - - -] record = None log_opt_values /usr/lib/python3/dist-packages/oslo_config/cfg.py:2602
2026-03-09 00:34:58.919 137952 DEBUG oslo_service.service [req-456bfa6e-e8db-44b6-9e21-85344678f185 - - - - -] report_interval = 10 log_opt_values /usr/lib/python3/dist-packages/oslo_config/cfg.py:2602
2026-03-09 00:34:58.920 137952 DEBUG oslo_service.service [req-456bfa6e-e8db-44b6-9e21-85344678f185 - - - - -] rescue_timeout = 0 log_opt_values /usr/lib/python3/dist-packages/oslo_config/cfg.py:2602
2026-03-09 00:34:58.920 137952 DEBUG oslo_service.service [req-456bfa6e-e8db-44b6-9e21-85344678f185 - - - - -] reserved_host_cpus = 0 log_opt_values /usr/lib/python3/dist-packages/oslo_config/cfg.py:2602
2026-03-09 00:34:58.920 137952 DEBUG oslo_service.service [req-456bfa6e-e8db-44b6-9e21-85344678f185 - - - - -] reserved_host_disk_mb = 0 log_opt_values /usr/lib/python3/dist-packages/oslo_config/cfg.py:2602
2026-03-09 00:34:58.920 137952 DEBUG oslo_service.service [req-456bfa6e-e8db-44b6-9e21-85344678f185 - - - - -] reserved_host_memory_mb = 512 log_opt_values /usr/lib/python3/dist-packages/oslo_config/cfg.py:2602
2026-03-09 00:34:58.920 137952 DEBUG oslo_service.service [req-456bfa6e-e8db-44b6-9e21-85344678f185 - - - - -] reserved_huge_pages = None log_opt_values /usr/lib/python3/dist-packages/oslo_config/cfg.py:2602
2026-03-09 00:34:58.920 137952 DEBUG oslo_service.service [req-456bfa6e-e8db-44b6-9e21-85344678f185 - - - - -] resize_confirm_window = 0 log_opt_values /usr/lib/python3/dist-packages/oslo_config/cfg.py:2602
2026-03-09 00:34:58.921 137952 DEBUG oslo_service.service [req-456bfa6e-e8db-44b6-9e21-85344678f185 - - - - -] resize_fs_using_block_device = False log_opt_values /usr/lib/python3/dist-packages/oslo_config/cfg.py:2602
2026-03-09 00:34:58.921 137952 DEBUG oslo_service.service [req-456bfa6e-e8db-44b6-9e21-85344678f185 - - - - -] resume_guests_state_on_host_boot = False log_opt_values /usr/lib/python3/dist-packages/oslo_config/cfg.py:2602
2026-03-09 00:34:58.921 137952 DEBUG oslo_service.service [req-456bfa6e-e8db-44b6-9e21-85344678f185 - - - - -] rootwrap_config = /etc/nova/rootwrap.conf log_opt_values /usr/lib/python3/dist-packages/oslo_config/cfg.py:2602
2026-03-09 00:34:58.921 137952 DEBUG oslo_service.service [req-456bfa6e-e8db-44b6-9e21-85344678f185 - - - - -] rpc_response_timeout = 60 log_opt_values /usr/lib/python3/dist-packages/oslo_config/cfg.py:2602
2026-03-09 00:34:58.921 137952 DEBUG oslo_service.service [req-456bfa6e-e8db-44b6-9e21-85344678f185 - - - - -] run_external_periodic_tasks = True log_opt_values /usr/lib/python3/dist-packages/oslo_config/cfg.py:2602
2026-03-09 00:34:58.921 137952 DEBUG oslo_service.service [req-456bfa6e-e8db-44b6-9e21-85344678f185 - - - - -] running_deleted_instance_action = reap log_opt_values /usr/lib/python3/dist-packages/oslo_config/cfg.py:2602
2026-03-09 00:34:58.922 137952 DEBUG oslo_service.service [req-456bfa6e-e8db-44b6-9e21-85344678f185 - - - - -] running_deleted_instance_poll_interval = 1800 log_opt_values /usr/lib/python3/dist-packages/oslo_config/cfg.py:2602
2026-03-09 00:34:58.922 137952 DEBUG oslo_service.service [req-456bfa6e-e8db-44b6-9e21-85344678f185 - - - - -] running_deleted_instance_timeout = 0 log_opt_values /usr/lib/python3/dist-packages/oslo_config/cfg.py:2602
2026-03-09 00:34:58.924 139051 DEBUG nova.service [req-188a7e6f-8b16-4ac7-b08a-11fb52bb6826 - - - - -] Creating RPC server for service conductor start /usr/lib/python3/dist-packages/nova/service.py:182
2026-03-09 00:34:58.922 137952 DEBUG oslo_service.service [req-456bfa6e-e8db-44b6-9e21-85344678f185 - - - - -] scheduler_instance_sync_interval = 120 log_opt_values /usr/lib/python3/dist-packages/oslo_config/cfg.py:2602
2026-03-09 00:34:58.926 139056 DEBUG nova.service [req-5d2aada6-9eca-480e-bf29-b4f23b013197 - - - - -] Creating RPC server for service conductor start /usr/lib/python3/dist-packages/nova/service.py:182
2026-03-09 00:34:58.927 137952 DEBUG oslo_service.service [req-456bfa6e-e8db-44b6-9e21-85344678f185 - - - - -] service_down_time = 60 log_opt_values /usr/lib/python3/dist-packages/oslo_config/cfg.py:2602
2026-03-09 00:34:58.928 137952 DEBUG oslo_service.service [req-456bfa6e-e8db-44b6-9e21-85344678f185 - - - - -] servicegroup_driver = db log_opt_values /usr/lib/python3/dist-packages/oslo_config/cfg.py:2602
2026-03-09 00:34:58.928 137952 DEBUG oslo_service.service [req-456bfa6e-e8db-44b6-9e21-85344678f185 - - - - -] shelved_offload_time = 0 log_opt_values /usr/lib/python3/dist-packages/oslo_config/cfg.py:2602
2026-03-09 00:34:58.928 137952 DEBUG oslo_service.service [req-456bfa6e-e8db-44b6-9e21-85344678f185 - - - - -] shelved_poll_interval = 3600 log_opt_values /usr/lib/python3/dist-packages/oslo_config/cfg.py:2602
2026-03-09 00:34:58.929 137952 DEBUG oslo_service.service [req-456bfa6e-e8db-44b6-9e21-85344678f185 - - - - -] shutdown_timeout = 60 log_opt_values /usr/lib/python3/dist-packages/oslo_config/cfg.py:2602
2026-03-09 00:34:58.929 137952 DEBUG oslo_service.service [req-456bfa6e-e8db-44b6-9e21-85344678f185 - - - - -] source_is_ipv6 = False log_opt_values /usr/lib/python3/dist-packages/oslo_config/cfg.py:2602
2026-03-09 00:34:58.930 137952 DEBUG oslo_service.service [req-456bfa6e-e8db-44b6-9e21-85344678f185 - - - - -] ssl_only = False log_opt_values /usr/lib/python3/dist-packages/oslo_config/cfg.py:2602
2026-03-09 00:34:58.930 137952 DEBUG oslo_service.service [req-456bfa6e-e8db-44b6-9e21-85344678f185 - - - - -] state_path = /var/lib/nova log_opt_values /usr/lib/python3/dist-packages/oslo_config/cfg.py:2602
2026-03-09 00:34:58.930 137952 DEBUG oslo_service.service [req-456bfa6e-e8db-44b6-9e21-85344678f185 - - - - -] sync_power_state_interval = 600 log_opt_values /usr/lib/python3/dist-packages/oslo_config/cfg.py:2602
2026-03-09 00:34:58.930 137952 DEBUG oslo_service.service [req-456bfa6e-e8db-44b6-9e21-85344678f185 - - - - -] sync_power_state_pool_size = 1000 log_opt_values /usr/lib/python3/dist-packages/oslo_config/cfg.py:2602
2026-03-09 00:34:58.930 137952 DEBUG oslo_service.service [req-456bfa6e-e8db-44b6-9e21-85344678f185 - - - - -] syslog_log_facility = LOG_USER log_opt_values /usr/lib/python3/dist-packages/oslo_config/cfg.py:2602
2026-03-09 00:34:58.930 137952 DEBUG oslo_service.service [req-456bfa6e-e8db-44b6-9e21-85344678f185 - - - - -] tempdir = None log_opt_values /usr/lib/python3/dist-packages/oslo_config/cfg.py:2602
2026-03-09 00:34:58.930 137952 DEBUG oslo_service.service [req-456bfa6e-e8db-44b6-9e21-85344678f185 - - - - -] timeout_nbd = 10 log_opt_values /usr/lib/python3/dist-packages/oslo_config/cfg.py:2602
2026-03-09 00:34:58.931 137952 DEBUG oslo_service.service [req-456bfa6e-e8db-44b6-9e21-85344678f185 - - - - -] transport_url = **** log_opt_values /usr/lib/python3/dist-packages/oslo_config/cfg.py:2602
2026-03-09 00:34:58.931 137952 DEBUG oslo_service.service [req-456bfa6e-e8db-44b6-9e21-85344678f185 - - - - -] update_resources_interval = 0 log_opt_values /usr/lib/python3/dist-packages/oslo_config/cfg.py:2602
2026-03-09 00:34:58.931 137952 DEBUG oslo_service.service [req-456bfa6e-e8db-44b6-9e21-85344678f185 - - - - -] use_cow_images = True log_opt_values /usr/lib/python3/dist-packages/oslo_config/cfg.py:2602
2026-03-09 00:34:58.931 137952 DEBUG oslo_service.service [req-456bfa6e-e8db-44b6-9e21-85344678f185 - - - - -] use_eventlog = False log_opt_values /usr/lib/python3/dist-packages/oslo_config/cfg.py:2602
2026-03-09 00:34:58.931 137952 DEBUG oslo_service.service [req-456bfa6e-e8db-44b6-9e21-85344678f185 - - - - -] use_journal = False log_opt_values /usr/lib/python3/dist-packages/oslo_config/cfg.py:2602
2026-03-09 00:34:58.931 137952 DEBUG oslo_service.service [req-456bfa6e-e8db-44b6-9e21-85344678f185 - - - - -] use_json = False log_opt_values /usr/lib/python3/dist-packages/oslo_config/cfg.py:2602
2026-03-09 00:34:58.932 137952 DEBUG oslo_service.service [req-456bfa6e-e8db-44b6-9e21-85344678f185 - - - - -] use_rootwrap_daemon = False log_opt_values /usr/lib/python3/dist-packages/oslo_config/cfg.py:2602
2026-03-09 00:34:58.932 137952 DEBUG oslo_service.service [req-456bfa6e-e8db-44b6-9e21-85344678f185 - - - - -] use_stderr = False log_opt_values /usr/lib/python3/dist-packages/oslo_config/cfg.py:2602
2026-03-09 00:34:58.932 137952 DEBUG oslo_service.service [req-456bfa6e-e8db-44b6-9e21-85344678f185 - - - - -] use_syslog = False log_opt_values /usr/lib/python3/dist-packages/oslo_config/cfg.py:2602
2026-03-09 00:34:58.932 137952 DEBUG oslo_service.service [req-456bfa6e-e8db-44b6-9e21-85344678f185 - - - - -] vcpu_pin_set = None log_opt_values /usr/lib/python3/dist-packages/oslo_config/cfg.py:2602
2026-03-09 00:34:58.932 137952 DEBUG oslo_service.service [req-456bfa6e-e8db-44b6-9e21-85344678f185 - - - - -] vif_plugging_is_fatal = True log_opt_values /usr/lib/python3/dist-packages/oslo_config/cfg.py:2602
2026-03-09 00:34:58.932 137952 DEBUG oslo_service.service [req-456bfa6e-e8db-44b6-9e21-85344678f185 - - - - -] vif_plugging_timeout = 300 log_opt_values /usr/lib/python3/dist-packages/oslo_config/cfg.py:2602
2026-03-09 00:34:58.933 137952 DEBUG oslo_service.service [req-456bfa6e-e8db-44b6-9e21-85344678f185 - - - - -] virt_mkfs = [] log_opt_values /usr/lib/python3/dist-packages/oslo_config/cfg.py:2602
2026-03-09 00:34:58.933 137952 DEBUG oslo_service.service [req-456bfa6e-e8db-44b6-9e21-85344678f185 - - - - -] volume_usage_poll_interval = 0 log_opt_values /usr/lib/python3/dist-packages/oslo_config/cfg.py:2602
2026-03-09 00:34:58.933 137952 DEBUG oslo_service.service [req-456bfa6e-e8db-44b6-9e21-85344678f185 - - - - -] watch_log_file = False log_opt_values /usr/lib/python3/dist-packages/oslo_config/cfg.py:2602
2026-03-09 00:34:58.933 137952 DEBUG oslo_service.service [req-456bfa6e-e8db-44b6-9e21-85344678f185 - - - - -] web = /usr/share/spice-html5 log_opt_values /usr/lib/python3/dist-packages/oslo_config/cfg.py:2602
2026-03-09 00:34:58.933 137952 DEBUG oslo_service.service [req-456bfa6e-e8db-44b6-9e21-85344678f185 - - - - -] oslo_concurrency.disable_process_locking = False log_opt_values /usr/lib/python3/dist-packages/oslo_config/cfg.py:2609
2026-03-09 00:34:58.934 137952 DEBUG oslo_service.service [req-456bfa6e-e8db-44b6-9e21-85344678f185 - - - - -] oslo_concurrency.lock_path = /var/lock/nova log_opt_values /usr/lib/python3/dist-packages/oslo_config/cfg.py:2609
2026-03-09 00:34:58.934 137952 DEBUG oslo_service.service [req-456bfa6e-e8db-44b6-9e21-85344678f185 - - - - -] oslo_messaging_metrics.metrics_buffer_size = 1000 log_opt_values /usr/lib/python3/dist-packages/oslo_config/cfg.py:2609
2026-03-09 00:34:58.935 137952 DEBUG oslo_service.service [req-456bfa6e-e8db-44b6-9e21-85344678f185 - - - - -] oslo_messaging_metrics.metrics_enabled = False log_opt_values /usr/lib/python3/dist-packages/oslo_config/cfg.py:2609
2026-03-09 00:34:58.935 139048 DEBUG oslo_messaging._drivers.amqpdriver [-] Listener is running poll /usr/lib/python3/dist-packages/oslo_messaging/_drivers/amqpdriver.py:343
2026-03-09 00:34:58.935 139048 DEBUG oslo_messaging._drivers.amqpdriver [-] AMQPListener connection consume poll /usr/lib/python3/dist-packages/oslo_messaging/_drivers/amqpdriver.py:357
2026-03-09 00:34:58.935 137952 DEBUG oslo_service.service [req-456bfa6e-e8db-44b6-9e21-85344678f185 - - - - -] oslo_messaging_metrics.metrics_process_name = log_opt_values /usr/lib/python3/dist-packages/oslo_config/cfg.py:2609
2026-03-09 00:34:58.936 139048 DEBUG nova.service [req-c3bebee3-f021-4fbd-a73e-f1233db8ff8e - - - - -] Join ServiceGroup membership for this service conductor start /usr/lib/python3/dist-packages/nova/service.py:199
2026-03-09 00:34:58.936 139048 DEBUG nova.servicegroup.drivers.db [req-c3bebee3-f021-4fbd-a73e-f1233db8ff8e - - - - -] DB_Driver: join new ServiceGroup member juju-8f1831-0-lxd-7 to the conductor group, service = join /usr/lib/python3/dist-packages/nova/servicegroup/drivers/db.py:44
2026-03-09 00:34:58.937 139048 DEBUG oslo_messaging._drivers.amqpdriver [-] received message msg_id: 233f61cd19d748749ec910e9260c6fea reply to reply_ba5f2495c223426ab167838635627862 __call__ /usr/lib/python3/dist-packages/oslo_messaging/_drivers/amqpdriver.py:320
2026-03-09 00:34:58.936 137952 DEBUG oslo_service.service [req-456bfa6e-e8db-44b6-9e21-85344678f185 - - - - -] oslo_messaging_metrics.metrics_socket_file = /var/tmp/metrics_collector.sock log_opt_values /usr/lib/python3/dist-packages/oslo_config/cfg.py:2609
2026-03-09 00:34:58.939 137952 DEBUG oslo_service.service [req-456bfa6e-e8db-44b6-9e21-85344678f185 - - - - -] oslo_messaging_metrics.metrics_thread_stop_timeout = 10 log_opt_values /usr/lib/python3/dist-packages/oslo_config/cfg.py:2609
2026-03-09 00:34:58.939 139048 DEBUG oslo_messaging._drivers.amqpdriver [-] AMQPListener connection timeout poll /usr/lib/python3/dist-packages/oslo_messaging/_drivers/amqpdriver.py:360
2026-03-09 00:34:58.939 139048 DEBUG oslo_messaging._drivers.amqpdriver [-] Listener is running poll /usr/lib/python3/dist-packages/oslo_messaging/_drivers/amqpdriver.py:343
2026-03-09 00:34:58.940 139048 DEBUG oslo_messaging._drivers.amqpdriver [-] Poll the incoming message with unique_id: 4cb14f25b96449f5a8dcb10e05306032 poll /usr/lib/python3/dist-packages/oslo_messaging/_drivers/amqpdriver.py:346
2026-03-09 00:34:58.939 137952 WARNING oslo_config.cfg [req-456bfa6e-e8db-44b6-9e21-85344678f185 - - - - -] Deprecated: Option "auth_strategy" from group "api" is deprecated for removal ( The only non-default choice, ``noauth2``, is for internal development and testing purposes only and should not be used in deployments. This option and its middleware, NoAuthMiddleware[V2_18], will be removed in a future release. ). Its value may be silently ignored in the future.
2026-03-09 00:34:58.940 139048 DEBUG oslo_messaging._drivers.amqpdriver [-] Listener is running poll /usr/lib/python3/dist-packages/oslo_messaging/_drivers/amqpdriver.py:343
2026-03-09 00:34:58.940 139048 DEBUG oslo_messaging._drivers.amqpdriver [-] AMQPListener connection consume poll /usr/lib/python3/dist-packages/oslo_messaging/_drivers/amqpdriver.py:357
2026-03-09 00:34:58.940 137952 DEBUG oslo_service.service [req-456bfa6e-e8db-44b6-9e21-85344678f185 - - - - -] api.auth_strategy = keystone log_opt_values /usr/lib/python3/dist-packages/oslo_config/cfg.py:2609
2026-03-09 00:34:58.941 137952 DEBUG oslo_service.service [req-456bfa6e-e8db-44b6-9e21-85344678f185 - - - - -] api.compute_link_prefix = None log_opt_values /usr/lib/python3/dist-packages/oslo_config/cfg.py:2609
2026-03-09 00:34:58.945 139048 DEBUG oslo_messaging._drivers.amqpdriver [req-ba391d7e-4445-47f9-9f46-4f80d19cc2c0 - - - - -] sending reply msg_id: 233f61cd19d748749ec910e9260c6fea reply queue: reply_ba5f2495c223426ab167838635627862 time elapsed: 0.007920886999954746s _send_reply /usr/lib/python3/dist-packages/oslo_messaging/_drivers/amqpdriver.py:118
2026-03-09 00:34:58.946 139049 DEBUG oslo_messaging._drivers.amqpdriver [-] Listener is running poll /usr/lib/python3/dist-packages/oslo_messaging/_drivers/amqpdriver.py:343
2026-03-09 00:34:58.946 139049 DEBUG oslo_messaging._drivers.amqpdriver [-] AMQPListener connection consume poll /usr/lib/python3/dist-packages/oslo_messaging/_drivers/amqpdriver.py:357
2026-03-09 00:34:58.948 139049 DEBUG nova.service [req-6b0e3fc1-b5c3-40b8-b489-c078415639df - - - - -] Join ServiceGroup membership for this service conductor start /usr/lib/python3/dist-packages/nova/service.py:199
2026-03-09 00:34:58.949 139049 DEBUG nova.servicegroup.drivers.db [req-6b0e3fc1-b5c3-40b8-b489-c078415639df - - - - -] DB_Driver: join new ServiceGroup member juju-8f1831-0-lxd-7 to the conductor group, service = join /usr/lib/python3/dist-packages/nova/servicegroup/drivers/db.py:44
2026-03-09 00:34:58.950 139049 DEBUG oslo_messaging._drivers.amqpdriver [-] AMQPListener connection timeout poll /usr/lib/python3/dist-packages/oslo_messaging/_drivers/amqpdriver.py:360
2026-03-09 00:34:58.950 139049 DEBUG oslo_messaging._drivers.amqpdriver [-] Listener is running poll /usr/lib/python3/dist-packages/oslo_messaging/_drivers/amqpdriver.py:343
2026-03-09 00:34:58.950 139049 DEBUG oslo_messaging._drivers.amqpdriver [-] AMQPListener connection consume poll /usr/lib/python3/dist-packages/oslo_messaging/_drivers/amqpdriver.py:357
2026-03-09 00:34:58.942 137952 DEBUG oslo_service.service [req-456bfa6e-e8db-44b6-9e21-85344678f185 - - - - -] api.config_drive_skip_versions = 1.0 2007-01-19 2007-03-01 2007-08-29 2007-10-10 2007-12-15 2008-02-01 2008-09-01 log_opt_values /usr/lib/python3/dist-packages/oslo_config/cfg.py:2609
2026-03-09 00:34:58.951 137952 DEBUG oslo_service.service [req-456bfa6e-e8db-44b6-9e21-85344678f185 - - - - -] api.dhcp_domain = novalocal log_opt_values /usr/lib/python3/dist-packages/oslo_config/cfg.py:2609
2026-03-09 00:34:58.951 137952 DEBUG oslo_service.service [req-456bfa6e-e8db-44b6-9e21-85344678f185 - - - - -] api.enable_instance_password = True log_opt_values /usr/lib/python3/dist-packages/oslo_config/cfg.py:2609
2026-03-09 00:34:58.951 137952 DEBUG oslo_service.service [req-456bfa6e-e8db-44b6-9e21-85344678f185 - - - - -] api.glance_link_prefix = None log_opt_values /usr/lib/python3/dist-packages/oslo_config/cfg.py:2609
2026-03-09 00:34:58.952 137952 DEBUG oslo_service.service [req-456bfa6e-e8db-44b6-9e21-85344678f185 - - - - -] api.instance_list_cells_batch_fixed_size = 100 log_opt_values /usr/lib/python3/dist-packages/oslo_config/cfg.py:2609
2026-03-09 00:34:58.952 137952 DEBUG oslo_service.service [req-456bfa6e-e8db-44b6-9e21-85344678f185 - - - - -] api.instance_list_cells_batch_strategy = distributed log_opt_values /usr/lib/python3/dist-packages/oslo_config/cfg.py:2609
2026-03-09 00:34:58.952 137952 DEBUG oslo_service.service [req-456bfa6e-e8db-44b6-9e21-85344678f185 - - - - -] api.instance_list_per_project_cells = False log_opt_values /usr/lib/python3/dist-packages/oslo_config/cfg.py:2609
2026-03-09 00:34:58.952 137952 DEBUG oslo_service.service [req-456bfa6e-e8db-44b6-9e21-85344678f185 - - - - -] api.list_records_by_skipping_down_cells = True log_opt_values /usr/lib/python3/dist-packages/oslo_config/cfg.py:2609
2026-03-09 00:34:58.952 137952 DEBUG oslo_service.service [req-456bfa6e-e8db-44b6-9e21-85344678f185 - - - - -] api.local_metadata_per_cell = False log_opt_values /usr/lib/python3/dist-packages/oslo_config/cfg.py:2609
2026-03-09 00:34:58.952 137952 DEBUG oslo_service.service [req-456bfa6e-e8db-44b6-9e21-85344678f185 - - - - -] api.max_limit = 1000 log_opt_values /usr/lib/python3/dist-packages/oslo_config/cfg.py:2609
2026-03-09 00:34:58.953 137952 DEBUG oslo_service.service [req-456bfa6e-e8db-44b6-9e21-85344678f185 - - - - -] api.metadata_cache_expiration = 15 log_opt_values /usr/lib/python3/dist-packages/oslo_config/cfg.py:2609
2026-03-09 00:34:58.953 137952 DEBUG oslo_service.service [req-456bfa6e-e8db-44b6-9e21-85344678f185 - - - - -] api.neutron_default_tenant_id = default log_opt_values /usr/lib/python3/dist-packages/oslo_config/cfg.py:2609
2026-03-09 00:34:58.953 137952 DEBUG oslo_service.service [req-456bfa6e-e8db-44b6-9e21-85344678f185 - - - - -] api.use_forwarded_for = False log_opt_values /usr/lib/python3/dist-packages/oslo_config/cfg.py:2609
2026-03-09 00:34:58.953 137952 DEBUG oslo_service.service [req-456bfa6e-e8db-44b6-9e21-85344678f185 - - - - -] api.use_neutron_default_nets = False log_opt_values /usr/lib/python3/dist-packages/oslo_config/cfg.py:2609
2026-03-09 00:34:58.953 137952 DEBUG oslo_service.service [req-456bfa6e-e8db-44b6-9e21-85344678f185 - - - - -] api.vendordata_dynamic_connect_timeout = 5 log_opt_values /usr/lib/python3/dist-packages/oslo_config/cfg.py:2609
2026-03-09 00:34:58.953 137952 DEBUG oslo_service.service [req-456bfa6e-e8db-44b6-9e21-85344678f185 - - - - -] api.vendordata_dynamic_failure_fatal = False log_opt_values /usr/lib/python3/dist-packages/oslo_config/cfg.py:2609
2026-03-09 00:34:58.954 137952 DEBUG oslo_service.service [req-456bfa6e-e8db-44b6-9e21-85344678f185 - - - - -] api.vendordata_dynamic_read_timeout = 5 log_opt_values /usr/lib/python3/dist-packages/oslo_config/cfg.py:2609
2026-03-09 00:34:58.953 139056 DEBUG oslo_messaging._drivers.amqpdriver [-] Listener is running poll /usr/lib/python3/dist-packages/oslo_messaging/_drivers/amqpdriver.py:343
2026-03-09 00:34:58.954 137952 DEBUG oslo_service.service [req-456bfa6e-e8db-44b6-9e21-85344678f185 - - - - -] api.vendordata_dynamic_ssl_certfile = log_opt_values /usr/lib/python3/dist-packages/oslo_config/cfg.py:2609
2026-03-09 00:34:58.954 139056 DEBUG oslo_messaging._drivers.amqpdriver [-] AMQPListener connection consume poll /usr/lib/python3/dist-packages/oslo_messaging/_drivers/amqpdriver.py:357
2026-03-09 00:34:58.954 137952 DEBUG oslo_service.service [req-456bfa6e-e8db-44b6-9e21-85344678f185 - - - - -] api.vendordata_dynamic_targets = [] log_opt_values /usr/lib/python3/dist-packages/oslo_config/cfg.py:2609
2026-03-09 00:34:58.954 137952 DEBUG oslo_service.service [req-456bfa6e-e8db-44b6-9e21-85344678f185 - - - - -] api.vendordata_jsonfile_path = None log_opt_values /usr/lib/python3/dist-packages/oslo_config/cfg.py:2609
2026-03-09 00:34:58.955 137952 DEBUG oslo_service.service [req-456bfa6e-e8db-44b6-9e21-85344678f185 - - - - -] api.vendordata_providers = ['StaticJSON'] log_opt_values /usr/lib/python3/dist-packages/oslo_config/cfg.py:2609
2026-03-09 00:34:58.954 139056 DEBUG nova.service [req-5d2aada6-9eca-480e-bf29-b4f23b013197 - - - - -] Join ServiceGroup membership for this service conductor start /usr/lib/python3/dist-packages/nova/service.py:199
2026-03-09 00:34:58.955 139056 DEBUG nova.servicegroup.drivers.db [req-5d2aada6-9eca-480e-bf29-b4f23b013197 - - - - -] DB_Driver: join new ServiceGroup member juju-8f1831-0-lxd-7 to the conductor group, service = join /usr/lib/python3/dist-packages/nova/servicegroup/drivers/db.py:44
2026-03-09 00:34:58.955 139051 DEBUG oslo_messaging._drivers.amqpdriver [-] Listener is running poll /usr/lib/python3/dist-packages/oslo_messaging/_drivers/amqpdriver.py:343
2026-03-09 00:34:58.955 139051 DEBUG oslo_messaging._drivers.amqpdriver [-] AMQPListener connection consume poll /usr/lib/python3/dist-packages/oslo_messaging/_drivers/amqpdriver.py:357
2026-03-09 00:34:58.956 139051 DEBUG nova.service [req-188a7e6f-8b16-4ac7-b08a-11fb52bb6826 - - - - -] Join ServiceGroup membership for this service conductor start /usr/lib/python3/dist-packages/nova/service.py:199
2026-03-09 00:34:58.956 139051 DEBUG nova.servicegroup.drivers.db [req-188a7e6f-8b16-4ac7-b08a-11fb52bb6826 - - - - -] DB_Driver: join new ServiceGroup member juju-8f1831-0-lxd-7 to the conductor group, service = join /usr/lib/python3/dist-packages/nova/servicegroup/drivers/db.py:44
2026-03-09 00:34:58.957 137952 DEBUG oslo_service.service [req-456bfa6e-e8db-44b6-9e21-85344678f185 - - - - -] cache.backend = dogpile.cache.null log_opt_values /usr/lib/python3/dist-packages/oslo_config/cfg.py:2609
2026-03-09 00:34:58.957 137952 DEBUG oslo_service.service [req-456bfa6e-e8db-44b6-9e21-85344678f185 - - - - -] cache.backend_argument = **** log_opt_values /usr/lib/python3/dist-packages/oslo_config/cfg.py:2609
2026-03-09 00:34:58.957 137952 DEBUG oslo_service.service [req-456bfa6e-e8db-44b6-9e21-85344678f185 - - - - -] cache.config_prefix = cache.oslo log_opt_values /usr/lib/python3/dist-packages/oslo_config/cfg.py:2609
2026-03-09 00:34:58.958 139056 DEBUG oslo_messaging._drivers.amqpdriver [-] AMQPListener connection timeout poll /usr/lib/python3/dist-packages/oslo_messaging/_drivers/amqpdriver.py:360
2026-03-09 00:34:58.958 137952 DEBUG oslo_service.service [req-456bfa6e-e8db-44b6-9e21-85344678f185 - - - - -] cache.debug_cache_backend = False log_opt_values /usr/lib/python3/dist-packages/oslo_config/cfg.py:2609
2026-03-09 00:34:58.958 139056 DEBUG oslo_messaging._drivers.amqpdriver [-] Listener is running poll /usr/lib/python3/dist-packages/oslo_messaging/_drivers/amqpdriver.py:343
2026-03-09 00:34:58.958 137952 DEBUG oslo_service.service [req-456bfa6e-e8db-44b6-9e21-85344678f185 - - - - -] cache.enabled = False log_opt_values /usr/lib/python3/dist-packages/oslo_config/cfg.py:2609
2026-03-09 00:34:58.958 139056 DEBUG oslo_messaging._drivers.amqpdriver [-] AMQPListener connection consume poll /usr/lib/python3/dist-packages/oslo_messaging/_drivers/amqpdriver.py:357
2026-03-09 00:34:58.958 137952 DEBUG oslo_service.service [req-456bfa6e-e8db-44b6-9e21-85344678f185 - - - - -] cache.expiration_time = 600 log_opt_values /usr/lib/python3/dist-packages/oslo_config/cfg.py:2609
2026-03-09 00:34:58.958 137952 DEBUG oslo_service.service [req-456bfa6e-e8db-44b6-9e21-85344678f185 - - - - -] cache.memcache_dead_retry = 300 log_opt_values /usr/lib/python3/dist-packages/oslo_config/cfg.py:2609
2026-03-09 00:34:58.958 137952 DEBUG oslo_service.service [req-456bfa6e-e8db-44b6-9e21-85344678f185 - - - - -] cache.memcache_pool_connection_get_timeout = 10 log_opt_values /usr/lib/python3/dist-packages/oslo_config/cfg.py:2609
2026-03-09 00:34:58.958 137952 DEBUG oslo_service.service [req-456bfa6e-e8db-44b6-9e21-85344678f185 - - - - -] cache.memcache_pool_flush_on_reconnect = False log_opt_values /usr/lib/python3/dist-packages/oslo_config/cfg.py:2609
2026-03-09 00:34:58.959 137952 DEBUG oslo_service.service [req-456bfa6e-e8db-44b6-9e21-85344678f185 - - - - -] cache.memcache_pool_maxsize = 10 log_opt_values /usr/lib/python3/dist-packages/oslo_config/cfg.py:2609
2026-03-09 00:34:58.959 137952 DEBUG oslo_service.service [req-456bfa6e-e8db-44b6-9e21-85344678f185 - - - - -] cache.memcache_pool_unused_timeout = 60 log_opt_values /usr/lib/python3/dist-packages/oslo_config/cfg.py:2609
2026-03-09 00:34:58.959 137952 DEBUG oslo_service.service [req-456bfa6e-e8db-44b6-9e21-85344678f185 - - - - -] cache.memcache_servers = ['localhost:11211'] log_opt_values /usr/lib/python3/dist-packages/oslo_config/cfg.py:2609
2026-03-09 00:34:58.959 137952 DEBUG oslo_service.service [req-456bfa6e-e8db-44b6-9e21-85344678f185 - - - - -] cache.memcache_socket_timeout = 1.0 log_opt_values /usr/lib/python3/dist-packages/oslo_config/cfg.py:2609
2026-03-09 00:34:58.960 137952 DEBUG oslo_service.service [req-456bfa6e-e8db-44b6-9e21-85344678f185 - - - - -] cache.proxies = [] log_opt_values /usr/lib/python3/dist-packages/oslo_config/cfg.py:2609
2026-03-09 00:34:58.960 137952 DEBUG oslo_service.service [req-456bfa6e-e8db-44b6-9e21-85344678f185 - - - - -] cache.tls_allowed_ciphers = None log_opt_values /usr/lib/python3/dist-packages/oslo_config/cfg.py:2609
2026-03-09 00:34:58.960 137952 DEBUG oslo_service.service [req-456bfa6e-e8db-44b6-9e21-85344678f185 - - - - -] cache.tls_cafile = None log_opt_values /usr/lib/python3/dist-packages/oslo_config/cfg.py:2609
2026-03-09 00:34:58.960 137952 DEBUG oslo_service.service [req-456bfa6e-e8db-44b6-9e21-85344678f185 - - - - -] cache.tls_certfile = None log_opt_values /usr/lib/python3/dist-packages/oslo_config/cfg.py:2609
2026-03-09 00:34:58.960 137952 DEBUG oslo_service.service [req-456bfa6e-e8db-44b6-9e21-85344678f185 - - - - -] cache.tls_enabled = False log_opt_values /usr/lib/python3/dist-packages/oslo_config/cfg.py:2609
2026-03-09 00:34:58.961 137952 DEBUG oslo_service.service [req-456bfa6e-e8db-44b6-9e21-85344678f185 - - - - -] cache.tls_keyfile = None log_opt_values /usr/lib/python3/dist-packages/oslo_config/cfg.py:2609
2026-03-09 00:34:58.961 137952 DEBUG oslo_service.service [req-456bfa6e-e8db-44b6-9e21-85344678f185 - - - - -] cinder.auth_section = None log_opt_values /usr/lib/python3/dist-packages/oslo_config/cfg.py:2609
2026-03-09 00:34:58.961 139051 DEBUG oslo_messaging._drivers.amqpdriver [-] AMQPListener connection timeout poll /usr/lib/python3/dist-packages/oslo_messaging/_drivers/amqpdriver.py:360
2026-03-09 00:34:58.961 139051 DEBUG oslo_messaging._drivers.amqpdriver [-] Listener is running poll /usr/lib/python3/dist-packages/oslo_messaging/_drivers/amqpdriver.py:343
2026-03-09 00:34:58.962 139051 DEBUG oslo_messaging._drivers.amqpdriver [-] AMQPListener connection consume poll /usr/lib/python3/dist-packages/oslo_messaging/_drivers/amqpdriver.py:357
2026-03-09 00:34:58.961 137952 DEBUG oslo_service.service [req-456bfa6e-e8db-44b6-9e21-85344678f185 - - - - -] cinder.auth_type = None log_opt_values /usr/lib/python3/dist-packages/oslo_config/cfg.py:2609
2026-03-09 00:34:58.962 137952 DEBUG oslo_service.service [req-456bfa6e-e8db-44b6-9e21-85344678f185 - - - - -] cinder.cafile = None log_opt_values /usr/lib/python3/dist-packages/oslo_config/cfg.py:2609
2026-03-09 00:34:58.962 137952 DEBUG oslo_service.service [req-456bfa6e-e8db-44b6-9e21-85344678f185 - - - - -] cinder.catalog_info = volumev3::publicURL log_opt_values /usr/lib/python3/dist-packages/oslo_config/cfg.py:2609
2026-03-09 00:34:58.962 137952 DEBUG oslo_service.service [req-456bfa6e-e8db-44b6-9e21-85344678f185 - - - - -] cinder.certfile = None log_opt_values /usr/lib/python3/dist-packages/oslo_config/cfg.py:2609
2026-03-09 00:34:58.962 137952 DEBUG oslo_service.service [req-456bfa6e-e8db-44b6-9e21-85344678f185 - - - - -] cinder.collect_timing = False log_opt_values /usr/lib/python3/dist-packages/oslo_config/cfg.py:2609
2026-03-09 00:34:58.963 137952 DEBUG oslo_service.service [req-456bfa6e-e8db-44b6-9e21-85344678f185 - - - - -] cinder.cross_az_attach = True log_opt_values /usr/lib/python3/dist-packages/oslo_config/cfg.py:2609
2026-03-09 00:34:58.963 137952 DEBUG oslo_service.service [req-456bfa6e-e8db-44b6-9e21-85344678f185 - - - - -] cinder.debug = False log_opt_values /usr/lib/python3/dist-packages/oslo_config/cfg.py:2609
2026-03-09 00:34:58.963 137952 DEBUG oslo_service.service [req-456bfa6e-e8db-44b6-9e21-85344678f185 - - - - -] cinder.endpoint_template = None log_opt_values /usr/lib/python3/dist-packages/oslo_config/cfg.py:2609
2026-03-09 00:34:58.963 137952 DEBUG oslo_service.service [req-456bfa6e-e8db-44b6-9e21-85344678f185 - - - - -] cinder.http_retries = 3 log_opt_values /usr/lib/python3/dist-packages/oslo_config/cfg.py:2609
2026-03-09 00:34:58.963 137952 DEBUG oslo_service.service [req-456bfa6e-e8db-44b6-9e21-85344678f185 - - - - -] cinder.insecure = False log_opt_values /usr/lib/python3/dist-packages/oslo_config/cfg.py:2609
2026-03-09 00:34:58.963 137952 DEBUG oslo_service.service [req-456bfa6e-e8db-44b6-9e21-85344678f185 - - - - -] cinder.keyfile = None log_opt_values /usr/lib/python3/dist-packages/oslo_config/cfg.py:2609
2026-03-09 00:34:58.964 137952 DEBUG oslo_service.service [req-456bfa6e-e8db-44b6-9e21-85344678f185 - - - - -] cinder.os_region_name = None log_opt_values /usr/lib/python3/dist-packages/oslo_config/cfg.py:2609
2026-03-09 00:34:58.964 137952 DEBUG oslo_service.service [req-456bfa6e-e8db-44b6-9e21-85344678f185 - - - - -] cinder.split_loggers = False log_opt_values /usr/lib/python3/dist-packages/oslo_config/cfg.py:2609
2026-03-09 00:34:58.964 137952 DEBUG oslo_service.service [req-456bfa6e-e8db-44b6-9e21-85344678f185 - - - - -] cinder.timeout = None log_opt_values /usr/lib/python3/dist-packages/oslo_config/cfg.py:2609
2026-03-09 00:34:58.964 137952 DEBUG oslo_service.service [req-456bfa6e-e8db-44b6-9e21-85344678f185 - - - - -] compute.consecutive_build_service_disable_threshold = 10 log_opt_values /usr/lib/python3/dist-packages/oslo_config/cfg.py:2609
2026-03-09 00:34:58.964 137952 DEBUG oslo_service.service [req-456bfa6e-e8db-44b6-9e21-85344678f185 - - - - -] compute.cpu_dedicated_set = None log_opt_values /usr/lib/python3/dist-packages/oslo_config/cfg.py:2609
2026-03-09 00:34:58.964 137952 DEBUG oslo_service.service [req-456bfa6e-e8db-44b6-9e21-85344678f185 - - - - -] compute.cpu_shared_set = None log_opt_values /usr/lib/python3/dist-packages/oslo_config/cfg.py:2609
2026-03-09 00:34:58.965 137952 DEBUG oslo_service.service [req-456bfa6e-e8db-44b6-9e21-85344678f185 - - - - -] compute.image_type_exclude_list = [] log_opt_values /usr/lib/python3/dist-packages/oslo_config/cfg.py:2609
2026-03-09 00:34:58.965 137952 DEBUG oslo_service.service [req-456bfa6e-e8db-44b6-9e21-85344678f185 - - - - -] compute.live_migration_wait_for_vif_plug = True log_opt_values /usr/lib/python3/dist-packages/oslo_config/cfg.py:2609
2026-03-09 00:34:58.965 137952 DEBUG oslo_service.service [req-456bfa6e-e8db-44b6-9e21-85344678f185 - - - - -] compute.max_concurrent_disk_ops = 0 log_opt_values /usr/lib/python3/dist-packages/oslo_config/cfg.py:2609
2026-03-09 00:34:58.965 137952 DEBUG oslo_service.service [req-456bfa6e-e8db-44b6-9e21-85344678f185 - - - - -] compute.max_disk_devices_to_attach = -1 log_opt_values /usr/lib/python3/dist-packages/oslo_config/cfg.py:2609
2026-03-09 00:34:58.965 137952 DEBUG oslo_service.service [req-456bfa6e-e8db-44b6-9e21-85344678f185 - - - - -] compute.packing_host_numa_cells_allocation_strategy = True log_opt_values /usr/lib/python3/dist-packages/oslo_config/cfg.py:2609
2026-03-09 00:34:58.965 137952 DEBUG oslo_service.service [req-456bfa6e-e8db-44b6-9e21-85344678f185 - - - - -] compute.provider_config_location = /etc/nova/provider_config/ log_opt_values /usr/lib/python3/dist-packages/oslo_config/cfg.py:2609
2026-03-09 00:34:58.966 137952 DEBUG oslo_service.service [req-456bfa6e-e8db-44b6-9e21-85344678f185 - - - - -] compute.resource_provider_association_refresh = 300 log_opt_values /usr/lib/python3/dist-packages/oslo_config/cfg.py:2609
2026-03-09 00:34:58.966 137952 DEBUG oslo_service.service [req-456bfa6e-e8db-44b6-9e21-85344678f185 - - - - -] compute.shutdown_retry_interval = 10 log_opt_values /usr/lib/python3/dist-packages/oslo_config/cfg.py:2609
2026-03-09 00:34:58.966 137952 DEBUG oslo_service.service [req-456bfa6e-e8db-44b6-9e21-85344678f185 - - - - -] compute.vmdk_allowed_types = ['streamOptimized', 'monolithicSparse'] log_opt_values /usr/lib/python3/dist-packages/oslo_config/cfg.py:2609
2026-03-09 00:34:58.966 137952 DEBUG oslo_service.service [req-456bfa6e-e8db-44b6-9e21-85344678f185 - - - - -] conductor.workers = 4 log_opt_values /usr/lib/python3/dist-packages/oslo_config/cfg.py:2609
2026-03-09 00:34:58.966 137952 DEBUG oslo_service.service [req-456bfa6e-e8db-44b6-9e21-85344678f185 - - - - -] console.allowed_origins = [] log_opt_values /usr/lib/python3/dist-packages/oslo_config/cfg.py:2609
2026-03-09 00:34:58.967 137952 DEBUG oslo_service.service [req-456bfa6e-e8db-44b6-9e21-85344678f185 - - - - -] console.ssl_ciphers = None log_opt_values /usr/lib/python3/dist-packages/oslo_config/cfg.py:2609
