2026-03-09 02:01:25.578 7 DEBUG oslo_service.service [-] ml2_type_gre.tunnel_id_ranges = [] log_opt_values /var/lib/kolla/venv/lib/python3.6/site-packages/oslo_config/cfg.py:2611
2026-03-09 02:01:25.578 7 DEBUG oslo_service.service [-] ml2_type_vlan.network_vlan_ranges = [] log_opt_values /var/lib/kolla/venv/lib/python3.6/site-packages/oslo_config/cfg.py:2611
2026-03-09 02:01:25.578 7 DEBUG oslo_service.service [-] ml2_type_vxlan.vni_ranges = [] log_opt_values /var/lib/kolla/venv/lib/python3.6/site-packages/oslo_config/cfg.py:2611
2026-03-09 02:01:25.578 7 DEBUG oslo_service.service [-] ml2_type_vxlan.vxlan_group = None log_opt_values /var/lib/kolla/venv/lib/python3.6/site-packages/oslo_config/cfg.py:2611
2026-03-09 02:01:25.578 7 DEBUG oslo_service.service [-] database.backend = sqlalchemy log_opt_values /var/lib/kolla/venv/lib/python3.6/site-packages/oslo_config/cfg.py:2611
2026-03-09 02:01:25.578 7 DEBUG oslo_service.service [-] database.connection = **** log_opt_values /var/lib/kolla/venv/lib/python3.6/site-packages/oslo_config/cfg.py:2611
2026-03-09 02:01:25.578 7 DEBUG oslo_service.service [-] database.connection_debug = 0 log_opt_values /var/lib/kolla/venv/lib/python3.6/site-packages/oslo_config/cfg.py:2611
2026-03-09 02:01:25.578 7 DEBUG oslo_service.service [-] database.connection_parameters = log_opt_values /var/lib/kolla/venv/lib/python3.6/site-packages/oslo_config/cfg.py:2611
2026-03-09 02:01:25.579 7 DEBUG oslo_service.service [-] database.connection_recycle_time = 10 log_opt_values /var/lib/kolla/venv/lib/python3.6/site-packages/oslo_config/cfg.py:2611
2026-03-09 02:01:25.579 7 DEBUG oslo_service.service [-] database.connection_trace = False log_opt_values /var/lib/kolla/venv/lib/python3.6/site-packages/oslo_config/cfg.py:2611
2026-03-09 02:01:25.579 7 DEBUG oslo_service.service [-] database.db_inc_retry_interval = True log_opt_values /var/lib/kolla/venv/lib/python3.6/site-packages/oslo_config/cfg.py:2611
2026-03-09 02:01:25.579 7 DEBUG oslo_service.service [-] database.db_max_retries = 20 log_opt_values /var/lib/kolla/venv/lib/python3.6/site-packages/oslo_config/cfg.py:2611
2026-03-09 02:01:25.579 7 DEBUG oslo_service.service [-] database.db_max_retry_interval = 10 log_opt_values /var/lib/kolla/venv/lib/python3.6/site-packages/oslo_config/cfg.py:2611
2026-03-09 02:01:25.579 7 DEBUG oslo_service.service [-] database.db_retry_interval = 1 log_opt_values /var/lib/kolla/venv/lib/python3.6/site-packages/oslo_config/cfg.py:2611
2026-03-09 02:01:25.579 7 DEBUG oslo_service.service [-] database.max_overflow = 50 log_opt_values /var/lib/kolla/venv/lib/python3.6/site-packages/oslo_config/cfg.py:2611
2026-03-09 02:01:25.579 7 DEBUG oslo_service.service [-] database.max_pool_size = 1 log_opt_values /var/lib/kolla/venv/lib/python3.6/site-packages/oslo_config/cfg.py:2611
2026-03-09 02:01:25.579 7 DEBUG oslo_service.service [-] database.max_retries = -1 log_opt_values /var/lib/kolla/venv/lib/python3.6/site-packages/oslo_config/cfg.py:2611
2026-03-09 02:01:25.579 7 DEBUG oslo_service.service [-] database.mysql_enable_ndb = False log_opt_values /var/lib/kolla/venv/lib/python3.6/site-packages/oslo_config/cfg.py:2611
2026-03-09 02:01:25.579 7 DEBUG oslo_service.service [-] database.mysql_sql_mode = TRADITIONAL log_opt_values /var/lib/kolla/venv/lib/python3.6/site-packages/oslo_config/cfg.py:2611
2026-03-09 02:01:25.579 7 DEBUG oslo_service.service [-] database.pool_timeout = None log_opt_values /var/lib/kolla/venv/lib/python3.6/site-packages/oslo_config/cfg.py:2611
2026-03-09 02:01:25.579 7 DEBUG oslo_service.service [-] database.retry_interval = 10 log_opt_values /var/lib/kolla/venv/lib/python3.6/site-packages/oslo_config/cfg.py:2611
2026-03-09 02:01:25.580 7 DEBUG oslo_service.service [-] database.slave_connection = **** log_opt_values /var/lib/kolla/venv/lib/python3.6/site-packages/oslo_config/cfg.py:2611
2026-03-09 02:01:25.580 7 DEBUG oslo_service.service [-] database.sqlite_synchronous = True log_opt_values /var/lib/kolla/venv/lib/python3.6/site-packages/oslo_config/cfg.py:2611
2026-03-09 02:01:25.580 7 DEBUG oslo_service.service [-] database.use_db_reconnect = False log_opt_values /var/lib/kolla/venv/lib/python3.6/site-packages/oslo_config/cfg.py:2611
2026-03-09 02:01:25.580 7 DEBUG oslo_service.service [-] ******************************************************************************** log_opt_values /var/lib/kolla/venv/lib/python3.6/site-packages/oslo_config/cfg.py:2613
2026-03-09 02:01:26.821 22 DEBUG neutron.wsgi [-] (22) accepted ('10.0.0.50', 40516) server /var/lib/kolla/venv/lib/python3.6/site-packages/eventlet/wsgi.py:1004
2026-03-09 02:01:26.829 22 INFO neutron.wsgi [-] 10.0.0.50 "GET / HTTP/1.1" status: 200 len: 227 time: 0.0059621
2026-03-09 02:01:29.272 23 DEBUG neutron.api.rpc.handlers.dhcp_rpc [req-53c205b1-3f25-4ef1-bb3f-03f176c19c72 - - - - -] get_active_networks_info from cn-jenkins-deploy-platform-ansible-os-5453-1 get_active_networks_info /var/lib/kolla/venv/lib/python3.6/site-packages/neutron/api/rpc/handlers/dhcp_rpc.py:159
2026-03-09 02:01:29.293 26 DEBUG neutron_lib.callbacks.manager [req-d6277e55-ec9e-48d7-83a3-cfbdab578040 - - - - -] Publish callbacks ['neutron.services.segments.db._update_segment_host_mapping_for_agent-8735038586995', 'neutron.services.l3_router.l3_router_plugin.DVRResourceOperationHandler.create_fip_agent_gw_ports-592387'] for agent (fa2a4890-887e-4aa7-a827-5ecae7d18406), after_create _notify_loop /var/lib/kolla/venv/lib/python3.6/site-packages/neutron_lib/callbacks/manager.py:177
2026-03-09 02:01:29.312 23 DEBUG neutron.scheduler.dhcp_agent_scheduler [req-53c205b1-3f25-4ef1-bb3f-03f176c19c72 - - - - -] No non-hosted networks auto_schedule_networks /var/lib/kolla/venv/lib/python3.6/site-packages/neutron/scheduler/dhcp_agent_scheduler.py:60
2026-03-09 02:01:43.672 28 DEBUG neutron_lib.callbacks.manager [req-2545486a-1c0a-4a45-9dfb-e946611581ba - - - - -] Publish callbacks ['neutron.services.segments.db._update_segment_host_mapping_for_agent-8735038586995', 'neutron.services.l3_router.l3_router_plugin.DVRResourceOperationHandler.create_fip_agent_gw_ports-592387'] for agent (475cd450-1af2-41fe-b587-059729e43458), after_create _notify_loop /var/lib/kolla/venv/lib/python3.6/site-packages/neutron_lib/callbacks/manager.py:177
2026-03-09 02:01:56.876 22 DEBUG neutron.wsgi [-] (22) accepted ('10.0.0.50', 46818) server /var/lib/kolla/venv/lib/python3.6/site-packages/eventlet/wsgi.py:1004
2026-03-09 02:01:56.880 22 INFO neutron.wsgi [-] 10.0.0.50 "GET / HTTP/1.1" status: 200 len: 227 time: 0.0031950
2026-03-09 02:01:59.275 24 DEBUG neutron_lib.callbacks.manager [req-5e755a92-c10b-4c4c-86eb-b9525b761124 - - - - -] Publish callbacks ['neutron.services.segments.db._update_segment_host_mapping_for_agent-8735038586995', 'neutron.plugins.ml2.plugin.Ml2Plugin._retry_binding_revived_agents-3417813'] for agent (fa2a4890-887e-4aa7-a827-5ecae7d18406), after_update _notify_loop /var/lib/kolla/venv/lib/python3.6/site-packages/neutron_lib/callbacks/manager.py:177
2026-03-09 02:02:06.537 29 DEBUG neutron.db.agents_db [req-46dea28d-f3b5-41b9-aaa7-d194b764cbf7 - - - - -] Agent healthcheck: found 2 active agents agent_health_check /var/lib/kolla/venv/lib/python3.6/site-packages/neutron/db/agents_db.py:318
2026-03-09 02:02:13.643 27 DEBUG neutron_lib.callbacks.manager [req-2545486a-1c0a-4a45-9dfb-e946611581ba - - - - -] Publish callbacks ['neutron.services.segments.db._update_segment_host_mapping_for_agent-8735038586995', 'neutron.plugins.ml2.plugin.Ml2Plugin._retry_binding_revived_agents-3417813'] for agent (475cd450-1af2-41fe-b587-059729e43458), after_update _notify_loop /var/lib/kolla/venv/lib/python3.6/site-packages/neutron_lib/callbacks/manager.py:177
2026-03-09 02:02:26.927 22 DEBUG neutron.wsgi [-] (22) accepted ('10.0.0.50', 59688) server /var/lib/kolla/venv/lib/python3.6/site-packages/eventlet/wsgi.py:1004
2026-03-09 02:02:26.932 22 INFO neutron.wsgi [-] 10.0.0.50 "GET / HTTP/1.1" status: 200 len: 227 time: 0.0029783
2026-03-09 02:02:29.269 23 DEBUG neutron_lib.callbacks.manager [req-17e6119a-d3b3-4eee-b57c-eac73e2096f0 - - - - -] Publish callbacks ['neutron.services.segments.db._update_segment_host_mapping_for_agent-8735038586995', 'neutron.plugins.ml2.plugin.Ml2Plugin._retry_binding_revived_agents-3417813'] for agent (fa2a4890-887e-4aa7-a827-5ecae7d18406), after_update _notify_loop /var/lib/kolla/venv/lib/python3.6/site-packages/neutron_lib/callbacks/manager.py:177
2026-03-09 02:02:43.528 29 DEBUG neutron.db.agents_db [req-46dea28d-f3b5-41b9-aaa7-d194b764cbf7 - - - - -] Agent healthcheck: found 2 active agents agent_health_check /var/lib/kolla/venv/lib/python3.6/site-packages/neutron/db/agents_db.py:318
2026-03-09 02:02:43.646 25 DEBUG neutron_lib.callbacks.manager [req-2545486a-1c0a-4a45-9dfb-e946611581ba - - - - -] Publish callbacks ['neutron.services.segments.db._update_segment_host_mapping_for_agent-8735038586995', 'neutron.plugins.ml2.plugin.Ml2Plugin._retry_binding_revived_agents-3417813'] for agent (475cd450-1af2-41fe-b587-059729e43458), after_update _notify_loop /var/lib/kolla/venv/lib/python3.6/site-packages/neutron_lib/callbacks/manager.py:177
2026-03-09 02:02:56.975 22 DEBUG neutron.wsgi [-] (22) accepted ('10.0.0.50', 44348) server /var/lib/kolla/venv/lib/python3.6/site-packages/eventlet/wsgi.py:1004
2026-03-09 02:02:56.978 22 INFO neutron.wsgi [-] 10.0.0.50 "GET / HTTP/1.1" status: 200 len: 227 time: 0.0029185
2026-03-09 02:02:59.261 26 DEBUG neutron_lib.callbacks.manager [req-7cee67eb-bf30-4df3-bb0b-57d6f388346e - - - - -] Publish callbacks ['neutron.services.segments.db._update_segment_host_mapping_for_agent-8735038586995', 'neutron.plugins.ml2.plugin.Ml2Plugin._retry_binding_revived_agents-3417813'] for agent (fa2a4890-887e-4aa7-a827-5ecae7d18406), after_update _notify_loop /var/lib/kolla/venv/lib/python3.6/site-packages/neutron_lib/callbacks/manager.py:177
2026-03-09 02:03:13.636 28 DEBUG neutron_lib.callbacks.manager [req-2545486a-1c0a-4a45-9dfb-e946611581ba - - - - -] Publish callbacks ['neutron.services.segments.db._update_segment_host_mapping_for_agent-8735038586995', 'neutron.plugins.ml2.plugin.Ml2Plugin._retry_binding_revived_agents-3417813'] for agent (475cd450-1af2-41fe-b587-059729e43458), after_update _notify_loop /var/lib/kolla/venv/lib/python3.6/site-packages/neutron_lib/callbacks/manager.py:177
2026-03-09 02:03:20.529 29 DEBUG neutron.db.agents_db [req-46dea28d-f3b5-41b9-aaa7-d194b764cbf7 - - - - -] Agent healthcheck: found 2 active agents agent_health_check /var/lib/kolla/venv/lib/python3.6/site-packages/neutron/db/agents_db.py:318
2026-03-09 02:03:27.028 22 DEBUG neutron.wsgi [-] (22) accepted ('10.0.0.50', 38658) server /var/lib/kolla/venv/lib/python3.6/site-packages/eventlet/wsgi.py:1004
2026-03-09 02:03:27.031 22 INFO neutron.wsgi [-] 10.0.0.50 "GET / HTTP/1.1" status: 200 len: 227 time: 0.0029321
2026-03-09 02:03:29.258 24 DEBUG neutron_lib.callbacks.manager [req-e84aadad-6ef7-4e88-b7c9-752dfeceed8f - - - - -] Publish callbacks ['neutron.services.segments.db._update_segment_host_mapping_for_agent-8735038586995', 'neutron.plugins.ml2.plugin.Ml2Plugin._retry_binding_revived_agents-3417813'] for agent (fa2a4890-887e-4aa7-a827-5ecae7d18406), after_update _notify_loop /var/lib/kolla/venv/lib/python3.6/site-packages/neutron_lib/callbacks/manager.py:177
2026-03-09 02:03:43.639 27 DEBUG neutron_lib.callbacks.manager [req-2545486a-1c0a-4a45-9dfb-e946611581ba - - - - -] Publish callbacks ['neutron.services.segments.db._update_segment_host_mapping_for_agent-8735038586995', 'neutron.plugins.ml2.plugin.Ml2Plugin._retry_binding_revived_agents-3417813'] for agent (475cd450-1af2-41fe-b587-059729e43458), after_update _notify_loop /var/lib/kolla/venv/lib/python3.6/site-packages/neutron_lib/callbacks/manager.py:177
2026-03-09 02:03:57.084 22 DEBUG neutron.wsgi [-] (22) accepted ('10.0.0.50', 41556) server /var/lib/kolla/venv/lib/python3.6/site-packages/eventlet/wsgi.py:1004
2026-03-09 02:03:57.089 22 INFO neutron.wsgi [-] 10.0.0.50 "GET / HTTP/1.1" status: 200 len: 227 time: 0.0035093
2026-03-09 02:03:57.527 29 DEBUG neutron.db.agents_db [req-46dea28d-f3b5-41b9-aaa7-d194b764cbf7 - - - - -] Agent healthcheck: found 2 active agents agent_health_check /var/lib/kolla/venv/lib/python3.6/site-packages/neutron/db/agents_db.py:318
2026-03-09 02:03:59.256 23 DEBUG neutron_lib.callbacks.manager [req-61bd4c4c-ba3b-41d8-a3ac-4dbb92d7c6ce - - - - -] Publish callbacks ['neutron.services.segments.db._update_segment_host_mapping_for_agent-8735038586995', 'neutron.plugins.ml2.plugin.Ml2Plugin._retry_binding_revived_agents-3417813'] for agent (fa2a4890-887e-4aa7-a827-5ecae7d18406), after_update _notify_loop /var/lib/kolla/venv/lib/python3.6/site-packages/neutron_lib/callbacks/manager.py:177
2026-03-09 02:04:13.638 25 DEBUG neutron_lib.callbacks.manager [req-2545486a-1c0a-4a45-9dfb-e946611581ba - - - - -] Publish callbacks ['neutron.services.segments.db._update_segment_host_mapping_for_agent-8735038586995', 'neutron.plugins.ml2.plugin.Ml2Plugin._retry_binding_revived_agents-3417813'] for agent (475cd450-1af2-41fe-b587-059729e43458), after_update _notify_loop /var/lib/kolla/venv/lib/python3.6/site-packages/neutron_lib/callbacks/manager.py:177
2026-03-09 02:04:27.132 22 DEBUG neutron.wsgi [-] (22) accepted ('10.0.0.50', 45166) server /var/lib/kolla/venv/lib/python3.6/site-packages/eventlet/wsgi.py:1004
2026-03-09 02:04:27.136 22 INFO neutron.wsgi [-] 10.0.0.50 "GET / HTTP/1.1" status: 200 len: 227 time: 0.0025823
2026-03-09 02:04:29.255 26 DEBUG neutron_lib.callbacks.manager [req-a66f4f28-608a-4bc3-b83a-777c4ee1e8c3 - - - - -] Publish callbacks ['neutron.services.segments.db._update_segment_host_mapping_for_agent-8735038586995', 'neutron.plugins.ml2.plugin.Ml2Plugin._retry_binding_revived_agents-3417813'] for agent (fa2a4890-887e-4aa7-a827-5ecae7d18406), after_update _notify_loop /var/lib/kolla/venv/lib/python3.6/site-packages/neutron_lib/callbacks/manager.py:177
2026-03-09 02:04:34.529 29 DEBUG neutron.db.agents_db [req-46dea28d-f3b5-41b9-aaa7-d194b764cbf7 - - - - -] Agent healthcheck: found 2 active agents agent_health_check /var/lib/kolla/venv/lib/python3.6/site-packages/neutron/db/agents_db.py:318
2026-03-09 02:04:43.641 28 DEBUG neutron_lib.callbacks.manager [req-2545486a-1c0a-4a45-9dfb-e946611581ba - - - - -] Publish callbacks ['neutron.services.segments.db._update_segment_host_mapping_for_agent-8735038586995', 'neutron.plugins.ml2.plugin.Ml2Plugin._retry_binding_revived_agents-3417813'] for agent (475cd450-1af2-41fe-b587-059729e43458), after_update _notify_loop /var/lib/kolla/venv/lib/python3.6/site-packages/neutron_lib/callbacks/manager.py:177
2026-03-09 02:04:57.184 22 DEBUG neutron.wsgi [-] (22) accepted ('10.0.0.50', 49432) server /var/lib/kolla/venv/lib/python3.6/site-packages/eventlet/wsgi.py:1004
2026-03-09 02:04:57.188 22 INFO neutron.wsgi [-] 10.0.0.50 "GET / HTTP/1.1" status: 200 len: 227 time: 0.0031066
2026-03-09 02:04:59.252 24 DEBUG neutron_lib.callbacks.manager [req-1d6536ab-ff61-49d5-91e1-cdf1baca9177 - - - - -] Publish callbacks ['neutron.services.segments.db._update_segment_host_mapping_for_agent-8735038586995', 'neutron.plugins.ml2.plugin.Ml2Plugin._retry_binding_revived_agents-3417813'] for agent (fa2a4890-887e-4aa7-a827-5ecae7d18406), after_update _notify_loop /var/lib/kolla/venv/lib/python3.6/site-packages/neutron_lib/callbacks/manager.py:177
2026-03-09 02:05:11.528 29 DEBUG neutron.db.agents_db [req-46dea28d-f3b5-41b9-aaa7-d194b764cbf7 - - - - -] Agent healthcheck: found 2 active agents agent_health_check /var/lib/kolla/venv/lib/python3.6/site-packages/neutron/db/agents_db.py:318
2026-03-09 02:05:13.642 27 DEBUG neutron_lib.callbacks.manager [req-2545486a-1c0a-4a45-9dfb-e946611581ba - - - - -] Publish callbacks ['neutron.services.segments.db._update_segment_host_mapping_for_agent-8735038586995', 'neutron.plugins.ml2.plugin.Ml2Plugin._retry_binding_revived_agents-3417813'] for agent (475cd450-1af2-41fe-b587-059729e43458), after_update _notify_loop /var/lib/kolla/venv/lib/python3.6/site-packages/neutron_lib/callbacks/manager.py:177
2026-03-09 02:05:27.236 22 DEBUG neutron.wsgi [-] (22) accepted ('10.0.0.50', 56006) server /var/lib/kolla/venv/lib/python3.6/site-packages/eventlet/wsgi.py:1004
2026-03-09 02:05:27.239 22 INFO neutron.wsgi [-] 10.0.0.50 "GET / HTTP/1.1" status: 200 len: 227 time: 0.0027699
2026-03-09 02:05:29.251 23 DEBUG neutron_lib.callbacks.manager [req-02d3a653-a803-4b19-9f70-2e00fabff0d2 - - - - -] Publish callbacks ['neutron.services.segments.db._update_segment_host_mapping_for_agent-8735038586995', 'neutron.plugins.ml2.plugin.Ml2Plugin._retry_binding_revived_agents-3417813'] for agent (fa2a4890-887e-4aa7-a827-5ecae7d18406), after_update _notify_loop /var/lib/kolla/venv/lib/python3.6/site-packages/neutron_lib/callbacks/manager.py:177
2026-03-09 02:05:43.645 25 DEBUG neutron_lib.callbacks.manager [req-2545486a-1c0a-4a45-9dfb-e946611581ba - - - - -] Publish callbacks ['neutron.services.segments.db._update_segment_host_mapping_for_agent-8735038586995', 'neutron.plugins.ml2.plugin.Ml2Plugin._retry_binding_revived_agents-3417813'] for agent (475cd450-1af2-41fe-b587-059729e43458), after_update _notify_loop /var/lib/kolla/venv/lib/python3.6/site-packages/neutron_lib/callbacks/manager.py:177
2026-03-09 02:05:48.527 29 DEBUG neutron.db.agents_db [req-46dea28d-f3b5-41b9-aaa7-d194b764cbf7 - - - - -] Agent healthcheck: found 2 active agents agent_health_check /var/lib/kolla/venv/lib/python3.6/site-packages/neutron/db/agents_db.py:318
2026-03-09 02:05:57.315 22 DEBUG neutron.wsgi [-] (22) accepted ('10.0.0.50', 40188) server /var/lib/kolla/venv/lib/python3.6/site-packages/eventlet/wsgi.py:1004
2026-03-09 02:05:57.321 22 INFO neutron.wsgi [-] 10.0.0.50 "GET / HTTP/1.1" status: 200 len: 227 time: 0.0047398
2026-03-09 02:05:59.252 26 DEBUG neutron_lib.callbacks.manager [req-34570e92-127e-4c5c-87ea-9af23e886780 - - - - -] Publish callbacks ['neutron.services.segments.db._update_segment_host_mapping_for_agent-8735038586995', 'neutron.plugins.ml2.plugin.Ml2Plugin._retry_binding_revived_agents-3417813'] for agent (fa2a4890-887e-4aa7-a827-5ecae7d18406), after_update _notify_loop /var/lib/kolla/venv/lib/python3.6/site-packages/neutron_lib/callbacks/manager.py:177
2026-03-09 02:06:13.647 28 DEBUG neutron_lib.callbacks.manager [req-2545486a-1c0a-4a45-9dfb-e946611581ba - - - - -] Publish callbacks ['neutron.services.segments.db._update_segment_host_mapping_for_agent-8735038586995', 'neutron.plugins.ml2.plugin.Ml2Plugin._retry_binding_revived_agents-3417813'] for agent (475cd450-1af2-41fe-b587-059729e43458), after_update _notify_loop /var/lib/kolla/venv/lib/python3.6/site-packages/neutron_lib/callbacks/manager.py:177
2026-03-09 02:06:25.527 29 DEBUG neutron.db.agents_db [req-46dea28d-f3b5-41b9-aaa7-d194b764cbf7 - - - - -] Agent healthcheck: found 2 active agents agent_health_check /var/lib/kolla/venv/lib/python3.6/site-packages/neutron/db/agents_db.py:318
2026-03-09 02:06:27.393 22 DEBUG neutron.wsgi [-] (22) accepted ('10.0.0.50', 39316) server /var/lib/kolla/venv/lib/python3.6/site-packages/eventlet/wsgi.py:1004
2026-03-09 02:06:27.397 22 INFO neutron.wsgi [-] 10.0.0.50 "GET / HTTP/1.1" status: 200 len: 227 time: 0.0029626
2026-03-09 02:06:29.253 24 DEBUG neutron_lib.callbacks.manager [req-285cc112-3de0-4d79-95f4-905bec95cefa - - - - -] Publish callbacks ['neutron.services.segments.db._update_segment_host_mapping_for_agent-8735038586995', 'neutron.plugins.ml2.plugin.Ml2Plugin._retry_binding_revived_agents-3417813'] for agent (fa2a4890-887e-4aa7-a827-5ecae7d18406), after_update _notify_loop /var/lib/kolla/venv/lib/python3.6/site-packages/neutron_lib/callbacks/manager.py:177
2026-03-09 02:06:43.650 27 DEBUG neutron_lib.callbacks.manager [req-2545486a-1c0a-4a45-9dfb-e946611581ba - - - - -] Publish callbacks ['neutron.services.segments.db._update_segment_host_mapping_for_agent-8735038586995', 'neutron.plugins.ml2.plugin.Ml2Plugin._retry_binding_revived_agents-3417813'] for agent (475cd450-1af2-41fe-b587-059729e43458), after_update _notify_loop /var/lib/kolla/venv/lib/python3.6/site-packages/neutron_lib/callbacks/manager.py:177
2026-03-09 02:06:57.446 22 DEBUG neutron.wsgi [-] (22) accepted ('10.0.0.50', 41608) server /var/lib/kolla/venv/lib/python3.6/site-packages/eventlet/wsgi.py:1004
2026-03-09 02:06:57.449 22 INFO neutron.wsgi [-] 10.0.0.50 "GET / HTTP/1.1" status: 200 len: 227 time: 0.0024579
2026-03-09 02:06:59.253 23 DEBUG neutron_lib.callbacks.manager [req-60ffe4a4-d13a-423b-abee-9b1f3e96e6f8 - - - - -] Publish callbacks ['neutron.services.segments.db._update_segment_host_mapping_for_agent-8735038586995', 'neutron.plugins.ml2.plugin.Ml2Plugin._retry_binding_revived_agents-3417813'] for agent (fa2a4890-887e-4aa7-a827-5ecae7d18406), after_update _notify_loop /var/lib/kolla/venv/lib/python3.6/site-packages/neutron_lib/callbacks/manager.py:177
2026-03-09 02:07:02.526 29 DEBUG neutron.db.agents_db [req-46dea28d-f3b5-41b9-aaa7-d194b764cbf7 - - - - -] Agent healthcheck: found 2 active agents agent_health_check /var/lib/kolla/venv/lib/python3.6/site-packages/neutron/db/agents_db.py:318
2026-03-09 02:07:13.654 25 DEBUG neutron_lib.callbacks.manager [req-2545486a-1c0a-4a45-9dfb-e946611581ba - - - - -] Publish callbacks ['neutron.services.segments.db._update_segment_host_mapping_for_agent-8735038586995', 'neutron.plugins.ml2.plugin.Ml2Plugin._retry_binding_revived_agents-3417813'] for agent (475cd450-1af2-41fe-b587-059729e43458), after_update _notify_loop /var/lib/kolla/venv/lib/python3.6/site-packages/neutron_lib/callbacks/manager.py:177
2026-03-09 02:07:27.494 22 DEBUG neutron.wsgi [-] (22) accepted ('10.0.0.50', 48140) server /var/lib/kolla/venv/lib/python3.6/site-packages/eventlet/wsgi.py:1004
2026-03-09 02:07:27.499 22 INFO neutron.wsgi [-] 10.0.0.50 "GET / HTTP/1.1" status: 200 len: 227 time: 0.0026991
2026-03-09 02:07:29.251 26 DEBUG neutron_lib.callbacks.manager [req-5a5fe553-fbd3-45a3-aa17-f073c65ae8a6 - - - - -] Publish callbacks ['neutron.services.segments.db._update_segment_host_mapping_for_agent-8735038586995', 'neutron.plugins.ml2.plugin.Ml2Plugin._retry_binding_revived_agents-3417813'] for agent (fa2a4890-887e-4aa7-a827-5ecae7d18406), after_update _notify_loop /var/lib/kolla/venv/lib/python3.6/site-packages/neutron_lib/callbacks/manager.py:177
2026-03-09 02:07:39.527 29 DEBUG neutron.db.agents_db [req-46dea28d-f3b5-41b9-aaa7-d194b764cbf7 - - - - -] Agent healthcheck: found 2 active agents agent_health_check /var/lib/kolla/venv/lib/python3.6/site-packages/neutron/db/agents_db.py:318
2026-03-09 02:07:43.657 28 DEBUG neutron_lib.callbacks.manager [req-2545486a-1c0a-4a45-9dfb-e946611581ba - - - - -] Publish callbacks ['neutron.services.segments.db._update_segment_host_mapping_for_agent-8735038586995', 'neutron.plugins.ml2.plugin.Ml2Plugin._retry_binding_revived_agents-3417813'] for agent (475cd450-1af2-41fe-b587-059729e43458), after_update _notify_loop /var/lib/kolla/venv/lib/python3.6/site-packages/neutron_lib/callbacks/manager.py:177
2026-03-09 02:07:57.545 22 DEBUG neutron.wsgi [-] (22) accepted ('10.0.0.50', 38360) server /var/lib/kolla/venv/lib/python3.6/site-packages/eventlet/wsgi.py:1004
2026-03-09 02:07:57.552 22 INFO neutron.wsgi [-] 10.0.0.50 "GET / HTTP/1.1" status: 200 len: 227 time: 0.0054030
2026-03-09 02:07:59.250 24 DEBUG neutron_lib.callbacks.manager [req-0bf4f0e8-cfd9-420c-abcc-f74bed34773f - - - - -] Publish callbacks ['neutron.services.segments.db._update_segment_host_mapping_for_agent-8735038586995', 'neutron.plugins.ml2.plugin.Ml2Plugin._retry_binding_revived_agents-3417813'] for agent (fa2a4890-887e-4aa7-a827-5ecae7d18406), after_update _notify_loop /var/lib/kolla/venv/lib/python3.6/site-packages/neutron_lib/callbacks/manager.py:177
2026-03-09 02:08:13.659 27 DEBUG neutron_lib.callbacks.manager [req-2545486a-1c0a-4a45-9dfb-e946611581ba - - - - -] Publish callbacks ['neutron.services.segments.db._update_segment_host_mapping_for_agent-8735038586995', 'neutron.plugins.ml2.plugin.Ml2Plugin._retry_binding_revived_agents-3417813'] for agent (475cd450-1af2-41fe-b587-059729e43458), after_update _notify_loop /var/lib/kolla/venv/lib/python3.6/site-packages/neutron_lib/callbacks/manager.py:177
2026-03-09 02:08:16.524 29 DEBUG neutron.db.agents_db [req-46dea28d-f3b5-41b9-aaa7-d194b764cbf7 - - - - -] Agent healthcheck: found 2 active agents agent_health_check /var/lib/kolla/venv/lib/python3.6/site-packages/neutron/db/agents_db.py:318
2026-03-09 02:08:27.600 22 DEBUG neutron.wsgi [-] (22) accepted ('10.0.0.50', 44092) server /var/lib/kolla/venv/lib/python3.6/site-packages/eventlet/wsgi.py:1004
2026-03-09 02:08:27.605 22 INFO neutron.wsgi [-] 10.0.0.50 "GET / HTTP/1.1" status: 200 len: 227 time: 0.0033071
2026-03-09 02:08:29.249 23 DEBUG neutron_lib.callbacks.manager [req-b341d82f-98a1-47b0-b826-2895b138ecc5 - - - - -] Publish callbacks ['neutron.services.segments.db._update_segment_host_mapping_for_agent-8735038586995', 'neutron.plugins.ml2.plugin.Ml2Plugin._retry_binding_revived_agents-3417813'] for agent (fa2a4890-887e-4aa7-a827-5ecae7d18406), after_update _notify_loop /var/lib/kolla/venv/lib/python3.6/site-packages/neutron_lib/callbacks/manager.py:177
2026-03-09 02:08:43.662 25 DEBUG neutron_lib.callbacks.manager [req-2545486a-1c0a-4a45-9dfb-e946611581ba - - - - -] Publish callbacks ['neutron.services.segments.db._update_segment_host_mapping_for_agent-8735038586995', 'neutron.plugins.ml2.plugin.Ml2Plugin._retry_binding_revived_agents-3417813'] for agent (475cd450-1af2-41fe-b587-059729e43458), after_update _notify_loop /var/lib/kolla/venv/lib/python3.6/site-packages/neutron_lib/callbacks/manager.py:177
2026-03-09 02:08:53.522 29 DEBUG neutron.db.agents_db [req-46dea28d-f3b5-41b9-aaa7-d194b764cbf7 - - - - -] Agent healthcheck: found 2 active agents agent_health_check /var/lib/kolla/venv/lib/python3.6/site-packages/neutron/db/agents_db.py:318
2026-03-09 02:08:57.651 22 DEBUG neutron.wsgi [-] (22) accepted ('10.0.0.50', 48014) server /var/lib/kolla/venv/lib/python3.6/site-packages/eventlet/wsgi.py:1004
2026-03-09 02:08:57.655 22 INFO neutron.wsgi [-] 10.0.0.50 "GET / HTTP/1.1" status: 200 len: 227 time: 0.0028853
2026-03-09 02:08:59.246 26 DEBUG neutron_lib.callbacks.manager [req-bb26d5ae-a406-4d6c-b0fd-894159d4d2ac - - - - -] Publish callbacks ['neutron.services.segments.db._update_segment_host_mapping_for_agent-8735038586995', 'neutron.plugins.ml2.plugin.Ml2Plugin._retry_binding_revived_agents-3417813'] for agent (fa2a4890-887e-4aa7-a827-5ecae7d18406), after_update _notify_loop /var/lib/kolla/venv/lib/python3.6/site-packages/neutron_lib/callbacks/manager.py:177
2026-03-09 02:09:13.669 28 DEBUG neutron_lib.callbacks.manager [req-2545486a-1c0a-4a45-9dfb-e946611581ba - - - - -] Publish callbacks ['neutron.services.segments.db._update_segment_host_mapping_for_agent-8735038586995', 'neutron.plugins.ml2.plugin.Ml2Plugin._retry_binding_revived_agents-3417813'] for agent (475cd450-1af2-41fe-b587-059729e43458), after_update _notify_loop /var/lib/kolla/venv/lib/python3.6/site-packages/neutron_lib/callbacks/manager.py:177
2026-03-09 02:09:27.701 22 DEBUG neutron.wsgi [-] (22) accepted ('10.0.0.50', 40468) server /var/lib/kolla/venv/lib/python3.6/site-packages/eventlet/wsgi.py:1004
2026-03-09 02:09:27.705 22 INFO neutron.wsgi [-] 10.0.0.50 "GET / HTTP/1.1" status: 200 len: 227 time: 0.0032315
2026-03-09 02:09:29.252 24 DEBUG neutron_lib.callbacks.manager [req-48f0f048-3df0-4eb6-a7ea-23b567d751b0 - - - - -] Publish callbacks ['neutron.services.segments.db._update_segment_host_mapping_for_agent-8735038586995', 'neutron.plugins.ml2.plugin.Ml2Plugin._retry_binding_revived_agents-3417813'] for agent (fa2a4890-887e-4aa7-a827-5ecae7d18406), after_update _notify_loop /var/lib/kolla/venv/lib/python3.6/site-packages/neutron_lib/callbacks/manager.py:177
2026-03-09 02:09:30.521 29 DEBUG neutron.db.agents_db [req-46dea28d-f3b5-41b9-aaa7-d194b764cbf7 - - - - -] Agent healthcheck: found 2 active agents agent_health_check /var/lib/kolla/venv/lib/python3.6/site-packages/neutron/db/agents_db.py:318
2026-03-09 02:09:43.669 27 DEBUG neutron_lib.callbacks.manager [req-2545486a-1c0a-4a45-9dfb-e946611581ba - - - - -] Publish callbacks ['neutron.services.segments.db._update_segment_host_mapping_for_agent-8735038586995', 'neutron.plugins.ml2.plugin.Ml2Plugin._retry_binding_revived_agents-3417813'] for agent (475cd450-1af2-41fe-b587-059729e43458), after_update _notify_loop /var/lib/kolla/venv/lib/python3.6/site-packages/neutron_lib/callbacks/manager.py:177
2026-03-09 02:09:57.752 22 DEBUG neutron.wsgi [-] (22) accepted ('10.0.0.50', 38154) server /var/lib/kolla/venv/lib/python3.6/site-packages/eventlet/wsgi.py:1004
2026-03-09 02:09:57.758 22 INFO neutron.wsgi [-] 10.0.0.50 "GET / HTTP/1.1" status: 200 len: 227 time: 0.0037317
2026-03-09 02:09:59.242 23 DEBUG neutron_lib.callbacks.manager [req-778c4423-aecb-40b8-b8ab-f751e07efcb6 - - - - -] Publish callbacks ['neutron.services.segments.db._update_segment_host_mapping_for_agent-8735038586995', 'neutron.plugins.ml2.plugin.Ml2Plugin._retry_binding_revived_agents-3417813'] for agent (fa2a4890-887e-4aa7-a827-5ecae7d18406), after_update _notify_loop /var/lib/kolla/venv/lib/python3.6/site-packages/neutron_lib/callbacks/manager.py:177
2026-03-09 02:10:07.522 29 DEBUG neutron.db.agents_db [req-46dea28d-f3b5-41b9-aaa7-d194b764cbf7 - - - - -] Agent healthcheck: found 2 active agents agent_health_check /var/lib/kolla/venv/lib/python3.6/site-packages/neutron/db/agents_db.py:318
2026-03-09 02:10:13.673 25 DEBUG neutron_lib.callbacks.manager [req-2545486a-1c0a-4a45-9dfb-e946611581ba - - - - -] Publish callbacks ['neutron.services.segments.db._update_segment_host_mapping_for_agent-8735038586995', 'neutron.plugins.ml2.plugin.Ml2Plugin._retry_binding_revived_agents-3417813'] for agent (475cd450-1af2-41fe-b587-059729e43458), after_update _notify_loop /var/lib/kolla/venv/lib/python3.6/site-packages/neutron_lib/callbacks/manager.py:177
2026-03-09 02:10:27.837 22 DEBUG neutron.wsgi [-] (22) accepted ('10.0.0.50', 33716) server /var/lib/kolla/venv/lib/python3.6/site-packages/eventlet/wsgi.py:1004
2026-03-09 02:10:27.841 22 INFO neutron.wsgi [-] 10.0.0.50 "GET / HTTP/1.1" status: 200 len: 227 time: 0.0031772
2026-03-09 02:10:28.818 7 INFO oslo_service.service [-] Caught SIGTERM, stopping children
2026-03-09 02:10:28.819 7 DEBUG oslo_concurrency.lockutils [-] Acquired lock "singleton_lock" lock /var/lib/kolla/venv/lib/python3.6/site-packages/oslo_concurrency/lockutils.py:294
2026-03-09 02:10:28.819 7 DEBUG oslo_concurrency.lockutils [-] Releasing lock "singleton_lock" lock /var/lib/kolla/venv/lib/python3.6/site-packages/oslo_concurrency/lockutils.py:312
2026-03-09 02:10:28.819 7 DEBUG oslo_service.service [-] Stop services. stop /var/lib/kolla/venv/lib/python3.6/site-packages/oslo_service/service.py:695
2026-03-09 02:10:28.819 7 DEBUG neutron.service [-] calling RpcWorker stop() stop /var/lib/kolla/venv/lib/python3.6/site-packages/neutron/service.py:138
2026-03-09 02:10:28.819 7 DEBUG neutron.service [-] calling RpcWorker stop() stop /var/lib/kolla/venv/lib/python3.6/site-packages/neutron/service.py:138
2026-03-09 02:10:28.819 7 DEBUG oslo_service.service [-] Killing children. stop /var/lib/kolla/venv/lib/python3.6/site-packages/oslo_service/service.py:700
2026-03-09 02:10:28.819 7 INFO oslo_service.service [-] Waiting on 8 children to exit
2026-03-09 02:10:28.820 24 DEBUG neutron.service [-] calling RpcWorker stop() stop /var/lib/kolla/venv/lib/python3.6/site-packages/neutron/service.py:138
2026-03-09 02:10:28.820 23 DEBUG neutron.service [-] calling RpcWorker stop() stop /var/lib/kolla/venv/lib/python3.6/site-packages/neutron/service.py:138
2026-03-09 02:10:28.821 23 DEBUG neutron.service [-] calling stop on stop /var/lib/kolla/venv/lib/python3.6/site-packages/neutron/service.py:141
2026-03-09 02:10:28.821 27 DEBUG neutron.service [-] calling RpcWorker stop() stop /var/lib/kolla/venv/lib/python3.6/site-packages/neutron/service.py:138
2026-03-09 02:10:28.820 24 DEBUG neutron.service [-] calling stop on stop /var/lib/kolla/venv/lib/python3.6/site-packages/neutron/service.py:141
2026-03-09 02:10:28.822 27 DEBUG neutron.service [-] calling stop on stop /var/lib/kolla/venv/lib/python3.6/site-packages/neutron/service.py:141
2026-03-09 02:10:28.826 29 DEBUG neutron.service [-] calling RpcWorker stop() stop /var/lib/kolla/venv/lib/python3.6/site-packages/neutron/service.py:138
2026-03-09 02:10:28.826 25 DEBUG neutron.service [-] calling RpcWorker stop() stop /var/lib/kolla/venv/lib/python3.6/site-packages/neutron/service.py:138
2026-03-09 02:10:28.827 29 DEBUG neutron.service [-] calling stop on stop /var/lib/kolla/venv/lib/python3.6/site-packages/neutron/service.py:141
2026-03-09 02:10:28.828 22 INFO neutron.wsgi [-] (22) wsgi exited, is_accepting=True
2026-03-09 02:10:28.828 26 DEBUG neutron.service [-] calling RpcWorker stop() stop /var/lib/kolla/venv/lib/python3.6/site-packages/neutron/service.py:138
2026-03-09 02:10:28.827 25 DEBUG neutron.service [-] calling stop on stop /var/lib/kolla/venv/lib/python3.6/site-packages/neutron/service.py:141
2026-03-09 02:10:28.829 22 DEBUG oslo_concurrency.lockutils [req-ee88cbe9-20c3-45a2-90c3-bd9961efc438 - - - - -] Acquired lock "singleton_lock" lock /var/lib/kolla/venv/lib/python3.6/site-packages/oslo_concurrency/lockutils.py:294
2026-03-09 02:10:28.830 22 DEBUG oslo_concurrency.lockutils [req-ee88cbe9-20c3-45a2-90c3-bd9961efc438 - - - - -] Releasing lock "singleton_lock" lock /var/lib/kolla/venv/lib/python3.6/site-packages/oslo_concurrency/lockutils.py:312
2026-03-09 02:10:28.829 26 DEBUG neutron.service [-] calling stop on stop /var/lib/kolla/venv/lib/python3.6/site-packages/neutron/service.py:141
2026-03-09 02:10:28.832 28 DEBUG neutron.service [-] calling RpcWorker stop() stop /var/lib/kolla/venv/lib/python3.6/site-packages/neutron/service.py:138
2026-03-09 02:10:28.835 7 INFO oslo_service.service [-] Child 22 exited with status 0
2026-03-09 02:10:28.833 28 DEBUG neutron.service [-] calling stop on stop /var/lib/kolla/venv/lib/python3.6/site-packages/neutron/service.py:141
2026-03-09 02:10:29.238 26 DEBUG oslo_concurrency.lockutils [req-ee88cbe9-20c3-45a2-90c3-bd9961efc438 - - - - -] Acquired lock "singleton_lock" lock /var/lib/kolla/venv/lib/python3.6/site-packages/oslo_concurrency/lockutils.py:294
2026-03-09 02:10:29.239 26 DEBUG oslo_concurrency.lockutils [req-ee88cbe9-20c3-45a2-90c3-bd9961efc438 - - - - -] Releasing lock "singleton_lock" lock /var/lib/kolla/venv/lib/python3.6/site-packages/oslo_concurrency/lockutils.py:312
2026-03-09 02:10:29.239 26 DEBUG neutron.service [req-ee88cbe9-20c3-45a2-90c3-bd9961efc438 - - - - -] calling RpcWorker wait() _wait /var/lib/kolla/venv/lib/python3.6/site-packages/neutron/service.py:128
2026-03-09 02:10:29.239 26 DEBUG neutron.service [req-ee88cbe9-20c3-45a2-90c3-bd9961efc438 - - - - -] calling wait on _wait /var/lib/kolla/venv/lib/python3.6/site-packages/neutron/service.py:131
2026-03-09 02:10:29.242 26 DEBUG neutron_lib.callbacks.manager [req-82f271db-4b5a-4cc0-b561-238f9e8c9235 - - - - -] Publish callbacks ['neutron.services.segments.db._update_segment_host_mapping_for_agent-8735038586995', 'neutron.plugins.ml2.plugin.Ml2Plugin._retry_binding_revived_agents-3417813'] for agent (fa2a4890-887e-4aa7-a827-5ecae7d18406), after_update _notify_loop /var/lib/kolla/venv/lib/python3.6/site-packages/neutron_lib/callbacks/manager.py:177
2026-03-09 02:10:29.252 26 WARNING amqp [req-ee88cbe9-20c3-45a2-90c3-bd9961efc438 - - - - -] Received method (60, 30) during closing channel 1. This method will be ignored
2026-03-09 02:10:29.254 26 DEBUG neutron.service [req-ee88cbe9-20c3-45a2-90c3-bd9961efc438 - - - - -] returning from RpcWorker wait() _wait /var/lib/kolla/venv/lib/python3.6/site-packages/neutron/service.py:135
2026-03-09 02:10:29.260 7 INFO oslo_service.service [-] Child 26 exited with status 0
2026-03-09 02:10:30.512 23 DEBUG neutron.service [-] calling stop on stop /var/lib/kolla/venv/lib/python3.6/site-packages/neutron/service.py:141
2026-03-09 02:10:30.531 24 DEBUG neutron.service [-] calling stop on stop /var/lib/kolla/venv/lib/python3.6/site-packages/neutron/service.py:141
2026-03-09 02:10:30.533 23 DEBUG neutron.service [-] calling stop on stop /var/lib/kolla/venv/lib/python3.6/site-packages/neutron/service.py:141
2026-03-09 02:10:30.542 24 DEBUG neutron.service [-] calling stop on stop /var/lib/kolla/venv/lib/python3.6/site-packages/neutron/service.py:141
2026-03-09 02:10:30.544 29 DEBUG oslo_concurrency.lockutils [req-ee88cbe9-20c3-45a2-90c3-bd9961efc438 - - - - -] Acquired lock "singleton_lock" lock /var/lib/kolla/venv/lib/python3.6/site-packages/oslo_concurrency/lockutils.py:294
2026-03-09 02:10:30.544 29 DEBUG oslo_concurrency.lockutils [req-ee88cbe9-20c3-45a2-90c3-bd9961efc438 - - - - -] Releasing lock "singleton_lock" lock /var/lib/kolla/venv/lib/python3.6/site-packages/oslo_concurrency/lockutils.py:312
2026-03-09 02:10:30.544 29 DEBUG neutron.service [req-ee88cbe9-20c3-45a2-90c3-bd9961efc438 - - - - -] calling RpcWorker wait() _wait /var/lib/kolla/venv/lib/python3.6/site-packages/neutron/service.py:128
2026-03-09 02:10:30.545 29 DEBUG neutron.service [req-ee88cbe9-20c3-45a2-90c3-bd9961efc438 - - - - -] calling wait on _wait /var/lib/kolla/venv/lib/python3.6/site-packages/neutron/service.py:131
2026-03-09 02:10:30.547 28 DEBUG oslo_concurrency.lockutils [req-ee88cbe9-20c3-45a2-90c3-bd9961efc438 - - - - -] Acquired lock "singleton_lock" lock /var/lib/kolla/venv/lib/python3.6/site-packages/oslo_concurrency/lockutils.py:294
2026-03-09 02:10:30.548 28 DEBUG oslo_concurrency.lockutils [req-ee88cbe9-20c3-45a2-90c3-bd9961efc438 - - - - -] Releasing lock "singleton_lock" lock /var/lib/kolla/venv/lib/python3.6/site-packages/oslo_concurrency/lockutils.py:312
2026-03-09 02:10:30.548 28 DEBUG neutron.service [req-ee88cbe9-20c3-45a2-90c3-bd9961efc438 - - - - -] calling RpcWorker wait() _wait /var/lib/kolla/venv/lib/python3.6/site-packages/neutron/service.py:128
2026-03-09 02:10:30.548 28 DEBUG neutron.service [req-ee88cbe9-20c3-45a2-90c3-bd9961efc438 - - - - -] calling wait on _wait /var/lib/kolla/venv/lib/python3.6/site-packages/neutron/service.py:131
2026-03-09 02:10:30.548 25 DEBUG neutron.service [-] calling stop on stop /var/lib/kolla/venv/lib/python3.6/site-packages/neutron/service.py:141
2026-03-09 02:10:30.559 29 WARNING amqp [req-ee88cbe9-20c3-45a2-90c3-bd9961efc438 - - - - -] Received method (60, 30) during closing channel 1. This method will be ignored
2026-03-09 02:10:30.561 29 DEBUG neutron.service [req-ee88cbe9-20c3-45a2-90c3-bd9961efc438 - - - - -] returning from RpcWorker wait() _wait /var/lib/kolla/venv/lib/python3.6/site-packages/neutron/service.py:135
2026-03-09 02:10:30.563 28 WARNING amqp [req-ee88cbe9-20c3-45a2-90c3-bd9961efc438 - - - - -] Received method (60, 30) during closing channel 1. This method will be ignored
2026-03-09 02:10:30.564 24 DEBUG neutron.service [-] calling stop on stop /var/lib/kolla/venv/lib/python3.6/site-packages/neutron/service.py:141
2026-03-09 02:10:30.566 28 DEBUG neutron.service [req-ee88cbe9-20c3-45a2-90c3-bd9961efc438 - - - - -] returning from RpcWorker wait() _wait /var/lib/kolla/venv/lib/python3.6/site-packages/neutron/service.py:135
2026-03-09 02:10:30.566 27 DEBUG oslo_concurrency.lockutils [req-ee88cbe9-20c3-45a2-90c3-bd9961efc438 - - - - -] Acquired lock "singleton_lock" lock /var/lib/kolla/venv/lib/python3.6/site-packages/oslo_concurrency/lockutils.py:294
2026-03-09 02:10:30.567 27 DEBUG oslo_concurrency.lockutils [req-ee88cbe9-20c3-45a2-90c3-bd9961efc438 - - - - -] Releasing lock "singleton_lock" lock /var/lib/kolla/venv/lib/python3.6/site-packages/oslo_concurrency/lockutils.py:312
2026-03-09 02:10:30.567 25 DEBUG neutron.service [-] calling stop on stop /var/lib/kolla/venv/lib/python3.6/site-packages/neutron/service.py:141
2026-03-09 02:10:30.567 27 DEBUG neutron.service [req-ee88cbe9-20c3-45a2-90c3-bd9961efc438 - - - - -] calling RpcWorker wait() _wait /var/lib/kolla/venv/lib/python3.6/site-packages/neutron/service.py:128
2026-03-09 02:10:30.567 27 DEBUG neutron.service [req-ee88cbe9-20c3-45a2-90c3-bd9961efc438 - - - - -] calling wait on _wait /var/lib/kolla/venv/lib/python3.6/site-packages/neutron/service.py:131
2026-03-09 02:10:30.572 7 INFO oslo_service.service [-] Child 29 exited with status 0
2026-03-09 02:10:30.573 7 INFO oslo_service.service [-] Child 28 exited with status 0
2026-03-09 02:10:30.574 27 WARNING amqp [req-ee88cbe9-20c3-45a2-90c3-bd9961efc438 - - - - -] Received method (60, 30) during closing channel 1. This method will be ignored
2026-03-09 02:10:30.575 27 DEBUG neutron.service [req-ee88cbe9-20c3-45a2-90c3-bd9961efc438 - - - - -] returning from RpcWorker wait() _wait /var/lib/kolla/venv/lib/python3.6/site-packages/neutron/service.py:135
2026-03-09 02:10:30.579 24 DEBUG oslo_concurrency.lockutils [req-ee88cbe9-20c3-45a2-90c3-bd9961efc438 - - - - -] Acquired lock "singleton_lock" lock /var/lib/kolla/venv/lib/python3.6/site-packages/oslo_concurrency/lockutils.py:294
2026-03-09 02:10:30.579 24 DEBUG oslo_concurrency.lockutils [req-ee88cbe9-20c3-45a2-90c3-bd9961efc438 - - - - -] Releasing lock "singleton_lock" lock /var/lib/kolla/venv/lib/python3.6/site-packages/oslo_concurrency/lockutils.py:312
2026-03-09 02:10:30.580 24 DEBUG neutron.service [req-ee88cbe9-20c3-45a2-90c3-bd9961efc438 - - - - -] calling RpcWorker wait() _wait /var/lib/kolla/venv/lib/python3.6/site-packages/neutron/service.py:128
2026-03-09 02:10:30.580 24 DEBUG neutron.service [req-ee88cbe9-20c3-45a2-90c3-bd9961efc438 - - - - -] calling wait on _wait /var/lib/kolla/venv/lib/python3.6/site-packages/neutron/service.py:131
2026-03-09 02:10:30.582 7 INFO oslo_service.service [-] Child 27 exited with status 0
2026-03-09 02:10:30.586 24 WARNING amqp [req-ee88cbe9-20c3-45a2-90c3-bd9961efc438 - - - - -] Received method (60, 30) during closing channel 1. This method will be ignored
2026-03-09 02:10:30.588 24 DEBUG neutron.service [req-ee88cbe9-20c3-45a2-90c3-bd9961efc438 - - - - -] calling wait on _wait /var/lib/kolla/venv/lib/python3.6/site-packages/neutron/service.py:131
2026-03-09 02:10:30.593 24 WARNING amqp [req-ee88cbe9-20c3-45a2-90c3-bd9961efc438 - - - - -] Received method (60, 30) during closing channel 1. This method will be ignored
2026-03-09 02:10:30.595 24 DEBUG neutron.service [req-ee88cbe9-20c3-45a2-90c3-bd9961efc438 - - - - -] calling wait on _wait /var/lib/kolla/venv/lib/python3.6/site-packages/neutron/service.py:131
2026-03-09 02:10:30.603 24 WARNING amqp [req-ee88cbe9-20c3-45a2-90c3-bd9961efc438 - - - - -] Received method (60, 30) during closing channel 1. This method will be ignored
2026-03-09 02:10:30.605 24 DEBUG neutron.service [req-ee88cbe9-20c3-45a2-90c3-bd9961efc438 - - - - -] calling wait on _wait /var/lib/kolla/venv/lib/python3.6/site-packages/neutron/service.py:131
2026-03-09 02:10:30.610 24 WARNING amqp [req-ee88cbe9-20c3-45a2-90c3-bd9961efc438 - - - - -] Received method (60, 30) during closing channel 1. This method will be ignored
2026-03-09 02:10:30.612 24 DEBUG neutron.service [req-ee88cbe9-20c3-45a2-90c3-bd9961efc438 - - - - -] returning from RpcWorker wait() _wait /var/lib/kolla/venv/lib/python3.6/site-packages/neutron/service.py:135
2026-03-09 02:10:30.618 7 INFO oslo_service.service [-] Child 24 exited with status 0
2026-03-09 02:10:31.869 25 DEBUG neutron.service [-] calling stop on stop /var/lib/kolla/venv/lib/python3.6/site-packages/neutron/service.py:141
2026-03-09 02:10:32.443 23 DEBUG neutron.service [-] calling stop on stop /var/lib/kolla/venv/lib/python3.6/site-packages/neutron/service.py:141
2026-03-09 02:10:35.583 23 DEBUG oslo_concurrency.lockutils [req-ee88cbe9-20c3-45a2-90c3-bd9961efc438 - - - - -] Acquired lock "singleton_lock" lock /var/lib/kolla/venv/lib/python3.6/site-packages/oslo_concurrency/lockutils.py:294
2026-03-09 02:10:35.584 23 DEBUG oslo_concurrency.lockutils [req-ee88cbe9-20c3-45a2-90c3-bd9961efc438 - - - - -] Releasing lock "singleton_lock" lock /var/lib/kolla/venv/lib/python3.6/site-packages/oslo_concurrency/lockutils.py:312
2026-03-09 02:10:35.585 23 DEBUG neutron.service [req-ee88cbe9-20c3-45a2-90c3-bd9961efc438 - - - - -] calling RpcWorker wait() _wait /var/lib/kolla/venv/lib/python3.6/site-packages/neutron/service.py:128
2026-03-09 02:10:35.586 23 DEBUG neutron.service [req-ee88cbe9-20c3-45a2-90c3-bd9961efc438 - - - - -] calling wait on _wait /var/lib/kolla/venv/lib/python3.6/site-packages/neutron/service.py:131
2026-03-09 02:10:35.592 25 DEBUG oslo_concurrency.lockutils [req-ee88cbe9-20c3-45a2-90c3-bd9961efc438 - - - - -] Acquired lock "singleton_lock" lock /var/lib/kolla/venv/lib/python3.6/site-packages/oslo_concurrency/lockutils.py:294
2026-03-09 02:10:35.592 25 DEBUG oslo_concurrency.lockutils [req-ee88cbe9-20c3-45a2-90c3-bd9961efc438 - - - - -] Releasing lock "singleton_lock" lock /var/lib/kolla/venv/lib/python3.6/site-packages/oslo_concurrency/lockutils.py:312
2026-03-09 02:10:35.592 25 DEBUG neutron.service [req-ee88cbe9-20c3-45a2-90c3-bd9961efc438 - - - - -] calling RpcWorker wait() _wait /var/lib/kolla/venv/lib/python3.6/site-packages/neutron/service.py:128
2026-03-09 02:10:35.593 25 DEBUG neutron.service [req-ee88cbe9-20c3-45a2-90c3-bd9961efc438 - - - - -] calling wait on _wait /var/lib/kolla/venv/lib/python3.6/site-packages/neutron/service.py:131
2026-03-09 02:10:35.593 23 WARNING amqp [req-ee88cbe9-20c3-45a2-90c3-bd9961efc438 - - - - -] Received method (60, 30) during closing channel 1. This method will be ignored
2026-03-09 02:10:35.594 23 DEBUG neutron.service [req-ee88cbe9-20c3-45a2-90c3-bd9961efc438 - - - - -] calling wait on _wait /var/lib/kolla/venv/lib/python3.6/site-packages/neutron/service.py:131
2026-03-09 02:10:35.598 25 WARNING amqp [req-ee88cbe9-20c3-45a2-90c3-bd9961efc438 - - - - -] Received method (60, 30) during closing channel 1. This method will be ignored
2026-03-09 02:10:35.599 25 DEBUG neutron.service [req-ee88cbe9-20c3-45a2-90c3-bd9961efc438 - - - - -] calling wait on _wait /var/lib/kolla/venv/lib/python3.6/site-packages/neutron/service.py:131
2026-03-09 02:10:35.601 23 WARNING amqp [req-ee88cbe9-20c3-45a2-90c3-bd9961efc438 - - - - -] Received method (60, 30) during closing channel 1. This method will be ignored
2026-03-09 02:10:35.603 23 DEBUG neutron.service [req-ee88cbe9-20c3-45a2-90c3-bd9961efc438 - - - - -] calling wait on _wait /var/lib/kolla/venv/lib/python3.6/site-packages/neutron/service.py:131
2026-03-09 02:10:35.606 25 WARNING amqp [req-ee88cbe9-20c3-45a2-90c3-bd9961efc438 - - - - -] Received method (60, 30) during closing channel 1. This method will be ignored
2026-03-09 02:10:35.610 25 DEBUG neutron.service [req-ee88cbe9-20c3-45a2-90c3-bd9961efc438 - - - - -] calling wait on _wait /var/lib/kolla/venv/lib/python3.6/site-packages/neutron/service.py:131
2026-03-09 02:10:35.611 23 WARNING amqp [req-ee88cbe9-20c3-45a2-90c3-bd9961efc438 - - - - -] Received method (60, 30) during closing channel 1. This method will be ignored
2026-03-09 02:10:35.612 23 DEBUG neutron.service [req-ee88cbe9-20c3-45a2-90c3-bd9961efc438 - - - - -] calling wait on _wait /var/lib/kolla/venv/lib/python3.6/site-packages/neutron/service.py:131
2026-03-09 02:10:35.615 25 WARNING amqp [req-ee88cbe9-20c3-45a2-90c3-bd9961efc438 - - - - -] Received method (60, 30) during closing channel 1. This method will be ignored
2026-03-09 02:10:35.616 25 DEBUG neutron.service [req-ee88cbe9-20c3-45a2-90c3-bd9961efc438 - - - - -] calling wait on _wait /var/lib/kolla/venv/lib/python3.6/site-packages/neutron/service.py:131
2026-03-09 02:10:35.618 23 WARNING amqp [req-ee88cbe9-20c3-45a2-90c3-bd9961efc438 - - - - -] Received method (60, 30) during closing channel 1. This method will be ignored
2026-03-09 02:10:35.619 23 DEBUG neutron.service [req-ee88cbe9-20c3-45a2-90c3-bd9961efc438 - - - - -] returning from RpcWorker wait() _wait /var/lib/kolla/venv/lib/python3.6/site-packages/neutron/service.py:135
2026-03-09 02:10:35.623 25 WARNING amqp [req-ee88cbe9-20c3-45a2-90c3-bd9961efc438 - - - - -] Received method (60, 30) during closing channel 1. This method will be ignored
2026-03-09 02:10:35.623 25 DEBUG neutron.service [req-ee88cbe9-20c3-45a2-90c3-bd9961efc438 - - - - -] returning from RpcWorker wait() _wait /var/lib/kolla/venv/lib/python3.6/site-packages/neutron/service.py:135
2026-03-09 02:10:35.629 7 INFO oslo_service.service [-] Child 23 exited with status 0
2026-03-09 02:10:35.630 7 INFO oslo_service.service [-] Child 25 exited with status 0
2026-03-09 02:10:35.630 7 INFO oslo_service.service [-] Wait called after thread killed. Cleaning up.
2026-03-09 02:10:35.630 7 DEBUG oslo_service.service [-] Stop services. stop /var/lib/kolla/venv/lib/python3.6/site-packages/oslo_service/service.py:695
2026-03-09 02:10:35.630 7 DEBUG oslo_service.service [-] Killing children. stop /var/lib/kolla/venv/lib/python3.6/site-packages/oslo_service/service.py:700
2026-03-09 02:10:40.107 7 INFO neutron.common.config [-] Logging enabled!
2026-03-09 02:10:40.107 7 INFO neutron.common.config [-] /var/lib/kolla/venv/bin/neutron-server version 20.5.1.dev23
2026-03-09 02:10:40.107 7 DEBUG neutron.common.config [-] command line: /var/lib/kolla/venv/bin/neutron-server --config-file /etc/neutron/neutron.conf --config-file /etc/neutron/ContrailPlugin.ini --config-file /etc/neutron/api-paste.ini setup_logging /var/lib/kolla/venv/lib/python3.6/site-packages/neutron/common/config.py:115
2026-03-09 02:10:40.111 7 INFO neutron.common.config [-] Logging enabled!
2026-03-09 02:10:40.111 7 INFO neutron.common.config [-] /var/lib/kolla/venv/bin/neutron-server version 20.5.1.dev23
2026-03-09 02:10:40.111 7 DEBUG neutron.common.config [-] command line: /var/lib/kolla/venv/bin/neutron-server --config-file /etc/neutron/neutron.conf --config-file /etc/neutron/ContrailPlugin.ini --config-file /etc/neutron/api-paste.ini setup_logging /var/lib/kolla/venv/lib/python3.6/site-packages/neutron/common/config.py:115
