2026-03-05 00:39:56.955 136422 DEBUG oslo_service.service [req-967c475e-e1ac-40d1-aea2-ea1172d2f49a - - - - -] config_drive_format = iso9660 log_opt_values /usr/lib/python3/dist-packages/oslo_config/cfg.py:2602
2026-03-05 00:39:56.955 136422 DEBUG oslo_service.service [req-967c475e-e1ac-40d1-aea2-ea1172d2f49a - - - - -] config_file = ['/etc/nova/nova.conf'] log_opt_values /usr/lib/python3/dist-packages/oslo_config/cfg.py:2602
2026-03-05 00:39:56.955 136422 DEBUG oslo_service.service [req-967c475e-e1ac-40d1-aea2-ea1172d2f49a - - - - -] config_source = [] log_opt_values /usr/lib/python3/dist-packages/oslo_config/cfg.py:2602
2026-03-05 00:39:56.955 136422 DEBUG oslo_service.service [req-967c475e-e1ac-40d1-aea2-ea1172d2f49a - - - - -] console_host = juju-46b2fb-0-lxd-7 log_opt_values /usr/lib/python3/dist-packages/oslo_config/cfg.py:2602
2026-03-05 00:39:56.956 136422 DEBUG oslo_service.service [req-967c475e-e1ac-40d1-aea2-ea1172d2f49a - - - - -] control_exchange = nova log_opt_values /usr/lib/python3/dist-packages/oslo_config/cfg.py:2602
2026-03-05 00:39:56.956 136422 DEBUG oslo_service.service [req-967c475e-e1ac-40d1-aea2-ea1172d2f49a - - - - -] cpu_allocation_ratio = 2.0 log_opt_values /usr/lib/python3/dist-packages/oslo_config/cfg.py:2602
2026-03-05 00:39:56.956 136422 DEBUG oslo_service.service [req-967c475e-e1ac-40d1-aea2-ea1172d2f49a - - - - -] daemon = False log_opt_values /usr/lib/python3/dist-packages/oslo_config/cfg.py:2602
2026-03-05 00:39:56.956 136422 DEBUG oslo_service.service [req-967c475e-e1ac-40d1-aea2-ea1172d2f49a - - - - -] debug = True log_opt_values /usr/lib/python3/dist-packages/oslo_config/cfg.py:2602
2026-03-05 00:39:56.957 136422 DEBUG oslo_service.service [req-967c475e-e1ac-40d1-aea2-ea1172d2f49a - - - - -] default_access_ip_network_name = None log_opt_values /usr/lib/python3/dist-packages/oslo_config/cfg.py:2602
2026-03-05 00:39:56.957 136422 DEBUG oslo_service.service [req-967c475e-e1ac-40d1-aea2-ea1172d2f49a - - - - -] default_availability_zone = nova log_opt_values /usr/lib/python3/dist-packages/oslo_config/cfg.py:2602
2026-03-05 00:39:56.957 136422 DEBUG oslo_service.service [req-967c475e-e1ac-40d1-aea2-ea1172d2f49a - - - - -] default_ephemeral_format = None log_opt_values /usr/lib/python3/dist-packages/oslo_config/cfg.py:2602
2026-03-05 00:39:56.957 136422 DEBUG oslo_service.service [req-967c475e-e1ac-40d1-aea2-ea1172d2f49a - - - - -] default_log_levels = ['amqp=WARN', 'amqplib=WARN', 'boto=WARN', 'qpid=WARN', 'sqlalchemy=WARN', 'suds=INFO', 'oslo.messaging=INFO', 'oslo_messaging=DEBUG', 'iso8601=WARN', 'requests.packages.urllib3.connectionpool=WARN', 'urllib3.connectionpool=WARN', 'websocket=WARN', 'requests.packages.urllib3.util.retry=WARN', 'urllib3.util.retry=WARN', 'keystonemiddleware=WARN', 'routes.middleware=WARN', 'stevedore=WARN', 'taskflow=WARN', 'keystoneauth=WARN', 'oslo.cache=INFO', 'dogpile.core.dogpile=INFO', 'glanceclient=WARN', 'oslo.privsep.daemon=INFO'] log_opt_values /usr/lib/python3/dist-packages/oslo_config/cfg.py:2602
2026-03-05 00:39:56.957 136422 DEBUG oslo_service.service [req-967c475e-e1ac-40d1-aea2-ea1172d2f49a - - - - -] default_schedule_zone = None log_opt_values /usr/lib/python3/dist-packages/oslo_config/cfg.py:2602
2026-03-05 00:39:56.957 136422 DEBUG oslo_service.service [req-967c475e-e1ac-40d1-aea2-ea1172d2f49a - - - - -] disk_allocation_ratio = 1.0 log_opt_values /usr/lib/python3/dist-packages/oslo_config/cfg.py:2602
2026-03-05 00:39:56.958 136422 DEBUG oslo_service.service [req-967c475e-e1ac-40d1-aea2-ea1172d2f49a - - - - -] enable_new_services = True log_opt_values /usr/lib/python3/dist-packages/oslo_config/cfg.py:2602
2026-03-05 00:39:56.958 136422 DEBUG oslo_service.service [req-967c475e-e1ac-40d1-aea2-ea1172d2f49a - - - - -] enabled_apis = ['osapi_compute', 'metadata'] log_opt_values /usr/lib/python3/dist-packages/oslo_config/cfg.py:2602
2026-03-05 00:39:56.958 136422 DEBUG oslo_service.service [req-967c475e-e1ac-40d1-aea2-ea1172d2f49a - - - - -] enabled_ssl_apis = [] log_opt_values /usr/lib/python3/dist-packages/oslo_config/cfg.py:2602
2026-03-05 00:39:56.958 136422 DEBUG oslo_service.service [req-967c475e-e1ac-40d1-aea2-ea1172d2f49a - - - - -] fatal_deprecations = False log_opt_values /usr/lib/python3/dist-packages/oslo_config/cfg.py:2602
2026-03-05 00:39:56.958 136422 DEBUG oslo_service.service [req-967c475e-e1ac-40d1-aea2-ea1172d2f49a - - - - -] flat_injected = False log_opt_values /usr/lib/python3/dist-packages/oslo_config/cfg.py:2602
2026-03-05 00:39:56.960 136422 DEBUG oslo_service.service [req-967c475e-e1ac-40d1-aea2-ea1172d2f49a - - - - -] force_config_drive = False log_opt_values /usr/lib/python3/dist-packages/oslo_config/cfg.py:2602
2026-03-05 00:39:56.960 136422 DEBUG oslo_service.service [req-967c475e-e1ac-40d1-aea2-ea1172d2f49a - - - - -] force_raw_images = True log_opt_values /usr/lib/python3/dist-packages/oslo_config/cfg.py:2602
2026-03-05 00:39:56.960 136422 DEBUG oslo_service.service [req-967c475e-e1ac-40d1-aea2-ea1172d2f49a - - - - -] graceful_shutdown_timeout = 60 log_opt_values /usr/lib/python3/dist-packages/oslo_config/cfg.py:2602
2026-03-05 00:39:56.961 137191 DEBUG oslo_db.sqlalchemy.engines [req-ef08933b-cf61-4fa0-b814-28f9d42eb2c6 - - - - -] MySQL server mode set to STRICT_TRANS_TABLES,STRICT_ALL_TABLES,NO_ZERO_IN_DATE,NO_ZERO_DATE,ERROR_FOR_DIVISION_BY_ZERO,TRADITIONAL,NO_ENGINE_SUBSTITUTION _check_effective_sql_mode /usr/lib/python3/dist-packages/oslo_db/sqlalchemy/engines.py:314
2026-03-05 00:39:56.962 136422 DEBUG oslo_service.service [req-967c475e-e1ac-40d1-aea2-ea1172d2f49a - - - - -] heal_instance_info_cache_interval = 60 log_opt_values /usr/lib/python3/dist-packages/oslo_config/cfg.py:2602
2026-03-05 00:39:56.963 136422 DEBUG oslo_service.service [req-967c475e-e1ac-40d1-aea2-ea1172d2f49a - - - - -] host = juju-46b2fb-0-lxd-7 log_opt_values /usr/lib/python3/dist-packages/oslo_config/cfg.py:2602
2026-03-05 00:39:56.964 136422 DEBUG oslo_service.service [req-967c475e-e1ac-40d1-aea2-ea1172d2f49a - - - - -] initial_cpu_allocation_ratio = 16.0 log_opt_values /usr/lib/python3/dist-packages/oslo_config/cfg.py:2602
2026-03-05 00:39:56.964 136422 DEBUG oslo_service.service [req-967c475e-e1ac-40d1-aea2-ea1172d2f49a - - - - -] initial_disk_allocation_ratio = 1.0 log_opt_values /usr/lib/python3/dist-packages/oslo_config/cfg.py:2602
2026-03-05 00:39:56.965 136422 DEBUG oslo_service.service [req-967c475e-e1ac-40d1-aea2-ea1172d2f49a - - - - -] initial_ram_allocation_ratio = 1.5 log_opt_values /usr/lib/python3/dist-packages/oslo_config/cfg.py:2602
2026-03-05 00:39:56.965 136422 DEBUG oslo_service.service [req-967c475e-e1ac-40d1-aea2-ea1172d2f49a - - - - -] injected_network_template = /usr/lib/python3/dist-packages/nova/virt/interfaces.template log_opt_values /usr/lib/python3/dist-packages/oslo_config/cfg.py:2602
2026-03-05 00:39:56.966 136422 DEBUG oslo_service.service [req-967c475e-e1ac-40d1-aea2-ea1172d2f49a - - - - -] instance_build_timeout = 0 log_opt_values /usr/lib/python3/dist-packages/oslo_config/cfg.py:2602
2026-03-05 00:39:56.966 136422 DEBUG oslo_service.service [req-967c475e-e1ac-40d1-aea2-ea1172d2f49a - - - - -] instance_delete_interval = 300 log_opt_values /usr/lib/python3/dist-packages/oslo_config/cfg.py:2602
2026-03-05 00:39:56.968 136422 DEBUG oslo_service.service [req-967c475e-e1ac-40d1-aea2-ea1172d2f49a - - - - -] instance_format = [instance: %(uuid)s] log_opt_values /usr/lib/python3/dist-packages/oslo_config/cfg.py:2602
2026-03-05 00:39:56.967 137189 DEBUG oslo_db.sqlalchemy.engines [req-cdea9ec0-e54a-4078-b7ad-56228208093d - - - - -] MySQL server mode set to STRICT_TRANS_TABLES,STRICT_ALL_TABLES,NO_ZERO_IN_DATE,NO_ZERO_DATE,ERROR_FOR_DIVISION_BY_ZERO,TRADITIONAL,NO_ENGINE_SUBSTITUTION _check_effective_sql_mode /usr/lib/python3/dist-packages/oslo_db/sqlalchemy/engines.py:314
2026-03-05 00:39:56.969 136422 DEBUG oslo_service.service [req-967c475e-e1ac-40d1-aea2-ea1172d2f49a - - - - -] instance_name_template = instance-%08x log_opt_values /usr/lib/python3/dist-packages/oslo_config/cfg.py:2602
2026-03-05 00:39:56.970 136422 DEBUG oslo_service.service [req-967c475e-e1ac-40d1-aea2-ea1172d2f49a - - - - -] instance_usage_audit = False log_opt_values /usr/lib/python3/dist-packages/oslo_config/cfg.py:2602
2026-03-05 00:39:56.971 137192 DEBUG oslo_db.sqlalchemy.engines [req-9b0d5d29-2df4-41fe-925d-eb3cf69e22f9 - - - - -] MySQL server mode set to STRICT_TRANS_TABLES,STRICT_ALL_TABLES,NO_ZERO_IN_DATE,NO_ZERO_DATE,ERROR_FOR_DIVISION_BY_ZERO,TRADITIONAL,NO_ENGINE_SUBSTITUTION _check_effective_sql_mode /usr/lib/python3/dist-packages/oslo_db/sqlalchemy/engines.py:314
2026-03-05 00:39:56.972 136422 DEBUG oslo_service.service [req-967c475e-e1ac-40d1-aea2-ea1172d2f49a - - - - -] instance_usage_audit_period = month log_opt_values /usr/lib/python3/dist-packages/oslo_config/cfg.py:2602
2026-03-05 00:39:56.974 136422 DEBUG oslo_service.service [req-967c475e-e1ac-40d1-aea2-ea1172d2f49a - - - - -] instance_uuid_format = [instance: %(uuid)s] log_opt_values /usr/lib/python3/dist-packages/oslo_config/cfg.py:2602
2026-03-05 00:39:56.975 136422 DEBUG oslo_service.service [req-967c475e-e1ac-40d1-aea2-ea1172d2f49a - - - - -] instances_path = /var/lib/nova/instances log_opt_values /usr/lib/python3/dist-packages/oslo_config/cfg.py:2602
2026-03-05 00:39:56.975 136422 DEBUG oslo_service.service [req-967c475e-e1ac-40d1-aea2-ea1172d2f49a - - - - -] internal_service_availability_zone = internal log_opt_values /usr/lib/python3/dist-packages/oslo_config/cfg.py:2602
2026-03-05 00:39:56.976 136422 DEBUG oslo_service.service [req-967c475e-e1ac-40d1-aea2-ea1172d2f49a - - - - -] key = None log_opt_values /usr/lib/python3/dist-packages/oslo_config/cfg.py:2602
2026-03-05 00:39:56.976 136422 DEBUG oslo_service.service [req-967c475e-e1ac-40d1-aea2-ea1172d2f49a - - - - -] live_migration_retry_count = 30 log_opt_values /usr/lib/python3/dist-packages/oslo_config/cfg.py:2602
2026-03-05 00:39:56.976 136422 DEBUG oslo_service.service [req-967c475e-e1ac-40d1-aea2-ea1172d2f49a - - - - -] log_config_append = None log_opt_values /usr/lib/python3/dist-packages/oslo_config/cfg.py:2602
2026-03-05 00:39:56.978 136422 DEBUG oslo_service.service [req-967c475e-e1ac-40d1-aea2-ea1172d2f49a - - - - -] log_date_format = %Y-%m-%d %H:%M:%S log_opt_values /usr/lib/python3/dist-packages/oslo_config/cfg.py:2602
2026-03-05 00:39:56.978 136422 DEBUG oslo_service.service [req-967c475e-e1ac-40d1-aea2-ea1172d2f49a - - - - -] log_dir = /var/log/nova log_opt_values /usr/lib/python3/dist-packages/oslo_config/cfg.py:2602
2026-03-05 00:39:56.978 136422 DEBUG oslo_service.service [req-967c475e-e1ac-40d1-aea2-ea1172d2f49a - - - - -] log_file = /var/log/nova/nova-scheduler.log log_opt_values /usr/lib/python3/dist-packages/oslo_config/cfg.py:2602
2026-03-05 00:39:56.980 136422 DEBUG oslo_service.service [req-967c475e-e1ac-40d1-aea2-ea1172d2f49a - - - - -] log_options = True log_opt_values /usr/lib/python3/dist-packages/oslo_config/cfg.py:2602
2026-03-05 00:39:56.981 136422 DEBUG oslo_service.service [req-967c475e-e1ac-40d1-aea2-ea1172d2f49a - - - - -] log_rotate_interval = 1 log_opt_values /usr/lib/python3/dist-packages/oslo_config/cfg.py:2602
2026-03-05 00:39:56.981 136422 DEBUG oslo_service.service [req-967c475e-e1ac-40d1-aea2-ea1172d2f49a - - - - -] log_rotate_interval_type = days log_opt_values /usr/lib/python3/dist-packages/oslo_config/cfg.py:2602
2026-03-05 00:39:56.981 136422 DEBUG oslo_service.service [req-967c475e-e1ac-40d1-aea2-ea1172d2f49a - - - - -] log_rotation_type = none log_opt_values /usr/lib/python3/dist-packages/oslo_config/cfg.py:2602
2026-03-05 00:39:56.981 136422 DEBUG oslo_service.service [req-967c475e-e1ac-40d1-aea2-ea1172d2f49a - - - - -] logging_context_format_string = %(asctime)s.%(msecs)03d %(process)d %(levelname)s %(name)s [%(request_id)s %(user_identity)s] %(instance)s%(message)s log_opt_values /usr/lib/python3/dist-packages/oslo_config/cfg.py:2602
2026-03-05 00:39:56.982 136422 DEBUG oslo_service.service [req-967c475e-e1ac-40d1-aea2-ea1172d2f49a - - - - -] logging_debug_format_suffix = %(funcName)s %(pathname)s:%(lineno)d log_opt_values /usr/lib/python3/dist-packages/oslo_config/cfg.py:2602
2026-03-05 00:39:56.982 136422 DEBUG oslo_service.service [req-967c475e-e1ac-40d1-aea2-ea1172d2f49a - - - - -] logging_default_format_string = %(asctime)s.%(msecs)03d %(process)d %(levelname)s %(name)s [-] %(instance)s%(message)s log_opt_values /usr/lib/python3/dist-packages/oslo_config/cfg.py:2602
2026-03-05 00:39:56.983 136422 DEBUG oslo_service.service [req-967c475e-e1ac-40d1-aea2-ea1172d2f49a - - - - -] logging_exception_prefix = %(asctime)s.%(msecs)03d %(process)d ERROR %(name)s %(instance)s log_opt_values /usr/lib/python3/dist-packages/oslo_config/cfg.py:2602
2026-03-05 00:39:56.983 136422 DEBUG oslo_service.service [req-967c475e-e1ac-40d1-aea2-ea1172d2f49a - - - - -] logging_user_identity_format = %(user)s %(project)s %(domain)s %(user_domain)s %(project_domain)s log_opt_values /usr/lib/python3/dist-packages/oslo_config/cfg.py:2602
2026-03-05 00:39:56.984 136422 DEBUG oslo_service.service [req-967c475e-e1ac-40d1-aea2-ea1172d2f49a - - - - -] long_rpc_timeout = 1800 log_opt_values /usr/lib/python3/dist-packages/oslo_config/cfg.py:2602
2026-03-05 00:39:56.985 136422 DEBUG oslo_service.service [req-967c475e-e1ac-40d1-aea2-ea1172d2f49a - - - - -] max_concurrent_builds = 10 log_opt_values /usr/lib/python3/dist-packages/oslo_config/cfg.py:2602
2026-03-05 00:39:56.985 136422 DEBUG oslo_service.service [req-967c475e-e1ac-40d1-aea2-ea1172d2f49a - - - - -] max_concurrent_live_migrations = 1 log_opt_values /usr/lib/python3/dist-packages/oslo_config/cfg.py:2602
2026-03-05 00:39:56.986 136422 DEBUG oslo_service.service [req-967c475e-e1ac-40d1-aea2-ea1172d2f49a - - - - -] max_concurrent_snapshots = 5 log_opt_values /usr/lib/python3/dist-packages/oslo_config/cfg.py:2602
2026-03-05 00:39:56.986 136422 DEBUG oslo_service.service [req-967c475e-e1ac-40d1-aea2-ea1172d2f49a - - - - -] max_local_block_devices = 3 log_opt_values /usr/lib/python3/dist-packages/oslo_config/cfg.py:2602
2026-03-05 00:39:56.986 136422 DEBUG oslo_service.service [req-967c475e-e1ac-40d1-aea2-ea1172d2f49a - - - - -] max_logfile_count = 30 log_opt_values /usr/lib/python3/dist-packages/oslo_config/cfg.py:2602
2026-03-05 00:39:56.986 136422 DEBUG oslo_service.service [req-967c475e-e1ac-40d1-aea2-ea1172d2f49a - - - - -] max_logfile_size_mb = 200 log_opt_values /usr/lib/python3/dist-packages/oslo_config/cfg.py:2602
2026-03-05 00:39:56.986 136422 DEBUG oslo_service.service [req-967c475e-e1ac-40d1-aea2-ea1172d2f49a - - - - -] maximum_instance_delete_attempts = 5 log_opt_values /usr/lib/python3/dist-packages/oslo_config/cfg.py:2602
2026-03-05 00:39:56.987 136422 DEBUG oslo_service.service [req-967c475e-e1ac-40d1-aea2-ea1172d2f49a - - - - -] metadata_listen = 0.0.0.0 log_opt_values /usr/lib/python3/dist-packages/oslo_config/cfg.py:2602
2026-03-05 00:39:56.988 136422 DEBUG oslo_service.service [req-967c475e-e1ac-40d1-aea2-ea1172d2f49a - - - - -] metadata_listen_port = 8765 log_opt_values /usr/lib/python3/dist-packages/oslo_config/cfg.py:2602
2026-03-05 00:39:56.990 136422 DEBUG oslo_service.service [req-967c475e-e1ac-40d1-aea2-ea1172d2f49a - - - - -] metadata_workers = None log_opt_values /usr/lib/python3/dist-packages/oslo_config/cfg.py:2602
2026-03-05 00:39:56.990 136422 DEBUG oslo_service.service [req-967c475e-e1ac-40d1-aea2-ea1172d2f49a - - - - -] migrate_max_retries = -1 log_opt_values /usr/lib/python3/dist-packages/oslo_config/cfg.py:2602
2026-03-05 00:39:56.990 136422 DEBUG oslo_service.service [req-967c475e-e1ac-40d1-aea2-ea1172d2f49a - - - - -] mkisofs_cmd = genisoimage log_opt_values /usr/lib/python3/dist-packages/oslo_config/cfg.py:2602
2026-03-05 00:39:56.991 136422 DEBUG oslo_service.service [req-967c475e-e1ac-40d1-aea2-ea1172d2f49a - - - - -] my_block_storage_ip = 252.23.102.29 log_opt_values /usr/lib/python3/dist-packages/oslo_config/cfg.py:2602
2026-03-05 00:39:56.992 136422 DEBUG oslo_service.service [req-967c475e-e1ac-40d1-aea2-ea1172d2f49a - - - - -] my_ip = 252.23.102.29 log_opt_values /usr/lib/python3/dist-packages/oslo_config/cfg.py:2602
2026-03-05 00:39:56.992 136422 DEBUG oslo_service.service [req-967c475e-e1ac-40d1-aea2-ea1172d2f49a - - - - -] network_allocate_retries = 0 log_opt_values /usr/lib/python3/dist-packages/oslo_config/cfg.py:2602
2026-03-05 00:39:56.993 136422 DEBUG oslo_service.service [req-967c475e-e1ac-40d1-aea2-ea1172d2f49a - - - - -] non_inheritable_image_properties = ['cache_in_nova', 'bittorrent'] log_opt_values /usr/lib/python3/dist-packages/oslo_config/cfg.py:2602
2026-03-05 00:39:56.994 136422 DEBUG oslo_service.service [req-967c475e-e1ac-40d1-aea2-ea1172d2f49a - - - - -] osapi_compute_listen = 0.0.0.0 log_opt_values /usr/lib/python3/dist-packages/oslo_config/cfg.py:2602
2026-03-05 00:39:56.994 136422 DEBUG oslo_service.service [req-967c475e-e1ac-40d1-aea2-ea1172d2f49a - - - - -] osapi_compute_listen_port = 8764 log_opt_values /usr/lib/python3/dist-packages/oslo_config/cfg.py:2602
2026-03-05 00:39:56.995 136422 DEBUG oslo_service.service [req-967c475e-e1ac-40d1-aea2-ea1172d2f49a - - - - -] osapi_compute_unique_server_name_scope = log_opt_values /usr/lib/python3/dist-packages/oslo_config/cfg.py:2602
2026-03-05 00:39:56.996 136422 DEBUG oslo_service.service [req-967c475e-e1ac-40d1-aea2-ea1172d2f49a - - - - -] osapi_compute_workers = 4 log_opt_values /usr/lib/python3/dist-packages/oslo_config/cfg.py:2602
2026-03-05 00:39:56.996 136422 DEBUG oslo_service.service [req-967c475e-e1ac-40d1-aea2-ea1172d2f49a - - - - -] password_length = 12 log_opt_values /usr/lib/python3/dist-packages/oslo_config/cfg.py:2602
2026-03-05 00:39:56.998 136422 DEBUG oslo_service.service [req-967c475e-e1ac-40d1-aea2-ea1172d2f49a - - - - -] periodic_enable = True log_opt_values /usr/lib/python3/dist-packages/oslo_config/cfg.py:2602
2026-03-05 00:39:56.998 136422 DEBUG oslo_service.service [req-967c475e-e1ac-40d1-aea2-ea1172d2f49a - - - - -] periodic_fuzzy_delay = 60 log_opt_values /usr/lib/python3/dist-packages/oslo_config/cfg.py:2602
2026-03-05 00:39:56.998 136422 DEBUG oslo_service.service [req-967c475e-e1ac-40d1-aea2-ea1172d2f49a - - - - -] pointer_model = usbtablet log_opt_values /usr/lib/python3/dist-packages/oslo_config/cfg.py:2602
2026-03-05 00:39:56.999 136422 DEBUG oslo_service.service [req-967c475e-e1ac-40d1-aea2-ea1172d2f49a - - - - -] preallocate_images = none log_opt_values /usr/lib/python3/dist-packages/oslo_config/cfg.py:2602
2026-03-05 00:39:56.999 136422 DEBUG oslo_service.service [req-967c475e-e1ac-40d1-aea2-ea1172d2f49a - - - - -] publish_errors = False log_opt_values /usr/lib/python3/dist-packages/oslo_config/cfg.py:2602
2026-03-05 00:39:57.000 136422 DEBUG oslo_service.service [req-967c475e-e1ac-40d1-aea2-ea1172d2f49a - - - - -] pybasedir = /usr/lib/python3/dist-packages log_opt_values /usr/lib/python3/dist-packages/oslo_config/cfg.py:2602
2026-03-05 00:39:57.000 136422 DEBUG oslo_service.service [req-967c475e-e1ac-40d1-aea2-ea1172d2f49a - - - - -] ram_allocation_ratio = 0.98 log_opt_values /usr/lib/python3/dist-packages/oslo_config/cfg.py:2602
2026-03-05 00:39:57.001 136422 DEBUG oslo_service.service [req-967c475e-e1ac-40d1-aea2-ea1172d2f49a - - - - -] rate_limit_burst = 0 log_opt_values /usr/lib/python3/dist-packages/oslo_config/cfg.py:2602
2026-03-05 00:39:57.001 136422 DEBUG oslo_service.service [req-967c475e-e1ac-40d1-aea2-ea1172d2f49a - - - - -] rate_limit_except_level = CRITICAL log_opt_values /usr/lib/python3/dist-packages/oslo_config/cfg.py:2602
2026-03-05 00:39:57.001 136422 DEBUG oslo_service.service [req-967c475e-e1ac-40d1-aea2-ea1172d2f49a - - - - -] rate_limit_interval = 0 log_opt_values /usr/lib/python3/dist-packages/oslo_config/cfg.py:2602
2026-03-05 00:39:57.001 136422 DEBUG oslo_service.service [req-967c475e-e1ac-40d1-aea2-ea1172d2f49a - - - - -] reboot_timeout = 0 log_opt_values /usr/lib/python3/dist-packages/oslo_config/cfg.py:2602
2026-03-05 00:39:57.005 137192 DEBUG nova.service [req-9b0d5d29-2df4-41fe-925d-eb3cf69e22f9 - - - - -] Creating RPC server for service scheduler start /usr/lib/python3/dist-packages/nova/service.py:182
2026-03-05 00:39:57.001 136422 DEBUG oslo_service.service [req-967c475e-e1ac-40d1-aea2-ea1172d2f49a - - - - -] reclaim_instance_interval = 0 log_opt_values /usr/lib/python3/dist-packages/oslo_config/cfg.py:2602
2026-03-05 00:39:57.009 136422 DEBUG oslo_service.service [req-967c475e-e1ac-40d1-aea2-ea1172d2f49a - - - - -] record = None log_opt_values /usr/lib/python3/dist-packages/oslo_config/cfg.py:2602
2026-03-05 00:39:57.010 136422 DEBUG oslo_service.service [req-967c475e-e1ac-40d1-aea2-ea1172d2f49a - - - - -] report_interval = 10 log_opt_values /usr/lib/python3/dist-packages/oslo_config/cfg.py:2602
2026-03-05 00:39:57.010 136422 DEBUG oslo_service.service [req-967c475e-e1ac-40d1-aea2-ea1172d2f49a - - - - -] rescue_timeout = 0 log_opt_values /usr/lib/python3/dist-packages/oslo_config/cfg.py:2602
2026-03-05 00:39:57.010 136422 DEBUG oslo_service.service [req-967c475e-e1ac-40d1-aea2-ea1172d2f49a - - - - -] reserved_host_cpus = 0 log_opt_values /usr/lib/python3/dist-packages/oslo_config/cfg.py:2602
2026-03-05 00:39:57.011 136422 DEBUG oslo_service.service [req-967c475e-e1ac-40d1-aea2-ea1172d2f49a - - - - -] reserved_host_disk_mb = 0 log_opt_values /usr/lib/python3/dist-packages/oslo_config/cfg.py:2602
2026-03-05 00:39:57.011 136422 DEBUG oslo_service.service [req-967c475e-e1ac-40d1-aea2-ea1172d2f49a - - - - -] reserved_host_memory_mb = 512 log_opt_values /usr/lib/python3/dist-packages/oslo_config/cfg.py:2602
2026-03-05 00:39:57.012 136422 DEBUG oslo_service.service [req-967c475e-e1ac-40d1-aea2-ea1172d2f49a - - - - -] reserved_huge_pages = None log_opt_values /usr/lib/python3/dist-packages/oslo_config/cfg.py:2602
2026-03-05 00:39:57.012 136422 DEBUG oslo_service.service [req-967c475e-e1ac-40d1-aea2-ea1172d2f49a - - - - -] resize_confirm_window = 0 log_opt_values /usr/lib/python3/dist-packages/oslo_config/cfg.py:2602
2026-03-05 00:39:57.012 136422 DEBUG oslo_service.service [req-967c475e-e1ac-40d1-aea2-ea1172d2f49a - - - - -] resize_fs_using_block_device = False log_opt_values /usr/lib/python3/dist-packages/oslo_config/cfg.py:2602
2026-03-05 00:39:57.013 136422 DEBUG oslo_service.service [req-967c475e-e1ac-40d1-aea2-ea1172d2f49a - - - - -] resume_guests_state_on_host_boot = False log_opt_values /usr/lib/python3/dist-packages/oslo_config/cfg.py:2602
2026-03-05 00:39:57.013 136422 DEBUG oslo_service.service [req-967c475e-e1ac-40d1-aea2-ea1172d2f49a - - - - -] rootwrap_config = /etc/nova/rootwrap.conf log_opt_values /usr/lib/python3/dist-packages/oslo_config/cfg.py:2602
2026-03-05 00:39:57.018 137191 DEBUG nova.service [req-ef08933b-cf61-4fa0-b814-28f9d42eb2c6 - - - - -] Creating RPC server for service scheduler start /usr/lib/python3/dist-packages/nova/service.py:182
2026-03-05 00:39:57.013 136422 DEBUG oslo_service.service [req-967c475e-e1ac-40d1-aea2-ea1172d2f49a - - - - -] run_external_periodic_tasks = True log_opt_values /usr/lib/python3/dist-packages/oslo_config/cfg.py:2602
2026-03-05 00:39:57.018 136422 DEBUG oslo_service.service [req-967c475e-e1ac-40d1-aea2-ea1172d2f49a - - - - -] running_deleted_instance_action = reap log_opt_values /usr/lib/python3/dist-packages/oslo_config/cfg.py:2602
2026-03-05 00:39:57.020 136422 DEBUG oslo_service.service [req-967c475e-e1ac-40d1-aea2-ea1172d2f49a - - - - -] running_deleted_instance_poll_interval = 1800 log_opt_values /usr/lib/python3/dist-packages/oslo_config/cfg.py:2602
2026-03-05 00:39:57.021 136422 DEBUG oslo_service.service [req-967c475e-e1ac-40d1-aea2-ea1172d2f49a - - - - -] running_deleted_instance_timeout = 0 log_opt_values /usr/lib/python3/dist-packages/oslo_config/cfg.py:2602
2026-03-05 00:39:57.021 136422 DEBUG oslo_service.service [req-967c475e-e1ac-40d1-aea2-ea1172d2f49a - - - - -] scheduler_instance_sync_interval = 120 log_opt_values /usr/lib/python3/dist-packages/oslo_config/cfg.py:2602
2026-03-05 00:39:57.021 136422 DEBUG oslo_service.service [req-967c475e-e1ac-40d1-aea2-ea1172d2f49a - - - - -] service_down_time = 60 log_opt_values /usr/lib/python3/dist-packages/oslo_config/cfg.py:2602
2026-03-05 00:39:57.022 136422 DEBUG oslo_service.service [req-967c475e-e1ac-40d1-aea2-ea1172d2f49a - - - - -] servicegroup_driver = db log_opt_values /usr/lib/python3/dist-packages/oslo_config/cfg.py:2602
2026-03-05 00:39:57.022 136422 DEBUG oslo_service.service [req-967c475e-e1ac-40d1-aea2-ea1172d2f49a - - - - -] shelved_offload_time = 0 log_opt_values /usr/lib/python3/dist-packages/oslo_config/cfg.py:2602
2026-03-05 00:39:57.022 136422 DEBUG oslo_service.service [req-967c475e-e1ac-40d1-aea2-ea1172d2f49a - - - - -] shelved_poll_interval = 3600 log_opt_values /usr/lib/python3/dist-packages/oslo_config/cfg.py:2602
2026-03-05 00:39:57.022 137193 DEBUG oslo_db.sqlalchemy.engines [req-32bb57e6-10b6-472e-8897-69539bd4230d - - - - -] MySQL server mode set to STRICT_TRANS_TABLES,STRICT_ALL_TABLES,NO_ZERO_IN_DATE,NO_ZERO_DATE,ERROR_FOR_DIVISION_BY_ZERO,TRADITIONAL,NO_ENGINE_SUBSTITUTION _check_effective_sql_mode /usr/lib/python3/dist-packages/oslo_db/sqlalchemy/engines.py:314
2026-03-05 00:39:57.022 136422 DEBUG oslo_service.service [req-967c475e-e1ac-40d1-aea2-ea1172d2f49a - - - - -] shutdown_timeout = 60 log_opt_values /usr/lib/python3/dist-packages/oslo_config/cfg.py:2602
2026-03-05 00:39:57.022 136422 DEBUG oslo_service.service [req-967c475e-e1ac-40d1-aea2-ea1172d2f49a - - - - -] source_is_ipv6 = False log_opt_values /usr/lib/python3/dist-packages/oslo_config/cfg.py:2602
2026-03-05 00:39:57.022 136422 DEBUG oslo_service.service [req-967c475e-e1ac-40d1-aea2-ea1172d2f49a - - - - -] ssl_only = False log_opt_values /usr/lib/python3/dist-packages/oslo_config/cfg.py:2602
2026-03-05 00:39:57.022 137189 DEBUG nova.service [req-cdea9ec0-e54a-4078-b7ad-56228208093d - - - - -] Creating RPC server for service scheduler start /usr/lib/python3/dist-packages/nova/service.py:182
2026-03-05 00:39:57.024 136422 DEBUG oslo_service.service [req-967c475e-e1ac-40d1-aea2-ea1172d2f49a - - - - -] state_path = /var/lib/nova log_opt_values /usr/lib/python3/dist-packages/oslo_config/cfg.py:2602
2026-03-05 00:39:57.025 136422 DEBUG oslo_service.service [req-967c475e-e1ac-40d1-aea2-ea1172d2f49a - - - - -] sync_power_state_interval = 600 log_opt_values /usr/lib/python3/dist-packages/oslo_config/cfg.py:2602
2026-03-05 00:39:57.025 136422 DEBUG oslo_service.service [req-967c475e-e1ac-40d1-aea2-ea1172d2f49a - - - - -] sync_power_state_pool_size = 1000 log_opt_values /usr/lib/python3/dist-packages/oslo_config/cfg.py:2602
2026-03-05 00:39:57.026 136422 DEBUG oslo_service.service [req-967c475e-e1ac-40d1-aea2-ea1172d2f49a - - - - -] syslog_log_facility = LOG_USER log_opt_values /usr/lib/python3/dist-packages/oslo_config/cfg.py:2602
2026-03-05 00:39:57.026 136422 DEBUG oslo_service.service [req-967c475e-e1ac-40d1-aea2-ea1172d2f49a - - - - -] tempdir = None log_opt_values /usr/lib/python3/dist-packages/oslo_config/cfg.py:2602
2026-03-05 00:39:57.026 136422 DEBUG oslo_service.service [req-967c475e-e1ac-40d1-aea2-ea1172d2f49a - - - - -] timeout_nbd = 10 log_opt_values /usr/lib/python3/dist-packages/oslo_config/cfg.py:2602
2026-03-05 00:39:57.028 136422 DEBUG oslo_service.service [req-967c475e-e1ac-40d1-aea2-ea1172d2f49a - - - - -] transport_url = **** log_opt_values /usr/lib/python3/dist-packages/oslo_config/cfg.py:2602
2026-03-05 00:39:57.029 136422 DEBUG oslo_service.service [req-967c475e-e1ac-40d1-aea2-ea1172d2f49a - - - - -] update_resources_interval = 0 log_opt_values /usr/lib/python3/dist-packages/oslo_config/cfg.py:2602
2026-03-05 00:39:57.029 136422 DEBUG oslo_service.service [req-967c475e-e1ac-40d1-aea2-ea1172d2f49a - - - - -] use_cow_images = True log_opt_values /usr/lib/python3/dist-packages/oslo_config/cfg.py:2602
2026-03-05 00:39:57.030 136422 DEBUG oslo_service.service [req-967c475e-e1ac-40d1-aea2-ea1172d2f49a - - - - -] use_eventlog = False log_opt_values /usr/lib/python3/dist-packages/oslo_config/cfg.py:2602
2026-03-05 00:39:57.030 136422 DEBUG oslo_service.service [req-967c475e-e1ac-40d1-aea2-ea1172d2f49a - - - - -] use_journal = False log_opt_values /usr/lib/python3/dist-packages/oslo_config/cfg.py:2602
2026-03-05 00:39:57.030 136422 DEBUG oslo_service.service [req-967c475e-e1ac-40d1-aea2-ea1172d2f49a - - - - -] use_json = False log_opt_values /usr/lib/python3/dist-packages/oslo_config/cfg.py:2602
2026-03-05 00:39:57.030 136422 DEBUG oslo_service.service [req-967c475e-e1ac-40d1-aea2-ea1172d2f49a - - - - -] use_rootwrap_daemon = False log_opt_values /usr/lib/python3/dist-packages/oslo_config/cfg.py:2602
2026-03-05 00:39:57.030 136422 DEBUG oslo_service.service [req-967c475e-e1ac-40d1-aea2-ea1172d2f49a - - - - -] use_stderr = False log_opt_values /usr/lib/python3/dist-packages/oslo_config/cfg.py:2602
2026-03-05 00:39:57.037 136422 DEBUG oslo_service.service [req-967c475e-e1ac-40d1-aea2-ea1172d2f49a - - - - -] use_syslog = False log_opt_values /usr/lib/python3/dist-packages/oslo_config/cfg.py:2602
2026-03-05 00:39:57.039 136422 DEBUG oslo_service.service [req-967c475e-e1ac-40d1-aea2-ea1172d2f49a - - - - -] vcpu_pin_set = None log_opt_values /usr/lib/python3/dist-packages/oslo_config/cfg.py:2602
2026-03-05 00:39:57.040 136422 DEBUG oslo_service.service [req-967c475e-e1ac-40d1-aea2-ea1172d2f49a - - - - -] vif_plugging_is_fatal = True log_opt_values /usr/lib/python3/dist-packages/oslo_config/cfg.py:2602
2026-03-05 00:39:57.041 136422 DEBUG oslo_service.service [req-967c475e-e1ac-40d1-aea2-ea1172d2f49a - - - - -] vif_plugging_timeout = 300 log_opt_values /usr/lib/python3/dist-packages/oslo_config/cfg.py:2602
2026-03-05 00:39:57.043 136422 DEBUG oslo_service.service [req-967c475e-e1ac-40d1-aea2-ea1172d2f49a - - - - -] virt_mkfs = [] log_opt_values /usr/lib/python3/dist-packages/oslo_config/cfg.py:2602
2026-03-05 00:39:57.044 136422 DEBUG oslo_service.service [req-967c475e-e1ac-40d1-aea2-ea1172d2f49a - - - - -] volume_usage_poll_interval = 0 log_opt_values /usr/lib/python3/dist-packages/oslo_config/cfg.py:2602
2026-03-05 00:39:57.045 136422 DEBUG oslo_service.service [req-967c475e-e1ac-40d1-aea2-ea1172d2f49a - - - - -] watch_log_file = False log_opt_values /usr/lib/python3/dist-packages/oslo_config/cfg.py:2602
2026-03-05 00:39:57.046 137192 DEBUG oslo_messaging._drivers.amqpdriver [-] Listener is running poll /usr/lib/python3/dist-packages/oslo_messaging/_drivers/amqpdriver.py:343
2026-03-05 00:39:57.046 136422 DEBUG oslo_service.service [req-967c475e-e1ac-40d1-aea2-ea1172d2f49a - - - - -] web = /usr/share/spice-html5 log_opt_values /usr/lib/python3/dist-packages/oslo_config/cfg.py:2602
2026-03-05 00:39:57.046 137192 DEBUG oslo_messaging._drivers.amqpdriver [-] AMQPListener connection consume poll /usr/lib/python3/dist-packages/oslo_messaging/_drivers/amqpdriver.py:357
2026-03-05 00:39:57.046 137191 DEBUG oslo_messaging._drivers.amqpdriver [-] Listener is running poll /usr/lib/python3/dist-packages/oslo_messaging/_drivers/amqpdriver.py:343
2026-03-05 00:39:57.046 136422 DEBUG oslo_service.service [req-967c475e-e1ac-40d1-aea2-ea1172d2f49a - - - - -] oslo_concurrency.disable_process_locking = False log_opt_values /usr/lib/python3/dist-packages/oslo_config/cfg.py:2609
2026-03-05 00:39:57.046 137191 DEBUG oslo_messaging._drivers.amqpdriver [-] AMQPListener connection consume poll /usr/lib/python3/dist-packages/oslo_messaging/_drivers/amqpdriver.py:357
2026-03-05 00:39:57.047 136422 DEBUG oslo_service.service [req-967c475e-e1ac-40d1-aea2-ea1172d2f49a - - - - -] oslo_concurrency.lock_path = /var/lock/nova log_opt_values /usr/lib/python3/dist-packages/oslo_config/cfg.py:2609
2026-03-05 00:39:57.047 136422 WARNING oslo_config.cfg [req-967c475e-e1ac-40d1-aea2-ea1172d2f49a - - - - -] Deprecated: Option "auth_strategy" from group "api" is deprecated for removal ( The only non-default choice, ``noauth2``, is for internal development and testing purposes only and should not be used in deployments. This option and its middleware, NoAuthMiddleware[V2_18], will be removed in a future release. ). Its value may be silently ignored in the future.
2026-03-05 00:39:57.048 136422 DEBUG oslo_service.service [req-967c475e-e1ac-40d1-aea2-ea1172d2f49a - - - - -] api.auth_strategy = keystone log_opt_values /usr/lib/python3/dist-packages/oslo_config/cfg.py:2609
2026-03-05 00:39:57.048 136422 DEBUG oslo_service.service [req-967c475e-e1ac-40d1-aea2-ea1172d2f49a - - - - -] api.compute_link_prefix = None log_opt_values /usr/lib/python3/dist-packages/oslo_config/cfg.py:2609
2026-03-05 00:39:57.048 136422 DEBUG oslo_service.service [req-967c475e-e1ac-40d1-aea2-ea1172d2f49a - - - - -] api.config_drive_skip_versions = 1.0 2007-01-19 2007-03-01 2007-08-29 2007-10-10 2007-12-15 2008-02-01 2008-09-01 log_opt_values /usr/lib/python3/dist-packages/oslo_config/cfg.py:2609
2026-03-05 00:39:57.048 137191 DEBUG nova.service [req-ef08933b-cf61-4fa0-b814-28f9d42eb2c6 - - - - -] Join ServiceGroup membership for this service scheduler start /usr/lib/python3/dist-packages/nova/service.py:199
2026-03-05 00:39:57.049 136422 DEBUG oslo_service.service [req-967c475e-e1ac-40d1-aea2-ea1172d2f49a - - - - -] api.dhcp_domain = novalocal log_opt_values /usr/lib/python3/dist-packages/oslo_config/cfg.py:2609
2026-03-05 00:39:57.049 136422 DEBUG oslo_service.service [req-967c475e-e1ac-40d1-aea2-ea1172d2f49a - - - - -] api.enable_instance_password = True log_opt_values /usr/lib/python3/dist-packages/oslo_config/cfg.py:2609
2026-03-05 00:39:57.049 136422 DEBUG oslo_service.service [req-967c475e-e1ac-40d1-aea2-ea1172d2f49a - - - - -] api.glance_link_prefix = None log_opt_values /usr/lib/python3/dist-packages/oslo_config/cfg.py:2609
2026-03-05 00:39:57.049 136422 DEBUG oslo_service.service [req-967c475e-e1ac-40d1-aea2-ea1172d2f49a - - - - -] api.instance_list_cells_batch_fixed_size = 100 log_opt_values /usr/lib/python3/dist-packages/oslo_config/cfg.py:2609
2026-03-05 00:39:57.049 137191 DEBUG nova.servicegroup.drivers.db [req-ef08933b-cf61-4fa0-b814-28f9d42eb2c6 - - - - -] DB_Driver: join new ServiceGroup member juju-46b2fb-0-lxd-7 to the scheduler group, service = join /usr/lib/python3/dist-packages/nova/servicegroup/drivers/db.py:44
2026-03-05 00:39:57.050 136422 DEBUG oslo_service.service [req-967c475e-e1ac-40d1-aea2-ea1172d2f49a - - - - -] api.instance_list_cells_batch_strategy = distributed log_opt_values /usr/lib/python3/dist-packages/oslo_config/cfg.py:2609
2026-03-05 00:39:57.050 137192 DEBUG nova.service [req-9b0d5d29-2df4-41fe-925d-eb3cf69e22f9 - - - - -] Join ServiceGroup membership for this service scheduler start /usr/lib/python3/dist-packages/nova/service.py:199
2026-03-05 00:39:57.050 136422 DEBUG oslo_service.service [req-967c475e-e1ac-40d1-aea2-ea1172d2f49a - - - - -] api.instance_list_per_project_cells = False log_opt_values /usr/lib/python3/dist-packages/oslo_config/cfg.py:2609
2026-03-05 00:39:57.050 137192 DEBUG nova.servicegroup.drivers.db [req-9b0d5d29-2df4-41fe-925d-eb3cf69e22f9 - - - - -] DB_Driver: join new ServiceGroup member juju-46b2fb-0-lxd-7 to the scheduler group, service = join /usr/lib/python3/dist-packages/nova/servicegroup/drivers/db.py:44
2026-03-05 00:39:57.050 136422 DEBUG oslo_service.service [req-967c475e-e1ac-40d1-aea2-ea1172d2f49a - - - - -] api.list_records_by_skipping_down_cells = True log_opt_values /usr/lib/python3/dist-packages/oslo_config/cfg.py:2609
2026-03-05 00:39:57.051 136422 DEBUG oslo_service.service [req-967c475e-e1ac-40d1-aea2-ea1172d2f49a - - - - -] api.local_metadata_per_cell = False log_opt_values /usr/lib/python3/dist-packages/oslo_config/cfg.py:2609
2026-03-05 00:39:57.051 136422 DEBUG oslo_service.service [req-967c475e-e1ac-40d1-aea2-ea1172d2f49a - - - - -] api.max_limit = 1000 log_opt_values /usr/lib/python3/dist-packages/oslo_config/cfg.py:2609
2026-03-05 00:39:57.051 136422 DEBUG oslo_service.service [req-967c475e-e1ac-40d1-aea2-ea1172d2f49a - - - - -] api.metadata_cache_expiration = 15 log_opt_values /usr/lib/python3/dist-packages/oslo_config/cfg.py:2609
2026-03-05 00:39:57.052 136422 DEBUG oslo_service.service [req-967c475e-e1ac-40d1-aea2-ea1172d2f49a - - - - -] api.neutron_default_tenant_id = default log_opt_values /usr/lib/python3/dist-packages/oslo_config/cfg.py:2609
2026-03-05 00:39:57.052 136422 DEBUG oslo_service.service [req-967c475e-e1ac-40d1-aea2-ea1172d2f49a - - - - -] api.use_forwarded_for = False log_opt_values /usr/lib/python3/dist-packages/oslo_config/cfg.py:2609
2026-03-05 00:39:57.052 136422 DEBUG oslo_service.service [req-967c475e-e1ac-40d1-aea2-ea1172d2f49a - - - - -] api.use_neutron_default_nets = False log_opt_values /usr/lib/python3/dist-packages/oslo_config/cfg.py:2609
2026-03-05 00:39:57.053 137191 DEBUG oslo_messaging._drivers.amqpdriver [-] AMQPListener connection timeout poll /usr/lib/python3/dist-packages/oslo_messaging/_drivers/amqpdriver.py:360
2026-03-05 00:39:57.053 137192 DEBUG oslo_messaging._drivers.amqpdriver [-] AMQPListener connection timeout poll /usr/lib/python3/dist-packages/oslo_messaging/_drivers/amqpdriver.py:360
2026-03-05 00:39:57.053 137191 DEBUG oslo_messaging._drivers.amqpdriver [-] Listener is running poll /usr/lib/python3/dist-packages/oslo_messaging/_drivers/amqpdriver.py:343
2026-03-05 00:39:57.053 136422 DEBUG oslo_service.service [req-967c475e-e1ac-40d1-aea2-ea1172d2f49a - - - - -] api.vendordata_dynamic_connect_timeout = 5 log_opt_values /usr/lib/python3/dist-packages/oslo_config/cfg.py:2609
2026-03-05 00:39:57.053 137191 DEBUG oslo_messaging._drivers.amqpdriver [-] AMQPListener connection consume poll /usr/lib/python3/dist-packages/oslo_messaging/_drivers/amqpdriver.py:357
2026-03-05 00:39:57.053 137192 DEBUG oslo_messaging._drivers.amqpdriver [-] Listener is running poll /usr/lib/python3/dist-packages/oslo_messaging/_drivers/amqpdriver.py:343
2026-03-05 00:39:57.053 137192 DEBUG oslo_messaging._drivers.amqpdriver [-] AMQPListener connection consume poll /usr/lib/python3/dist-packages/oslo_messaging/_drivers/amqpdriver.py:357
2026-03-05 00:39:57.053 136422 DEBUG oslo_service.service [req-967c475e-e1ac-40d1-aea2-ea1172d2f49a - - - - -] api.vendordata_dynamic_failure_fatal = False log_opt_values /usr/lib/python3/dist-packages/oslo_config/cfg.py:2609
2026-03-05 00:39:57.053 137193 DEBUG nova.service [req-32bb57e6-10b6-472e-8897-69539bd4230d - - - - -] Creating RPC server for service scheduler start /usr/lib/python3/dist-packages/nova/service.py:182
2026-03-05 00:39:57.053 136422 DEBUG oslo_service.service [req-967c475e-e1ac-40d1-aea2-ea1172d2f49a - - - - -] api.vendordata_dynamic_read_timeout = 5 log_opt_values /usr/lib/python3/dist-packages/oslo_config/cfg.py:2609
2026-03-05 00:39:57.054 136422 DEBUG oslo_service.service [req-967c475e-e1ac-40d1-aea2-ea1172d2f49a - - - - -] api.vendordata_dynamic_ssl_certfile = log_opt_values /usr/lib/python3/dist-packages/oslo_config/cfg.py:2609
2026-03-05 00:39:57.054 136422 DEBUG oslo_service.service [req-967c475e-e1ac-40d1-aea2-ea1172d2f49a - - - - -] api.vendordata_dynamic_targets = [] log_opt_values /usr/lib/python3/dist-packages/oslo_config/cfg.py:2609
2026-03-05 00:39:57.054 136422 DEBUG oslo_service.service [req-967c475e-e1ac-40d1-aea2-ea1172d2f49a - - - - -] api.vendordata_jsonfile_path = None log_opt_values /usr/lib/python3/dist-packages/oslo_config/cfg.py:2609
2026-03-05 00:39:57.055 136422 DEBUG oslo_service.service [req-967c475e-e1ac-40d1-aea2-ea1172d2f49a - - - - -] api.vendordata_providers = ['StaticJSON'] log_opt_values /usr/lib/python3/dist-packages/oslo_config/cfg.py:2609
2026-03-05 00:39:57.056 136422 DEBUG oslo_service.service [req-967c475e-e1ac-40d1-aea2-ea1172d2f49a - - - - -] cache.backend = dogpile.cache.null log_opt_values /usr/lib/python3/dist-packages/oslo_config/cfg.py:2609
2026-03-05 00:39:57.056 136422 DEBUG oslo_service.service [req-967c475e-e1ac-40d1-aea2-ea1172d2f49a - - - - -] cache.backend_argument = **** log_opt_values /usr/lib/python3/dist-packages/oslo_config/cfg.py:2609
2026-03-05 00:39:57.056 136422 DEBUG oslo_service.service [req-967c475e-e1ac-40d1-aea2-ea1172d2f49a - - - - -] cache.config_prefix = cache.oslo log_opt_values /usr/lib/python3/dist-packages/oslo_config/cfg.py:2609
2026-03-05 00:39:57.057 136422 DEBUG oslo_service.service [req-967c475e-e1ac-40d1-aea2-ea1172d2f49a - - - - -] cache.debug_cache_backend = False log_opt_values /usr/lib/python3/dist-packages/oslo_config/cfg.py:2609
2026-03-05 00:39:57.058 136422 DEBUG oslo_service.service [req-967c475e-e1ac-40d1-aea2-ea1172d2f49a - - - - -] cache.enabled = False log_opt_values /usr/lib/python3/dist-packages/oslo_config/cfg.py:2609
2026-03-05 00:39:57.058 136422 DEBUG oslo_service.service [req-967c475e-e1ac-40d1-aea2-ea1172d2f49a - - - - -] cache.expiration_time = 600 log_opt_values /usr/lib/python3/dist-packages/oslo_config/cfg.py:2609
2026-03-05 00:39:57.058 136422 DEBUG oslo_service.service [req-967c475e-e1ac-40d1-aea2-ea1172d2f49a - - - - -] cache.memcache_dead_retry = 300 log_opt_values /usr/lib/python3/dist-packages/oslo_config/cfg.py:2609
2026-03-05 00:39:57.058 137189 DEBUG oslo_messaging._drivers.amqpdriver [-] Listener is running poll /usr/lib/python3/dist-packages/oslo_messaging/_drivers/amqpdriver.py:343
2026-03-05 00:39:57.058 136422 DEBUG oslo_service.service [req-967c475e-e1ac-40d1-aea2-ea1172d2f49a - - - - -] cache.memcache_pool_connection_get_timeout = 10 log_opt_values /usr/lib/python3/dist-packages/oslo_config/cfg.py:2609
2026-03-05 00:39:57.058 137189 DEBUG oslo_messaging._drivers.amqpdriver [-] AMQPListener connection consume poll /usr/lib/python3/dist-packages/oslo_messaging/_drivers/amqpdriver.py:357
2026-03-05 00:39:57.058 136422 DEBUG oslo_service.service [req-967c475e-e1ac-40d1-aea2-ea1172d2f49a - - - - -] cache.memcache_pool_flush_on_reconnect = False log_opt_values /usr/lib/python3/dist-packages/oslo_config/cfg.py:2609
2026-03-05 00:39:57.059 136422 DEBUG oslo_service.service [req-967c475e-e1ac-40d1-aea2-ea1172d2f49a - - - - -] cache.memcache_pool_maxsize = 10 log_opt_values /usr/lib/python3/dist-packages/oslo_config/cfg.py:2609
2026-03-05 00:39:57.059 136422 DEBUG oslo_service.service [req-967c475e-e1ac-40d1-aea2-ea1172d2f49a - - - - -] cache.memcache_pool_unused_timeout = 60 log_opt_values /usr/lib/python3/dist-packages/oslo_config/cfg.py:2609
2026-03-05 00:39:57.059 137189 DEBUG nova.service [req-cdea9ec0-e54a-4078-b7ad-56228208093d - - - - -] Join ServiceGroup membership for this service scheduler start /usr/lib/python3/dist-packages/nova/service.py:199
2026-03-05 00:39:57.059 136422 DEBUG oslo_service.service [req-967c475e-e1ac-40d1-aea2-ea1172d2f49a - - - - -] cache.memcache_servers = ['localhost:11211'] log_opt_values /usr/lib/python3/dist-packages/oslo_config/cfg.py:2609
2026-03-05 00:39:57.059 137189 DEBUG nova.servicegroup.drivers.db [req-cdea9ec0-e54a-4078-b7ad-56228208093d - - - - -] DB_Driver: join new ServiceGroup member juju-46b2fb-0-lxd-7 to the scheduler group, service = join /usr/lib/python3/dist-packages/nova/servicegroup/drivers/db.py:44
2026-03-05 00:39:57.059 136422 DEBUG oslo_service.service [req-967c475e-e1ac-40d1-aea2-ea1172d2f49a - - - - -] cache.memcache_socket_timeout = 1.0 log_opt_values /usr/lib/python3/dist-packages/oslo_config/cfg.py:2609
2026-03-05 00:39:57.060 136422 DEBUG oslo_service.service [req-967c475e-e1ac-40d1-aea2-ea1172d2f49a - - - - -] cache.proxies = [] log_opt_values /usr/lib/python3/dist-packages/oslo_config/cfg.py:2609
2026-03-05 00:39:57.060 136422 DEBUG oslo_service.service [req-967c475e-e1ac-40d1-aea2-ea1172d2f49a - - - - -] cache.tls_allowed_ciphers = None log_opt_values /usr/lib/python3/dist-packages/oslo_config/cfg.py:2609
2026-03-05 00:39:57.060 136422 DEBUG oslo_service.service [req-967c475e-e1ac-40d1-aea2-ea1172d2f49a - - - - -] cache.tls_cafile = None log_opt_values /usr/lib/python3/dist-packages/oslo_config/cfg.py:2609
2026-03-05 00:39:57.060 136422 DEBUG oslo_service.service [req-967c475e-e1ac-40d1-aea2-ea1172d2f49a - - - - -] cache.tls_certfile = None log_opt_values /usr/lib/python3/dist-packages/oslo_config/cfg.py:2609
2026-03-05 00:39:57.061 136422 DEBUG oslo_service.service [req-967c475e-e1ac-40d1-aea2-ea1172d2f49a - - - - -] cache.tls_enabled = False log_opt_values /usr/lib/python3/dist-packages/oslo_config/cfg.py:2609
2026-03-05 00:39:57.061 136422 DEBUG oslo_service.service [req-967c475e-e1ac-40d1-aea2-ea1172d2f49a - - - - -] cache.tls_keyfile = None log_opt_values /usr/lib/python3/dist-packages/oslo_config/cfg.py:2609
2026-03-05 00:39:57.061 136422 DEBUG oslo_service.service [req-967c475e-e1ac-40d1-aea2-ea1172d2f49a - - - - -] cinder.auth_section = None log_opt_values /usr/lib/python3/dist-packages/oslo_config/cfg.py:2609
2026-03-05 00:39:57.061 136422 DEBUG oslo_service.service [req-967c475e-e1ac-40d1-aea2-ea1172d2f49a - - - - -] cinder.auth_type = None log_opt_values /usr/lib/python3/dist-packages/oslo_config/cfg.py:2609
2026-03-05 00:39:57.062 136422 DEBUG oslo_service.service [req-967c475e-e1ac-40d1-aea2-ea1172d2f49a - - - - -] cinder.cafile = None log_opt_values /usr/lib/python3/dist-packages/oslo_config/cfg.py:2609
2026-03-05 00:39:57.062 136422 DEBUG oslo_service.service [req-967c475e-e1ac-40d1-aea2-ea1172d2f49a - - - - -] cinder.catalog_info = volumev3::publicURL log_opt_values /usr/lib/python3/dist-packages/oslo_config/cfg.py:2609
2026-03-05 00:39:57.062 137189 DEBUG oslo_messaging._drivers.amqpdriver [-] AMQPListener connection timeout poll /usr/lib/python3/dist-packages/oslo_messaging/_drivers/amqpdriver.py:360
2026-03-05 00:39:57.062 137189 DEBUG oslo_messaging._drivers.amqpdriver [-] Listener is running poll /usr/lib/python3/dist-packages/oslo_messaging/_drivers/amqpdriver.py:343
2026-03-05 00:39:57.062 136422 DEBUG oslo_service.service [req-967c475e-e1ac-40d1-aea2-ea1172d2f49a - - - - -] cinder.certfile = None log_opt_values /usr/lib/python3/dist-packages/oslo_config/cfg.py:2609
2026-03-05 00:39:57.062 136422 DEBUG oslo_service.service [req-967c475e-e1ac-40d1-aea2-ea1172d2f49a - - - - -] cinder.collect_timing = False log_opt_values /usr/lib/python3/dist-packages/oslo_config/cfg.py:2609
2026-03-05 00:39:57.062 137189 DEBUG oslo_messaging._drivers.amqpdriver [-] AMQPListener connection consume poll /usr/lib/python3/dist-packages/oslo_messaging/_drivers/amqpdriver.py:357
2026-03-05 00:39:57.062 136422 DEBUG oslo_service.service [req-967c475e-e1ac-40d1-aea2-ea1172d2f49a - - - - -] cinder.cross_az_attach = True log_opt_values /usr/lib/python3/dist-packages/oslo_config/cfg.py:2609
2026-03-05 00:39:57.063 136422 DEBUG oslo_service.service [req-967c475e-e1ac-40d1-aea2-ea1172d2f49a - - - - -] cinder.debug = False log_opt_values /usr/lib/python3/dist-packages/oslo_config/cfg.py:2609
2026-03-05 00:39:57.063 136422 DEBUG oslo_service.service [req-967c475e-e1ac-40d1-aea2-ea1172d2f49a - - - - -] cinder.endpoint_template = None log_opt_values /usr/lib/python3/dist-packages/oslo_config/cfg.py:2609
2026-03-05 00:39:57.064 136422 DEBUG oslo_service.service [req-967c475e-e1ac-40d1-aea2-ea1172d2f49a - - - - -] cinder.http_retries = 3 log_opt_values /usr/lib/python3/dist-packages/oslo_config/cfg.py:2609
2026-03-05 00:39:57.065 136422 DEBUG oslo_service.service [req-967c475e-e1ac-40d1-aea2-ea1172d2f49a - - - - -] cinder.insecure = False log_opt_values /usr/lib/python3/dist-packages/oslo_config/cfg.py:2609
2026-03-05 00:39:57.065 136422 DEBUG oslo_service.service [req-967c475e-e1ac-40d1-aea2-ea1172d2f49a - - - - -] cinder.keyfile = None log_opt_values /usr/lib/python3/dist-packages/oslo_config/cfg.py:2609
2026-03-05 00:39:57.066 136422 DEBUG oslo_service.service [req-967c475e-e1ac-40d1-aea2-ea1172d2f49a - - - - -] cinder.os_region_name = None log_opt_values /usr/lib/python3/dist-packages/oslo_config/cfg.py:2609
2026-03-05 00:39:57.066 136422 DEBUG oslo_service.service [req-967c475e-e1ac-40d1-aea2-ea1172d2f49a - - - - -] cinder.split_loggers = False log_opt_values /usr/lib/python3/dist-packages/oslo_config/cfg.py:2609
2026-03-05 00:39:57.067 136422 DEBUG oslo_service.service [req-967c475e-e1ac-40d1-aea2-ea1172d2f49a - - - - -] cinder.timeout = None log_opt_values /usr/lib/python3/dist-packages/oslo_config/cfg.py:2609
2026-03-05 00:39:57.067 136422 DEBUG oslo_service.service [req-967c475e-e1ac-40d1-aea2-ea1172d2f49a - - - - -] compute.consecutive_build_service_disable_threshold = 10 log_opt_values /usr/lib/python3/dist-packages/oslo_config/cfg.py:2609
2026-03-05 00:39:57.068 136422 DEBUG oslo_service.service [req-967c475e-e1ac-40d1-aea2-ea1172d2f49a - - - - -] compute.cpu_dedicated_set = None log_opt_values /usr/lib/python3/dist-packages/oslo_config/cfg.py:2609
2026-03-05 00:39:57.068 136422 DEBUG oslo_service.service [req-967c475e-e1ac-40d1-aea2-ea1172d2f49a - - - - -] compute.cpu_shared_set = None log_opt_values /usr/lib/python3/dist-packages/oslo_config/cfg.py:2609
2026-03-05 00:39:57.068 136422 DEBUG oslo_service.service [req-967c475e-e1ac-40d1-aea2-ea1172d2f49a - - - - -] compute.image_type_exclude_list = [] log_opt_values /usr/lib/python3/dist-packages/oslo_config/cfg.py:2609
2026-03-05 00:39:57.068 136422 DEBUG oslo_service.service [req-967c475e-e1ac-40d1-aea2-ea1172d2f49a - - - - -] compute.live_migration_wait_for_vif_plug = True log_opt_values /usr/lib/python3/dist-packages/oslo_config/cfg.py:2609
2026-03-05 00:39:57.069 136422 DEBUG oslo_service.service [req-967c475e-e1ac-40d1-aea2-ea1172d2f49a - - - - -] compute.max_concurrent_disk_ops = 0 log_opt_values /usr/lib/python3/dist-packages/oslo_config/cfg.py:2609
2026-03-05 00:39:57.069 136422 DEBUG oslo_service.service [req-967c475e-e1ac-40d1-aea2-ea1172d2f49a - - - - -] compute.max_disk_devices_to_attach = -1 log_opt_values /usr/lib/python3/dist-packages/oslo_config/cfg.py:2609
2026-03-05 00:39:57.070 136422 DEBUG oslo_service.service [req-967c475e-e1ac-40d1-aea2-ea1172d2f49a - - - - -] compute.packing_host_numa_cells_allocation_strategy = True log_opt_values /usr/lib/python3/dist-packages/oslo_config/cfg.py:2609
