2026-03-05 00:40:39.563 151995 DEBUG oslo_service.service [req-252c3830-3736-47d4-a49a-e793f9b44f03 - - - - -] log_dir = /var/log/nova log_opt_values /usr/lib/python3/dist-packages/oslo_config/cfg.py:2602
2026-03-05 00:40:39.564 151995 DEBUG oslo_service.service [req-252c3830-3736-47d4-a49a-e793f9b44f03 - - - - -] log_file = /var/log/nova/nova-conductor.log log_opt_values /usr/lib/python3/dist-packages/oslo_config/cfg.py:2602
2026-03-05 00:40:39.564 151995 DEBUG oslo_service.service [req-252c3830-3736-47d4-a49a-e793f9b44f03 - - - - -] log_options = True log_opt_values /usr/lib/python3/dist-packages/oslo_config/cfg.py:2602
2026-03-05 00:40:39.564 151995 DEBUG oslo_service.service [req-252c3830-3736-47d4-a49a-e793f9b44f03 - - - - -] log_rotate_interval = 1 log_opt_values /usr/lib/python3/dist-packages/oslo_config/cfg.py:2602
2026-03-05 00:40:39.564 151995 DEBUG oslo_service.service [req-252c3830-3736-47d4-a49a-e793f9b44f03 - - - - -] log_rotate_interval_type = days log_opt_values /usr/lib/python3/dist-packages/oslo_config/cfg.py:2602
2026-03-05 00:40:39.565 151995 DEBUG oslo_service.service [req-252c3830-3736-47d4-a49a-e793f9b44f03 - - - - -] log_rotation_type = none log_opt_values /usr/lib/python3/dist-packages/oslo_config/cfg.py:2602
2026-03-05 00:40:39.565 151995 DEBUG oslo_service.service [req-252c3830-3736-47d4-a49a-e793f9b44f03 - - - - -] logging_context_format_string = %(asctime)s.%(msecs)03d %(process)d %(levelname)s %(name)s [%(request_id)s %(user_identity)s] %(instance)s%(message)s log_opt_values /usr/lib/python3/dist-packages/oslo_config/cfg.py:2602
2026-03-05 00:40:39.565 151995 DEBUG oslo_service.service [req-252c3830-3736-47d4-a49a-e793f9b44f03 - - - - -] logging_debug_format_suffix = %(funcName)s %(pathname)s:%(lineno)d log_opt_values /usr/lib/python3/dist-packages/oslo_config/cfg.py:2602
2026-03-05 00:40:39.565 151995 DEBUG oslo_service.service [req-252c3830-3736-47d4-a49a-e793f9b44f03 - - - - -] logging_default_format_string = %(asctime)s.%(msecs)03d %(process)d %(levelname)s %(name)s [-] %(instance)s%(message)s log_opt_values /usr/lib/python3/dist-packages/oslo_config/cfg.py:2602
2026-03-05 00:40:39.565 151995 DEBUG oslo_service.service [req-252c3830-3736-47d4-a49a-e793f9b44f03 - - - - -] logging_exception_prefix = %(asctime)s.%(msecs)03d %(process)d ERROR %(name)s %(instance)s log_opt_values /usr/lib/python3/dist-packages/oslo_config/cfg.py:2602
2026-03-05 00:40:39.565 151995 DEBUG oslo_service.service [req-252c3830-3736-47d4-a49a-e793f9b44f03 - - - - -] logging_user_identity_format = %(user)s %(project)s %(domain)s %(user_domain)s %(project_domain)s log_opt_values /usr/lib/python3/dist-packages/oslo_config/cfg.py:2602
2026-03-05 00:40:39.566 151995 DEBUG oslo_service.service [req-252c3830-3736-47d4-a49a-e793f9b44f03 - - - - -] long_rpc_timeout = 1800 log_opt_values /usr/lib/python3/dist-packages/oslo_config/cfg.py:2602
2026-03-05 00:40:39.566 151995 DEBUG oslo_service.service [req-252c3830-3736-47d4-a49a-e793f9b44f03 - - - - -] max_concurrent_builds = 10 log_opt_values /usr/lib/python3/dist-packages/oslo_config/cfg.py:2602
2026-03-05 00:40:39.566 151995 DEBUG oslo_service.service [req-252c3830-3736-47d4-a49a-e793f9b44f03 - - - - -] max_concurrent_live_migrations = 1 log_opt_values /usr/lib/python3/dist-packages/oslo_config/cfg.py:2602
2026-03-05 00:40:39.566 151995 DEBUG oslo_service.service [req-252c3830-3736-47d4-a49a-e793f9b44f03 - - - - -] max_concurrent_snapshots = 5 log_opt_values /usr/lib/python3/dist-packages/oslo_config/cfg.py:2602
2026-03-05 00:40:39.566 151995 DEBUG oslo_service.service [req-252c3830-3736-47d4-a49a-e793f9b44f03 - - - - -] max_local_block_devices = 3 log_opt_values /usr/lib/python3/dist-packages/oslo_config/cfg.py:2602
2026-03-05 00:40:39.566 151995 DEBUG oslo_service.service [req-252c3830-3736-47d4-a49a-e793f9b44f03 - - - - -] max_logfile_count = 30 log_opt_values /usr/lib/python3/dist-packages/oslo_config/cfg.py:2602
2026-03-05 00:40:39.567 151995 DEBUG oslo_service.service [req-252c3830-3736-47d4-a49a-e793f9b44f03 - - - - -] max_logfile_size_mb = 200 log_opt_values /usr/lib/python3/dist-packages/oslo_config/cfg.py:2602
2026-03-05 00:40:39.567 151995 DEBUG oslo_service.service [req-252c3830-3736-47d4-a49a-e793f9b44f03 - - - - -] maximum_instance_delete_attempts = 5 log_opt_values /usr/lib/python3/dist-packages/oslo_config/cfg.py:2602
2026-03-05 00:40:39.567 151995 DEBUG oslo_service.service [req-252c3830-3736-47d4-a49a-e793f9b44f03 - - - - -] metadata_listen = 0.0.0.0 log_opt_values /usr/lib/python3/dist-packages/oslo_config/cfg.py:2602
2026-03-05 00:40:39.567 151995 DEBUG oslo_service.service [req-252c3830-3736-47d4-a49a-e793f9b44f03 - - - - -] metadata_listen_port = 8765 log_opt_values /usr/lib/python3/dist-packages/oslo_config/cfg.py:2602
2026-03-05 00:40:39.567 151995 DEBUG oslo_service.service [req-252c3830-3736-47d4-a49a-e793f9b44f03 - - - - -] metadata_workers = None log_opt_values /usr/lib/python3/dist-packages/oslo_config/cfg.py:2602
2026-03-05 00:40:39.568 151995 DEBUG oslo_service.service [req-252c3830-3736-47d4-a49a-e793f9b44f03 - - - - -] migrate_max_retries = -1 log_opt_values /usr/lib/python3/dist-packages/oslo_config/cfg.py:2602
2026-03-05 00:40:39.568 151995 DEBUG oslo_service.service [req-252c3830-3736-47d4-a49a-e793f9b44f03 - - - - -] mkisofs_cmd = genisoimage log_opt_values /usr/lib/python3/dist-packages/oslo_config/cfg.py:2602
2026-03-05 00:40:39.568 152313 DEBUG oslo_db.sqlalchemy.engines [req-ace1c846-2101-4141-94f1-86968ffd1435 - - - - -] MySQL server mode set to STRICT_TRANS_TABLES,STRICT_ALL_TABLES,NO_ZERO_IN_DATE,NO_ZERO_DATE,ERROR_FOR_DIVISION_BY_ZERO,TRADITIONAL,NO_ENGINE_SUBSTITUTION _check_effective_sql_mode /usr/lib/python3/dist-packages/oslo_db/sqlalchemy/engines.py:314
2026-03-05 00:40:39.568 151995 DEBUG oslo_service.service [req-252c3830-3736-47d4-a49a-e793f9b44f03 - - - - -] my_block_storage_ip = 252.23.102.29 log_opt_values /usr/lib/python3/dist-packages/oslo_config/cfg.py:2602
2026-03-05 00:40:39.568 151995 DEBUG oslo_service.service [req-252c3830-3736-47d4-a49a-e793f9b44f03 - - - - -] my_ip = 252.23.102.29 log_opt_values /usr/lib/python3/dist-packages/oslo_config/cfg.py:2602
2026-03-05 00:40:39.568 151995 DEBUG oslo_service.service [req-252c3830-3736-47d4-a49a-e793f9b44f03 - - - - -] network_allocate_retries = 0 log_opt_values /usr/lib/python3/dist-packages/oslo_config/cfg.py:2602
2026-03-05 00:40:39.568 151995 DEBUG oslo_service.service [req-252c3830-3736-47d4-a49a-e793f9b44f03 - - - - -] non_inheritable_image_properties = ['cache_in_nova', 'bittorrent'] log_opt_values /usr/lib/python3/dist-packages/oslo_config/cfg.py:2602
2026-03-05 00:40:39.569 151995 DEBUG oslo_service.service [req-252c3830-3736-47d4-a49a-e793f9b44f03 - - - - -] osapi_compute_listen = 0.0.0.0 log_opt_values /usr/lib/python3/dist-packages/oslo_config/cfg.py:2602
2026-03-05 00:40:39.569 151995 DEBUG oslo_service.service [req-252c3830-3736-47d4-a49a-e793f9b44f03 - - - - -] osapi_compute_listen_port = 8764 log_opt_values /usr/lib/python3/dist-packages/oslo_config/cfg.py:2602
2026-03-05 00:40:39.569 151995 DEBUG oslo_service.service [req-252c3830-3736-47d4-a49a-e793f9b44f03 - - - - -] osapi_compute_unique_server_name_scope = log_opt_values /usr/lib/python3/dist-packages/oslo_config/cfg.py:2602
2026-03-05 00:40:39.569 151995 DEBUG oslo_service.service [req-252c3830-3736-47d4-a49a-e793f9b44f03 - - - - -] osapi_compute_workers = 4 log_opt_values /usr/lib/python3/dist-packages/oslo_config/cfg.py:2602
2026-03-05 00:40:39.569 151995 DEBUG oslo_service.service [req-252c3830-3736-47d4-a49a-e793f9b44f03 - - - - -] password_length = 12 log_opt_values /usr/lib/python3/dist-packages/oslo_config/cfg.py:2602
2026-03-05 00:40:39.569 151995 DEBUG oslo_service.service [req-252c3830-3736-47d4-a49a-e793f9b44f03 - - - - -] periodic_enable = True log_opt_values /usr/lib/python3/dist-packages/oslo_config/cfg.py:2602
2026-03-05 00:40:39.570 151995 DEBUG oslo_service.service [req-252c3830-3736-47d4-a49a-e793f9b44f03 - - - - -] periodic_fuzzy_delay = 60 log_opt_values /usr/lib/python3/dist-packages/oslo_config/cfg.py:2602
2026-03-05 00:40:39.570 151995 DEBUG oslo_service.service [req-252c3830-3736-47d4-a49a-e793f9b44f03 - - - - -] pointer_model = usbtablet log_opt_values /usr/lib/python3/dist-packages/oslo_config/cfg.py:2602
2026-03-05 00:40:39.570 151995 DEBUG oslo_service.service [req-252c3830-3736-47d4-a49a-e793f9b44f03 - - - - -] preallocate_images = none log_opt_values /usr/lib/python3/dist-packages/oslo_config/cfg.py:2602
2026-03-05 00:40:39.570 151995 DEBUG oslo_service.service [req-252c3830-3736-47d4-a49a-e793f9b44f03 - - - - -] publish_errors = False log_opt_values /usr/lib/python3/dist-packages/oslo_config/cfg.py:2602
2026-03-05 00:40:39.570 151995 DEBUG oslo_service.service [req-252c3830-3736-47d4-a49a-e793f9b44f03 - - - - -] pybasedir = /usr/lib/python3/dist-packages log_opt_values /usr/lib/python3/dist-packages/oslo_config/cfg.py:2602
2026-03-05 00:40:39.570 151995 DEBUG oslo_service.service [req-252c3830-3736-47d4-a49a-e793f9b44f03 - - - - -] ram_allocation_ratio = 0.98 log_opt_values /usr/lib/python3/dist-packages/oslo_config/cfg.py:2602
2026-03-05 00:40:39.571 151995 DEBUG oslo_service.service [req-252c3830-3736-47d4-a49a-e793f9b44f03 - - - - -] rate_limit_burst = 0 log_opt_values /usr/lib/python3/dist-packages/oslo_config/cfg.py:2602
2026-03-05 00:40:39.571 152310 DEBUG nova.service [req-3beadf0f-c405-40ff-af61-b839c38e1c7d - - - - -] Creating RPC server for service conductor start /usr/lib/python3/dist-packages/nova/service.py:182
2026-03-05 00:40:39.571 151995 DEBUG oslo_service.service [req-252c3830-3736-47d4-a49a-e793f9b44f03 - - - - -] rate_limit_except_level = CRITICAL log_opt_values /usr/lib/python3/dist-packages/oslo_config/cfg.py:2602
2026-03-05 00:40:39.571 151995 DEBUG oslo_service.service [req-252c3830-3736-47d4-a49a-e793f9b44f03 - - - - -] rate_limit_interval = 0 log_opt_values /usr/lib/python3/dist-packages/oslo_config/cfg.py:2602
2026-03-05 00:40:39.571 151995 DEBUG oslo_service.service [req-252c3830-3736-47d4-a49a-e793f9b44f03 - - - - -] reboot_timeout = 0 log_opt_values /usr/lib/python3/dist-packages/oslo_config/cfg.py:2602
2026-03-05 00:40:39.571 151995 DEBUG oslo_service.service [req-252c3830-3736-47d4-a49a-e793f9b44f03 - - - - -] reclaim_instance_interval = 0 log_opt_values /usr/lib/python3/dist-packages/oslo_config/cfg.py:2602
2026-03-05 00:40:39.572 151995 DEBUG oslo_service.service [req-252c3830-3736-47d4-a49a-e793f9b44f03 - - - - -] record = None log_opt_values /usr/lib/python3/dist-packages/oslo_config/cfg.py:2602
2026-03-05 00:40:39.572 151995 DEBUG oslo_service.service [req-252c3830-3736-47d4-a49a-e793f9b44f03 - - - - -] report_interval = 10 log_opt_values /usr/lib/python3/dist-packages/oslo_config/cfg.py:2602
2026-03-05 00:40:39.572 151995 DEBUG oslo_service.service [req-252c3830-3736-47d4-a49a-e793f9b44f03 - - - - -] rescue_timeout = 0 log_opt_values /usr/lib/python3/dist-packages/oslo_config/cfg.py:2602
2026-03-05 00:40:39.572 151995 DEBUG oslo_service.service [req-252c3830-3736-47d4-a49a-e793f9b44f03 - - - - -] reserved_host_cpus = 0 log_opt_values /usr/lib/python3/dist-packages/oslo_config/cfg.py:2602
2026-03-05 00:40:39.572 151995 DEBUG oslo_service.service [req-252c3830-3736-47d4-a49a-e793f9b44f03 - - - - -] reserved_host_disk_mb = 0 log_opt_values /usr/lib/python3/dist-packages/oslo_config/cfg.py:2602
2026-03-05 00:40:39.572 151995 DEBUG oslo_service.service [req-252c3830-3736-47d4-a49a-e793f9b44f03 - - - - -] reserved_host_memory_mb = 512 log_opt_values /usr/lib/python3/dist-packages/oslo_config/cfg.py:2602
2026-03-05 00:40:39.572 151995 DEBUG oslo_service.service [req-252c3830-3736-47d4-a49a-e793f9b44f03 - - - - -] reserved_huge_pages = None log_opt_values /usr/lib/python3/dist-packages/oslo_config/cfg.py:2602
2026-03-05 00:40:39.573 151995 DEBUG oslo_service.service [req-252c3830-3736-47d4-a49a-e793f9b44f03 - - - - -] resize_confirm_window = 0 log_opt_values /usr/lib/python3/dist-packages/oslo_config/cfg.py:2602
2026-03-05 00:40:39.573 151995 DEBUG oslo_service.service [req-252c3830-3736-47d4-a49a-e793f9b44f03 - - - - -] resize_fs_using_block_device = False log_opt_values /usr/lib/python3/dist-packages/oslo_config/cfg.py:2602
2026-03-05 00:40:39.573 152312 DEBUG oslo_db.sqlalchemy.engines [req-209130c6-aa47-4648-9e2a-1fc8dc5ab017 - - - - -] MySQL server mode set to STRICT_TRANS_TABLES,STRICT_ALL_TABLES,NO_ZERO_IN_DATE,NO_ZERO_DATE,ERROR_FOR_DIVISION_BY_ZERO,TRADITIONAL,NO_ENGINE_SUBSTITUTION _check_effective_sql_mode /usr/lib/python3/dist-packages/oslo_db/sqlalchemy/engines.py:314
2026-03-05 00:40:39.573 151995 DEBUG oslo_service.service [req-252c3830-3736-47d4-a49a-e793f9b44f03 - - - - -] resume_guests_state_on_host_boot = False log_opt_values /usr/lib/python3/dist-packages/oslo_config/cfg.py:2602
2026-03-05 00:40:39.573 151995 DEBUG oslo_service.service [req-252c3830-3736-47d4-a49a-e793f9b44f03 - - - - -] rootwrap_config = /etc/nova/rootwrap.conf log_opt_values /usr/lib/python3/dist-packages/oslo_config/cfg.py:2602
2026-03-05 00:40:39.573 151995 DEBUG oslo_service.service [req-252c3830-3736-47d4-a49a-e793f9b44f03 - - - - -] rpc_response_timeout = 60 log_opt_values /usr/lib/python3/dist-packages/oslo_config/cfg.py:2602
2026-03-05 00:40:39.573 152311 DEBUG nova.service [req-f523429f-2a5a-4a3a-8bf1-a329a485bdb1 - - - - -] Creating RPC server for service conductor start /usr/lib/python3/dist-packages/nova/service.py:182
2026-03-05 00:40:39.574 151995 DEBUG oslo_service.service [req-252c3830-3736-47d4-a49a-e793f9b44f03 - - - - -] run_external_periodic_tasks = True log_opt_values /usr/lib/python3/dist-packages/oslo_config/cfg.py:2602
2026-03-05 00:40:39.574 151995 DEBUG oslo_service.service [req-252c3830-3736-47d4-a49a-e793f9b44f03 - - - - -] running_deleted_instance_action = reap log_opt_values /usr/lib/python3/dist-packages/oslo_config/cfg.py:2602
2026-03-05 00:40:39.574 151995 DEBUG oslo_service.service [req-252c3830-3736-47d4-a49a-e793f9b44f03 - - - - -] running_deleted_instance_poll_interval = 1800 log_opt_values /usr/lib/python3/dist-packages/oslo_config/cfg.py:2602
2026-03-05 00:40:39.574 151995 DEBUG oslo_service.service [req-252c3830-3736-47d4-a49a-e793f9b44f03 - - - - -] running_deleted_instance_timeout = 0 log_opt_values /usr/lib/python3/dist-packages/oslo_config/cfg.py:2602
2026-03-05 00:40:39.574 151995 DEBUG oslo_service.service [req-252c3830-3736-47d4-a49a-e793f9b44f03 - - - - -] scheduler_instance_sync_interval = 120 log_opt_values /usr/lib/python3/dist-packages/oslo_config/cfg.py:2602
2026-03-05 00:40:39.575 151995 DEBUG oslo_service.service [req-252c3830-3736-47d4-a49a-e793f9b44f03 - - - - -] service_down_time = 60 log_opt_values /usr/lib/python3/dist-packages/oslo_config/cfg.py:2602
2026-03-05 00:40:39.575 151995 DEBUG oslo_service.service [req-252c3830-3736-47d4-a49a-e793f9b44f03 - - - - -] servicegroup_driver = db log_opt_values /usr/lib/python3/dist-packages/oslo_config/cfg.py:2602
2026-03-05 00:40:39.575 151995 DEBUG oslo_service.service [req-252c3830-3736-47d4-a49a-e793f9b44f03 - - - - -] shelved_offload_time = 0 log_opt_values /usr/lib/python3/dist-packages/oslo_config/cfg.py:2602
2026-03-05 00:40:39.575 151995 DEBUG oslo_service.service [req-252c3830-3736-47d4-a49a-e793f9b44f03 - - - - -] shelved_poll_interval = 3600 log_opt_values /usr/lib/python3/dist-packages/oslo_config/cfg.py:2602
2026-03-05 00:40:39.575 151995 DEBUG oslo_service.service [req-252c3830-3736-47d4-a49a-e793f9b44f03 - - - - -] shutdown_timeout = 60 log_opt_values /usr/lib/python3/dist-packages/oslo_config/cfg.py:2602
2026-03-05 00:40:39.575 151995 DEBUG oslo_service.service [req-252c3830-3736-47d4-a49a-e793f9b44f03 - - - - -] source_is_ipv6 = False log_opt_values /usr/lib/python3/dist-packages/oslo_config/cfg.py:2602
2026-03-05 00:40:39.576 151995 DEBUG oslo_service.service [req-252c3830-3736-47d4-a49a-e793f9b44f03 - - - - -] ssl_only = False log_opt_values /usr/lib/python3/dist-packages/oslo_config/cfg.py:2602
2026-03-05 00:40:39.576 151995 DEBUG oslo_service.service [req-252c3830-3736-47d4-a49a-e793f9b44f03 - - - - -] state_path = /var/lib/nova log_opt_values /usr/lib/python3/dist-packages/oslo_config/cfg.py:2602
2026-03-05 00:40:39.576 151995 DEBUG oslo_service.service [req-252c3830-3736-47d4-a49a-e793f9b44f03 - - - - -] sync_power_state_interval = 600 log_opt_values /usr/lib/python3/dist-packages/oslo_config/cfg.py:2602
2026-03-05 00:40:39.576 151995 DEBUG oslo_service.service [req-252c3830-3736-47d4-a49a-e793f9b44f03 - - - - -] sync_power_state_pool_size = 1000 log_opt_values /usr/lib/python3/dist-packages/oslo_config/cfg.py:2602
2026-03-05 00:40:39.576 151995 DEBUG oslo_service.service [req-252c3830-3736-47d4-a49a-e793f9b44f03 - - - - -] syslog_log_facility = LOG_USER log_opt_values /usr/lib/python3/dist-packages/oslo_config/cfg.py:2602
2026-03-05 00:40:39.576 151995 DEBUG oslo_service.service [req-252c3830-3736-47d4-a49a-e793f9b44f03 - - - - -] tempdir = None log_opt_values /usr/lib/python3/dist-packages/oslo_config/cfg.py:2602
2026-03-05 00:40:39.577 151995 DEBUG oslo_service.service [req-252c3830-3736-47d4-a49a-e793f9b44f03 - - - - -] timeout_nbd = 10 log_opt_values /usr/lib/python3/dist-packages/oslo_config/cfg.py:2602
2026-03-05 00:40:39.577 151995 DEBUG oslo_service.service [req-252c3830-3736-47d4-a49a-e793f9b44f03 - - - - -] transport_url = **** log_opt_values /usr/lib/python3/dist-packages/oslo_config/cfg.py:2602
2026-03-05 00:40:39.577 151995 DEBUG oslo_service.service [req-252c3830-3736-47d4-a49a-e793f9b44f03 - - - - -] update_resources_interval = 0 log_opt_values /usr/lib/python3/dist-packages/oslo_config/cfg.py:2602
2026-03-05 00:40:39.577 151995 DEBUG oslo_service.service [req-252c3830-3736-47d4-a49a-e793f9b44f03 - - - - -] use_cow_images = True log_opt_values /usr/lib/python3/dist-packages/oslo_config/cfg.py:2602
2026-03-05 00:40:39.577 151995 DEBUG oslo_service.service [req-252c3830-3736-47d4-a49a-e793f9b44f03 - - - - -] use_eventlog = False log_opt_values /usr/lib/python3/dist-packages/oslo_config/cfg.py:2602
2026-03-05 00:40:39.577 151995 DEBUG oslo_service.service [req-252c3830-3736-47d4-a49a-e793f9b44f03 - - - - -] use_journal = False log_opt_values /usr/lib/python3/dist-packages/oslo_config/cfg.py:2602
2026-03-05 00:40:39.578 151995 DEBUG oslo_service.service [req-252c3830-3736-47d4-a49a-e793f9b44f03 - - - - -] use_json = False log_opt_values /usr/lib/python3/dist-packages/oslo_config/cfg.py:2602
2026-03-05 00:40:39.578 151995 DEBUG oslo_service.service [req-252c3830-3736-47d4-a49a-e793f9b44f03 - - - - -] use_rootwrap_daemon = False log_opt_values /usr/lib/python3/dist-packages/oslo_config/cfg.py:2602
2026-03-05 00:40:39.578 151995 DEBUG oslo_service.service [req-252c3830-3736-47d4-a49a-e793f9b44f03 - - - - -] use_stderr = False log_opt_values /usr/lib/python3/dist-packages/oslo_config/cfg.py:2602
2026-03-05 00:40:39.578 151995 DEBUG oslo_service.service [req-252c3830-3736-47d4-a49a-e793f9b44f03 - - - - -] use_syslog = False log_opt_values /usr/lib/python3/dist-packages/oslo_config/cfg.py:2602
2026-03-05 00:40:39.579 151995 DEBUG oslo_service.service [req-252c3830-3736-47d4-a49a-e793f9b44f03 - - - - -] vcpu_pin_set = None log_opt_values /usr/lib/python3/dist-packages/oslo_config/cfg.py:2602
2026-03-05 00:40:39.579 151995 DEBUG oslo_service.service [req-252c3830-3736-47d4-a49a-e793f9b44f03 - - - - -] vif_plugging_is_fatal = True log_opt_values /usr/lib/python3/dist-packages/oslo_config/cfg.py:2602
2026-03-05 00:40:39.579 151995 DEBUG oslo_service.service [req-252c3830-3736-47d4-a49a-e793f9b44f03 - - - - -] vif_plugging_timeout = 300 log_opt_values /usr/lib/python3/dist-packages/oslo_config/cfg.py:2602
2026-03-05 00:40:39.579 151995 DEBUG oslo_service.service [req-252c3830-3736-47d4-a49a-e793f9b44f03 - - - - -] virt_mkfs = [] log_opt_values /usr/lib/python3/dist-packages/oslo_config/cfg.py:2602
2026-03-05 00:40:39.579 151995 DEBUG oslo_service.service [req-252c3830-3736-47d4-a49a-e793f9b44f03 - - - - -] volume_usage_poll_interval = 0 log_opt_values /usr/lib/python3/dist-packages/oslo_config/cfg.py:2602
2026-03-05 00:40:39.580 151995 DEBUG oslo_service.service [req-252c3830-3736-47d4-a49a-e793f9b44f03 - - - - -] watch_log_file = False log_opt_values /usr/lib/python3/dist-packages/oslo_config/cfg.py:2602
2026-03-05 00:40:39.580 151995 DEBUG oslo_service.service [req-252c3830-3736-47d4-a49a-e793f9b44f03 - - - - -] web = /usr/share/spice-html5 log_opt_values /usr/lib/python3/dist-packages/oslo_config/cfg.py:2602
2026-03-05 00:40:39.580 151995 DEBUG oslo_service.service [req-252c3830-3736-47d4-a49a-e793f9b44f03 - - - - -] oslo_concurrency.disable_process_locking = False log_opt_values /usr/lib/python3/dist-packages/oslo_config/cfg.py:2609
2026-03-05 00:40:39.580 151995 DEBUG oslo_service.service [req-252c3830-3736-47d4-a49a-e793f9b44f03 - - - - -] oslo_concurrency.lock_path = /var/lock/nova log_opt_values /usr/lib/python3/dist-packages/oslo_config/cfg.py:2609
2026-03-05 00:40:39.580 151995 DEBUG oslo_service.service [req-252c3830-3736-47d4-a49a-e793f9b44f03 - - - - -] oslo_messaging_metrics.metrics_buffer_size = 1000 log_opt_values /usr/lib/python3/dist-packages/oslo_config/cfg.py:2609
2026-03-05 00:40:39.581 151995 DEBUG oslo_service.service [req-252c3830-3736-47d4-a49a-e793f9b44f03 - - - - -] oslo_messaging_metrics.metrics_enabled = False log_opt_values /usr/lib/python3/dist-packages/oslo_config/cfg.py:2609
2026-03-05 00:40:39.581 151995 DEBUG oslo_service.service [req-252c3830-3736-47d4-a49a-e793f9b44f03 - - - - -] oslo_messaging_metrics.metrics_process_name = log_opt_values /usr/lib/python3/dist-packages/oslo_config/cfg.py:2609
2026-03-05 00:40:39.581 151995 DEBUG oslo_service.service [req-252c3830-3736-47d4-a49a-e793f9b44f03 - - - - -] oslo_messaging_metrics.metrics_socket_file = /var/tmp/metrics_collector.sock log_opt_values /usr/lib/python3/dist-packages/oslo_config/cfg.py:2609
2026-03-05 00:40:39.581 151995 DEBUG oslo_service.service [req-252c3830-3736-47d4-a49a-e793f9b44f03 - - - - -] oslo_messaging_metrics.metrics_thread_stop_timeout = 10 log_opt_values /usr/lib/python3/dist-packages/oslo_config/cfg.py:2609
2026-03-05 00:40:39.582 151995 WARNING oslo_config.cfg [req-252c3830-3736-47d4-a49a-e793f9b44f03 - - - - -] Deprecated: Option "auth_strategy" from group "api" is deprecated for removal ( The only non-default choice, ``noauth2``, is for internal development and testing purposes only and should not be used in deployments. This option and its middleware, NoAuthMiddleware[V2_18], will be removed in a future release. ). Its value may be silently ignored in the future.
2026-03-05 00:40:39.582 151995 DEBUG oslo_service.service [req-252c3830-3736-47d4-a49a-e793f9b44f03 - - - - -] api.auth_strategy = keystone log_opt_values /usr/lib/python3/dist-packages/oslo_config/cfg.py:2609
2026-03-05 00:40:39.582 151995 DEBUG oslo_service.service [req-252c3830-3736-47d4-a49a-e793f9b44f03 - - - - -] api.compute_link_prefix = None log_opt_values /usr/lib/python3/dist-packages/oslo_config/cfg.py:2609
2026-03-05 00:40:39.582 151995 DEBUG oslo_service.service [req-252c3830-3736-47d4-a49a-e793f9b44f03 - - - - -] api.config_drive_skip_versions = 1.0 2007-01-19 2007-03-01 2007-08-29 2007-10-10 2007-12-15 2008-02-01 2008-09-01 log_opt_values /usr/lib/python3/dist-packages/oslo_config/cfg.py:2609
2026-03-05 00:40:39.582 151995 DEBUG oslo_service.service [req-252c3830-3736-47d4-a49a-e793f9b44f03 - - - - -] api.dhcp_domain = novalocal log_opt_values /usr/lib/python3/dist-packages/oslo_config/cfg.py:2609
2026-03-05 00:40:39.583 151995 DEBUG oslo_service.service [req-252c3830-3736-47d4-a49a-e793f9b44f03 - - - - -] api.enable_instance_password = True log_opt_values /usr/lib/python3/dist-packages/oslo_config/cfg.py:2609
2026-03-05 00:40:39.583 151995 DEBUG oslo_service.service [req-252c3830-3736-47d4-a49a-e793f9b44f03 - - - - -] api.glance_link_prefix = None log_opt_values /usr/lib/python3/dist-packages/oslo_config/cfg.py:2609
2026-03-05 00:40:39.583 151995 DEBUG oslo_service.service [req-252c3830-3736-47d4-a49a-e793f9b44f03 - - - - -] api.instance_list_cells_batch_fixed_size = 100 log_opt_values /usr/lib/python3/dist-packages/oslo_config/cfg.py:2609
2026-03-05 00:40:39.583 151995 DEBUG oslo_service.service [req-252c3830-3736-47d4-a49a-e793f9b44f03 - - - - -] api.instance_list_cells_batch_strategy = distributed log_opt_values /usr/lib/python3/dist-packages/oslo_config/cfg.py:2609
2026-03-05 00:40:39.583 151995 DEBUG oslo_service.service [req-252c3830-3736-47d4-a49a-e793f9b44f03 - - - - -] api.instance_list_per_project_cells = False log_opt_values /usr/lib/python3/dist-packages/oslo_config/cfg.py:2609
2026-03-05 00:40:39.584 151995 DEBUG oslo_service.service [req-252c3830-3736-47d4-a49a-e793f9b44f03 - - - - -] api.list_records_by_skipping_down_cells = True log_opt_values /usr/lib/python3/dist-packages/oslo_config/cfg.py:2609
2026-03-05 00:40:39.584 151995 DEBUG oslo_service.service [req-252c3830-3736-47d4-a49a-e793f9b44f03 - - - - -] api.local_metadata_per_cell = False log_opt_values /usr/lib/python3/dist-packages/oslo_config/cfg.py:2609
2026-03-05 00:40:39.584 151995 DEBUG oslo_service.service [req-252c3830-3736-47d4-a49a-e793f9b44f03 - - - - -] api.max_limit = 1000 log_opt_values /usr/lib/python3/dist-packages/oslo_config/cfg.py:2609
2026-03-05 00:40:39.584 151995 DEBUG oslo_service.service [req-252c3830-3736-47d4-a49a-e793f9b44f03 - - - - -] api.metadata_cache_expiration = 15 log_opt_values /usr/lib/python3/dist-packages/oslo_config/cfg.py:2609
2026-03-05 00:40:39.584 151995 DEBUG oslo_service.service [req-252c3830-3736-47d4-a49a-e793f9b44f03 - - - - -] api.neutron_default_tenant_id = default log_opt_values /usr/lib/python3/dist-packages/oslo_config/cfg.py:2609
2026-03-05 00:40:39.584 151995 DEBUG oslo_service.service [req-252c3830-3736-47d4-a49a-e793f9b44f03 - - - - -] api.use_forwarded_for = False log_opt_values /usr/lib/python3/dist-packages/oslo_config/cfg.py:2609
2026-03-05 00:40:39.585 151995 DEBUG oslo_service.service [req-252c3830-3736-47d4-a49a-e793f9b44f03 - - - - -] api.use_neutron_default_nets = False log_opt_values /usr/lib/python3/dist-packages/oslo_config/cfg.py:2609
2026-03-05 00:40:39.585 151995 DEBUG oslo_service.service [req-252c3830-3736-47d4-a49a-e793f9b44f03 - - - - -] api.vendordata_dynamic_connect_timeout = 5 log_opt_values /usr/lib/python3/dist-packages/oslo_config/cfg.py:2609
2026-03-05 00:40:39.585 151995 DEBUG oslo_service.service [req-252c3830-3736-47d4-a49a-e793f9b44f03 - - - - -] api.vendordata_dynamic_failure_fatal = False log_opt_values /usr/lib/python3/dist-packages/oslo_config/cfg.py:2609
2026-03-05 00:40:39.585 151995 DEBUG oslo_service.service [req-252c3830-3736-47d4-a49a-e793f9b44f03 - - - - -] api.vendordata_dynamic_read_timeout = 5 log_opt_values /usr/lib/python3/dist-packages/oslo_config/cfg.py:2609
2026-03-05 00:40:39.586 151995 DEBUG oslo_service.service [req-252c3830-3736-47d4-a49a-e793f9b44f03 - - - - -] api.vendordata_dynamic_ssl_certfile = log_opt_values /usr/lib/python3/dist-packages/oslo_config/cfg.py:2609
2026-03-05 00:40:39.586 151995 DEBUG oslo_service.service [req-252c3830-3736-47d4-a49a-e793f9b44f03 - - - - -] api.vendordata_dynamic_targets = [] log_opt_values /usr/lib/python3/dist-packages/oslo_config/cfg.py:2609
2026-03-05 00:40:39.586 151995 DEBUG oslo_service.service [req-252c3830-3736-47d4-a49a-e793f9b44f03 - - - - -] api.vendordata_jsonfile_path = None log_opt_values /usr/lib/python3/dist-packages/oslo_config/cfg.py:2609
2026-03-05 00:40:39.586 151995 DEBUG oslo_service.service [req-252c3830-3736-47d4-a49a-e793f9b44f03 - - - - -] api.vendordata_providers = ['StaticJSON'] log_opt_values /usr/lib/python3/dist-packages/oslo_config/cfg.py:2609
2026-03-05 00:40:39.586 151995 DEBUG oslo_service.service [req-252c3830-3736-47d4-a49a-e793f9b44f03 - - - - -] cache.backend = dogpile.cache.null log_opt_values /usr/lib/python3/dist-packages/oslo_config/cfg.py:2609
2026-03-05 00:40:39.587 151995 DEBUG oslo_service.service [req-252c3830-3736-47d4-a49a-e793f9b44f03 - - - - -] cache.backend_argument = **** log_opt_values /usr/lib/python3/dist-packages/oslo_config/cfg.py:2609
2026-03-05 00:40:39.587 151995 DEBUG oslo_service.service [req-252c3830-3736-47d4-a49a-e793f9b44f03 - - - - -] cache.config_prefix = cache.oslo log_opt_values /usr/lib/python3/dist-packages/oslo_config/cfg.py:2609
2026-03-05 00:40:39.587 151995 DEBUG oslo_service.service [req-252c3830-3736-47d4-a49a-e793f9b44f03 - - - - -] cache.debug_cache_backend = False log_opt_values /usr/lib/python3/dist-packages/oslo_config/cfg.py:2609
2026-03-05 00:40:39.587 151995 DEBUG oslo_service.service [req-252c3830-3736-47d4-a49a-e793f9b44f03 - - - - -] cache.enabled = False log_opt_values /usr/lib/python3/dist-packages/oslo_config/cfg.py:2609
2026-03-05 00:40:39.587 151995 DEBUG oslo_service.service [req-252c3830-3736-47d4-a49a-e793f9b44f03 - - - - -] cache.expiration_time = 600 log_opt_values /usr/lib/python3/dist-packages/oslo_config/cfg.py:2609
2026-03-05 00:40:39.587 151995 DEBUG oslo_service.service [req-252c3830-3736-47d4-a49a-e793f9b44f03 - - - - -] cache.memcache_dead_retry = 300 log_opt_values /usr/lib/python3/dist-packages/oslo_config/cfg.py:2609
2026-03-05 00:40:39.588 151995 DEBUG oslo_service.service [req-252c3830-3736-47d4-a49a-e793f9b44f03 - - - - -] cache.memcache_pool_connection_get_timeout = 10 log_opt_values /usr/lib/python3/dist-packages/oslo_config/cfg.py:2609
2026-03-05 00:40:39.588 151995 DEBUG oslo_service.service [req-252c3830-3736-47d4-a49a-e793f9b44f03 - - - - -] cache.memcache_pool_flush_on_reconnect = False log_opt_values /usr/lib/python3/dist-packages/oslo_config/cfg.py:2609
2026-03-05 00:40:39.588 151995 DEBUG oslo_service.service [req-252c3830-3736-47d4-a49a-e793f9b44f03 - - - - -] cache.memcache_pool_maxsize = 10 log_opt_values /usr/lib/python3/dist-packages/oslo_config/cfg.py:2609
2026-03-05 00:40:39.588 151995 DEBUG oslo_service.service [req-252c3830-3736-47d4-a49a-e793f9b44f03 - - - - -] cache.memcache_pool_unused_timeout = 60 log_opt_values /usr/lib/python3/dist-packages/oslo_config/cfg.py:2609
2026-03-05 00:40:39.588 151995 DEBUG oslo_service.service [req-252c3830-3736-47d4-a49a-e793f9b44f03 - - - - -] cache.memcache_servers = ['localhost:11211'] log_opt_values /usr/lib/python3/dist-packages/oslo_config/cfg.py:2609
2026-03-05 00:40:39.588 151995 DEBUG oslo_service.service [req-252c3830-3736-47d4-a49a-e793f9b44f03 - - - - -] cache.memcache_socket_timeout = 1.0 log_opt_values /usr/lib/python3/dist-packages/oslo_config/cfg.py:2609
2026-03-05 00:40:39.589 151995 DEBUG oslo_service.service [req-252c3830-3736-47d4-a49a-e793f9b44f03 - - - - -] cache.proxies = [] log_opt_values /usr/lib/python3/dist-packages/oslo_config/cfg.py:2609
2026-03-05 00:40:39.589 151995 DEBUG oslo_service.service [req-252c3830-3736-47d4-a49a-e793f9b44f03 - - - - -] cache.tls_allowed_ciphers = None log_opt_values /usr/lib/python3/dist-packages/oslo_config/cfg.py:2609
2026-03-05 00:40:39.589 151995 DEBUG oslo_service.service [req-252c3830-3736-47d4-a49a-e793f9b44f03 - - - - -] cache.tls_cafile = None log_opt_values /usr/lib/python3/dist-packages/oslo_config/cfg.py:2609
2026-03-05 00:40:39.589 151995 DEBUG oslo_service.service [req-252c3830-3736-47d4-a49a-e793f9b44f03 - - - - -] cache.tls_certfile = None log_opt_values /usr/lib/python3/dist-packages/oslo_config/cfg.py:2609
2026-03-05 00:40:39.589 151995 DEBUG oslo_service.service [req-252c3830-3736-47d4-a49a-e793f9b44f03 - - - - -] cache.tls_enabled = False log_opt_values /usr/lib/python3/dist-packages/oslo_config/cfg.py:2609
2026-03-05 00:40:39.589 151995 DEBUG oslo_service.service [req-252c3830-3736-47d4-a49a-e793f9b44f03 - - - - -] cache.tls_keyfile = None log_opt_values /usr/lib/python3/dist-packages/oslo_config/cfg.py:2609
2026-03-05 00:40:39.590 151995 DEBUG oslo_service.service [req-252c3830-3736-47d4-a49a-e793f9b44f03 - - - - -] cinder.auth_section = None log_opt_values /usr/lib/python3/dist-packages/oslo_config/cfg.py:2609
2026-03-05 00:40:39.590 151995 DEBUG oslo_service.service [req-252c3830-3736-47d4-a49a-e793f9b44f03 - - - - -] cinder.auth_type = None log_opt_values /usr/lib/python3/dist-packages/oslo_config/cfg.py:2609
2026-03-05 00:40:39.590 151995 DEBUG oslo_service.service [req-252c3830-3736-47d4-a49a-e793f9b44f03 - - - - -] cinder.cafile = None log_opt_values /usr/lib/python3/dist-packages/oslo_config/cfg.py:2609
2026-03-05 00:40:39.590 151995 DEBUG oslo_service.service [req-252c3830-3736-47d4-a49a-e793f9b44f03 - - - - -] cinder.catalog_info = volumev3::publicURL log_opt_values /usr/lib/python3/dist-packages/oslo_config/cfg.py:2609
2026-03-05 00:40:39.590 151995 DEBUG oslo_service.service [req-252c3830-3736-47d4-a49a-e793f9b44f03 - - - - -] cinder.certfile = None log_opt_values /usr/lib/python3/dist-packages/oslo_config/cfg.py:2609
2026-03-05 00:40:39.590 151995 DEBUG oslo_service.service [req-252c3830-3736-47d4-a49a-e793f9b44f03 - - - - -] cinder.collect_timing = False log_opt_values /usr/lib/python3/dist-packages/oslo_config/cfg.py:2609
2026-03-05 00:40:39.590 152313 DEBUG nova.service [req-ace1c846-2101-4141-94f1-86968ffd1435 - - - - -] Creating RPC server for service conductor start /usr/lib/python3/dist-packages/nova/service.py:182
2026-03-05 00:40:39.591 151995 DEBUG oslo_service.service [req-252c3830-3736-47d4-a49a-e793f9b44f03 - - - - -] cinder.cross_az_attach = True log_opt_values /usr/lib/python3/dist-packages/oslo_config/cfg.py:2609
2026-03-05 00:40:39.591 151995 DEBUG oslo_service.service [req-252c3830-3736-47d4-a49a-e793f9b44f03 - - - - -] cinder.debug = False log_opt_values /usr/lib/python3/dist-packages/oslo_config/cfg.py:2609
2026-03-05 00:40:39.591 151995 DEBUG oslo_service.service [req-252c3830-3736-47d4-a49a-e793f9b44f03 - - - - -] cinder.endpoint_template = None log_opt_values /usr/lib/python3/dist-packages/oslo_config/cfg.py:2609
2026-03-05 00:40:39.591 151995 DEBUG oslo_service.service [req-252c3830-3736-47d4-a49a-e793f9b44f03 - - - - -] cinder.http_retries = 3 log_opt_values /usr/lib/python3/dist-packages/oslo_config/cfg.py:2609
2026-03-05 00:40:39.591 151995 DEBUG oslo_service.service [req-252c3830-3736-47d4-a49a-e793f9b44f03 - - - - -] cinder.insecure = False log_opt_values /usr/lib/python3/dist-packages/oslo_config/cfg.py:2609
2026-03-05 00:40:39.592 151995 DEBUG oslo_service.service [req-252c3830-3736-47d4-a49a-e793f9b44f03 - - - - -] cinder.keyfile = None log_opt_values /usr/lib/python3/dist-packages/oslo_config/cfg.py:2609
2026-03-05 00:40:39.592 151995 DEBUG oslo_service.service [req-252c3830-3736-47d4-a49a-e793f9b44f03 - - - - -] cinder.os_region_name = None log_opt_values /usr/lib/python3/dist-packages/oslo_config/cfg.py:2609
2026-03-05 00:40:39.592 151995 DEBUG oslo_service.service [req-252c3830-3736-47d4-a49a-e793f9b44f03 - - - - -] cinder.split_loggers = False log_opt_values /usr/lib/python3/dist-packages/oslo_config/cfg.py:2609
2026-03-05 00:40:39.592 151995 DEBUG oslo_service.service [req-252c3830-3736-47d4-a49a-e793f9b44f03 - - - - -] cinder.timeout = None log_opt_values /usr/lib/python3/dist-packages/oslo_config/cfg.py:2609
2026-03-05 00:40:39.592 151995 DEBUG oslo_service.service [req-252c3830-3736-47d4-a49a-e793f9b44f03 - - - - -] compute.consecutive_build_service_disable_threshold = 10 log_opt_values /usr/lib/python3/dist-packages/oslo_config/cfg.py:2609
2026-03-05 00:40:39.592 151995 DEBUG oslo_service.service [req-252c3830-3736-47d4-a49a-e793f9b44f03 - - - - -] compute.cpu_dedicated_set = None log_opt_values /usr/lib/python3/dist-packages/oslo_config/cfg.py:2609
2026-03-05 00:40:39.593 151995 DEBUG oslo_service.service [req-252c3830-3736-47d4-a49a-e793f9b44f03 - - - - -] compute.cpu_shared_set = None log_opt_values /usr/lib/python3/dist-packages/oslo_config/cfg.py:2609
2026-03-05 00:40:39.593 151995 DEBUG oslo_service.service [req-252c3830-3736-47d4-a49a-e793f9b44f03 - - - - -] compute.image_type_exclude_list = [] log_opt_values /usr/lib/python3/dist-packages/oslo_config/cfg.py:2609
2026-03-05 00:40:39.593 151995 DEBUG oslo_service.service [req-252c3830-3736-47d4-a49a-e793f9b44f03 - - - - -] compute.live_migration_wait_for_vif_plug = True log_opt_values /usr/lib/python3/dist-packages/oslo_config/cfg.py:2609
2026-03-05 00:40:39.593 151995 DEBUG oslo_service.service [req-252c3830-3736-47d4-a49a-e793f9b44f03 - - - - -] compute.max_concurrent_disk_ops = 0 log_opt_values /usr/lib/python3/dist-packages/oslo_config/cfg.py:2609
2026-03-05 00:40:39.593 151995 DEBUG oslo_service.service [req-252c3830-3736-47d4-a49a-e793f9b44f03 - - - - -] compute.max_disk_devices_to_attach = -1 log_opt_values /usr/lib/python3/dist-packages/oslo_config/cfg.py:2609
2026-03-05 00:40:39.594 151995 DEBUG oslo_service.service [req-252c3830-3736-47d4-a49a-e793f9b44f03 - - - - -] compute.packing_host_numa_cells_allocation_strategy = True log_opt_values /usr/lib/python3/dist-packages/oslo_config/cfg.py:2609
2026-03-05 00:40:39.594 151995 DEBUG oslo_service.service [req-252c3830-3736-47d4-a49a-e793f9b44f03 - - - - -] compute.provider_config_location = /etc/nova/provider_config/ log_opt_values /usr/lib/python3/dist-packages/oslo_config/cfg.py:2609
2026-03-05 00:40:39.594 151995 DEBUG oslo_service.service [req-252c3830-3736-47d4-a49a-e793f9b44f03 - - - - -] compute.resource_provider_association_refresh = 300 log_opt_values /usr/lib/python3/dist-packages/oslo_config/cfg.py:2609
2026-03-05 00:40:39.594 151995 DEBUG oslo_service.service [req-252c3830-3736-47d4-a49a-e793f9b44f03 - - - - -] compute.shutdown_retry_interval = 10 log_opt_values /usr/lib/python3/dist-packages/oslo_config/cfg.py:2609
2026-03-05 00:40:39.594 151995 DEBUG oslo_service.service [req-252c3830-3736-47d4-a49a-e793f9b44f03 - - - - -] compute.vmdk_allowed_types = ['streamOptimized', 'monolithicSparse'] log_opt_values /usr/lib/python3/dist-packages/oslo_config/cfg.py:2609
2026-03-05 00:40:39.595 151995 DEBUG oslo_service.service [req-252c3830-3736-47d4-a49a-e793f9b44f03 - - - - -] conductor.workers = 4 log_opt_values /usr/lib/python3/dist-packages/oslo_config/cfg.py:2609
2026-03-05 00:40:39.595 151995 DEBUG oslo_service.service [req-252c3830-3736-47d4-a49a-e793f9b44f03 - - - - -] console.allowed_origins = [] log_opt_values /usr/lib/python3/dist-packages/oslo_config/cfg.py:2609
2026-03-05 00:40:39.595 151995 DEBUG oslo_service.service [req-252c3830-3736-47d4-a49a-e793f9b44f03 - - - - -] console.ssl_ciphers = None log_opt_values /usr/lib/python3/dist-packages/oslo_config/cfg.py:2609
2026-03-05 00:40:39.595 151995 DEBUG oslo_service.service [req-252c3830-3736-47d4-a49a-e793f9b44f03 - - - - -] console.ssl_minimum_version = default log_opt_values /usr/lib/python3/dist-packages/oslo_config/cfg.py:2609
2026-03-05 00:40:39.595 152312 DEBUG nova.service [req-209130c6-aa47-4648-9e2a-1fc8dc5ab017 - - - - -] Creating RPC server for service conductor start /usr/lib/python3/dist-packages/nova/service.py:182
2026-03-05 00:40:39.595 151995 DEBUG oslo_service.service [req-252c3830-3736-47d4-a49a-e793f9b44f03 - - - - -] consoleauth.token_ttl = 600 log_opt_values /usr/lib/python3/dist-packages/oslo_config/cfg.py:2609
2026-03-05 00:40:39.595 151995 DEBUG oslo_service.service [req-252c3830-3736-47d4-a49a-e793f9b44f03 - - - - -] cyborg.cafile = None log_opt_values /usr/lib/python3/dist-packages/oslo_config/cfg.py:2609
2026-03-05 00:40:39.596 151995 DEBUG oslo_service.service [req-252c3830-3736-47d4-a49a-e793f9b44f03 - - - - -] cyborg.certfile = None log_opt_values /usr/lib/python3/dist-packages/oslo_config/cfg.py:2609
2026-03-05 00:40:39.596 151995 DEBUG oslo_service.service [req-252c3830-3736-47d4-a49a-e793f9b44f03 - - - - -] cyborg.collect_timing = False log_opt_values /usr/lib/python3/dist-packages/oslo_config/cfg.py:2609
2026-03-05 00:40:39.596 151995 DEBUG oslo_service.service [req-252c3830-3736-47d4-a49a-e793f9b44f03 - - - - -] cyborg.connect_retries = None log_opt_values /usr/lib/python3/dist-packages/oslo_config/cfg.py:2609
2026-03-05 00:40:39.596 151995 DEBUG oslo_service.service [req-252c3830-3736-47d4-a49a-e793f9b44f03 - - - - -] cyborg.connect_retry_delay = None log_opt_values /usr/lib/python3/dist-packages/oslo_config/cfg.py:2609
2026-03-05 00:40:39.596 152310 DEBUG oslo_messaging._drivers.amqpdriver [-] Listener is running poll /usr/lib/python3/dist-packages/oslo_messaging/_drivers/amqpdriver.py:343
2026-03-05 00:40:39.596 151995 DEBUG oslo_service.service [req-252c3830-3736-47d4-a49a-e793f9b44f03 - - - - -] cyborg.endpoint_override = None log_opt_values /usr/lib/python3/dist-packages/oslo_config/cfg.py:2609
2026-03-05 00:40:39.597 152310 DEBUG oslo_messaging._drivers.amqpdriver [-] AMQPListener connection consume poll /usr/lib/python3/dist-packages/oslo_messaging/_drivers/amqpdriver.py:357
2026-03-05 00:40:39.597 151995 DEBUG oslo_service.service [req-252c3830-3736-47d4-a49a-e793f9b44f03 - - - - -] cyborg.insecure = False log_opt_values /usr/lib/python3/dist-packages/oslo_config/cfg.py:2609
2026-03-05 00:40:39.597 151995 DEBUG oslo_service.service [req-252c3830-3736-47d4-a49a-e793f9b44f03 - - - - -] cyborg.keyfile = None log_opt_values /usr/lib/python3/dist-packages/oslo_config/cfg.py:2609
2026-03-05 00:40:39.597 151995 DEBUG oslo_service.service [req-252c3830-3736-47d4-a49a-e793f9b44f03 - - - - -] cyborg.max_version = None log_opt_values /usr/lib/python3/dist-packages/oslo_config/cfg.py:2609
2026-03-05 00:40:39.597 152311 DEBUG oslo_messaging._drivers.amqpdriver [-] Listener is running poll /usr/lib/python3/dist-packages/oslo_messaging/_drivers/amqpdriver.py:343
2026-03-05 00:40:39.597 151995 DEBUG oslo_service.service [req-252c3830-3736-47d4-a49a-e793f9b44f03 - - - - -] cyborg.min_version = None log_opt_values /usr/lib/python3/dist-packages/oslo_config/cfg.py:2609
2026-03-05 00:40:39.597 152311 DEBUG oslo_messaging._drivers.amqpdriver [-] AMQPListener connection consume poll /usr/lib/python3/dist-packages/oslo_messaging/_drivers/amqpdriver.py:357
2026-03-05 00:40:39.597 152310 DEBUG nova.service [req-3beadf0f-c405-40ff-af61-b839c38e1c7d - - - - -] Join ServiceGroup membership for this service conductor start /usr/lib/python3/dist-packages/nova/service.py:199
2026-03-05 00:40:39.597 151995 DEBUG oslo_service.service [req-252c3830-3736-47d4-a49a-e793f9b44f03 - - - - -] cyborg.region_name = None log_opt_values /usr/lib/python3/dist-packages/oslo_config/cfg.py:2609
2026-03-05 00:40:39.597 151995 DEBUG oslo_service.service [req-252c3830-3736-47d4-a49a-e793f9b44f03 - - - - -] cyborg.service_name = None log_opt_values /usr/lib/python3/dist-packages/oslo_config/cfg.py:2609
2026-03-05 00:40:39.597 152310 DEBUG nova.servicegroup.drivers.db [req-3beadf0f-c405-40ff-af61-b839c38e1c7d - - - - -] DB_Driver: join new ServiceGroup member juju-46b2fb-0-lxd-7 to the conductor group, service = join /usr/lib/python3/dist-packages/nova/servicegroup/drivers/db.py:44
2026-03-05 00:40:39.598 151995 DEBUG oslo_service.service [req-252c3830-3736-47d4-a49a-e793f9b44f03 - - - - -] cyborg.service_type = accelerator log_opt_values /usr/lib/python3/dist-packages/oslo_config/cfg.py:2609
2026-03-05 00:40:39.598 151995 DEBUG oslo_service.service [req-252c3830-3736-47d4-a49a-e793f9b44f03 - - - - -] cyborg.split_loggers = False log_opt_values /usr/lib/python3/dist-packages/oslo_config/cfg.py:2609
2026-03-05 00:40:39.598 152311 DEBUG nova.service [req-f523429f-2a5a-4a3a-8bf1-a329a485bdb1 - - - - -] Join ServiceGroup membership for this service conductor start /usr/lib/python3/dist-packages/nova/service.py:199
2026-03-05 00:40:39.598 151995 DEBUG oslo_service.service [req-252c3830-3736-47d4-a49a-e793f9b44f03 - - - - -] cyborg.status_code_retries = None log_opt_values /usr/lib/python3/dist-packages/oslo_config/cfg.py:2609
2026-03-05 00:40:39.598 151995 DEBUG oslo_service.service [req-252c3830-3736-47d4-a49a-e793f9b44f03 - - - - -] cyborg.status_code_retry_delay = None log_opt_values /usr/lib/python3/dist-packages/oslo_config/cfg.py:2609
2026-03-05 00:40:39.598 151995 DEBUG oslo_service.service [req-252c3830-3736-47d4-a49a-e793f9b44f03 - - - - -] cyborg.timeout = None log_opt_values /usr/lib/python3/dist-packages/oslo_config/cfg.py:2609
2026-03-05 00:40:39.598 152311 DEBUG nova.servicegroup.drivers.db [req-f523429f-2a5a-4a3a-8bf1-a329a485bdb1 - - - - -] DB_Driver: join new ServiceGroup member juju-46b2fb-0-lxd-7 to the conductor group, service = join /usr/lib/python3/dist-packages/nova/servicegroup/drivers/db.py:44
2026-03-05 00:40:39.598 151995 DEBUG oslo_service.service [req-252c3830-3736-47d4-a49a-e793f9b44f03 - - - - -] cyborg.valid_interfaces = ['internal', 'public'] log_opt_values /usr/lib/python3/dist-packages/oslo_config/cfg.py:2609
2026-03-05 00:40:39.599 151995 DEBUG oslo_service.service [req-252c3830-3736-47d4-a49a-e793f9b44f03 - - - - -] cyborg.version = None log_opt_values /usr/lib/python3/dist-packages/oslo_config/cfg.py:2609
2026-03-05 00:40:39.599 151995 DEBUG oslo_service.service [req-252c3830-3736-47d4-a49a-e793f9b44f03 - - - - -] database.backend = sqlalchemy log_opt_values /usr/lib/python3/dist-packages/oslo_config/cfg.py:2609
2026-03-05 00:40:39.599 151995 DEBUG oslo_service.service [req-252c3830-3736-47d4-a49a-e793f9b44f03 - - - - -] database.connection = **** log_opt_values /usr/lib/python3/dist-packages/oslo_config/cfg.py:2609
2026-03-05 00:40:39.599 151995 DEBUG oslo_service.service [req-252c3830-3736-47d4-a49a-e793f9b44f03 - - - - -] database.connection_debug = 0 log_opt_values /usr/lib/python3/dist-packages/oslo_config/cfg.py:2609
2026-03-05 00:40:39.599 151995 DEBUG oslo_service.service [req-252c3830-3736-47d4-a49a-e793f9b44f03 - - - - -] database.connection_parameters = log_opt_values /usr/lib/python3/dist-packages/oslo_config/cfg.py:2609
2026-03-05 00:40:39.600 151995 DEBUG oslo_service.service [req-252c3830-3736-47d4-a49a-e793f9b44f03 - - - - -] database.connection_recycle_time = 3600 log_opt_values /usr/lib/python3/dist-packages/oslo_config/cfg.py:2609
2026-03-05 00:40:39.600 151995 DEBUG oslo_service.service [req-252c3830-3736-47d4-a49a-e793f9b44f03 - - - - -] database.connection_trace = False log_opt_values /usr/lib/python3/dist-packages/oslo_config/cfg.py:2609
2026-03-05 00:40:39.600 152310 DEBUG oslo_messaging._drivers.amqpdriver [-] AMQPListener connection timeout poll /usr/lib/python3/dist-packages/oslo_messaging/_drivers/amqpdriver.py:360
2026-03-05 00:40:39.600 151995 DEBUG oslo_service.service [req-252c3830-3736-47d4-a49a-e793f9b44f03 - - - - -] database.db_inc_retry_interval = True log_opt_values /usr/lib/python3/dist-packages/oslo_config/cfg.py:2609
2026-03-05 00:40:39.600 152310 DEBUG oslo_messaging._drivers.amqpdriver [-] Listener is running poll /usr/lib/python3/dist-packages/oslo_messaging/_drivers/amqpdriver.py:343
2026-03-05 00:40:39.600 151995 DEBUG oslo_service.service [req-252c3830-3736-47d4-a49a-e793f9b44f03 - - - - -] database.db_max_retries = 20 log_opt_values /usr/lib/python3/dist-packages/oslo_config/cfg.py:2609
2026-03-05 00:40:39.600 152310 DEBUG oslo_messaging._drivers.amqpdriver [-] AMQPListener connection consume poll /usr/lib/python3/dist-packages/oslo_messaging/_drivers/amqpdriver.py:357
2026-03-05 00:40:39.600 151995 DEBUG oslo_service.service [req-252c3830-3736-47d4-a49a-e793f9b44f03 - - - - -] database.db_max_retry_interval = 10 log_opt_values /usr/lib/python3/dist-packages/oslo_config/cfg.py:2609
2026-03-05 00:40:39.600 151995 DEBUG oslo_service.service [req-252c3830-3736-47d4-a49a-e793f9b44f03 - - - - -] database.db_retry_interval = 1 log_opt_values /usr/lib/python3/dist-packages/oslo_config/cfg.py:2609
2026-03-05 00:40:39.601 151995 DEBUG oslo_service.service [req-252c3830-3736-47d4-a49a-e793f9b44f03 - - - - -] database.max_overflow = 50 log_opt_values /usr/lib/python3/dist-packages/oslo_config/cfg.py:2609
2026-03-05 00:40:39.601 151995 DEBUG oslo_service.service [req-252c3830-3736-47d4-a49a-e793f9b44f03 - - - - -] database.max_pool_size = 4 log_opt_values /usr/lib/python3/dist-packages/oslo_config/cfg.py:2609
2026-03-05 00:40:39.601 152311 DEBUG oslo_messaging._drivers.amqpdriver [-] AMQPListener connection timeout poll /usr/lib/python3/dist-packages/oslo_messaging/_drivers/amqpdriver.py:360
2026-03-05 00:40:39.601 151995 DEBUG oslo_service.service [req-252c3830-3736-47d4-a49a-e793f9b44f03 - - - - -] database.max_retries = 10 log_opt_values /usr/lib/python3/dist-packages/oslo_config/cfg.py:2609
2026-03-05 00:40:39.601 151995 DEBUG oslo_service.service [req-252c3830-3736-47d4-a49a-e793f9b44f03 - - - - -] database.mysql_enable_ndb = False log_opt_values /usr/lib/python3/dist-packages/oslo_config/cfg.py:2609
2026-03-05 00:40:39.601 151995 DEBUG oslo_service.service [req-252c3830-3736-47d4-a49a-e793f9b44f03 - - - - -] database.mysql_sql_mode = TRADITIONAL log_opt_values /usr/lib/python3/dist-packages/oslo_config/cfg.py:2609
2026-03-05 00:40:39.601 152311 DEBUG oslo_messaging._drivers.amqpdriver [-] Listener is running poll /usr/lib/python3/dist-packages/oslo_messaging/_drivers/amqpdriver.py:343
2026-03-05 00:40:39.601 151995 DEBUG oslo_service.service [req-252c3830-3736-47d4-a49a-e793f9b44f03 - - - - -] database.pool_timeout = None log_opt_values /usr/lib/python3/dist-packages/oslo_config/cfg.py:2609
2026-03-05 00:40:39.602 152311 DEBUG oslo_messaging._drivers.amqpdriver [-] AMQPListener connection consume poll /usr/lib/python3/dist-packages/oslo_messaging/_drivers/amqpdriver.py:357
2026-03-05 00:40:39.602 151995 DEBUG oslo_service.service [req-252c3830-3736-47d4-a49a-e793f9b44f03 - - - - -] database.retry_interval = 10 log_opt_values /usr/lib/python3/dist-packages/oslo_config/cfg.py:2609
2026-03-05 00:40:39.602 151995 DEBUG oslo_service.service [req-252c3830-3736-47d4-a49a-e793f9b44f03 - - - - -] database.slave_connection = **** log_opt_values /usr/lib/python3/dist-packages/oslo_config/cfg.py:2609
2026-03-05 00:40:39.602 151995 DEBUG oslo_service.service [req-252c3830-3736-47d4-a49a-e793f9b44f03 - - - - -] database.sqlite_synchronous = True log_opt_values /usr/lib/python3/dist-packages/oslo_config/cfg.py:2609
