2026-03-05 00:38:25.128 41142 DEBUG oslo_service.service [-] clients_zaqar.insecure = None log_opt_values /usr/lib/python3/dist-packages/oslo_config/cfg.py:2609
2026-03-05 00:38:25.128 41142 DEBUG oslo_service.service [-] clients_zaqar.key_file = None log_opt_values /usr/lib/python3/dist-packages/oslo_config/cfg.py:2609
2026-03-05 00:38:25.128 41142 DEBUG oslo_service.service [-] database.backend = sqlalchemy log_opt_values /usr/lib/python3/dist-packages/oslo_config/cfg.py:2609
2026-03-05 00:38:25.128 41142 DEBUG oslo_service.service [-] database.connection = **** log_opt_values /usr/lib/python3/dist-packages/oslo_config/cfg.py:2609
2026-03-05 00:38:25.128 41142 DEBUG oslo_service.service [-] database.connection_debug = 0 log_opt_values /usr/lib/python3/dist-packages/oslo_config/cfg.py:2609
2026-03-05 00:38:25.128 41142 DEBUG oslo_service.service [-] database.connection_parameters = log_opt_values /usr/lib/python3/dist-packages/oslo_config/cfg.py:2609
2026-03-05 00:38:25.129 41142 DEBUG oslo_service.service [-] database.connection_recycle_time = 3600 log_opt_values /usr/lib/python3/dist-packages/oslo_config/cfg.py:2609
2026-03-05 00:38:25.129 41142 DEBUG oslo_service.service [-] database.connection_trace = False log_opt_values /usr/lib/python3/dist-packages/oslo_config/cfg.py:2609
2026-03-05 00:38:25.129 41142 DEBUG oslo_service.service [-] database.db_inc_retry_interval = True log_opt_values /usr/lib/python3/dist-packages/oslo_config/cfg.py:2609
2026-03-05 00:38:25.129 41142 DEBUG oslo_service.service [-] database.db_max_retries = 20 log_opt_values /usr/lib/python3/dist-packages/oslo_config/cfg.py:2609
2026-03-05 00:38:25.129 41142 DEBUG oslo_service.service [-] database.db_max_retry_interval = 10 log_opt_values /usr/lib/python3/dist-packages/oslo_config/cfg.py:2609
2026-03-05 00:38:25.129 41142 DEBUG oslo_service.service [-] database.db_retry_interval = 1 log_opt_values /usr/lib/python3/dist-packages/oslo_config/cfg.py:2609
2026-03-05 00:38:25.129 41142 DEBUG oslo_service.service [-] database.max_overflow = 50 log_opt_values /usr/lib/python3/dist-packages/oslo_config/cfg.py:2609
2026-03-05 00:38:25.129 41142 DEBUG oslo_service.service [-] database.max_pool_size = 5 log_opt_values /usr/lib/python3/dist-packages/oslo_config/cfg.py:2609
2026-03-05 00:38:25.130 41142 DEBUG oslo_service.service [-] database.max_retries = 10 log_opt_values /usr/lib/python3/dist-packages/oslo_config/cfg.py:2609
2026-03-05 00:38:25.130 41142 DEBUG oslo_service.service [-] database.mysql_enable_ndb = False log_opt_values /usr/lib/python3/dist-packages/oslo_config/cfg.py:2609
2026-03-05 00:38:25.130 41142 DEBUG oslo_service.service [-] database.mysql_sql_mode = TRADITIONAL log_opt_values /usr/lib/python3/dist-packages/oslo_config/cfg.py:2609
2026-03-05 00:38:25.130 41142 DEBUG oslo_service.service [-] database.pool_timeout = None log_opt_values /usr/lib/python3/dist-packages/oslo_config/cfg.py:2609
2026-03-05 00:38:25.130 41142 DEBUG oslo_service.service [-] database.retry_interval = 10 log_opt_values /usr/lib/python3/dist-packages/oslo_config/cfg.py:2609
2026-03-05 00:38:25.130 41142 DEBUG oslo_service.service [-] database.slave_connection = **** log_opt_values /usr/lib/python3/dist-packages/oslo_config/cfg.py:2609
2026-03-05 00:38:25.130 41142 DEBUG oslo_service.service [-] database.sqlite_synchronous = True log_opt_values /usr/lib/python3/dist-packages/oslo_config/cfg.py:2609
2026-03-05 00:38:25.130 41142 DEBUG oslo_service.service [-] database.use_db_reconnect = False log_opt_values /usr/lib/python3/dist-packages/oslo_config/cfg.py:2609
2026-03-05 00:38:25.131 41142 DEBUG oslo_service.service [-] oslo_messaging_metrics.metrics_buffer_size = 1000 log_opt_values /usr/lib/python3/dist-packages/oslo_config/cfg.py:2609
2026-03-05 00:38:25.131 41142 DEBUG oslo_service.service [-] oslo_messaging_metrics.metrics_enabled = False log_opt_values /usr/lib/python3/dist-packages/oslo_config/cfg.py:2609
2026-03-05 00:38:25.131 41142 DEBUG oslo_service.service [-] oslo_messaging_metrics.metrics_process_name = log_opt_values /usr/lib/python3/dist-packages/oslo_config/cfg.py:2609
2026-03-05 00:38:25.131 41142 DEBUG oslo_service.service [-] oslo_messaging_metrics.metrics_socket_file = /var/tmp/metrics_collector.sock log_opt_values /usr/lib/python3/dist-packages/oslo_config/cfg.py:2609
2026-03-05 00:38:25.131 41142 DEBUG oslo_service.service [-] oslo_messaging_metrics.metrics_thread_stop_timeout = 10 log_opt_values /usr/lib/python3/dist-packages/oslo_config/cfg.py:2609
2026-03-05 00:38:25.131 41142 DEBUG oslo_service.service [-] oslo_policy.enforce_new_defaults = False log_opt_values /usr/lib/python3/dist-packages/oslo_config/cfg.py:2609
2026-03-05 00:38:25.131 41142 DEBUG oslo_service.service [-] oslo_policy.enforce_scope = False log_opt_values /usr/lib/python3/dist-packages/oslo_config/cfg.py:2609
2026-03-05 00:38:25.131 41142 DEBUG oslo_service.service [-] oslo_policy.policy_default_rule = default log_opt_values /usr/lib/python3/dist-packages/oslo_config/cfg.py:2609
2026-03-05 00:38:25.132 41142 DEBUG oslo_service.service [-] oslo_policy.policy_dirs = ['policy.d'] log_opt_values /usr/lib/python3/dist-packages/oslo_config/cfg.py:2609
2026-03-05 00:38:25.132 41142 DEBUG oslo_service.service [-] oslo_policy.policy_file = policy.yaml log_opt_values /usr/lib/python3/dist-packages/oslo_config/cfg.py:2609
2026-03-05 00:38:25.132 41142 DEBUG oslo_service.service [-] oslo_policy.remote_content_type = application/x-www-form-urlencoded log_opt_values /usr/lib/python3/dist-packages/oslo_config/cfg.py:2609
2026-03-05 00:38:25.132 41142 DEBUG oslo_service.service [-] oslo_policy.remote_ssl_ca_crt_file = None log_opt_values /usr/lib/python3/dist-packages/oslo_config/cfg.py:2609
2026-03-05 00:38:25.132 41142 DEBUG oslo_service.service [-] oslo_policy.remote_ssl_client_crt_file = None log_opt_values /usr/lib/python3/dist-packages/oslo_config/cfg.py:2609
2026-03-05 00:38:25.132 41142 DEBUG oslo_service.service [-] oslo_policy.remote_ssl_client_key_file = None log_opt_values /usr/lib/python3/dist-packages/oslo_config/cfg.py:2609
2026-03-05 00:38:25.132 41142 DEBUG oslo_service.service [-] oslo_policy.remote_ssl_verify_server_crt = False log_opt_values /usr/lib/python3/dist-packages/oslo_config/cfg.py:2609
2026-03-05 00:38:25.133 41142 DEBUG oslo_service.service [-] trustee.auth_section = None log_opt_values /usr/lib/python3/dist-packages/oslo_config/cfg.py:2609
2026-03-05 00:38:25.133 41142 WARNING oslo_config.cfg [-] Deprecated: Option "auth_plugin" from group "trustee" is deprecated. Use option "auth_type" from group "trustee".
2026-03-05 00:38:25.133 41142 DEBUG oslo_service.service [-] trustee.auth_type = password log_opt_values /usr/lib/python3/dist-packages/oslo_config/cfg.py:2609
2026-03-05 00:38:25.133 41142 DEBUG oslo_service.service [-] oslo_versionedobjects.fatal_exception_format_errors = False log_opt_values /usr/lib/python3/dist-packages/oslo_config/cfg.py:2609
2026-03-05 00:38:25.133 41142 DEBUG oslo_service.service [-] oslo_messaging_rabbit.amqp_auto_delete = False log_opt_values /usr/lib/python3/dist-packages/oslo_config/cfg.py:2609
2026-03-05 00:38:25.134 41142 DEBUG oslo_service.service [-] oslo_messaging_rabbit.amqp_durable_queues = False log_opt_values /usr/lib/python3/dist-packages/oslo_config/cfg.py:2609
2026-03-05 00:38:25.134 41142 DEBUG oslo_service.service [-] oslo_messaging_rabbit.conn_pool_min_size = 2 log_opt_values /usr/lib/python3/dist-packages/oslo_config/cfg.py:2609
2026-03-05 00:38:25.134 41142 DEBUG oslo_service.service [-] oslo_messaging_rabbit.conn_pool_ttl = 1200 log_opt_values /usr/lib/python3/dist-packages/oslo_config/cfg.py:2609
2026-03-05 00:38:25.134 41142 DEBUG oslo_service.service [-] oslo_messaging_rabbit.direct_mandatory_flag = True log_opt_values /usr/lib/python3/dist-packages/oslo_config/cfg.py:2609
2026-03-05 00:38:25.134 41142 DEBUG oslo_service.service [-] oslo_messaging_rabbit.enable_cancel_on_failover = False log_opt_values /usr/lib/python3/dist-packages/oslo_config/cfg.py:2609
2026-03-05 00:38:25.134 41142 DEBUG oslo_service.service [-] oslo_messaging_rabbit.heartbeat_in_pthread = False log_opt_values /usr/lib/python3/dist-packages/oslo_config/cfg.py:2609
2026-03-05 00:38:25.134 41142 DEBUG oslo_service.service [-] oslo_messaging_rabbit.heartbeat_rate = 2 log_opt_values /usr/lib/python3/dist-packages/oslo_config/cfg.py:2609
2026-03-05 00:38:25.134 41142 DEBUG oslo_service.service [-] oslo_messaging_rabbit.heartbeat_timeout_threshold = 60 log_opt_values /usr/lib/python3/dist-packages/oslo_config/cfg.py:2609
2026-03-05 00:38:25.135 41142 DEBUG oslo_service.service [-] oslo_messaging_rabbit.kombu_compression = None log_opt_values /usr/lib/python3/dist-packages/oslo_config/cfg.py:2609
2026-03-05 00:38:25.135 41142 DEBUG oslo_service.service [-] oslo_messaging_rabbit.kombu_failover_strategy = round-robin log_opt_values /usr/lib/python3/dist-packages/oslo_config/cfg.py:2609
2026-03-05 00:38:25.135 41142 DEBUG oslo_service.service [-] oslo_messaging_rabbit.kombu_missing_consumer_retry_timeout = 60 log_opt_values /usr/lib/python3/dist-packages/oslo_config/cfg.py:2609
2026-03-05 00:38:25.135 41142 DEBUG oslo_service.service [-] oslo_messaging_rabbit.kombu_reconnect_delay = 1.0 log_opt_values /usr/lib/python3/dist-packages/oslo_config/cfg.py:2609
2026-03-05 00:38:25.135 41142 DEBUG oslo_service.service [-] oslo_messaging_rabbit.rabbit_ha_queues = False log_opt_values /usr/lib/python3/dist-packages/oslo_config/cfg.py:2609
2026-03-05 00:38:25.136 41142 DEBUG oslo_service.service [-] oslo_messaging_rabbit.rabbit_interval_max = 30 log_opt_values /usr/lib/python3/dist-packages/oslo_config/cfg.py:2609
2026-03-05 00:38:25.136 41142 DEBUG oslo_service.service [-] oslo_messaging_rabbit.rabbit_login_method = AMQPLAIN log_opt_values /usr/lib/python3/dist-packages/oslo_config/cfg.py:2609
2026-03-05 00:38:25.136 41142 DEBUG oslo_service.service [-] oslo_messaging_rabbit.rabbit_qos_prefetch_count = 0 log_opt_values /usr/lib/python3/dist-packages/oslo_config/cfg.py:2609
2026-03-05 00:38:25.136 41142 DEBUG oslo_service.service [-] oslo_messaging_rabbit.rabbit_quorum_queue = False log_opt_values /usr/lib/python3/dist-packages/oslo_config/cfg.py:2609
2026-03-05 00:38:25.136 41142 DEBUG oslo_service.service [-] oslo_messaging_rabbit.rabbit_retry_backoff = 2 log_opt_values /usr/lib/python3/dist-packages/oslo_config/cfg.py:2609
2026-03-05 00:38:25.136 41142 DEBUG oslo_service.service [-] oslo_messaging_rabbit.rabbit_retry_interval = 1 log_opt_values /usr/lib/python3/dist-packages/oslo_config/cfg.py:2609
2026-03-05 00:38:25.136 41142 DEBUG oslo_service.service [-] oslo_messaging_rabbit.rabbit_transient_queues_ttl = 1800 log_opt_values /usr/lib/python3/dist-packages/oslo_config/cfg.py:2609
2026-03-05 00:38:25.137 41142 DEBUG oslo_service.service [-] oslo_messaging_rabbit.rpc_conn_pool_size = 30 log_opt_values /usr/lib/python3/dist-packages/oslo_config/cfg.py:2609
2026-03-05 00:38:25.137 41142 DEBUG oslo_service.service [-] oslo_messaging_rabbit.ssl = False log_opt_values /usr/lib/python3/dist-packages/oslo_config/cfg.py:2609
2026-03-05 00:38:25.137 41142 DEBUG oslo_service.service [-] oslo_messaging_rabbit.ssl_ca_file = log_opt_values /usr/lib/python3/dist-packages/oslo_config/cfg.py:2609
2026-03-05 00:38:25.137 41142 DEBUG oslo_service.service [-] oslo_messaging_rabbit.ssl_cert_file = log_opt_values /usr/lib/python3/dist-packages/oslo_config/cfg.py:2609
2026-03-05 00:38:25.137 41142 DEBUG oslo_service.service [-] oslo_messaging_rabbit.ssl_key_file = log_opt_values /usr/lib/python3/dist-packages/oslo_config/cfg.py:2609
2026-03-05 00:38:25.137 41142 DEBUG oslo_service.service [-] oslo_messaging_rabbit.ssl_version = log_opt_values /usr/lib/python3/dist-packages/oslo_config/cfg.py:2609
2026-03-05 00:38:25.137 41142 DEBUG oslo_service.service [-] oslo_messaging_notifications.driver = [] log_opt_values /usr/lib/python3/dist-packages/oslo_config/cfg.py:2609
2026-03-05 00:38:25.137 41142 DEBUG oslo_service.service [-] oslo_messaging_notifications.retry = -1 log_opt_values /usr/lib/python3/dist-packages/oslo_config/cfg.py:2609
2026-03-05 00:38:25.138 41142 DEBUG oslo_service.service [-] oslo_messaging_notifications.topics = ['notifications'] log_opt_values /usr/lib/python3/dist-packages/oslo_config/cfg.py:2609
2026-03-05 00:38:25.138 41142 DEBUG oslo_service.service [-] oslo_messaging_notifications.transport_url = **** log_opt_values /usr/lib/python3/dist-packages/oslo_config/cfg.py:2609
2026-03-05 00:38:25.138 41142 DEBUG oslo_service.service [-] cache.backend = dogpile.cache.null log_opt_values /usr/lib/python3/dist-packages/oslo_config/cfg.py:2609
2026-03-05 00:38:25.138 41142 DEBUG oslo_service.service [-] cache.backend_argument = **** log_opt_values /usr/lib/python3/dist-packages/oslo_config/cfg.py:2609
2026-03-05 00:38:25.139 41142 DEBUG oslo_service.service [-] cache.config_prefix = cache.oslo log_opt_values /usr/lib/python3/dist-packages/oslo_config/cfg.py:2609
2026-03-05 00:38:25.139 41142 DEBUG oslo_service.service [-] cache.debug_cache_backend = False log_opt_values /usr/lib/python3/dist-packages/oslo_config/cfg.py:2609
2026-03-05 00:38:25.139 41142 DEBUG oslo_service.service [-] cache.enabled = False log_opt_values /usr/lib/python3/dist-packages/oslo_config/cfg.py:2609
2026-03-05 00:38:25.139 41142 DEBUG oslo_service.service [-] cache.expiration_time = 600 log_opt_values /usr/lib/python3/dist-packages/oslo_config/cfg.py:2609
2026-03-05 00:38:25.139 41142 DEBUG oslo_service.service [-] cache.memcache_dead_retry = 300 log_opt_values /usr/lib/python3/dist-packages/oslo_config/cfg.py:2609
2026-03-05 00:38:25.139 41142 DEBUG oslo_service.service [-] cache.memcache_pool_connection_get_timeout = 10 log_opt_values /usr/lib/python3/dist-packages/oslo_config/cfg.py:2609
2026-03-05 00:38:25.139 41142 DEBUG oslo_service.service [-] cache.memcache_pool_flush_on_reconnect = False log_opt_values /usr/lib/python3/dist-packages/oslo_config/cfg.py:2609
2026-03-05 00:38:25.139 41142 DEBUG oslo_service.service [-] cache.memcache_pool_maxsize = 10 log_opt_values /usr/lib/python3/dist-packages/oslo_config/cfg.py:2609
2026-03-05 00:38:25.140 41142 DEBUG oslo_service.service [-] cache.memcache_pool_unused_timeout = 60 log_opt_values /usr/lib/python3/dist-packages/oslo_config/cfg.py:2609
2026-03-05 00:38:25.140 41142 DEBUG oslo_service.service [-] cache.memcache_servers = ['localhost:11211'] log_opt_values /usr/lib/python3/dist-packages/oslo_config/cfg.py:2609
2026-03-05 00:38:25.141 41142 DEBUG oslo_service.service [-] cache.memcache_socket_timeout = 1.0 log_opt_values /usr/lib/python3/dist-packages/oslo_config/cfg.py:2609
2026-03-05 00:38:25.141 41142 DEBUG oslo_service.service [-] cache.proxies = [] log_opt_values /usr/lib/python3/dist-packages/oslo_config/cfg.py:2609
2026-03-05 00:38:25.141 41142 DEBUG oslo_service.service [-] cache.tls_allowed_ciphers = None log_opt_values /usr/lib/python3/dist-packages/oslo_config/cfg.py:2609
2026-03-05 00:38:25.141 41142 DEBUG oslo_service.service [-] cache.tls_cafile = None log_opt_values /usr/lib/python3/dist-packages/oslo_config/cfg.py:2609
2026-03-05 00:38:25.141 41142 DEBUG oslo_service.service [-] cache.tls_certfile = None log_opt_values /usr/lib/python3/dist-packages/oslo_config/cfg.py:2609
2026-03-05 00:38:25.141 41142 DEBUG oslo_service.service [-] cache.tls_enabled = False log_opt_values /usr/lib/python3/dist-packages/oslo_config/cfg.py:2609
2026-03-05 00:38:25.141 41142 DEBUG oslo_service.service [-] cache.tls_keyfile = None log_opt_values /usr/lib/python3/dist-packages/oslo_config/cfg.py:2609
2026-03-05 00:38:25.142 41142 DEBUG oslo_service.service [-] constraint_validation_cache.caching = True log_opt_values /usr/lib/python3/dist-packages/oslo_config/cfg.py:2609
2026-03-05 00:38:25.142 41142 DEBUG oslo_service.service [-] constraint_validation_cache.expiration_time = 60 log_opt_values /usr/lib/python3/dist-packages/oslo_config/cfg.py:2609
2026-03-05 00:38:25.142 41142 DEBUG oslo_service.service [-] service_extension_cache.caching = True log_opt_values /usr/lib/python3/dist-packages/oslo_config/cfg.py:2609
2026-03-05 00:38:25.142 41142 DEBUG oslo_service.service [-] service_extension_cache.expiration_time = 3600 log_opt_values /usr/lib/python3/dist-packages/oslo_config/cfg.py:2609
2026-03-05 00:38:25.142 41142 DEBUG oslo_service.service [-] resource_finder_cache.caching = True log_opt_values /usr/lib/python3/dist-packages/oslo_config/cfg.py:2609
2026-03-05 00:38:25.142 41142 DEBUG oslo_service.service [-] resource_finder_cache.expiration_time = 3600 log_opt_values /usr/lib/python3/dist-packages/oslo_config/cfg.py:2609
2026-03-05 00:38:25.142 41142 DEBUG oslo_service.service [-] yaql.limit_iterators = 200 log_opt_values /usr/lib/python3/dist-packages/oslo_config/cfg.py:2609
2026-03-05 00:38:25.142 41142 DEBUG oslo_service.service [-] yaql.memory_quota = 10000 log_opt_values /usr/lib/python3/dist-packages/oslo_config/cfg.py:2609
2026-03-05 00:38:25.142 41142 DEBUG oslo_service.service [-] ******************************************************************************** log_opt_values /usr/lib/python3/dist-packages/oslo_config/cfg.py:2613
2026-03-05 00:38:25.148 41525 DEBUG oslo_db.sqlalchemy.engines [req-c6bef9cd-f633-4d4d-aba1-a731eb1fae8a - - - - -] MySQL server mode set to STRICT_TRANS_TABLES,STRICT_ALL_TABLES,NO_ZERO_IN_DATE,NO_ZERO_DATE,ERROR_FOR_DIVISION_BY_ZERO,TRADITIONAL,NO_ENGINE_SUBSTITUTION _check_effective_sql_mode /usr/lib/python3/dist-packages/oslo_db/sqlalchemy/engines.py:314
2026-03-05 00:38:25.517 41499 DEBUG heat.engine.service [req-b06075ee-cdc6-426e-94e8-94b3ec692c0e - - - - -] Service 5aadcc66-2428-49fd-9797-7a6461a851c0 is started service_manage_report /usr/lib/python3/dist-packages/heat/engine/service.py:2363
2026-03-05 00:38:25.522 41525 DEBUG heat.engine.service [req-5c1a5de1-f140-404b-a057-6ea5482537b8 - - - - -] Service dd500e67-9321-4886-a82d-ec29f6e49fb0 is started service_manage_report /usr/lib/python3/dist-packages/heat/engine/service.py:2363
2026-03-05 00:38:25.523 41517 DEBUG heat.engine.service [req-e0c7b3a3-1411-4cfb-8b86-eaeeccdabfea - - - - -] Service e834d068-b03d-4e36-a3a2-53d231e546cf is started service_manage_report /usr/lib/python3/dist-packages/heat/engine/service.py:2363
2026-03-05 00:38:25.523 41515 DEBUG heat.engine.service [req-6f3e21e4-f67b-44a7-b024-c4aefa1ecb7a - - - - -] Service 7f68d3f6-4bed-4550-b9d4-c05c88517f2b is started service_manage_report /usr/lib/python3/dist-packages/heat/engine/service.py:2363
2026-03-05 00:38:25.552 41499 DEBUG heat.engine.service [req-b06075ee-cdc6-426e-94e8-94b3ec692c0e - - - - -] Service 5aadcc66-2428-49fd-9797-7a6461a851c0 is updated service_manage_report /usr/lib/python3/dist-packages/heat/engine/service.py:2370
2026-03-05 00:38:25.569 41525 DEBUG heat.engine.service [req-5c1a5de1-f140-404b-a057-6ea5482537b8 - - - - -] Service dd500e67-9321-4886-a82d-ec29f6e49fb0 is updated service_manage_report /usr/lib/python3/dist-packages/heat/engine/service.py:2370
2026-03-05 00:38:25.579 41515 DEBUG heat.engine.service [req-6f3e21e4-f67b-44a7-b024-c4aefa1ecb7a - - - - -] Service 7f68d3f6-4bed-4550-b9d4-c05c88517f2b is updated service_manage_report /usr/lib/python3/dist-packages/heat/engine/service.py:2370
2026-03-05 00:38:25.580 41517 DEBUG heat.engine.service [req-e0c7b3a3-1411-4cfb-8b86-eaeeccdabfea - - - - -] Service e834d068-b03d-4e36-a3a2-53d231e546cf is updated service_manage_report /usr/lib/python3/dist-packages/heat/engine/service.py:2370
2026-03-05 00:39:25.162 41499 DEBUG heat.engine.service [req-1d017854-de8e-4739-883b-bee1a54c7fcc - - - - -] Service 5aadcc66-2428-49fd-9797-7a6461a851c0 is updated service_manage_report /usr/lib/python3/dist-packages/heat/engine/service.py:2370
2026-03-05 00:39:25.173 41517 DEBUG heat.engine.service [req-de5b0073-d8f8-401a-a659-5e0ed7de540d - - - - -] Service e834d068-b03d-4e36-a3a2-53d231e546cf is updated service_manage_report /usr/lib/python3/dist-packages/heat/engine/service.py:2370
2026-03-05 00:39:25.182 41515 DEBUG heat.engine.service [req-eb47997d-5892-44f6-9400-58dce227767b - - - - -] Service 7f68d3f6-4bed-4550-b9d4-c05c88517f2b is updated service_manage_report /usr/lib/python3/dist-packages/heat/engine/service.py:2370
2026-03-05 00:39:25.233 41525 DEBUG heat.engine.service [req-e738fd08-c9bb-4454-9f73-7ab57cb7665a - - - - -] Service dd500e67-9321-4886-a82d-ec29f6e49fb0 is updated service_manage_report /usr/lib/python3/dist-packages/heat/engine/service.py:2370
2026-03-05 00:40:25.157 41499 DEBUG heat.engine.service [req-f34b4d69-391a-4d97-841f-d89fe1c04395 - - - - -] Service 5aadcc66-2428-49fd-9797-7a6461a851c0 is updated service_manage_report /usr/lib/python3/dist-packages/heat/engine/service.py:2370
2026-03-05 00:40:25.176 41517 DEBUG heat.engine.service [req-0bf1c887-90aa-47b8-b749-6b852f81c0e1 - - - - -] Service e834d068-b03d-4e36-a3a2-53d231e546cf is updated service_manage_report /usr/lib/python3/dist-packages/heat/engine/service.py:2370
2026-03-05 00:40:25.183 41515 DEBUG heat.engine.service [req-065f52be-c836-44bf-a087-462f4f19611b - - - - -] Service 7f68d3f6-4bed-4550-b9d4-c05c88517f2b is updated service_manage_report /usr/lib/python3/dist-packages/heat/engine/service.py:2370
2026-03-05 00:40:25.236 41525 DEBUG heat.engine.service [req-aff84be1-727e-46ee-81f4-dac7eab3eaff - - - - -] Service dd500e67-9321-4886-a82d-ec29f6e49fb0 is updated service_manage_report /usr/lib/python3/dist-packages/heat/engine/service.py:2370
2026-03-05 00:41:25.159 41499 DEBUG heat.engine.service [req-dc4bb188-0a93-47bf-ac2a-7b53aff8dd4a - - - - -] Service 5aadcc66-2428-49fd-9797-7a6461a851c0 is updated service_manage_report /usr/lib/python3/dist-packages/heat/engine/service.py:2370
2026-03-05 00:41:25.178 41517 DEBUG heat.engine.service [req-8ed55ad8-3627-49d0-8d3f-4fbd5ebc2d3e - - - - -] Service e834d068-b03d-4e36-a3a2-53d231e546cf is updated service_manage_report /usr/lib/python3/dist-packages/heat/engine/service.py:2370
2026-03-05 00:41:25.186 41515 DEBUG heat.engine.service [req-f758280a-a5f3-4b5e-8511-45a383d2a5c2 - - - - -] Service 7f68d3f6-4bed-4550-b9d4-c05c88517f2b is updated service_manage_report /usr/lib/python3/dist-packages/heat/engine/service.py:2370
2026-03-05 00:41:25.242 41525 DEBUG heat.engine.service [req-cd943538-7468-4626-a42b-1bc25ca29901 - - - - -] Service dd500e67-9321-4886-a82d-ec29f6e49fb0 is updated service_manage_report /usr/lib/python3/dist-packages/heat/engine/service.py:2370
2026-03-05 00:42:25.163 41499 DEBUG heat.engine.service [req-4b422ffd-212e-468a-8bb8-a990601b3761 - - - - -] Service 5aadcc66-2428-49fd-9797-7a6461a851c0 is updated service_manage_report /usr/lib/python3/dist-packages/heat/engine/service.py:2370
2026-03-05 00:42:25.187 41517 DEBUG heat.engine.service [req-8dbd8ad7-2375-4fd0-8c4d-ac9c9e2a40b0 - - - - -] Service e834d068-b03d-4e36-a3a2-53d231e546cf is updated service_manage_report /usr/lib/python3/dist-packages/heat/engine/service.py:2370
2026-03-05 00:42:25.189 41515 DEBUG heat.engine.service [req-483a055e-b09b-4e2c-883a-06d65d9eb988 - - - - -] Service 7f68d3f6-4bed-4550-b9d4-c05c88517f2b is updated service_manage_report /usr/lib/python3/dist-packages/heat/engine/service.py:2370
2026-03-05 00:42:25.245 41525 DEBUG heat.engine.service [req-b68a0fe0-eb74-41dd-8c63-914bfc32c414 - - - - -] Service dd500e67-9321-4886-a82d-ec29f6e49fb0 is updated service_manage_report /usr/lib/python3/dist-packages/heat/engine/service.py:2370
2026-03-05 00:43:25.165 41499 DEBUG heat.engine.service [req-1e10767d-fb71-499b-a6bf-99dd311026a4 - - - - -] Service 5aadcc66-2428-49fd-9797-7a6461a851c0 is updated service_manage_report /usr/lib/python3/dist-packages/heat/engine/service.py:2370
2026-03-05 00:43:25.179 41517 DEBUG heat.engine.service [req-f31ccc42-535e-4a13-8e0c-06b3950106e5 - - - - -] Service e834d068-b03d-4e36-a3a2-53d231e546cf is updated service_manage_report /usr/lib/python3/dist-packages/heat/engine/service.py:2370
2026-03-05 00:43:25.192 41515 DEBUG heat.engine.service [req-1e00e58d-d8a1-48e2-8c31-f36add680d51 - - - - -] Service 7f68d3f6-4bed-4550-b9d4-c05c88517f2b is updated service_manage_report /usr/lib/python3/dist-packages/heat/engine/service.py:2370
2026-03-05 00:43:25.249 41525 DEBUG heat.engine.service [req-14225033-2928-40ca-8b00-e54f8b999972 - - - - -] Service dd500e67-9321-4886-a82d-ec29f6e49fb0 is updated service_manage_report /usr/lib/python3/dist-packages/heat/engine/service.py:2370
2026-03-05 00:44:25.169 41499 DEBUG heat.engine.service [req-ff781ad1-27b5-4279-81c6-ac800b5f646e - - - - -] Service 5aadcc66-2428-49fd-9797-7a6461a851c0 is updated service_manage_report /usr/lib/python3/dist-packages/heat/engine/service.py:2370
2026-03-05 00:44:25.181 41517 DEBUG heat.engine.service [req-c230a7a7-08c7-475f-a790-7c5d8986db2f - - - - -] Service e834d068-b03d-4e36-a3a2-53d231e546cf is updated service_manage_report /usr/lib/python3/dist-packages/heat/engine/service.py:2370
2026-03-05 00:44:25.194 41515 DEBUG heat.engine.service [req-6aea28b3-7b93-4a40-9e87-816df398d33c - - - - -] Service 7f68d3f6-4bed-4550-b9d4-c05c88517f2b is updated service_manage_report /usr/lib/python3/dist-packages/heat/engine/service.py:2370
2026-03-05 00:44:25.254 41525 DEBUG heat.engine.service [req-8b5dfb5e-5da8-4652-a9b7-5314af0d698a - - - - -] Service dd500e67-9321-4886-a82d-ec29f6e49fb0 is updated service_manage_report /usr/lib/python3/dist-packages/heat/engine/service.py:2370
2026-03-05 00:45:25.174 41499 DEBUG heat.engine.service [req-d31a08ff-3cc4-44f1-b039-b17bd3233cbf - - - - -] Service 5aadcc66-2428-49fd-9797-7a6461a851c0 is updated service_manage_report /usr/lib/python3/dist-packages/heat/engine/service.py:2370
2026-03-05 00:45:25.183 41517 DEBUG heat.engine.service [req-1195c4ee-660a-4556-b731-00404f51f16c - - - - -] Service e834d068-b03d-4e36-a3a2-53d231e546cf is updated service_manage_report /usr/lib/python3/dist-packages/heat/engine/service.py:2370
2026-03-05 00:45:25.196 41515 DEBUG heat.engine.service [req-b9fd34fb-213f-4566-912c-3c23643db36b - - - - -] Service 7f68d3f6-4bed-4550-b9d4-c05c88517f2b is updated service_manage_report /usr/lib/python3/dist-packages/heat/engine/service.py:2370
2026-03-05 00:45:25.258 41525 DEBUG heat.engine.service [req-f57c09e1-7165-436a-b43b-7fd90999951b - - - - -] Service dd500e67-9321-4886-a82d-ec29f6e49fb0 is updated service_manage_report /usr/lib/python3/dist-packages/heat/engine/service.py:2370
2026-03-05 00:46:25.177 41499 DEBUG heat.engine.service [req-d1797379-a30e-4bc2-9192-016623504f3d - - - - -] Service 5aadcc66-2428-49fd-9797-7a6461a851c0 is updated service_manage_report /usr/lib/python3/dist-packages/heat/engine/service.py:2370
2026-03-05 00:46:25.186 41517 DEBUG heat.engine.service [req-09b47234-226b-4e34-a64c-a091e91cfb39 - - - - -] Service e834d068-b03d-4e36-a3a2-53d231e546cf is updated service_manage_report /usr/lib/python3/dist-packages/heat/engine/service.py:2370
2026-03-05 00:46:25.198 41515 DEBUG heat.engine.service [req-89b31f9d-4330-49aa-a52f-7d66ad5622ba - - - - -] Service 7f68d3f6-4bed-4550-b9d4-c05c88517f2b is updated service_manage_report /usr/lib/python3/dist-packages/heat/engine/service.py:2370
2026-03-05 00:46:25.261 41525 DEBUG heat.engine.service [req-4169afd4-4c86-4157-bf35-aaf85e9bb124 - - - - -] Service dd500e67-9321-4886-a82d-ec29f6e49fb0 is updated service_manage_report /usr/lib/python3/dist-packages/heat/engine/service.py:2370
2026-03-05 00:47:25.183 41499 DEBUG heat.engine.service [req-ced2fce8-ccd1-43f7-91a6-2f122aa8ccd2 - - - - -] Service 5aadcc66-2428-49fd-9797-7a6461a851c0 is updated service_manage_report /usr/lib/python3/dist-packages/heat/engine/service.py:2370
2026-03-05 00:47:25.188 41517 DEBUG heat.engine.service [req-7429dd77-11d4-4189-a6d5-11d33af1923a - - - - -] Service e834d068-b03d-4e36-a3a2-53d231e546cf is updated service_manage_report /usr/lib/python3/dist-packages/heat/engine/service.py:2370
2026-03-05 00:47:25.200 41515 DEBUG heat.engine.service [req-eb9f1b7a-ef71-428f-b341-7b0d37dbbca7 - - - - -] Service 7f68d3f6-4bed-4550-b9d4-c05c88517f2b is updated service_manage_report /usr/lib/python3/dist-packages/heat/engine/service.py:2370
2026-03-05 00:47:25.266 41525 DEBUG heat.engine.service [req-fed02b9c-09c3-4938-92b5-a3700d64598e - - - - -] Service dd500e67-9321-4886-a82d-ec29f6e49fb0 is updated service_manage_report /usr/lib/python3/dist-packages/heat/engine/service.py:2370
2026-03-05 00:48:25.177 41499 DEBUG heat.engine.service [req-98c1c489-5c09-4b8a-b274-f52019e4a48d - - - - -] Service 5aadcc66-2428-49fd-9797-7a6461a851c0 is updated service_manage_report /usr/lib/python3/dist-packages/heat/engine/service.py:2370
2026-03-05 00:48:25.190 41517 DEBUG heat.engine.service [req-737f8589-bc40-4c73-a77e-4beed286421e - - - - -] Service e834d068-b03d-4e36-a3a2-53d231e546cf is updated service_manage_report /usr/lib/python3/dist-packages/heat/engine/service.py:2370
2026-03-05 00:48:25.202 41515 DEBUG heat.engine.service [req-3229fca9-1641-4f32-b4fb-f7abbf1c1ff2 - - - - -] Service 7f68d3f6-4bed-4550-b9d4-c05c88517f2b is updated service_manage_report /usr/lib/python3/dist-packages/heat/engine/service.py:2370
2026-03-05 00:48:25.269 41525 DEBUG heat.engine.service [req-8caf175b-d663-4c96-9eb9-73896a64c653 - - - - -] Service dd500e67-9321-4886-a82d-ec29f6e49fb0 is updated service_manage_report /usr/lib/python3/dist-packages/heat/engine/service.py:2370
2026-03-05 00:49:25.180 41499 DEBUG heat.engine.service [req-bdeaca12-eede-4196-a499-7a6fe39ef2af - - - - -] Service 5aadcc66-2428-49fd-9797-7a6461a851c0 is updated service_manage_report /usr/lib/python3/dist-packages/heat/engine/service.py:2370
2026-03-05 00:49:25.193 41517 DEBUG heat.engine.service [req-fc413b46-aa3d-4edd-aad6-c218f070c241 - - - - -] Service e834d068-b03d-4e36-a3a2-53d231e546cf is updated service_manage_report /usr/lib/python3/dist-packages/heat/engine/service.py:2370
2026-03-05 00:49:25.204 41515 DEBUG heat.engine.service [req-8285ace0-6b68-4e18-8ef0-fe508a1244fd - - - - -] Service 7f68d3f6-4bed-4550-b9d4-c05c88517f2b is updated service_manage_report /usr/lib/python3/dist-packages/heat/engine/service.py:2370
2026-03-05 00:49:25.271 41525 DEBUG heat.engine.service [req-7d43247a-e2eb-4bf1-9912-c90a5ee99701 - - - - -] Service dd500e67-9321-4886-a82d-ec29f6e49fb0 is updated service_manage_report /usr/lib/python3/dist-packages/heat/engine/service.py:2370
2026-03-05 00:50:25.186 41499 DEBUG heat.engine.service [req-0b8849df-2f12-45e5-9bdc-60a0fdafd9a2 - - - - -] Service 5aadcc66-2428-49fd-9797-7a6461a851c0 is updated service_manage_report /usr/lib/python3/dist-packages/heat/engine/service.py:2370
2026-03-05 00:50:25.197 41517 DEBUG heat.engine.service [req-a192ab26-7b9d-4028-a349-74749c850b34 - - - - -] Service e834d068-b03d-4e36-a3a2-53d231e546cf is updated service_manage_report /usr/lib/python3/dist-packages/heat/engine/service.py:2370
2026-03-05 00:50:25.207 41515 DEBUG heat.engine.service [req-301b58ec-004c-4e69-bf85-9f33d27b925f - - - - -] Service 7f68d3f6-4bed-4550-b9d4-c05c88517f2b is updated service_manage_report /usr/lib/python3/dist-packages/heat/engine/service.py:2370
2026-03-05 00:50:25.273 41525 DEBUG heat.engine.service [req-1a3b09b7-76dd-4be7-86a5-274f1ce757c8 - - - - -] Service dd500e67-9321-4886-a82d-ec29f6e49fb0 is updated service_manage_report /usr/lib/python3/dist-packages/heat/engine/service.py:2370
2026-03-05 00:51:25.179 41499 DEBUG heat.engine.service [req-0052d140-fb8d-434b-84c3-cbd4c392fc06 - - - - -] Service 5aadcc66-2428-49fd-9797-7a6461a851c0 is updated service_manage_report /usr/lib/python3/dist-packages/heat/engine/service.py:2370
2026-03-05 00:51:25.199 41517 DEBUG heat.engine.service [req-5384d4aa-9160-47db-801d-92b4fa557365 - - - - -] Service e834d068-b03d-4e36-a3a2-53d231e546cf is updated service_manage_report /usr/lib/python3/dist-packages/heat/engine/service.py:2370
2026-03-05 00:51:25.209 41515 DEBUG heat.engine.service [req-09c555b4-6211-4546-9be6-7e8df59515c4 - - - - -] Service 7f68d3f6-4bed-4550-b9d4-c05c88517f2b is updated service_manage_report /usr/lib/python3/dist-packages/heat/engine/service.py:2370
2026-03-05 00:51:25.277 41525 DEBUG heat.engine.service [req-845e52c1-3980-4132-8f3f-712ef90b10f3 - - - - -] Service dd500e67-9321-4886-a82d-ec29f6e49fb0 is updated service_manage_report /usr/lib/python3/dist-packages/heat/engine/service.py:2370
2026-03-05 00:52:25.184 41499 DEBUG heat.engine.service [req-50931070-bddf-4681-b0b2-5ec4f619bf8b - - - - -] Service 5aadcc66-2428-49fd-9797-7a6461a851c0 is updated service_manage_report /usr/lib/python3/dist-packages/heat/engine/service.py:2370
2026-03-05 00:52:25.204 41517 DEBUG heat.engine.service [req-815c356d-9590-4c7a-9cdb-02655477a803 - - - - -] Service e834d068-b03d-4e36-a3a2-53d231e546cf is updated service_manage_report /usr/lib/python3/dist-packages/heat/engine/service.py:2370
2026-03-05 00:52:25.210 41515 DEBUG heat.engine.service [req-64b381d9-afe4-406a-a401-f9c4450b3660 - - - - -] Service 7f68d3f6-4bed-4550-b9d4-c05c88517f2b is updated service_manage_report /usr/lib/python3/dist-packages/heat/engine/service.py:2370
2026-03-05 00:52:25.280 41525 DEBUG heat.engine.service [req-30faa2a6-5f4b-41e0-b50b-836525185406 - - - - -] Service dd500e67-9321-4886-a82d-ec29f6e49fb0 is updated service_manage_report /usr/lib/python3/dist-packages/heat/engine/service.py:2370
2026-03-05 00:53:25.187 41499 DEBUG heat.engine.service [req-cb89f5b9-795c-42cc-958a-0272b7308275 - - - - -] Service 5aadcc66-2428-49fd-9797-7a6461a851c0 is updated service_manage_report /usr/lib/python3/dist-packages/heat/engine/service.py:2370
2026-03-05 00:53:25.207 41517 DEBUG heat.engine.service [req-68101aa2-65d5-4e79-b4c4-fca8d7ce5674 - - - - -] Service e834d068-b03d-4e36-a3a2-53d231e546cf is updated service_manage_report /usr/lib/python3/dist-packages/heat/engine/service.py:2370
2026-03-05 00:53:25.213 41515 DEBUG heat.engine.service [req-020e7e3d-1ef7-416b-b9e5-02fa7df1f2f2 - - - - -] Service 7f68d3f6-4bed-4550-b9d4-c05c88517f2b is updated service_manage_report /usr/lib/python3/dist-packages/heat/engine/service.py:2370
2026-03-05 00:53:25.283 41525 DEBUG heat.engine.service [req-760090dc-4834-4e48-91ee-d95c639fe993 - - - - -] Service dd500e67-9321-4886-a82d-ec29f6e49fb0 is updated service_manage_report /usr/lib/python3/dist-packages/heat/engine/service.py:2370
2026-03-05 00:54:25.191 41499 DEBUG heat.engine.service [req-30147dff-8108-4320-8629-f1703faae2b9 - - - - -] Service 5aadcc66-2428-49fd-9797-7a6461a851c0 is updated service_manage_report /usr/lib/python3/dist-packages/heat/engine/service.py:2370
2026-03-05 00:54:25.210 41517 DEBUG heat.engine.service [req-f744449e-edf0-420b-8099-15266260485b - - - - -] Service e834d068-b03d-4e36-a3a2-53d231e546cf is updated service_manage_report /usr/lib/python3/dist-packages/heat/engine/service.py:2370
2026-03-05 00:54:25.215 41515 DEBUG heat.engine.service [req-d306cff9-8b7a-4526-82cd-abc99590ab1a - - - - -] Service 7f68d3f6-4bed-4550-b9d4-c05c88517f2b is updated service_manage_report /usr/lib/python3/dist-packages/heat/engine/service.py:2370
2026-03-05 00:54:25.285 41525 DEBUG heat.engine.service [req-bfbd2d6f-b77a-41db-9c3e-d6d0f373e2ab - - - - -] Service dd500e67-9321-4886-a82d-ec29f6e49fb0 is updated service_manage_report /usr/lib/python3/dist-packages/heat/engine/service.py:2370
2026-03-05 00:55:25.194 41499 DEBUG heat.engine.service [req-4fc0b2c4-8257-44bf-8338-5b4ee6f060d0 - - - - -] Service 5aadcc66-2428-49fd-9797-7a6461a851c0 is updated service_manage_report /usr/lib/python3/dist-packages/heat/engine/service.py:2370
2026-03-05 00:55:25.210 41517 DEBUG heat.engine.service [req-10cc440e-9fc2-4da8-a580-41fc391bc57f - - - - -] Service e834d068-b03d-4e36-a3a2-53d231e546cf is updated service_manage_report /usr/lib/python3/dist-packages/heat/engine/service.py:2370
2026-03-05 00:55:25.218 41515 DEBUG heat.engine.service [req-dd08d00e-32d4-4d79-aec0-214537d1d38a - - - - -] Service 7f68d3f6-4bed-4550-b9d4-c05c88517f2b is updated service_manage_report /usr/lib/python3/dist-packages/heat/engine/service.py:2370
2026-03-05 00:55:25.288 41525 DEBUG heat.engine.service [req-2fdf597a-99bd-461b-a0ed-656ddd7a3b90 - - - - -] Service dd500e67-9321-4886-a82d-ec29f6e49fb0 is updated service_manage_report /usr/lib/python3/dist-packages/heat/engine/service.py:2370
2026-03-05 00:56:25.198 41499 DEBUG heat.engine.service [req-b73bd5d1-cc15-449e-a2a4-51296cd384d3 - - - - -] Service 5aadcc66-2428-49fd-9797-7a6461a851c0 is updated service_manage_report /usr/lib/python3/dist-packages/heat/engine/service.py:2370
2026-03-05 00:56:25.212 41517 DEBUG heat.engine.service [req-da3f2eb0-fc7a-45b6-8b63-b72960c28f47 - - - - -] Service e834d068-b03d-4e36-a3a2-53d231e546cf is updated service_manage_report /usr/lib/python3/dist-packages/heat/engine/service.py:2370
2026-03-05 00:56:25.219 41515 DEBUG heat.engine.service [req-1332bfd4-8b56-471d-8140-c9d5c2c1d168 - - - - -] Service 7f68d3f6-4bed-4550-b9d4-c05c88517f2b is updated service_manage_report /usr/lib/python3/dist-packages/heat/engine/service.py:2370
2026-03-05 00:56:25.291 41525 DEBUG heat.engine.service [req-a47ff3a4-eef8-4eb2-9882-4a7de93b274e - - - - -] Service dd500e67-9321-4886-a82d-ec29f6e49fb0 is updated service_manage_report /usr/lib/python3/dist-packages/heat/engine/service.py:2370
2026-03-05 00:57:25.201 41499 DEBUG heat.engine.service [req-3fe65785-320c-43c7-9a2f-a15277c295d0 - - - - -] Service 5aadcc66-2428-49fd-9797-7a6461a851c0 is updated service_manage_report /usr/lib/python3/dist-packages/heat/engine/service.py:2370
2026-03-05 00:57:25.217 41517 DEBUG heat.engine.service [req-47872418-3c77-4447-b684-3914646a79c0 - - - - -] Service e834d068-b03d-4e36-a3a2-53d231e546cf is updated service_manage_report /usr/lib/python3/dist-packages/heat/engine/service.py:2370
2026-03-05 00:57:25.222 41515 DEBUG heat.engine.service [req-9536b995-7e67-48f4-b17f-3735272fcd94 - - - - -] Service 7f68d3f6-4bed-4550-b9d4-c05c88517f2b is updated service_manage_report /usr/lib/python3/dist-packages/heat/engine/service.py:2370
2026-03-05 00:57:25.294 41525 DEBUG heat.engine.service [req-1b1023bd-a1f0-4e1f-ba1e-4e0d76e46c5f - - - - -] Service dd500e67-9321-4886-a82d-ec29f6e49fb0 is updated service_manage_report /usr/lib/python3/dist-packages/heat/engine/service.py:2370
2026-03-05 00:58:25.204 41499 DEBUG heat.engine.service [req-b036ab89-6ba8-424c-b1f3-194635a56f9a - - - - -] Service 5aadcc66-2428-49fd-9797-7a6461a851c0 is updated service_manage_report /usr/lib/python3/dist-packages/heat/engine/service.py:2370
2026-03-05 00:58:25.221 41517 DEBUG heat.engine.service [req-61c69b16-37c3-4bc1-b9e0-587bf7da716a - - - - -] Service e834d068-b03d-4e36-a3a2-53d231e546cf is updated service_manage_report /usr/lib/python3/dist-packages/heat/engine/service.py:2370
2026-03-05 00:58:25.225 41515 DEBUG heat.engine.service [req-a2175d40-2f8a-4437-ad72-d8738ab1fa37 - - - - -] Service 7f68d3f6-4bed-4550-b9d4-c05c88517f2b is updated service_manage_report /usr/lib/python3/dist-packages/heat/engine/service.py:2370
2026-03-05 00:58:25.299 41525 DEBUG heat.engine.service [req-608a5e17-2e5c-46e1-a4ff-f865a4e822ef - - - - -] Service dd500e67-9321-4886-a82d-ec29f6e49fb0 is updated service_manage_report /usr/lib/python3/dist-packages/heat/engine/service.py:2370
2026-03-05 00:59:25.207 41499 DEBUG heat.engine.service [req-40661095-dfc8-470b-94d1-018e7427de8d - - - - -] Service 5aadcc66-2428-49fd-9797-7a6461a851c0 is updated service_manage_report /usr/lib/python3/dist-packages/heat/engine/service.py:2370
2026-03-05 00:59:25.224 41517 DEBUG heat.engine.service [req-6f714d0c-4c8d-4fba-84a8-173dfa9fb26a - - - - -] Service e834d068-b03d-4e36-a3a2-53d231e546cf is updated service_manage_report /usr/lib/python3/dist-packages/heat/engine/service.py:2370
2026-03-05 00:59:25.230 41515 DEBUG heat.engine.service [req-919ffae3-e03f-458f-b751-abba0b1c8381 - - - - -] Service 7f68d3f6-4bed-4550-b9d4-c05c88517f2b is updated service_manage_report /usr/lib/python3/dist-packages/heat/engine/service.py:2370
2026-03-05 00:59:25.302 41525 DEBUG heat.engine.service [req-214b638b-07b6-419f-a8b8-9ff1f2131ede - - - - -] Service dd500e67-9321-4886-a82d-ec29f6e49fb0 is updated service_manage_report /usr/lib/python3/dist-packages/heat/engine/service.py:2370
2026-03-05 01:00:25.210 41499 DEBUG heat.engine.service [req-e5789dff-de76-479f-aff1-d5b0d8e4fecf - - - - -] Service 5aadcc66-2428-49fd-9797-7a6461a851c0 is updated service_manage_report /usr/lib/python3/dist-packages/heat/engine/service.py:2370
2026-03-05 01:00:25.229 41517 DEBUG heat.engine.service [req-e521706e-5c42-4587-a49e-fa5ff2339aec - - - - -] Service e834d068-b03d-4e36-a3a2-53d231e546cf is updated service_manage_report /usr/lib/python3/dist-packages/heat/engine/service.py:2370
2026-03-05 01:00:25.234 41515 DEBUG heat.engine.service [req-84ad3e4c-4271-4a5f-9638-467d441489f6 - - - - -] Service 7f68d3f6-4bed-4550-b9d4-c05c88517f2b is updated service_manage_report /usr/lib/python3/dist-packages/heat/engine/service.py:2370
2026-03-05 01:00:25.305 41525 DEBUG heat.engine.service [req-d6f91405-226e-4cf7-9b0a-ee7036b3c1e8 - - - - -] Service dd500e67-9321-4886-a82d-ec29f6e49fb0 is updated service_manage_report /usr/lib/python3/dist-packages/heat/engine/service.py:2370
2026-03-05 01:01:25.215 41499 DEBUG heat.engine.service [req-a2e044b5-0187-415f-851d-47723288efb9 - - - - -] Service 5aadcc66-2428-49fd-9797-7a6461a851c0 is updated service_manage_report /usr/lib/python3/dist-packages/heat/engine/service.py:2370
2026-03-05 01:01:25.232 41517 DEBUG heat.engine.service [req-421ec0fc-d5e6-4cea-a932-620bb96cbdea - - - - -] Service e834d068-b03d-4e36-a3a2-53d231e546cf is updated service_manage_report /usr/lib/python3/dist-packages/heat/engine/service.py:2370
2026-03-05 01:01:25.240 41515 DEBUG heat.engine.service [req-0781ca19-b0fb-4496-8089-0a8decffa6da - - - - -] Service 7f68d3f6-4bed-4550-b9d4-c05c88517f2b is updated service_manage_report /usr/lib/python3/dist-packages/heat/engine/service.py:2370
2026-03-05 01:01:25.310 41525 DEBUG heat.engine.service [req-6eeb4b9a-6790-4457-8592-dbd141188da5 - - - - -] Service dd500e67-9321-4886-a82d-ec29f6e49fb0 is updated service_manage_report /usr/lib/python3/dist-packages/heat/engine/service.py:2370
2026-03-05 01:02:25.219 41499 DEBUG heat.engine.service [req-22383deb-a191-4187-9eef-bb65cb5759b6 - - - - -] Service 5aadcc66-2428-49fd-9797-7a6461a851c0 is updated service_manage_report /usr/lib/python3/dist-packages/heat/engine/service.py:2370
2026-03-05 01:02:25.235 41517 DEBUG heat.engine.service [req-efcef90b-8f1d-42b9-ba0b-cebcc84dfadb - - - - -] Service e834d068-b03d-4e36-a3a2-53d231e546cf is updated service_manage_report /usr/lib/python3/dist-packages/heat/engine/service.py:2370
2026-03-05 01:02:25.243 41515 DEBUG heat.engine.service [req-0af8b39f-ffa7-4919-b307-ab6b9dcb99c3 - - - - -] Service 7f68d3f6-4bed-4550-b9d4-c05c88517f2b is updated service_manage_report /usr/lib/python3/dist-packages/heat/engine/service.py:2370
2026-03-05 01:02:25.313 41525 DEBUG heat.engine.service [req-3a63ac8f-4887-4af3-b8c7-63b7f67d8945 - - - - -] Service dd500e67-9321-4886-a82d-ec29f6e49fb0 is updated service_manage_report /usr/lib/python3/dist-packages/heat/engine/service.py:2370
2026-03-05 01:03:25.224 41499 DEBUG heat.engine.service [req-df7998b8-7353-4089-b435-cd2b6cf8ebfc - - - - -] Service 5aadcc66-2428-49fd-9797-7a6461a851c0 is updated service_manage_report /usr/lib/python3/dist-packages/heat/engine/service.py:2370
2026-03-05 01:03:25.239 41517 DEBUG heat.engine.service [req-4c4d3fbb-d488-4c74-9a68-4e663a83e7ae - - - - -] Service e834d068-b03d-4e36-a3a2-53d231e546cf is updated service_manage_report /usr/lib/python3/dist-packages/heat/engine/service.py:2370
2026-03-05 01:03:25.246 41515 DEBUG heat.engine.service [req-244e348c-7ff2-44ff-be2d-e3217624e001 - - - - -] Service 7f68d3f6-4bed-4550-b9d4-c05c88517f2b is updated service_manage_report /usr/lib/python3/dist-packages/heat/engine/service.py:2370
2026-03-05 01:03:25.316 41525 DEBUG heat.engine.service [req-74f9b569-3c8b-4427-aca6-1963a9ce44fd - - - - -] Service dd500e67-9321-4886-a82d-ec29f6e49fb0 is updated service_manage_report /usr/lib/python3/dist-packages/heat/engine/service.py:2370
2026-03-05 01:04:25.228 41499 DEBUG heat.engine.service [req-7aa56bf6-b064-4c94-b42b-f24715d2116d - - - - -] Service 5aadcc66-2428-49fd-9797-7a6461a851c0 is updated service_manage_report /usr/lib/python3/dist-packages/heat/engine/service.py:2370
2026-03-05 01:04:25.242 41517 DEBUG heat.engine.service [req-a9aec775-b0f6-4d05-9743-18c3062cf3d6 - - - - -] Service e834d068-b03d-4e36-a3a2-53d231e546cf is updated service_manage_report /usr/lib/python3/dist-packages/heat/engine/service.py:2370
2026-03-05 01:04:25.248 41515 DEBUG heat.engine.service [req-51d4e86b-56bd-4622-8a52-760e0d48e519 - - - - -] Service 7f68d3f6-4bed-4550-b9d4-c05c88517f2b is updated service_manage_report /usr/lib/python3/dist-packages/heat/engine/service.py:2370
2026-03-05 01:04:25.319 41525 DEBUG heat.engine.service [req-38e6a68e-f578-4d44-9b6a-d70c7533404e - - - - -] Service dd500e67-9321-4886-a82d-ec29f6e49fb0 is updated service_manage_report /usr/lib/python3/dist-packages/heat/engine/service.py:2370
2026-03-05 01:05:25.230 41499 DEBUG heat.engine.service [req-2337fc32-6659-4533-83d1-9903ae76673e - - - - -] Service 5aadcc66-2428-49fd-9797-7a6461a851c0 is updated service_manage_report /usr/lib/python3/dist-packages/heat/engine/service.py:2370
2026-03-05 01:05:25.244 41517 DEBUG heat.engine.service [req-80ea56e0-1b4a-4d1b-b364-1d0052dbf439 - - - - -] Service e834d068-b03d-4e36-a3a2-53d231e546cf is updated service_manage_report /usr/lib/python3/dist-packages/heat/engine/service.py:2370
2026-03-05 01:05:25.250 41515 DEBUG heat.engine.service [req-fd10f2bc-f74f-43fa-a046-251bef36a9e1 - - - - -] Service 7f68d3f6-4bed-4550-b9d4-c05c88517f2b is updated service_manage_report /usr/lib/python3/dist-packages/heat/engine/service.py:2370
2026-03-05 01:05:25.322 41525 DEBUG heat.engine.service [req-e0f9ea3d-52eb-43a2-8046-5e5b55470f74 - - - - -] Service dd500e67-9321-4886-a82d-ec29f6e49fb0 is updated service_manage_report /usr/lib/python3/dist-packages/heat/engine/service.py:2370
2026-03-05 01:06:25.232 41499 DEBUG heat.engine.service [req-4017fefd-25f7-4cf8-992a-836faa9851b7 - - - - -] Service 5aadcc66-2428-49fd-9797-7a6461a851c0 is updated service_manage_report /usr/lib/python3/dist-packages/heat/engine/service.py:2370
2026-03-05 01:06:25.248 41517 DEBUG heat.engine.service [req-165302e4-76d0-4b35-949e-5331fcd3a1ff - - - - -] Service e834d068-b03d-4e36-a3a2-53d231e546cf is updated service_manage_report /usr/lib/python3/dist-packages/heat/engine/service.py:2370
2026-03-05 01:06:25.254 41515 DEBUG heat.engine.service [req-52c3fff6-6dc9-4728-9dd1-0fbcbdd5a94b - - - - -] Service 7f68d3f6-4bed-4550-b9d4-c05c88517f2b is updated service_manage_report /usr/lib/python3/dist-packages/heat/engine/service.py:2370
2026-03-05 01:06:25.326 41525 DEBUG heat.engine.service [req-6c07a9b8-3f08-455a-b392-3cdca4ee2c26 - - - - -] Service dd500e67-9321-4886-a82d-ec29f6e49fb0 is updated service_manage_report /usr/lib/python3/dist-packages/heat/engine/service.py:2370
2026-03-05 01:07:25.235 41499 DEBUG heat.engine.service [req-2052b83f-ed32-45cb-9e2c-0a1dacd8c802 - - - - -] Service 5aadcc66-2428-49fd-9797-7a6461a851c0 is updated service_manage_report /usr/lib/python3/dist-packages/heat/engine/service.py:2370
2026-03-05 01:07:25.251 41517 DEBUG heat.engine.service [req-0a13675e-4bd7-41fa-9668-fdea8a4cda32 - - - - -] Service e834d068-b03d-4e36-a3a2-53d231e546cf is updated service_manage_report /usr/lib/python3/dist-packages/heat/engine/service.py:2370
2026-03-05 01:07:25.256 41515 DEBUG heat.engine.service [req-a9ea5c3a-eb38-4d9b-bf74-e91bb14570d6 - - - - -] Service 7f68d3f6-4bed-4550-b9d4-c05c88517f2b is updated service_manage_report /usr/lib/python3/dist-packages/heat/engine/service.py:2370
2026-03-05 01:07:25.332 41525 DEBUG heat.engine.service [req-f32fc373-c17f-4a1a-9cef-c1df2c876d76 - - - - -] Service dd500e67-9321-4886-a82d-ec29f6e49fb0 is updated service_manage_report /usr/lib/python3/dist-packages/heat/engine/service.py:2370
2026-03-05 01:08:25.241 41499 DEBUG heat.engine.service [req-64e227bc-6778-491c-b01a-ea2f7f4af8e6 - - - - -] Service 5aadcc66-2428-49fd-9797-7a6461a851c0 is updated service_manage_report /usr/lib/python3/dist-packages/heat/engine/service.py:2370
2026-03-05 01:08:25.255 41517 DEBUG heat.engine.service [req-b7ee22be-14e4-4c2a-908a-d849fa1023f1 - - - - -] Service e834d068-b03d-4e36-a3a2-53d231e546cf is updated service_manage_report /usr/lib/python3/dist-packages/heat/engine/service.py:2370
2026-03-05 01:08:25.257 41515 DEBUG heat.engine.service [req-642a041a-8c59-4efb-8e5d-7810d753b7c0 - - - - -] Service 7f68d3f6-4bed-4550-b9d4-c05c88517f2b is updated service_manage_report /usr/lib/python3/dist-packages/heat/engine/service.py:2370
2026-03-05 01:08:25.335 41525 DEBUG heat.engine.service [req-d3da577b-0296-4bf5-8786-54fa5e84a9c9 - - - - -] Service dd500e67-9321-4886-a82d-ec29f6e49fb0 is updated service_manage_report /usr/lib/python3/dist-packages/heat/engine/service.py:2370
2026-03-05 01:09:25.236 41499 DEBUG heat.engine.service [req-3cc36cec-37df-406f-8617-ec13517a93a6 - - - - -] Service 5aadcc66-2428-49fd-9797-7a6461a851c0 is updated service_manage_report /usr/lib/python3/dist-packages/heat/engine/service.py:2370
2026-03-05 01:09:25.259 41517 DEBUG heat.engine.service [req-8594dd55-b84f-450a-b192-a39d188dd4cc - - - - -] Service e834d068-b03d-4e36-a3a2-53d231e546cf is updated service_manage_report /usr/lib/python3/dist-packages/heat/engine/service.py:2370
2026-03-05 01:09:25.263 41515 DEBUG heat.engine.service [req-e6ec5d99-e783-4617-8ffe-0ad856031570 - - - - -] Service 7f68d3f6-4bed-4550-b9d4-c05c88517f2b is updated service_manage_report /usr/lib/python3/dist-packages/heat/engine/service.py:2370
2026-03-05 01:09:25.337 41525 DEBUG heat.engine.service [req-c8a51f67-374b-46e7-863a-3762e21ea8cd - - - - -] Service dd500e67-9321-4886-a82d-ec29f6e49fb0 is updated service_manage_report /usr/lib/python3/dist-packages/heat/engine/service.py:2370
