2026-03-05 01:34:28.562 69036 DEBUG oslo_service.service [-] clients_designate.cert_file = None log_opt_values /usr/lib/python3/dist-packages/oslo_config/cfg.py:2609
2026-03-05 01:34:28.562 69036 DEBUG oslo_service.service [-] clients_designate.endpoint_type = None log_opt_values /usr/lib/python3/dist-packages/oslo_config/cfg.py:2609
2026-03-05 01:34:28.563 69036 DEBUG oslo_service.service [-] clients_designate.insecure = None log_opt_values /usr/lib/python3/dist-packages/oslo_config/cfg.py:2609
2026-03-05 01:34:28.563 69036 DEBUG oslo_service.service [-] clients_designate.key_file = None log_opt_values /usr/lib/python3/dist-packages/oslo_config/cfg.py:2609
2026-03-05 01:34:28.563 69036 DEBUG oslo_service.service [-] clients_glance.ca_file = None log_opt_values /usr/lib/python3/dist-packages/oslo_config/cfg.py:2609
2026-03-05 01:34:28.563 69036 DEBUG oslo_service.service [-] clients_glance.cert_file = None log_opt_values /usr/lib/python3/dist-packages/oslo_config/cfg.py:2609
2026-03-05 01:34:28.564 69036 DEBUG oslo_service.service [-] clients_glance.endpoint_type = None log_opt_values /usr/lib/python3/dist-packages/oslo_config/cfg.py:2609
2026-03-05 01:34:28.564 69036 DEBUG oslo_service.service [-] clients_glance.insecure = None log_opt_values /usr/lib/python3/dist-packages/oslo_config/cfg.py:2609
2026-03-05 01:34:28.564 69036 DEBUG oslo_service.service [-] clients_glance.key_file = None log_opt_values /usr/lib/python3/dist-packages/oslo_config/cfg.py:2609
2026-03-05 01:34:28.564 69036 DEBUG oslo_service.service [-] clients_heat.ca_file = None log_opt_values /usr/lib/python3/dist-packages/oslo_config/cfg.py:2609
2026-03-05 01:34:28.563 69259 INFO heat.engine.worker [-] Starting engine_worker (1.4) in engine 09be1087-24bd-46d0-a043-fc84ad55bfba.
2026-03-05 01:34:28.565 69036 DEBUG oslo_service.service [-] clients_heat.cert_file = None log_opt_values /usr/lib/python3/dist-packages/oslo_config/cfg.py:2609
2026-03-05 01:34:28.565 69261 INFO heat.engine.worker [-] Starting engine_worker (1.4) in engine 188a099b-6469-4b48-aede-79994f737b27.
2026-03-05 01:34:28.566 69036 DEBUG oslo_service.service [-] clients_heat.endpoint_type = None log_opt_values /usr/lib/python3/dist-packages/oslo_config/cfg.py:2609
2026-03-05 01:34:28.566 69036 DEBUG oslo_service.service [-] clients_heat.insecure = None log_opt_values /usr/lib/python3/dist-packages/oslo_config/cfg.py:2609
2026-03-05 01:34:28.566 69036 DEBUG oslo_service.service [-] clients_heat.key_file = None log_opt_values /usr/lib/python3/dist-packages/oslo_config/cfg.py:2609
2026-03-05 01:34:28.566 69036 DEBUG oslo_service.service [-] clients_heat.url = log_opt_values /usr/lib/python3/dist-packages/oslo_config/cfg.py:2609
2026-03-05 01:34:28.567 69036 DEBUG oslo_service.service [-] clients_keystone.auth_uri = http://252.23.209.188:5050 log_opt_values /usr/lib/python3/dist-packages/oslo_config/cfg.py:2609
2026-03-05 01:34:28.567 69036 DEBUG oslo_service.service [-] clients_keystone.ca_file = None log_opt_values /usr/lib/python3/dist-packages/oslo_config/cfg.py:2609
2026-03-05 01:34:28.568 69036 DEBUG oslo_service.service [-] clients_keystone.cert_file = None log_opt_values /usr/lib/python3/dist-packages/oslo_config/cfg.py:2609
2026-03-05 01:34:28.568 69036 DEBUG oslo_service.service [-] clients_keystone.endpoint_type = None log_opt_values /usr/lib/python3/dist-packages/oslo_config/cfg.py:2609
2026-03-05 01:34:28.568 69036 DEBUG oslo_service.service [-] clients_keystone.insecure = None log_opt_values /usr/lib/python3/dist-packages/oslo_config/cfg.py:2609
2026-03-05 01:34:28.568 69036 DEBUG oslo_service.service [-] clients_keystone.key_file = None log_opt_values /usr/lib/python3/dist-packages/oslo_config/cfg.py:2609
2026-03-05 01:34:28.569 69036 DEBUG oslo_service.service [-] clients_magnum.ca_file = None log_opt_values /usr/lib/python3/dist-packages/oslo_config/cfg.py:2609
2026-03-05 01:34:28.569 69036 DEBUG oslo_service.service [-] clients_magnum.cert_file = None log_opt_values /usr/lib/python3/dist-packages/oslo_config/cfg.py:2609
2026-03-05 01:34:28.569 69036 DEBUG oslo_service.service [-] clients_magnum.endpoint_type = None log_opt_values /usr/lib/python3/dist-packages/oslo_config/cfg.py:2609
2026-03-05 01:34:28.569 69036 DEBUG oslo_service.service [-] clients_magnum.insecure = None log_opt_values /usr/lib/python3/dist-packages/oslo_config/cfg.py:2609
2026-03-05 01:34:28.569 69036 DEBUG oslo_service.service [-] clients_magnum.key_file = None log_opt_values /usr/lib/python3/dist-packages/oslo_config/cfg.py:2609
2026-03-05 01:34:28.569 69036 DEBUG oslo_service.service [-] clients_manila.ca_file = None log_opt_values /usr/lib/python3/dist-packages/oslo_config/cfg.py:2609
2026-03-05 01:34:28.569 69036 DEBUG oslo_service.service [-] clients_manila.cert_file = None log_opt_values /usr/lib/python3/dist-packages/oslo_config/cfg.py:2609
2026-03-05 01:34:28.569 69036 DEBUG oslo_service.service [-] clients_manila.endpoint_type = None log_opt_values /usr/lib/python3/dist-packages/oslo_config/cfg.py:2609
2026-03-05 01:34:28.569 69036 DEBUG oslo_service.service [-] clients_manila.insecure = None log_opt_values /usr/lib/python3/dist-packages/oslo_config/cfg.py:2609
2026-03-05 01:34:28.570 69036 DEBUG oslo_service.service [-] clients_manila.key_file = None log_opt_values /usr/lib/python3/dist-packages/oslo_config/cfg.py:2609
2026-03-05 01:34:28.570 69036 DEBUG oslo_service.service [-] clients_mistral.ca_file = None log_opt_values /usr/lib/python3/dist-packages/oslo_config/cfg.py:2609
2026-03-05 01:34:28.570 69036 DEBUG oslo_service.service [-] clients_mistral.cert_file = None log_opt_values /usr/lib/python3/dist-packages/oslo_config/cfg.py:2609
2026-03-05 01:34:28.570 69036 DEBUG oslo_service.service [-] clients_mistral.endpoint_type = None log_opt_values /usr/lib/python3/dist-packages/oslo_config/cfg.py:2609
2026-03-05 01:34:28.570 69036 DEBUG oslo_service.service [-] clients_mistral.insecure = None log_opt_values /usr/lib/python3/dist-packages/oslo_config/cfg.py:2609
2026-03-05 01:34:28.570 69036 DEBUG oslo_service.service [-] clients_mistral.key_file = None log_opt_values /usr/lib/python3/dist-packages/oslo_config/cfg.py:2609
2026-03-05 01:34:28.570 69036 DEBUG oslo_service.service [-] clients_monasca.ca_file = None log_opt_values /usr/lib/python3/dist-packages/oslo_config/cfg.py:2609
2026-03-05 01:34:28.570 69036 DEBUG oslo_service.service [-] clients_monasca.cert_file = None log_opt_values /usr/lib/python3/dist-packages/oslo_config/cfg.py:2609
2026-03-05 01:34:28.570 69036 DEBUG oslo_service.service [-] clients_monasca.endpoint_type = None log_opt_values /usr/lib/python3/dist-packages/oslo_config/cfg.py:2609
2026-03-05 01:34:28.571 69036 DEBUG oslo_service.service [-] clients_monasca.insecure = None log_opt_values /usr/lib/python3/dist-packages/oslo_config/cfg.py:2609
2026-03-05 01:34:28.571 69036 DEBUG oslo_service.service [-] clients_monasca.key_file = None log_opt_values /usr/lib/python3/dist-packages/oslo_config/cfg.py:2609
2026-03-05 01:34:28.571 69036 DEBUG oslo_service.service [-] clients_neutron.ca_file = None log_opt_values /usr/lib/python3/dist-packages/oslo_config/cfg.py:2609
2026-03-05 01:34:28.571 69036 DEBUG oslo_service.service [-] clients_neutron.cert_file = None log_opt_values /usr/lib/python3/dist-packages/oslo_config/cfg.py:2609
2026-03-05 01:34:28.571 69262 INFO heat.engine.worker [-] Starting engine_worker (1.4) in engine 498ce251-84e5-41b9-9720-406f3a41403b.
2026-03-05 01:34:28.571 69036 DEBUG oslo_service.service [-] clients_neutron.endpoint_type = None log_opt_values /usr/lib/python3/dist-packages/oslo_config/cfg.py:2609
2026-03-05 01:34:28.571 69036 DEBUG oslo_service.service [-] clients_neutron.insecure = None log_opt_values /usr/lib/python3/dist-packages/oslo_config/cfg.py:2609
2026-03-05 01:34:28.571 69036 DEBUG oslo_service.service [-] clients_neutron.key_file = None log_opt_values /usr/lib/python3/dist-packages/oslo_config/cfg.py:2609
2026-03-05 01:34:28.571 69036 DEBUG oslo_service.service [-] clients_nova.ca_file = None log_opt_values /usr/lib/python3/dist-packages/oslo_config/cfg.py:2609
2026-03-05 01:34:28.572 69036 DEBUG oslo_service.service [-] clients_nova.cert_file = None log_opt_values /usr/lib/python3/dist-packages/oslo_config/cfg.py:2609
2026-03-05 01:34:28.573 69036 DEBUG oslo_service.service [-] clients_nova.endpoint_type = None log_opt_values /usr/lib/python3/dist-packages/oslo_config/cfg.py:2609
2026-03-05 01:34:28.573 69036 DEBUG oslo_service.service [-] clients_nova.http_log_debug = False log_opt_values /usr/lib/python3/dist-packages/oslo_config/cfg.py:2609
2026-03-05 01:34:28.573 69036 DEBUG oslo_service.service [-] clients_nova.insecure = None log_opt_values /usr/lib/python3/dist-packages/oslo_config/cfg.py:2609
2026-03-05 01:34:28.573 69036 DEBUG oslo_service.service [-] clients_nova.key_file = None log_opt_values /usr/lib/python3/dist-packages/oslo_config/cfg.py:2609
2026-03-05 01:34:28.573 69036 DEBUG oslo_service.service [-] clients_octavia.ca_file = None log_opt_values /usr/lib/python3/dist-packages/oslo_config/cfg.py:2609
2026-03-05 01:34:28.573 69036 DEBUG oslo_service.service [-] clients_octavia.cert_file = None log_opt_values /usr/lib/python3/dist-packages/oslo_config/cfg.py:2609
2026-03-05 01:34:28.573 69036 DEBUG oslo_service.service [-] clients_octavia.endpoint_type = None log_opt_values /usr/lib/python3/dist-packages/oslo_config/cfg.py:2609
2026-03-05 01:34:28.573 69036 DEBUG oslo_service.service [-] clients_octavia.insecure = None log_opt_values /usr/lib/python3/dist-packages/oslo_config/cfg.py:2609
2026-03-05 01:34:28.573 69036 DEBUG oslo_service.service [-] clients_octavia.key_file = None log_opt_values /usr/lib/python3/dist-packages/oslo_config/cfg.py:2609
2026-03-05 01:34:28.573 69036 DEBUG oslo_service.service [-] clients_sahara.ca_file = None log_opt_values /usr/lib/python3/dist-packages/oslo_config/cfg.py:2609
2026-03-05 01:34:28.574 69036 DEBUG oslo_service.service [-] clients_sahara.cert_file = None log_opt_values /usr/lib/python3/dist-packages/oslo_config/cfg.py:2609
2026-03-05 01:34:28.574 69036 DEBUG oslo_service.service [-] clients_sahara.endpoint_type = None log_opt_values /usr/lib/python3/dist-packages/oslo_config/cfg.py:2609
2026-03-05 01:34:28.574 69036 DEBUG oslo_service.service [-] clients_sahara.insecure = None log_opt_values /usr/lib/python3/dist-packages/oslo_config/cfg.py:2609
2026-03-05 01:34:28.574 69036 DEBUG oslo_service.service [-] clients_sahara.key_file = None log_opt_values /usr/lib/python3/dist-packages/oslo_config/cfg.py:2609
2026-03-05 01:34:28.574 69036 DEBUG oslo_service.service [-] clients_senlin.ca_file = None log_opt_values /usr/lib/python3/dist-packages/oslo_config/cfg.py:2609
2026-03-05 01:34:28.574 69036 DEBUG oslo_service.service [-] clients_senlin.cert_file = None log_opt_values /usr/lib/python3/dist-packages/oslo_config/cfg.py:2609
2026-03-05 01:34:28.574 69036 DEBUG oslo_service.service [-] clients_senlin.endpoint_type = None log_opt_values /usr/lib/python3/dist-packages/oslo_config/cfg.py:2609
2026-03-05 01:34:28.574 69036 DEBUG oslo_service.service [-] clients_senlin.insecure = None log_opt_values /usr/lib/python3/dist-packages/oslo_config/cfg.py:2609
2026-03-05 01:34:28.574 69036 DEBUG oslo_service.service [-] clients_senlin.key_file = None log_opt_values /usr/lib/python3/dist-packages/oslo_config/cfg.py:2609
2026-03-05 01:34:28.576 69036 DEBUG oslo_service.service [-] clients_swift.ca_file = None log_opt_values /usr/lib/python3/dist-packages/oslo_config/cfg.py:2609
2026-03-05 01:34:28.576 69036 DEBUG oslo_service.service [-] clients_swift.cert_file = None log_opt_values /usr/lib/python3/dist-packages/oslo_config/cfg.py:2609
2026-03-05 01:34:28.576 69036 DEBUG oslo_service.service [-] clients_swift.endpoint_type = None log_opt_values /usr/lib/python3/dist-packages/oslo_config/cfg.py:2609
2026-03-05 01:34:28.578 69036 DEBUG oslo_service.service [-] clients_swift.insecure = None log_opt_values /usr/lib/python3/dist-packages/oslo_config/cfg.py:2609
2026-03-05 01:34:28.578 69036 DEBUG oslo_service.service [-] clients_swift.key_file = None log_opt_values /usr/lib/python3/dist-packages/oslo_config/cfg.py:2609
2026-03-05 01:34:28.578 69036 DEBUG oslo_service.service [-] clients_trove.ca_file = None log_opt_values /usr/lib/python3/dist-packages/oslo_config/cfg.py:2609
2026-03-05 01:34:28.578 69036 DEBUG oslo_service.service [-] clients_trove.cert_file = None log_opt_values /usr/lib/python3/dist-packages/oslo_config/cfg.py:2609
2026-03-05 01:34:28.578 69036 DEBUG oslo_service.service [-] clients_trove.endpoint_type = None log_opt_values /usr/lib/python3/dist-packages/oslo_config/cfg.py:2609
2026-03-05 01:34:28.578 69036 DEBUG oslo_service.service [-] clients_trove.insecure = None log_opt_values /usr/lib/python3/dist-packages/oslo_config/cfg.py:2609
2026-03-05 01:34:28.578 69036 DEBUG oslo_service.service [-] clients_trove.key_file = None log_opt_values /usr/lib/python3/dist-packages/oslo_config/cfg.py:2609
2026-03-05 01:34:28.578 69036 DEBUG oslo_service.service [-] clients_vitrage.ca_file = None log_opt_values /usr/lib/python3/dist-packages/oslo_config/cfg.py:2609
2026-03-05 01:34:28.579 69036 DEBUG oslo_service.service [-] clients_vitrage.cert_file = None log_opt_values /usr/lib/python3/dist-packages/oslo_config/cfg.py:2609
2026-03-05 01:34:28.579 69036 DEBUG oslo_service.service [-] clients_vitrage.endpoint_type = None log_opt_values /usr/lib/python3/dist-packages/oslo_config/cfg.py:2609
2026-03-05 01:34:28.579 69036 DEBUG oslo_service.service [-] clients_vitrage.insecure = None log_opt_values /usr/lib/python3/dist-packages/oslo_config/cfg.py:2609
2026-03-05 01:34:28.579 69036 DEBUG oslo_service.service [-] clients_vitrage.key_file = None log_opt_values /usr/lib/python3/dist-packages/oslo_config/cfg.py:2609
2026-03-05 01:34:28.579 69036 DEBUG oslo_service.service [-] clients_zaqar.ca_file = None log_opt_values /usr/lib/python3/dist-packages/oslo_config/cfg.py:2609
2026-03-05 01:34:28.579 69036 DEBUG oslo_service.service [-] clients_zaqar.cert_file = None log_opt_values /usr/lib/python3/dist-packages/oslo_config/cfg.py:2609
2026-03-05 01:34:28.579 69036 DEBUG oslo_service.service [-] clients_zaqar.endpoint_type = None log_opt_values /usr/lib/python3/dist-packages/oslo_config/cfg.py:2609
2026-03-05 01:34:28.579 69036 DEBUG oslo_service.service [-] clients_zaqar.insecure = None log_opt_values /usr/lib/python3/dist-packages/oslo_config/cfg.py:2609
2026-03-05 01:34:28.580 69036 DEBUG oslo_service.service [-] clients_zaqar.key_file = None log_opt_values /usr/lib/python3/dist-packages/oslo_config/cfg.py:2609
2026-03-05 01:34:28.580 69036 DEBUG oslo_service.service [-] database.backend = sqlalchemy log_opt_values /usr/lib/python3/dist-packages/oslo_config/cfg.py:2609
2026-03-05 01:34:28.580 69036 DEBUG oslo_service.service [-] database.connection = **** log_opt_values /usr/lib/python3/dist-packages/oslo_config/cfg.py:2609
2026-03-05 01:34:28.580 69036 DEBUG oslo_service.service [-] database.connection_debug = 0 log_opt_values /usr/lib/python3/dist-packages/oslo_config/cfg.py:2609
2026-03-05 01:34:28.581 69036 DEBUG oslo_service.service [-] database.connection_parameters = log_opt_values /usr/lib/python3/dist-packages/oslo_config/cfg.py:2609
2026-03-05 01:34:28.581 69036 DEBUG oslo_service.service [-] database.connection_recycle_time = 3600 log_opt_values /usr/lib/python3/dist-packages/oslo_config/cfg.py:2609
2026-03-05 01:34:28.581 69036 DEBUG oslo_service.service [-] database.connection_trace = False log_opt_values /usr/lib/python3/dist-packages/oslo_config/cfg.py:2609
2026-03-05 01:34:28.581 69036 DEBUG oslo_service.service [-] database.db_inc_retry_interval = True log_opt_values /usr/lib/python3/dist-packages/oslo_config/cfg.py:2609
2026-03-05 01:34:28.581 69036 DEBUG oslo_service.service [-] database.db_max_retries = 20 log_opt_values /usr/lib/python3/dist-packages/oslo_config/cfg.py:2609
2026-03-05 01:34:28.581 69036 DEBUG oslo_service.service [-] database.db_max_retry_interval = 10 log_opt_values /usr/lib/python3/dist-packages/oslo_config/cfg.py:2609
2026-03-05 01:34:28.582 69036 DEBUG oslo_service.service [-] database.db_retry_interval = 1 log_opt_values /usr/lib/python3/dist-packages/oslo_config/cfg.py:2609
2026-03-05 01:34:28.582 69036 DEBUG oslo_service.service [-] database.max_overflow = 50 log_opt_values /usr/lib/python3/dist-packages/oslo_config/cfg.py:2609
2026-03-05 01:34:28.582 69036 DEBUG oslo_service.service [-] database.max_pool_size = 5 log_opt_values /usr/lib/python3/dist-packages/oslo_config/cfg.py:2609
2026-03-05 01:34:28.582 69036 DEBUG oslo_service.service [-] database.max_retries = 10 log_opt_values /usr/lib/python3/dist-packages/oslo_config/cfg.py:2609
2026-03-05 01:34:28.582 69036 DEBUG oslo_service.service [-] database.mysql_enable_ndb = False log_opt_values /usr/lib/python3/dist-packages/oslo_config/cfg.py:2609
2026-03-05 01:34:28.582 69036 DEBUG oslo_service.service [-] database.mysql_sql_mode = TRADITIONAL log_opt_values /usr/lib/python3/dist-packages/oslo_config/cfg.py:2609
2026-03-05 01:34:28.582 69036 DEBUG oslo_service.service [-] database.pool_timeout = None log_opt_values /usr/lib/python3/dist-packages/oslo_config/cfg.py:2609
2026-03-05 01:34:28.582 69036 DEBUG oslo_service.service [-] database.retry_interval = 10 log_opt_values /usr/lib/python3/dist-packages/oslo_config/cfg.py:2609
2026-03-05 01:34:28.583 69036 DEBUG oslo_service.service [-] database.slave_connection = **** log_opt_values /usr/lib/python3/dist-packages/oslo_config/cfg.py:2609
2026-03-05 01:34:28.583 69036 DEBUG oslo_service.service [-] database.sqlite_synchronous = True log_opt_values /usr/lib/python3/dist-packages/oslo_config/cfg.py:2609
2026-03-05 01:34:28.583 69036 DEBUG oslo_service.service [-] database.use_db_reconnect = False log_opt_values /usr/lib/python3/dist-packages/oslo_config/cfg.py:2609
2026-03-05 01:34:28.583 69036 DEBUG oslo_service.service [-] oslo_messaging_metrics.metrics_buffer_size = 1000 log_opt_values /usr/lib/python3/dist-packages/oslo_config/cfg.py:2609
2026-03-05 01:34:28.583 69036 DEBUG oslo_service.service [-] oslo_messaging_metrics.metrics_enabled = False log_opt_values /usr/lib/python3/dist-packages/oslo_config/cfg.py:2609
2026-03-05 01:34:28.583 69036 DEBUG oslo_service.service [-] oslo_messaging_metrics.metrics_process_name = log_opt_values /usr/lib/python3/dist-packages/oslo_config/cfg.py:2609
2026-03-05 01:34:28.583 69036 DEBUG oslo_service.service [-] oslo_messaging_metrics.metrics_socket_file = /var/tmp/metrics_collector.sock log_opt_values /usr/lib/python3/dist-packages/oslo_config/cfg.py:2609
2026-03-05 01:34:28.583 69036 DEBUG oslo_service.service [-] oslo_messaging_metrics.metrics_thread_stop_timeout = 10 log_opt_values /usr/lib/python3/dist-packages/oslo_config/cfg.py:2609
2026-03-05 01:34:28.584 69036 DEBUG oslo_service.service [-] oslo_policy.enforce_new_defaults = False log_opt_values /usr/lib/python3/dist-packages/oslo_config/cfg.py:2609
2026-03-05 01:34:28.584 69036 DEBUG oslo_service.service [-] oslo_policy.enforce_scope = False log_opt_values /usr/lib/python3/dist-packages/oslo_config/cfg.py:2609
2026-03-05 01:34:28.584 69036 DEBUG oslo_service.service [-] oslo_policy.policy_default_rule = default log_opt_values /usr/lib/python3/dist-packages/oslo_config/cfg.py:2609
2026-03-05 01:34:28.584 69036 DEBUG oslo_service.service [-] oslo_policy.policy_dirs = ['policy.d'] log_opt_values /usr/lib/python3/dist-packages/oslo_config/cfg.py:2609
2026-03-05 01:34:28.584 69036 DEBUG oslo_service.service [-] oslo_policy.policy_file = policy.yaml log_opt_values /usr/lib/python3/dist-packages/oslo_config/cfg.py:2609
2026-03-05 01:34:28.584 69036 DEBUG oslo_service.service [-] oslo_policy.remote_content_type = application/x-www-form-urlencoded log_opt_values /usr/lib/python3/dist-packages/oslo_config/cfg.py:2609
2026-03-05 01:34:28.584 69036 DEBUG oslo_service.service [-] oslo_policy.remote_ssl_ca_crt_file = None log_opt_values /usr/lib/python3/dist-packages/oslo_config/cfg.py:2609
2026-03-05 01:34:28.584 69036 DEBUG oslo_service.service [-] oslo_policy.remote_ssl_client_crt_file = None log_opt_values /usr/lib/python3/dist-packages/oslo_config/cfg.py:2609
2026-03-05 01:34:28.585 69036 DEBUG oslo_service.service [-] oslo_policy.remote_ssl_client_key_file = None log_opt_values /usr/lib/python3/dist-packages/oslo_config/cfg.py:2609
2026-03-05 01:34:28.585 69036 DEBUG oslo_service.service [-] oslo_policy.remote_ssl_verify_server_crt = False log_opt_values /usr/lib/python3/dist-packages/oslo_config/cfg.py:2609
2026-03-05 01:34:28.585 69036 DEBUG oslo_service.service [-] trustee.auth_section = None log_opt_values /usr/lib/python3/dist-packages/oslo_config/cfg.py:2609
2026-03-05 01:34:28.585 69036 WARNING oslo_config.cfg [-] Deprecated: Option "auth_plugin" from group "trustee" is deprecated. Use option "auth_type" from group "trustee".
2026-03-05 01:34:28.585 69036 DEBUG oslo_service.service [-] trustee.auth_type = password log_opt_values /usr/lib/python3/dist-packages/oslo_config/cfg.py:2609
2026-03-05 01:34:28.585 69036 DEBUG oslo_service.service [-] oslo_versionedobjects.fatal_exception_format_errors = False log_opt_values /usr/lib/python3/dist-packages/oslo_config/cfg.py:2609
2026-03-05 01:34:28.586 69036 DEBUG oslo_service.service [-] oslo_messaging_rabbit.amqp_auto_delete = False log_opt_values /usr/lib/python3/dist-packages/oslo_config/cfg.py:2609
2026-03-05 01:34:28.586 69036 DEBUG oslo_service.service [-] oslo_messaging_rabbit.amqp_durable_queues = False log_opt_values /usr/lib/python3/dist-packages/oslo_config/cfg.py:2609
2026-03-05 01:34:28.586 69036 DEBUG oslo_service.service [-] oslo_messaging_rabbit.conn_pool_min_size = 2 log_opt_values /usr/lib/python3/dist-packages/oslo_config/cfg.py:2609
2026-03-05 01:34:28.586 69036 DEBUG oslo_service.service [-] oslo_messaging_rabbit.conn_pool_ttl = 1200 log_opt_values /usr/lib/python3/dist-packages/oslo_config/cfg.py:2609
2026-03-05 01:34:28.586 69036 DEBUG oslo_service.service [-] oslo_messaging_rabbit.direct_mandatory_flag = True log_opt_values /usr/lib/python3/dist-packages/oslo_config/cfg.py:2609
2026-03-05 01:34:28.586 69036 DEBUG oslo_service.service [-] oslo_messaging_rabbit.enable_cancel_on_failover = False log_opt_values /usr/lib/python3/dist-packages/oslo_config/cfg.py:2609
2026-03-05 01:34:28.586 69036 DEBUG oslo_service.service [-] oslo_messaging_rabbit.heartbeat_in_pthread = False log_opt_values /usr/lib/python3/dist-packages/oslo_config/cfg.py:2609
2026-03-05 01:34:28.586 69036 DEBUG oslo_service.service [-] oslo_messaging_rabbit.heartbeat_rate = 2 log_opt_values /usr/lib/python3/dist-packages/oslo_config/cfg.py:2609
2026-03-05 01:34:28.587 69036 DEBUG oslo_service.service [-] oslo_messaging_rabbit.heartbeat_timeout_threshold = 60 log_opt_values /usr/lib/python3/dist-packages/oslo_config/cfg.py:2609
2026-03-05 01:34:28.587 69036 DEBUG oslo_service.service [-] oslo_messaging_rabbit.kombu_compression = None log_opt_values /usr/lib/python3/dist-packages/oslo_config/cfg.py:2609
2026-03-05 01:34:28.587 69036 DEBUG oslo_service.service [-] oslo_messaging_rabbit.kombu_failover_strategy = round-robin log_opt_values /usr/lib/python3/dist-packages/oslo_config/cfg.py:2609
2026-03-05 01:34:28.587 69036 DEBUG oslo_service.service [-] oslo_messaging_rabbit.kombu_missing_consumer_retry_timeout = 60 log_opt_values /usr/lib/python3/dist-packages/oslo_config/cfg.py:2609
2026-03-05 01:34:28.587 69036 DEBUG oslo_service.service [-] oslo_messaging_rabbit.kombu_reconnect_delay = 1.0 log_opt_values /usr/lib/python3/dist-packages/oslo_config/cfg.py:2609
2026-03-05 01:34:28.587 69036 DEBUG oslo_service.service [-] oslo_messaging_rabbit.rabbit_ha_queues = False log_opt_values /usr/lib/python3/dist-packages/oslo_config/cfg.py:2609
2026-03-05 01:34:28.587 69036 DEBUG oslo_service.service [-] oslo_messaging_rabbit.rabbit_interval_max = 30 log_opt_values /usr/lib/python3/dist-packages/oslo_config/cfg.py:2609
2026-03-05 01:34:28.588 69036 DEBUG oslo_service.service [-] oslo_messaging_rabbit.rabbit_login_method = AMQPLAIN log_opt_values /usr/lib/python3/dist-packages/oslo_config/cfg.py:2609
2026-03-05 01:34:28.588 69036 DEBUG oslo_service.service [-] oslo_messaging_rabbit.rabbit_qos_prefetch_count = 0 log_opt_values /usr/lib/python3/dist-packages/oslo_config/cfg.py:2609
2026-03-05 01:34:28.588 69036 DEBUG oslo_service.service [-] oslo_messaging_rabbit.rabbit_quorum_queue = False log_opt_values /usr/lib/python3/dist-packages/oslo_config/cfg.py:2609
2026-03-05 01:34:28.588 69036 DEBUG oslo_service.service [-] oslo_messaging_rabbit.rabbit_retry_backoff = 2 log_opt_values /usr/lib/python3/dist-packages/oslo_config/cfg.py:2609
2026-03-05 01:34:28.588 69036 DEBUG oslo_service.service [-] oslo_messaging_rabbit.rabbit_retry_interval = 1 log_opt_values /usr/lib/python3/dist-packages/oslo_config/cfg.py:2609
2026-03-05 01:34:28.589 69036 DEBUG oslo_service.service [-] oslo_messaging_rabbit.rabbit_transient_queues_ttl = 1800 log_opt_values /usr/lib/python3/dist-packages/oslo_config/cfg.py:2609
2026-03-05 01:34:28.589 69036 DEBUG oslo_service.service [-] oslo_messaging_rabbit.rpc_conn_pool_size = 30 log_opt_values /usr/lib/python3/dist-packages/oslo_config/cfg.py:2609
2026-03-05 01:34:28.589 69036 DEBUG oslo_service.service [-] oslo_messaging_rabbit.ssl = False log_opt_values /usr/lib/python3/dist-packages/oslo_config/cfg.py:2609
2026-03-05 01:34:28.589 69036 DEBUG oslo_service.service [-] oslo_messaging_rabbit.ssl_ca_file = log_opt_values /usr/lib/python3/dist-packages/oslo_config/cfg.py:2609
2026-03-05 01:34:28.590 69036 DEBUG oslo_service.service [-] oslo_messaging_rabbit.ssl_cert_file = log_opt_values /usr/lib/python3/dist-packages/oslo_config/cfg.py:2609
2026-03-05 01:34:28.590 69036 DEBUG oslo_service.service [-] oslo_messaging_rabbit.ssl_key_file = log_opt_values /usr/lib/python3/dist-packages/oslo_config/cfg.py:2609
2026-03-05 01:34:28.590 69036 DEBUG oslo_service.service [-] oslo_messaging_rabbit.ssl_version = log_opt_values /usr/lib/python3/dist-packages/oslo_config/cfg.py:2609
2026-03-05 01:34:28.590 69036 DEBUG oslo_service.service [-] oslo_messaging_notifications.driver = [] log_opt_values /usr/lib/python3/dist-packages/oslo_config/cfg.py:2609
2026-03-05 01:34:28.590 69036 DEBUG oslo_service.service [-] oslo_messaging_notifications.retry = -1 log_opt_values /usr/lib/python3/dist-packages/oslo_config/cfg.py:2609
2026-03-05 01:34:28.593 69036 DEBUG oslo_service.service [-] oslo_messaging_notifications.topics = ['notifications'] log_opt_values /usr/lib/python3/dist-packages/oslo_config/cfg.py:2609
2026-03-05 01:34:28.594 69036 DEBUG oslo_service.service [-] oslo_messaging_notifications.transport_url = **** log_opt_values /usr/lib/python3/dist-packages/oslo_config/cfg.py:2609
2026-03-05 01:34:28.594 69036 DEBUG oslo_service.service [-] cache.backend = dogpile.cache.null log_opt_values /usr/lib/python3/dist-packages/oslo_config/cfg.py:2609
2026-03-05 01:34:28.595 69036 DEBUG oslo_service.service [-] cache.backend_argument = **** log_opt_values /usr/lib/python3/dist-packages/oslo_config/cfg.py:2609
2026-03-05 01:34:28.595 69036 DEBUG oslo_service.service [-] cache.config_prefix = cache.oslo log_opt_values /usr/lib/python3/dist-packages/oslo_config/cfg.py:2609
2026-03-05 01:34:28.595 69036 DEBUG oslo_service.service [-] cache.debug_cache_backend = False log_opt_values /usr/lib/python3/dist-packages/oslo_config/cfg.py:2609
2026-03-05 01:34:28.595 69036 DEBUG oslo_service.service [-] cache.enabled = False log_opt_values /usr/lib/python3/dist-packages/oslo_config/cfg.py:2609
2026-03-05 01:34:28.595 69036 DEBUG oslo_service.service [-] cache.expiration_time = 600 log_opt_values /usr/lib/python3/dist-packages/oslo_config/cfg.py:2609
2026-03-05 01:34:28.595 69036 DEBUG oslo_service.service [-] cache.memcache_dead_retry = 300 log_opt_values /usr/lib/python3/dist-packages/oslo_config/cfg.py:2609
2026-03-05 01:34:28.596 69036 DEBUG oslo_service.service [-] cache.memcache_pool_connection_get_timeout = 10 log_opt_values /usr/lib/python3/dist-packages/oslo_config/cfg.py:2609
2026-03-05 01:34:28.596 69036 DEBUG oslo_service.service [-] cache.memcache_pool_flush_on_reconnect = False log_opt_values /usr/lib/python3/dist-packages/oslo_config/cfg.py:2609
2026-03-05 01:34:28.597 69036 DEBUG oslo_service.service [-] cache.memcache_pool_maxsize = 10 log_opt_values /usr/lib/python3/dist-packages/oslo_config/cfg.py:2609
2026-03-05 01:34:28.597 69036 DEBUG oslo_service.service [-] cache.memcache_pool_unused_timeout = 60 log_opt_values /usr/lib/python3/dist-packages/oslo_config/cfg.py:2609
2026-03-05 01:34:28.598 69036 DEBUG oslo_service.service [-] cache.memcache_servers = ['localhost:11211'] log_opt_values /usr/lib/python3/dist-packages/oslo_config/cfg.py:2609
2026-03-05 01:34:28.599 69036 DEBUG oslo_service.service [-] cache.memcache_socket_timeout = 1.0 log_opt_values /usr/lib/python3/dist-packages/oslo_config/cfg.py:2609
2026-03-05 01:34:28.599 69036 DEBUG oslo_service.service [-] cache.proxies = [] log_opt_values /usr/lib/python3/dist-packages/oslo_config/cfg.py:2609
2026-03-05 01:34:28.599 69036 DEBUG oslo_service.service [-] cache.tls_allowed_ciphers = None log_opt_values /usr/lib/python3/dist-packages/oslo_config/cfg.py:2609
2026-03-05 01:34:28.599 69036 DEBUG oslo_service.service [-] cache.tls_cafile = None log_opt_values /usr/lib/python3/dist-packages/oslo_config/cfg.py:2609
2026-03-05 01:34:28.600 69036 DEBUG oslo_service.service [-] cache.tls_certfile = None log_opt_values /usr/lib/python3/dist-packages/oslo_config/cfg.py:2609
2026-03-05 01:34:28.600 69036 DEBUG oslo_service.service [-] cache.tls_enabled = False log_opt_values /usr/lib/python3/dist-packages/oslo_config/cfg.py:2609
2026-03-05 01:34:28.600 69036 DEBUG oslo_service.service [-] cache.tls_keyfile = None log_opt_values /usr/lib/python3/dist-packages/oslo_config/cfg.py:2609
2026-03-05 01:34:28.600 69036 DEBUG oslo_service.service [-] constraint_validation_cache.caching = True log_opt_values /usr/lib/python3/dist-packages/oslo_config/cfg.py:2609
2026-03-05 01:34:28.600 69036 DEBUG oslo_service.service [-] constraint_validation_cache.expiration_time = 60 log_opt_values /usr/lib/python3/dist-packages/oslo_config/cfg.py:2609
2026-03-05 01:34:28.600 69036 DEBUG oslo_service.service [-] service_extension_cache.caching = True log_opt_values /usr/lib/python3/dist-packages/oslo_config/cfg.py:2609
2026-03-05 01:34:28.600 69036 DEBUG oslo_service.service [-] service_extension_cache.expiration_time = 3600 log_opt_values /usr/lib/python3/dist-packages/oslo_config/cfg.py:2609
2026-03-05 01:34:28.601 69036 DEBUG oslo_service.service [-] resource_finder_cache.caching = True log_opt_values /usr/lib/python3/dist-packages/oslo_config/cfg.py:2609
2026-03-05 01:34:28.601 69036 DEBUG oslo_service.service [-] resource_finder_cache.expiration_time = 3600 log_opt_values /usr/lib/python3/dist-packages/oslo_config/cfg.py:2609
2026-03-05 01:34:28.601 69036 DEBUG oslo_service.service [-] yaql.limit_iterators = 200 log_opt_values /usr/lib/python3/dist-packages/oslo_config/cfg.py:2609
2026-03-05 01:34:28.601 69036 DEBUG oslo_service.service [-] yaql.memory_quota = 10000 log_opt_values /usr/lib/python3/dist-packages/oslo_config/cfg.py:2609
2026-03-05 01:34:28.601 69036 DEBUG oslo_service.service [-] ******************************************************************************** log_opt_values /usr/lib/python3/dist-packages/oslo_config/cfg.py:2613
2026-03-05 01:34:28.643 69260 DEBUG oslo_db.sqlalchemy.engines [req-d71aaaea-23ae-4642-bf27-5d185f6486ad - - - - -] MySQL server mode set to STRICT_TRANS_TABLES,STRICT_ALL_TABLES,NO_ZERO_IN_DATE,NO_ZERO_DATE,ERROR_FOR_DIVISION_BY_ZERO,TRADITIONAL,NO_ENGINE_SUBSTITUTION _check_effective_sql_mode /usr/lib/python3/dist-packages/oslo_db/sqlalchemy/engines.py:314
2026-03-05 01:34:28.655 69261 DEBUG oslo_db.sqlalchemy.engines [req-3c256be9-eddf-406d-86dd-a01a5dc008e3 - - - - -] MySQL server mode set to STRICT_TRANS_TABLES,STRICT_ALL_TABLES,NO_ZERO_IN_DATE,NO_ZERO_DATE,ERROR_FOR_DIVISION_BY_ZERO,TRADITIONAL,NO_ENGINE_SUBSTITUTION _check_effective_sql_mode /usr/lib/python3/dist-packages/oslo_db/sqlalchemy/engines.py:314
2026-03-05 01:34:28.658 69262 DEBUG oslo_db.sqlalchemy.engines [req-fe49dc57-c866-4bfc-a188-96ed2e082d2b - - - - -] MySQL server mode set to STRICT_TRANS_TABLES,STRICT_ALL_TABLES,NO_ZERO_IN_DATE,NO_ZERO_DATE,ERROR_FOR_DIVISION_BY_ZERO,TRADITIONAL,NO_ENGINE_SUBSTITUTION _check_effective_sql_mode /usr/lib/python3/dist-packages/oslo_db/sqlalchemy/engines.py:314
2026-03-05 01:34:28.663 69259 DEBUG oslo_db.sqlalchemy.engines [req-8bb57454-079d-4ddd-940b-875bb5cbb73d - - - - -] MySQL server mode set to STRICT_TRANS_TABLES,STRICT_ALL_TABLES,NO_ZERO_IN_DATE,NO_ZERO_DATE,ERROR_FOR_DIVISION_BY_ZERO,TRADITIONAL,NO_ENGINE_SUBSTITUTION _check_effective_sql_mode /usr/lib/python3/dist-packages/oslo_db/sqlalchemy/engines.py:314
2026-03-05 01:34:28.716 69261 DEBUG heat.engine.service [req-3c256be9-eddf-406d-86dd-a01a5dc008e3 - - - - -] Service 18c336da-63ed-439f-b2a6-41a313a6081e was aborted service_manage_cleanup /usr/lib/python3/dist-packages/heat/engine/service.py:2391
2026-03-05 01:34:28.721 69260 DEBUG heat.engine.service [req-d71aaaea-23ae-4642-bf27-5d185f6486ad - - - - -] Service 18c336da-63ed-439f-b2a6-41a313a6081e was aborted service_manage_cleanup /usr/lib/python3/dist-packages/heat/engine/service.py:2391
2026-03-05 01:34:28.722 69262 DEBUG heat.engine.service [req-fe49dc57-c866-4bfc-a188-96ed2e082d2b - - - - -] Service 18c336da-63ed-439f-b2a6-41a313a6081e was aborted service_manage_cleanup /usr/lib/python3/dist-packages/heat/engine/service.py:2391
2026-03-05 01:34:28.725 69259 DEBUG heat.engine.service [req-8bb57454-079d-4ddd-940b-875bb5cbb73d - - - - -] Service 18c336da-63ed-439f-b2a6-41a313a6081e was aborted service_manage_cleanup /usr/lib/python3/dist-packages/heat/engine/service.py:2391
2026-03-05 01:34:28.737 69261 DEBUG heat.engine.service [req-3c256be9-eddf-406d-86dd-a01a5dc008e3 - - - - -] Service bb746c7f-3fc5-41fe-99a6-912a2fd9dc2d was aborted service_manage_cleanup /usr/lib/python3/dist-packages/heat/engine/service.py:2391
2026-03-05 01:34:28.740 69260 DEBUG heat.engine.service [req-d71aaaea-23ae-4642-bf27-5d185f6486ad - - - - -] Service bb746c7f-3fc5-41fe-99a6-912a2fd9dc2d was aborted service_manage_cleanup /usr/lib/python3/dist-packages/heat/engine/service.py:2391
2026-03-05 01:34:28.743 69262 DEBUG heat.engine.service [req-fe49dc57-c866-4bfc-a188-96ed2e082d2b - - - - -] Service bb746c7f-3fc5-41fe-99a6-912a2fd9dc2d was aborted service_manage_cleanup /usr/lib/python3/dist-packages/heat/engine/service.py:2391
2026-03-05 01:34:28.750 69261 DEBUG heat.engine.service [req-3c256be9-eddf-406d-86dd-a01a5dc008e3 - - - - -] Service d38b45f9-b8dd-4421-aed1-f69f4294f754 was aborted service_manage_cleanup /usr/lib/python3/dist-packages/heat/engine/service.py:2391
2026-03-05 01:34:28.751 69259 DEBUG heat.engine.service [req-8bb57454-079d-4ddd-940b-875bb5cbb73d - - - - -] Service bb746c7f-3fc5-41fe-99a6-912a2fd9dc2d was aborted service_manage_cleanup /usr/lib/python3/dist-packages/heat/engine/service.py:2391
2026-03-05 01:34:28.752 69260 DEBUG heat.engine.service [req-d71aaaea-23ae-4642-bf27-5d185f6486ad - - - - -] Service d38b45f9-b8dd-4421-aed1-f69f4294f754 was aborted service_manage_cleanup /usr/lib/python3/dist-packages/heat/engine/service.py:2391
2026-03-05 01:34:28.756 69262 DEBUG heat.engine.service [req-fe49dc57-c866-4bfc-a188-96ed2e082d2b - - - - -] Service d38b45f9-b8dd-4421-aed1-f69f4294f754 was aborted service_manage_cleanup /usr/lib/python3/dist-packages/heat/engine/service.py:2391
2026-03-05 01:34:28.761 69261 DEBUG heat.engine.service [req-3c256be9-eddf-406d-86dd-a01a5dc008e3 - - - - -] Service e5f8f65c-4479-4305-9e2a-e2bd3db3ebfd was aborted service_manage_cleanup /usr/lib/python3/dist-packages/heat/engine/service.py:2391
2026-03-05 01:34:28.761 69259 DEBUG heat.engine.service [req-8bb57454-079d-4ddd-940b-875bb5cbb73d - - - - -] Service d38b45f9-b8dd-4421-aed1-f69f4294f754 was aborted service_manage_cleanup /usr/lib/python3/dist-packages/heat/engine/service.py:2391
2026-03-05 01:34:28.765 69260 DEBUG heat.engine.service [req-d71aaaea-23ae-4642-bf27-5d185f6486ad - - - - -] Service e5f8f65c-4479-4305-9e2a-e2bd3db3ebfd was aborted service_manage_cleanup /usr/lib/python3/dist-packages/heat/engine/service.py:2391
2026-03-05 01:34:28.767 69262 DEBUG heat.engine.service [req-fe49dc57-c866-4bfc-a188-96ed2e082d2b - - - - -] Service e5f8f65c-4479-4305-9e2a-e2bd3db3ebfd was aborted service_manage_cleanup /usr/lib/python3/dist-packages/heat/engine/service.py:2391
2026-03-05 01:34:28.773 69259 DEBUG heat.engine.service [req-8bb57454-079d-4ddd-940b-875bb5cbb73d - - - - -] Service e5f8f65c-4479-4305-9e2a-e2bd3db3ebfd was aborted service_manage_cleanup /usr/lib/python3/dist-packages/heat/engine/service.py:2391
2026-03-05 01:34:28.798 69260 DEBUG heat.engine.service [req-ae1ea93a-4b63-4a56-a7ef-d653444ce6b2 - - - - -] Service 73a15e48-6a59-473d-9290-09701d4b2c29 is started service_manage_report /usr/lib/python3/dist-packages/heat/engine/service.py:2363
2026-03-05 01:34:28.799 69261 DEBUG heat.engine.service [req-57cde7b1-b3f5-428b-9993-e8fdde451da4 - - - - -] Service 5f5cf46d-6199-4256-acfa-67f0c93881c9 is started service_manage_report /usr/lib/python3/dist-packages/heat/engine/service.py:2363
2026-03-05 01:34:28.806 69262 DEBUG heat.engine.service [req-0a37706a-bef1-4be7-8aa8-85d462b31deb - - - - -] Service 6be17fcd-f504-457e-a23b-f41b36f006fd is started service_manage_report /usr/lib/python3/dist-packages/heat/engine/service.py:2363
2026-03-05 01:34:28.807 69259 DEBUG heat.engine.service [req-04a2ce41-1c51-4a84-bce5-22c65550d5ee - - - - -] Service a3361326-2120-4e9d-bfae-68a4b56c14d0 is started service_manage_report /usr/lib/python3/dist-packages/heat/engine/service.py:2363
2026-03-05 01:34:28.821 69261 DEBUG heat.engine.service [req-57cde7b1-b3f5-428b-9993-e8fdde451da4 - - - - -] Service 5f5cf46d-6199-4256-acfa-67f0c93881c9 is updated service_manage_report /usr/lib/python3/dist-packages/heat/engine/service.py:2370
2026-03-05 01:34:28.825 69260 DEBUG heat.engine.service [req-ae1ea93a-4b63-4a56-a7ef-d653444ce6b2 - - - - -] Service 73a15e48-6a59-473d-9290-09701d4b2c29 is updated service_manage_report /usr/lib/python3/dist-packages/heat/engine/service.py:2370
2026-03-05 01:34:28.825 69262 DEBUG heat.engine.service [req-0a37706a-bef1-4be7-8aa8-85d462b31deb - - - - -] Service 6be17fcd-f504-457e-a23b-f41b36f006fd is updated service_manage_report /usr/lib/python3/dist-packages/heat/engine/service.py:2370
2026-03-05 01:34:28.829 69259 DEBUG heat.engine.service [req-04a2ce41-1c51-4a84-bce5-22c65550d5ee - - - - -] Service a3361326-2120-4e9d-bfae-68a4b56c14d0 is updated service_manage_report /usr/lib/python3/dist-packages/heat/engine/service.py:2370
2026-03-05 01:35:28.787 69261 DEBUG heat.engine.service [req-d8353bc7-4b25-451e-9a7b-5159f2e97b7a - - - - -] Service 5f5cf46d-6199-4256-acfa-67f0c93881c9 is updated service_manage_report /usr/lib/python3/dist-packages/heat/engine/service.py:2370
2026-03-05 01:35:28.789 69260 DEBUG heat.engine.service [req-4fb33f48-13dc-4a00-b918-f0e91a9d4358 - - - - -] Service 73a15e48-6a59-473d-9290-09701d4b2c29 is updated service_manage_report /usr/lib/python3/dist-packages/heat/engine/service.py:2370
2026-03-05 01:35:28.792 69262 DEBUG heat.engine.service [req-6a3fa932-4191-41c1-9cf4-4f0f358ebf1e - - - - -] Service 6be17fcd-f504-457e-a23b-f41b36f006fd is updated service_manage_report /usr/lib/python3/dist-packages/heat/engine/service.py:2370
2026-03-05 01:35:28.794 69259 DEBUG heat.engine.service [req-dc9c32d4-e887-422b-b09b-9c92e6fb6743 - - - - -] Service a3361326-2120-4e9d-bfae-68a4b56c14d0 is updated service_manage_report /usr/lib/python3/dist-packages/heat/engine/service.py:2370
2026-03-05 01:36:28.786 69262 DEBUG heat.engine.service [req-ae7d2c12-3869-410b-bd74-c79820f0fe42 - - - - -] Service 6be17fcd-f504-457e-a23b-f41b36f006fd is updated service_manage_report /usr/lib/python3/dist-packages/heat/engine/service.py:2370
2026-03-05 01:36:28.794 69261 DEBUG heat.engine.service [req-0df4307e-b1dc-49a6-b0f7-daaac67fef36 - - - - -] Service 5f5cf46d-6199-4256-acfa-67f0c93881c9 is updated service_manage_report /usr/lib/python3/dist-packages/heat/engine/service.py:2370
2026-03-05 01:36:28.796 69260 DEBUG heat.engine.service [req-0ee4503f-74e1-40f2-876b-416a89e724ba - - - - -] Service 73a15e48-6a59-473d-9290-09701d4b2c29 is updated service_manage_report /usr/lib/python3/dist-packages/heat/engine/service.py:2370
2026-03-05 01:36:28.797 69259 DEBUG heat.engine.service [req-4d174995-af1e-48d3-a587-b80d1e02e45c - - - - -] Service a3361326-2120-4e9d-bfae-68a4b56c14d0 is updated service_manage_report /usr/lib/python3/dist-packages/heat/engine/service.py:2370
2026-03-05 01:37:28.798 69261 DEBUG heat.engine.service [req-c3b83c7d-a707-48bc-b02d-84dcdaaf6dc3 - - - - -] Service 5f5cf46d-6199-4256-acfa-67f0c93881c9 is updated service_manage_report /usr/lib/python3/dist-packages/heat/engine/service.py:2370
2026-03-05 01:37:28.802 69260 DEBUG heat.engine.service [req-2d27b4e1-04df-4f97-9181-d214385719d0 - - - - -] Service 73a15e48-6a59-473d-9290-09701d4b2c29 is updated service_manage_report /usr/lib/python3/dist-packages/heat/engine/service.py:2370
2026-03-05 01:37:28.802 69262 DEBUG heat.engine.service [req-d9d65027-f48f-4c9d-b44f-816a59c9a3da - - - - -] Service 6be17fcd-f504-457e-a23b-f41b36f006fd is updated service_manage_report /usr/lib/python3/dist-packages/heat/engine/service.py:2370
2026-03-05 01:37:28.803 69259 DEBUG heat.engine.service [req-433aaf61-8455-4f8d-90b5-cd6eaa308d35 - - - - -] Service a3361326-2120-4e9d-bfae-68a4b56c14d0 is updated service_manage_report /usr/lib/python3/dist-packages/heat/engine/service.py:2370
2026-03-05 01:38:28.786 69262 DEBUG heat.engine.service [req-b0306d5f-8675-4d41-8e3f-f9abc3427d8e - - - - -] Service 6be17fcd-f504-457e-a23b-f41b36f006fd is updated service_manage_report /usr/lib/python3/dist-packages/heat/engine/service.py:2370
2026-03-05 01:38:28.788 69260 DEBUG heat.engine.service [req-226b6ba7-163d-4a39-8c9d-b4fab7c5dcbf - - - - -] Service 73a15e48-6a59-473d-9290-09701d4b2c29 is updated service_manage_report /usr/lib/python3/dist-packages/heat/engine/service.py:2370
2026-03-05 01:38:28.795 69261 DEBUG heat.engine.service [req-acf25abb-fbd4-4bf3-a2e2-1d65ac8bbbae - - - - -] Service 5f5cf46d-6199-4256-acfa-67f0c93881c9 is updated service_manage_report /usr/lib/python3/dist-packages/heat/engine/service.py:2370
2026-03-05 01:38:28.809 69259 DEBUG heat.engine.service [req-b64fa84c-0698-4ba2-a323-5754b8f8fb67 - - - - -] Service a3361326-2120-4e9d-bfae-68a4b56c14d0 is updated service_manage_report /usr/lib/python3/dist-packages/heat/engine/service.py:2370
2026-03-05 01:39:28.781 69260 DEBUG heat.engine.service [req-e1df86d8-8072-4831-a5ff-f9c9379c51bd - - - - -] Service 73a15e48-6a59-473d-9290-09701d4b2c29 is updated service_manage_report /usr/lib/python3/dist-packages/heat/engine/service.py:2370
2026-03-05 01:39:28.787 69262 DEBUG heat.engine.service [req-84a88c21-15d1-48cb-85c0-164c74886821 - - - - -] Service 6be17fcd-f504-457e-a23b-f41b36f006fd is updated service_manage_report /usr/lib/python3/dist-packages/heat/engine/service.py:2370
2026-03-05 01:39:28.788 69261 DEBUG heat.engine.service [req-492294f0-6627-402c-8de3-e93ab63973af - - - - -] Service 5f5cf46d-6199-4256-acfa-67f0c93881c9 is updated service_manage_report /usr/lib/python3/dist-packages/heat/engine/service.py:2370
2026-03-05 01:39:28.801 69259 DEBUG heat.engine.service [req-6fd65a0b-e835-452c-81fb-c988b917d37e - - - - -] Service a3361326-2120-4e9d-bfae-68a4b56c14d0 is updated service_manage_report /usr/lib/python3/dist-packages/heat/engine/service.py:2370
2026-03-05 01:40:28.789 69260 DEBUG heat.engine.service [req-1c594f1c-004a-417e-9eac-f6470348941d - - - - -] Service 73a15e48-6a59-473d-9290-09701d4b2c29 is updated service_manage_report /usr/lib/python3/dist-packages/heat/engine/service.py:2370
2026-03-05 01:40:28.792 69262 DEBUG heat.engine.service [req-8eaf511e-06e6-4edc-8c14-9181146976eb - - - - -] Service 6be17fcd-f504-457e-a23b-f41b36f006fd is updated service_manage_report /usr/lib/python3/dist-packages/heat/engine/service.py:2370
2026-03-05 01:40:28.794 69261 DEBUG heat.engine.service [req-0ac65475-1e54-4497-a9a9-19f1659a6906 - - - - -] Service 5f5cf46d-6199-4256-acfa-67f0c93881c9 is updated service_manage_report /usr/lib/python3/dist-packages/heat/engine/service.py:2370
2026-03-05 01:40:28.802 69259 DEBUG heat.engine.service [req-4e48d62a-f550-4af8-a177-af6ed2a1fd00 - - - - -] Service a3361326-2120-4e9d-bfae-68a4b56c14d0 is updated service_manage_report /usr/lib/python3/dist-packages/heat/engine/service.py:2370
2026-03-05 01:41:28.785 69260 DEBUG heat.engine.service [req-d3110b61-5a01-436a-a1c2-9a20ff01ce8b - - - - -] Service 73a15e48-6a59-473d-9290-09701d4b2c29 is updated service_manage_report /usr/lib/python3/dist-packages/heat/engine/service.py:2370
2026-03-05 01:41:28.788 69261 DEBUG heat.engine.service [req-20fffb30-cb67-472c-bc77-c6c94c4ddf2b - - - - -] Service 5f5cf46d-6199-4256-acfa-67f0c93881c9 is updated service_manage_report /usr/lib/python3/dist-packages/heat/engine/service.py:2370
2026-03-05 01:41:28.794 69262 DEBUG heat.engine.service [req-25312555-809d-49ad-aaff-3ead130bfec1 - - - - -] Service 6be17fcd-f504-457e-a23b-f41b36f006fd is updated service_manage_report /usr/lib/python3/dist-packages/heat/engine/service.py:2370
2026-03-05 01:41:28.803 69259 DEBUG heat.engine.service [req-65766d03-2f3a-432d-b09d-4b38e945e78c - - - - -] Service a3361326-2120-4e9d-bfae-68a4b56c14d0 is updated service_manage_report /usr/lib/python3/dist-packages/heat/engine/service.py:2370
2026-03-05 01:42:28.870 69260 DEBUG heat.engine.service [req-ba1ec0b5-77d5-4531-850e-a20ba9f196a4 - - - - -] Service 73a15e48-6a59-473d-9290-09701d4b2c29 is updated service_manage_report /usr/lib/python3/dist-packages/heat/engine/service.py:2370
2026-03-05 01:42:28.881 69259 DEBUG heat.engine.service [req-353badd8-da09-48cf-9b76-b096ab10dd52 - - - - -] Service a3361326-2120-4e9d-bfae-68a4b56c14d0 is updated service_manage_report /usr/lib/python3/dist-packages/heat/engine/service.py:2370
2026-03-05 01:42:28.881 69261 DEBUG heat.engine.service [req-ba246dae-b329-49b0-a62f-4ebfdba3443a - - - - -] Service 5f5cf46d-6199-4256-acfa-67f0c93881c9 is updated service_manage_report /usr/lib/python3/dist-packages/heat/engine/service.py:2370
2026-03-05 01:42:28.881 69262 DEBUG heat.engine.service [req-1f80d37f-a7c9-4d50-b1d1-d84e67c49b5f - - - - -] Service 6be17fcd-f504-457e-a23b-f41b36f006fd is updated service_manage_report /usr/lib/python3/dist-packages/heat/engine/service.py:2370
2026-03-05 01:43:28.784 69260 DEBUG heat.engine.service [req-04a0d7ee-9b64-4697-bddd-3ee45fb2c84d - - - - -] Service 73a15e48-6a59-473d-9290-09701d4b2c29 is updated service_manage_report /usr/lib/python3/dist-packages/heat/engine/service.py:2370
2026-03-05 01:43:28.795 69262 DEBUG heat.engine.service [req-0d280e14-667e-4496-bd1c-51c351fbcd9f - - - - -] Service 6be17fcd-f504-457e-a23b-f41b36f006fd is updated service_manage_report /usr/lib/python3/dist-packages/heat/engine/service.py:2370
2026-03-05 01:43:28.796 69261 DEBUG heat.engine.service [req-3cd07807-5f09-49c0-b043-19afc3d56437 - - - - -] Service 5f5cf46d-6199-4256-acfa-67f0c93881c9 is updated service_manage_report /usr/lib/python3/dist-packages/heat/engine/service.py:2370
2026-03-05 01:43:28.803 69259 DEBUG heat.engine.service [req-5adbc4eb-30fe-4718-80af-42e6446b89db - - - - -] Service a3361326-2120-4e9d-bfae-68a4b56c14d0 is updated service_manage_report /usr/lib/python3/dist-packages/heat/engine/service.py:2370
2026-03-05 01:44:28.787 69260 DEBUG heat.engine.service [req-86ed4948-f764-40f9-af4b-cc978c7176fe - - - - -] Service 73a15e48-6a59-473d-9290-09701d4b2c29 is updated service_manage_report /usr/lib/python3/dist-packages/heat/engine/service.py:2370
2026-03-05 01:44:28.799 69262 DEBUG heat.engine.service [req-906c2194-dfc5-4fad-b8b0-254eb0395643 - - - - -] Service 6be17fcd-f504-457e-a23b-f41b36f006fd is updated service_manage_report /usr/lib/python3/dist-packages/heat/engine/service.py:2370
2026-03-05 01:44:28.801 69261 DEBUG heat.engine.service [req-3d25d1cb-5d2b-4b38-9260-1baa4ee9fa3a - - - - -] Service 5f5cf46d-6199-4256-acfa-67f0c93881c9 is updated service_manage_report /usr/lib/python3/dist-packages/heat/engine/service.py:2370
2026-03-05 01:44:28.804 69259 DEBUG heat.engine.service [req-088c3f73-e081-4a96-9268-652da7e463c6 - - - - -] Service a3361326-2120-4e9d-bfae-68a4b56c14d0 is updated service_manage_report /usr/lib/python3/dist-packages/heat/engine/service.py:2370
2026-03-05 01:45:28.792 69260 DEBUG heat.engine.service [req-e086de80-0005-473a-96d3-beea52d8ce01 - - - - -] Service 73a15e48-6a59-473d-9290-09701d4b2c29 is updated service_manage_report /usr/lib/python3/dist-packages/heat/engine/service.py:2370
2026-03-05 01:45:28.804 69262 DEBUG heat.engine.service [req-2bf803cc-3a15-43d1-9c01-bb78ca7ecd35 - - - - -] Service 6be17fcd-f504-457e-a23b-f41b36f006fd is updated service_manage_report /usr/lib/python3/dist-packages/heat/engine/service.py:2370
2026-03-05 01:45:28.805 69261 DEBUG heat.engine.service [req-3fb9c027-4682-4c8e-aab5-007a7cca8e74 - - - - -] Service 5f5cf46d-6199-4256-acfa-67f0c93881c9 is updated service_manage_report /usr/lib/python3/dist-packages/heat/engine/service.py:2370
2026-03-05 01:45:28.808 69259 DEBUG heat.engine.service [req-556e7f81-3e4f-4fe8-8370-e429b5addc28 - - - - -] Service a3361326-2120-4e9d-bfae-68a4b56c14d0 is updated service_manage_report /usr/lib/python3/dist-packages/heat/engine/service.py:2370
2026-03-05 01:46:28.795 69260 DEBUG heat.engine.service [req-9ec8896e-d9a9-4e8b-836a-cd5239038fc3 - - - - -] Service 73a15e48-6a59-473d-9290-09701d4b2c29 is updated service_manage_report /usr/lib/python3/dist-packages/heat/engine/service.py:2370
