2026-03-05 01:10:25.245 41499 DEBUG heat.engine.service [req-60440418-9a49-4473-bb4f-e537aa2d8fb5 - - - - -] Service 5aadcc66-2428-49fd-9797-7a6461a851c0 is updated service_manage_report /usr/lib/python3/dist-packages/heat/engine/service.py:2370
2026-03-05 01:10:25.257 41515 DEBUG heat.engine.service [req-7a085463-211d-436c-aef4-230ede9137bd - - - - -] Service 7f68d3f6-4bed-4550-b9d4-c05c88517f2b is updated service_manage_report /usr/lib/python3/dist-packages/heat/engine/service.py:2370
2026-03-05 01:10:25.264 41517 DEBUG heat.engine.service [req-71dfcd5f-8f2e-43b4-b6ee-d4869545ebf0 - - - - -] Service e834d068-b03d-4e36-a3a2-53d231e546cf is updated service_manage_report /usr/lib/python3/dist-packages/heat/engine/service.py:2370
2026-03-05 01:10:25.339 41525 DEBUG heat.engine.service [req-200262d8-1acc-42ee-b262-19a2e78195c3 - - - - -] Service dd500e67-9321-4886-a82d-ec29f6e49fb0 is updated service_manage_report /usr/lib/python3/dist-packages/heat/engine/service.py:2370
2026-03-05 01:11:25.240 41499 DEBUG heat.engine.service [req-f1fad9da-ae32-41ad-b833-4e6211b274df - - - - -] Service 5aadcc66-2428-49fd-9797-7a6461a851c0 is updated service_manage_report /usr/lib/python3/dist-packages/heat/engine/service.py:2370
2026-03-05 01:11:25.261 41515 DEBUG heat.engine.service [req-622941a8-782f-47e6-9101-a10d2115ef79 - - - - -] Service 7f68d3f6-4bed-4550-b9d4-c05c88517f2b is updated service_manage_report /usr/lib/python3/dist-packages/heat/engine/service.py:2370
2026-03-05 01:11:25.269 41517 DEBUG heat.engine.service [req-67a1cc68-2f34-4702-bfcf-571900097ebc - - - - -] Service e834d068-b03d-4e36-a3a2-53d231e546cf is updated service_manage_report /usr/lib/python3/dist-packages/heat/engine/service.py:2370
2026-03-05 01:11:25.343 41525 DEBUG heat.engine.service [req-95c30378-943a-4df3-b3c3-cf8d6e27a3b8 - - - - -] Service dd500e67-9321-4886-a82d-ec29f6e49fb0 is updated service_manage_report /usr/lib/python3/dist-packages/heat/engine/service.py:2370
2026-03-05 01:12:25.244 41499 DEBUG heat.engine.service [req-e900b411-01bc-45bc-b52a-75df81a5ed51 - - - - -] Service 5aadcc66-2428-49fd-9797-7a6461a851c0 is updated service_manage_report /usr/lib/python3/dist-packages/heat/engine/service.py:2370
2026-03-05 01:12:25.265 41515 DEBUG heat.engine.service [req-13ab3f4c-d8e9-4c72-966b-c319356c36c5 - - - - -] Service 7f68d3f6-4bed-4550-b9d4-c05c88517f2b is updated service_manage_report /usr/lib/python3/dist-packages/heat/engine/service.py:2370
2026-03-05 01:12:25.273 41517 DEBUG heat.engine.service [req-1aa8d188-cae1-4307-92df-97fe6b90f2f9 - - - - -] Service e834d068-b03d-4e36-a3a2-53d231e546cf is updated service_manage_report /usr/lib/python3/dist-packages/heat/engine/service.py:2370
2026-03-05 01:12:25.348 41525 DEBUG heat.engine.service [req-36ccec85-855f-4a03-bd10-8382b299de54 - - - - -] Service dd500e67-9321-4886-a82d-ec29f6e49fb0 is updated service_manage_report /usr/lib/python3/dist-packages/heat/engine/service.py:2370
2026-03-05 01:13:25.248 41499 DEBUG heat.engine.service [req-f2184923-e74b-4a63-888e-31d15f69d17b - - - - -] Service 5aadcc66-2428-49fd-9797-7a6461a851c0 is updated service_manage_report /usr/lib/python3/dist-packages/heat/engine/service.py:2370
2026-03-05 01:13:25.267 41515 DEBUG heat.engine.service [req-cf93e30d-fe47-4def-808e-75b2222cd90c - - - - -] Service 7f68d3f6-4bed-4550-b9d4-c05c88517f2b is updated service_manage_report /usr/lib/python3/dist-packages/heat/engine/service.py:2370
2026-03-05 01:13:25.277 41517 DEBUG heat.engine.service [req-71f14777-956e-4a64-bb49-84bfe0e68f02 - - - - -] Service e834d068-b03d-4e36-a3a2-53d231e546cf is updated service_manage_report /usr/lib/python3/dist-packages/heat/engine/service.py:2370
2026-03-05 01:13:25.351 41525 DEBUG heat.engine.service [req-ec01bea6-3903-435e-9fd2-54ee7a9c475d - - - - -] Service dd500e67-9321-4886-a82d-ec29f6e49fb0 is updated service_manage_report /usr/lib/python3/dist-packages/heat/engine/service.py:2370
2026-03-05 01:14:25.253 41499 DEBUG heat.engine.service [req-03deb0f0-f3cd-4a80-9fc7-ca445dce89d2 - - - - -] Service 5aadcc66-2428-49fd-9797-7a6461a851c0 is updated service_manage_report /usr/lib/python3/dist-packages/heat/engine/service.py:2370
2026-03-05 01:14:25.271 41515 DEBUG heat.engine.service [req-6dba3ccc-45cd-471d-89fe-c57574034cfa - - - - -] Service 7f68d3f6-4bed-4550-b9d4-c05c88517f2b is updated service_manage_report /usr/lib/python3/dist-packages/heat/engine/service.py:2370
2026-03-05 01:14:25.280 41517 DEBUG heat.engine.service [req-a5c07bee-28b3-4f23-96d3-e17f0da24a50 - - - - -] Service e834d068-b03d-4e36-a3a2-53d231e546cf is updated service_manage_report /usr/lib/python3/dist-packages/heat/engine/service.py:2370
2026-03-05 01:14:25.354 41525 DEBUG heat.engine.service [req-bd5f7601-87cb-4751-8fdc-e6b00d022bbd - - - - -] Service dd500e67-9321-4886-a82d-ec29f6e49fb0 is updated service_manage_report /usr/lib/python3/dist-packages/heat/engine/service.py:2370
2026-03-05 01:15:25.256 41499 DEBUG heat.engine.service [req-1a342f39-7b34-415c-90d4-88bea91b145c - - - - -] Service 5aadcc66-2428-49fd-9797-7a6461a851c0 is updated service_manage_report /usr/lib/python3/dist-packages/heat/engine/service.py:2370
2026-03-05 01:15:25.274 41515 DEBUG heat.engine.service [req-85f8606c-929c-4bbe-a597-d5601b8edbab - - - - -] Service 7f68d3f6-4bed-4550-b9d4-c05c88517f2b is updated service_manage_report /usr/lib/python3/dist-packages/heat/engine/service.py:2370
2026-03-05 01:15:25.282 41517 DEBUG heat.engine.service [req-a63d4fe9-33d9-46c6-bf1a-07d0d5c46fd4 - - - - -] Service e834d068-b03d-4e36-a3a2-53d231e546cf is updated service_manage_report /usr/lib/python3/dist-packages/heat/engine/service.py:2370
2026-03-05 01:15:25.361 41525 DEBUG heat.engine.service [req-e592e94f-0295-4639-95a1-40e99436ff7b - - - - -] Service dd500e67-9321-4886-a82d-ec29f6e49fb0 is updated service_manage_report /usr/lib/python3/dist-packages/heat/engine/service.py:2370
2026-03-05 01:16:25.263 41499 DEBUG heat.engine.service [req-7c1ac7a6-ed8c-41a6-ad19-658fab400643 - - - - -] Service 5aadcc66-2428-49fd-9797-7a6461a851c0 is updated service_manage_report /usr/lib/python3/dist-packages/heat/engine/service.py:2370
2026-03-05 01:16:25.278 41515 DEBUG heat.engine.service [req-1c4a6694-d711-4eb1-a1c9-45abe9300a0b - - - - -] Service 7f68d3f6-4bed-4550-b9d4-c05c88517f2b is updated service_manage_report /usr/lib/python3/dist-packages/heat/engine/service.py:2370
2026-03-05 01:16:25.289 41517 DEBUG heat.engine.service [req-a3022108-42d8-4c34-ba4e-e37b67512fd0 - - - - -] Service e834d068-b03d-4e36-a3a2-53d231e546cf is updated service_manage_report /usr/lib/python3/dist-packages/heat/engine/service.py:2370
2026-03-05 01:16:25.355 41525 DEBUG heat.engine.service [req-6b5952d2-6238-45ec-8e93-b74317043fdf - - - - -] Service dd500e67-9321-4886-a82d-ec29f6e49fb0 is updated service_manage_report /usr/lib/python3/dist-packages/heat/engine/service.py:2370
2026-03-05 01:17:25.260 41499 DEBUG heat.engine.service [req-3de9bd92-3422-4df7-9e0b-0c5e3015e03c - - - - -] Service 5aadcc66-2428-49fd-9797-7a6461a851c0 is updated service_manage_report /usr/lib/python3/dist-packages/heat/engine/service.py:2370
2026-03-05 01:17:25.286 41515 DEBUG heat.engine.service [req-aa488fec-5440-4318-a431-498d64c376a4 - - - - -] Service 7f68d3f6-4bed-4550-b9d4-c05c88517f2b is updated service_manage_report /usr/lib/python3/dist-packages/heat/engine/service.py:2370
2026-03-05 01:17:25.287 41517 DEBUG heat.engine.service [req-3dd48e3a-1063-4f70-a883-dfeabe7f05c3 - - - - -] Service e834d068-b03d-4e36-a3a2-53d231e546cf is updated service_manage_report /usr/lib/python3/dist-packages/heat/engine/service.py:2370
2026-03-05 01:17:25.360 41525 DEBUG heat.engine.service [req-566ffd17-c21f-400e-be8b-11465e3cfde9 - - - - -] Service dd500e67-9321-4886-a82d-ec29f6e49fb0 is updated service_manage_report /usr/lib/python3/dist-packages/heat/engine/service.py:2370
2026-03-05 01:18:25.254 41499 DEBUG heat.engine.service [req-ae104159-7463-48d1-a323-a2cbb58c1103 - - - - -] Service 5aadcc66-2428-49fd-9797-7a6461a851c0 is updated service_manage_report /usr/lib/python3/dist-packages/heat/engine/service.py:2370
2026-03-05 01:18:25.285 41515 DEBUG heat.engine.service [req-7c10d300-3a92-4725-ad63-3c9c7a0674c5 - - - - -] Service 7f68d3f6-4bed-4550-b9d4-c05c88517f2b is updated service_manage_report /usr/lib/python3/dist-packages/heat/engine/service.py:2370
2026-03-05 01:18:25.286 41517 DEBUG heat.engine.service [req-12e439d1-e338-41ff-9e59-b5a17cc6a5d7 - - - - -] Service e834d068-b03d-4e36-a3a2-53d231e546cf is updated service_manage_report /usr/lib/python3/dist-packages/heat/engine/service.py:2370
2026-03-05 01:18:25.363 41525 DEBUG heat.engine.service [req-28f104b7-820e-4260-9768-7b026eb7c20e - - - - -] Service dd500e67-9321-4886-a82d-ec29f6e49fb0 is updated service_manage_report /usr/lib/python3/dist-packages/heat/engine/service.py:2370
2026-03-05 01:19:25.257 41499 DEBUG heat.engine.service [req-4fbd63e0-99d3-45aa-98df-ad5bb608610f - - - - -] Service 5aadcc66-2428-49fd-9797-7a6461a851c0 is updated service_manage_report /usr/lib/python3/dist-packages/heat/engine/service.py:2370
2026-03-05 01:19:25.282 41515 DEBUG heat.engine.service [req-6b909151-a51c-4db8-8b7d-b040981b75ef - - - - -] Service 7f68d3f6-4bed-4550-b9d4-c05c88517f2b is updated service_manage_report /usr/lib/python3/dist-packages/heat/engine/service.py:2370
2026-03-05 01:19:25.286 41517 DEBUG heat.engine.service [req-55d16d6a-807a-4ebf-bcb8-44f50c0c8439 - - - - -] Service e834d068-b03d-4e36-a3a2-53d231e546cf is updated service_manage_report /usr/lib/python3/dist-packages/heat/engine/service.py:2370
2026-03-05 01:19:25.366 41525 DEBUG heat.engine.service [req-e1a456f8-f208-4fd8-8e2b-37af1a6003cc - - - - -] Service dd500e67-9321-4886-a82d-ec29f6e49fb0 is updated service_manage_report /usr/lib/python3/dist-packages/heat/engine/service.py:2370
2026-03-05 01:20:25.260 41499 DEBUG heat.engine.service [req-fa78fc50-ddad-44e3-b57a-c327b32b9b6e - - - - -] Service 5aadcc66-2428-49fd-9797-7a6461a851c0 is updated service_manage_report /usr/lib/python3/dist-packages/heat/engine/service.py:2370
2026-03-05 01:20:25.274 41515 DEBUG heat.engine.service [req-4431586e-3821-41c9-81b3-01cf675a6723 - - - - -] Service 7f68d3f6-4bed-4550-b9d4-c05c88517f2b is updated service_manage_report /usr/lib/python3/dist-packages/heat/engine/service.py:2370
2026-03-05 01:20:25.279 41517 DEBUG heat.engine.service [req-bfdd73ae-8807-4e35-8347-59ab43edc61e - - - - -] Service e834d068-b03d-4e36-a3a2-53d231e546cf is updated service_manage_report /usr/lib/python3/dist-packages/heat/engine/service.py:2370
2026-03-05 01:20:25.372 41525 DEBUG heat.engine.service [req-dde66d36-a013-4589-a828-af52c1e48439 - - - - -] Service dd500e67-9321-4886-a82d-ec29f6e49fb0 is updated service_manage_report /usr/lib/python3/dist-packages/heat/engine/service.py:2370
2026-03-05 01:21:25.264 41499 DEBUG heat.engine.service [req-1e17db46-48d6-4a95-9248-90c0899e57e6 - - - - -] Service 5aadcc66-2428-49fd-9797-7a6461a851c0 is updated service_manage_report /usr/lib/python3/dist-packages/heat/engine/service.py:2370
2026-03-05 01:21:25.279 41515 DEBUG heat.engine.service [req-5c7eb7fb-55db-4266-aad6-be138095b72e - - - - -] Service 7f68d3f6-4bed-4550-b9d4-c05c88517f2b is updated service_manage_report /usr/lib/python3/dist-packages/heat/engine/service.py:2370
2026-03-05 01:21:25.281 41517 DEBUG heat.engine.service [req-4bab0c4d-e0f4-428e-95b1-6cd7511cb32c - - - - -] Service e834d068-b03d-4e36-a3a2-53d231e546cf is updated service_manage_report /usr/lib/python3/dist-packages/heat/engine/service.py:2370
2026-03-05 01:21:25.365 41525 DEBUG heat.engine.service [req-0f2932ec-3cec-4dc2-8303-0e7ad11eae0a - - - - -] Service dd500e67-9321-4886-a82d-ec29f6e49fb0 is updated service_manage_report /usr/lib/python3/dist-packages/heat/engine/service.py:2370
2026-03-05 01:22:25.268 41499 DEBUG heat.engine.service [req-a74c417d-f0ba-40a1-8ce6-77185080a565 - - - - -] Service 5aadcc66-2428-49fd-9797-7a6461a851c0 is updated service_manage_report /usr/lib/python3/dist-packages/heat/engine/service.py:2370
2026-03-05 01:22:25.281 41515 DEBUG heat.engine.service [req-ae16883d-2c72-4fb4-be07-c0f2749a9523 - - - - -] Service 7f68d3f6-4bed-4550-b9d4-c05c88517f2b is updated service_manage_report /usr/lib/python3/dist-packages/heat/engine/service.py:2370
2026-03-05 01:22:25.283 41517 DEBUG heat.engine.service [req-d6d0b0d2-8eec-4ee8-86da-f7a702a3e22f - - - - -] Service e834d068-b03d-4e36-a3a2-53d231e546cf is updated service_manage_report /usr/lib/python3/dist-packages/heat/engine/service.py:2370
2026-03-05 01:22:25.369 41525 DEBUG heat.engine.service [req-f752e951-47ad-4739-a7d6-84625486d9be - - - - -] Service dd500e67-9321-4886-a82d-ec29f6e49fb0 is updated service_manage_report /usr/lib/python3/dist-packages/heat/engine/service.py:2370
2026-03-05 01:23:25.272 41499 DEBUG heat.engine.service [req-0d82aa79-bf8a-43e4-8e59-7fdb3c2cf8f9 - - - - -] Service 5aadcc66-2428-49fd-9797-7a6461a851c0 is updated service_manage_report /usr/lib/python3/dist-packages/heat/engine/service.py:2370
2026-03-05 01:23:25.284 41515 DEBUG heat.engine.service [req-6439bddd-63fb-45b2-8043-5b99b4a02e87 - - - - -] Service 7f68d3f6-4bed-4550-b9d4-c05c88517f2b is updated service_manage_report /usr/lib/python3/dist-packages/heat/engine/service.py:2370
2026-03-05 01:23:25.287 41517 DEBUG heat.engine.service [req-bef56f8f-3337-4dd8-8614-452a0c30bc47 - - - - -] Service e834d068-b03d-4e36-a3a2-53d231e546cf is updated service_manage_report /usr/lib/python3/dist-packages/heat/engine/service.py:2370
2026-03-05 01:23:25.371 41525 DEBUG heat.engine.service [req-e73402a3-0468-4316-8f40-5e083c0b53ab - - - - -] Service dd500e67-9321-4886-a82d-ec29f6e49fb0 is updated service_manage_report /usr/lib/python3/dist-packages/heat/engine/service.py:2370
2026-03-05 01:24:25.280 41499 DEBUG heat.engine.service [req-0261f30b-dd80-48b9-9a66-e3f21075532c - - - - -] Service 5aadcc66-2428-49fd-9797-7a6461a851c0 is updated service_manage_report /usr/lib/python3/dist-packages/heat/engine/service.py:2370
2026-03-05 01:24:25.291 41515 DEBUG heat.engine.service [req-9f8bcb43-3427-492b-b9da-ba4d2290f4bf - - - - -] Service 7f68d3f6-4bed-4550-b9d4-c05c88517f2b is updated service_manage_report /usr/lib/python3/dist-packages/heat/engine/service.py:2370
2026-03-05 01:24:25.294 41517 DEBUG heat.engine.service [req-8ddecfd0-630b-4f93-8fd0-5af177374eaa - - - - -] Service e834d068-b03d-4e36-a3a2-53d231e546cf is updated service_manage_report /usr/lib/python3/dist-packages/heat/engine/service.py:2370
2026-03-05 01:24:25.374 41525 DEBUG heat.engine.service [req-60eed2fc-95f1-4e44-90e3-350af7840472 - - - - -] Service dd500e67-9321-4886-a82d-ec29f6e49fb0 is updated service_manage_report /usr/lib/python3/dist-packages/heat/engine/service.py:2370
2026-03-05 01:25:25.273 41499 DEBUG heat.engine.service [req-31642ba4-d7c2-4235-85df-e96eabad6634 - - - - -] Service 5aadcc66-2428-49fd-9797-7a6461a851c0 is updated service_manage_report /usr/lib/python3/dist-packages/heat/engine/service.py:2370
2026-03-05 01:25:25.286 41515 DEBUG heat.engine.service [req-d4bd42f9-eb3a-4d8b-bc47-88b7d962e9f3 - - - - -] Service 7f68d3f6-4bed-4550-b9d4-c05c88517f2b is updated service_manage_report /usr/lib/python3/dist-packages/heat/engine/service.py:2370
2026-03-05 01:25:25.290 41517 DEBUG heat.engine.service [req-3f6d2c19-7789-486b-81a3-58ffff1e1fca - - - - -] Service e834d068-b03d-4e36-a3a2-53d231e546cf is updated service_manage_report /usr/lib/python3/dist-packages/heat/engine/service.py:2370
2026-03-05 01:25:25.377 41525 DEBUG heat.engine.service [req-03bfe942-f508-4a18-a559-4e53cd8164a2 - - - - -] Service dd500e67-9321-4886-a82d-ec29f6e49fb0 is updated service_manage_report /usr/lib/python3/dist-packages/heat/engine/service.py:2370
2026-03-05 01:26:25.278 41499 DEBUG heat.engine.service [req-5a47e91b-9082-4798-b2bd-0b821de59ad1 - - - - -] Service 5aadcc66-2428-49fd-9797-7a6461a851c0 is updated service_manage_report /usr/lib/python3/dist-packages/heat/engine/service.py:2370
2026-03-05 01:26:25.284 41517 DEBUG heat.engine.service [req-4d42444e-6be8-43d1-8c29-9836f6bcbfb4 - - - - -] Service e834d068-b03d-4e36-a3a2-53d231e546cf is updated service_manage_report /usr/lib/python3/dist-packages/heat/engine/service.py:2370
2026-03-05 01:26:25.293 41515 DEBUG heat.engine.service [req-895fc8b0-8655-444c-8343-48132529cd18 - - - - -] Service 7f68d3f6-4bed-4550-b9d4-c05c88517f2b is updated service_manage_report /usr/lib/python3/dist-packages/heat/engine/service.py:2370
2026-03-05 01:26:25.382 41525 DEBUG heat.engine.service [req-baa014df-52e8-477f-8531-01df9fd578ad - - - - -] Service dd500e67-9321-4886-a82d-ec29f6e49fb0 is updated service_manage_report /usr/lib/python3/dist-packages/heat/engine/service.py:2370
2026-03-05 01:27:25.284 41499 DEBUG heat.engine.service [req-934241fc-c43b-4a56-92b2-e756439e5d62 - - - - -] Service 5aadcc66-2428-49fd-9797-7a6461a851c0 is updated service_manage_report /usr/lib/python3/dist-packages/heat/engine/service.py:2370
2026-03-05 01:27:25.288 41517 DEBUG heat.engine.service [req-405d52ed-4113-42fc-960d-4ccbd690279d - - - - -] Service e834d068-b03d-4e36-a3a2-53d231e546cf is updated service_manage_report /usr/lib/python3/dist-packages/heat/engine/service.py:2370
2026-03-05 01:27:25.304 41515 DEBUG heat.engine.service [req-4b0312b6-2ba8-49ac-ac37-d40c3fe3b6b9 - - - - -] Service 7f68d3f6-4bed-4550-b9d4-c05c88517f2b is updated service_manage_report /usr/lib/python3/dist-packages/heat/engine/service.py:2370
2026-03-05 01:27:25.387 41525 DEBUG heat.engine.service [req-eca1a9cc-bf81-42f6-852e-908a354f4778 - - - - -] Service dd500e67-9321-4886-a82d-ec29f6e49fb0 is updated service_manage_report /usr/lib/python3/dist-packages/heat/engine/service.py:2370
2026-03-05 01:28:25.427 41499 DEBUG heat.engine.service [req-ce366b4b-82ed-4ada-be57-67be8221dedf - - - - -] Service 5aadcc66-2428-49fd-9797-7a6461a851c0 is updated service_manage_report /usr/lib/python3/dist-packages/heat/engine/service.py:2370
2026-03-05 01:28:25.427 41515 DEBUG heat.engine.service [req-928274cb-e28e-430f-99ed-875976439ddd - - - - -] Service 7f68d3f6-4bed-4550-b9d4-c05c88517f2b is updated service_manage_report /usr/lib/python3/dist-packages/heat/engine/service.py:2370
2026-03-05 01:28:25.427 41517 DEBUG heat.engine.service [req-d5537305-11f4-4ead-b3c5-d0235e37914e - - - - -] Service e834d068-b03d-4e36-a3a2-53d231e546cf is updated service_manage_report /usr/lib/python3/dist-packages/heat/engine/service.py:2370
2026-03-05 01:28:25.493 41525 DEBUG heat.engine.service [req-ff684225-fc11-4d61-8290-161bdafb43f2 - - - - -] Service dd500e67-9321-4886-a82d-ec29f6e49fb0 is updated service_manage_report /usr/lib/python3/dist-packages/heat/engine/service.py:2370
2026-03-05 01:28:34.304 41517 DEBUG heat.engine.service [-] Attempting to stop engine service... _stop_rpc_server /usr/lib/python3/dist-packages/heat/engine/service.py:437
2026-03-05 01:28:34.304 41499 DEBUG heat.engine.service [-] Attempting to stop engine service... _stop_rpc_server /usr/lib/python3/dist-packages/heat/engine/service.py:437
2026-03-05 01:28:34.304 41515 DEBUG heat.engine.service [-] Attempting to stop engine service... _stop_rpc_server /usr/lib/python3/dist-packages/heat/engine/service.py:437
2026-03-05 01:28:34.304 41525 DEBUG heat.engine.service [-] Attempting to stop engine service... _stop_rpc_server /usr/lib/python3/dist-packages/heat/engine/service.py:437
2026-03-05 01:28:34.309 41142 INFO oslo_service.service [-] Caught SIGTERM, stopping children
2026-03-05 01:28:34.324 41142 DEBUG oslo_concurrency.lockutils [-] Acquired lock "singleton_lock" lock /usr/lib/python3/dist-packages/oslo_concurrency/lockutils.py:294
2026-03-05 01:28:34.325 41142 DEBUG oslo_concurrency.lockutils [-] Releasing lock "singleton_lock" lock /usr/lib/python3/dist-packages/oslo_concurrency/lockutils.py:312
2026-03-05 01:28:34.325 41142 DEBUG oslo_service.service [-] Stop services. stop /usr/lib/python3/dist-packages/oslo_service/service.py:695
2026-03-05 01:28:34.325 41142 INFO heat.engine.service [-] All threads were gone, terminating engine
2026-03-05 01:28:34.325 41142 DEBUG oslo_service.service [-] Killing children. stop /usr/lib/python3/dist-packages/oslo_service/service.py:700
2026-03-05 01:28:34.327 41142 INFO oslo_service.service [-] Waiting on 4 children to exit
2026-03-05 01:28:34.334 41142 INFO oslo_service.service [-] Child 41525 killed by signal 15
2026-03-05 01:28:34.335 41142 INFO oslo_service.service [-] Child 41499 killed by signal 15
2026-03-05 01:28:34.335 41142 INFO oslo_service.service [-] Child 41515 killed by signal 15
2026-03-05 01:28:34.335 41142 INFO oslo_service.service [-] Child 41517 killed by signal 15
2026-03-05 01:28:36.039 61341 DEBUG oslo_concurrency.lockutils [-] Lock "context-manager" acquired by "neutron_lib.db.api._create_context_manager" :: waited 0.000s inner /usr/lib/python3/dist-packages/oslo_concurrency/lockutils.py:386
2026-03-05 01:28:36.040 61341 DEBUG oslo_concurrency.lockutils [-] Lock "context-manager" "released" by "neutron_lib.db.api._create_context_manager" :: held 0.000s inner /usr/lib/python3/dist-packages/oslo_concurrency/lockutils.py:400
2026-03-05 01:28:36.268 61341 WARNING heat.engine.environment [-] OS::Aodh::Alarm is DEPRECATED. Theshold alarm relies on ceilometer-api and has been deprecated in aodh since Ocata. Use OS::Aodh::GnocchiAggregationByResourcesAlarm instead.
2026-03-05 01:28:36.268 61341 WARNING heat.engine.environment [-] OS::Aodh::CombinationAlarm is HIDDEN. OS::Aodh::CombinationAlarm is deprecated and has been removed from Aodh, use OS::Aodh::CompositeAlarm instead.
2026-03-05 01:28:36.269 61341 WARNING heat.engine.environment [-] OS::Designate::Domain is HIDDEN. This resource has been removed, use OS::Designate::Zone instead.
2026-03-05 01:28:36.269 61341 WARNING heat.engine.environment [-] OS::Designate::Record is HIDDEN. This resource has been removed, use OS::Designate::RecordSet instead.
2026-03-05 01:28:36.269 61341 WARNING heat.engine.environment [-] OS::Glance::Image is DEPRECATED. Creating a Glance Image based on an existing URL location requires the Glance v1 API, which is deprecated.
2026-03-05 01:28:36.269 61341 WARNING heat.engine.environment [-] OS::Heat::HARestarter is HIDDEN. The HARestarter resource type has been removed. Existing stacks containing HARestarter resources can still be used, but the HARestarter resource will be a placeholder that does nothing.
2026-03-05 01:28:36.269 61341 WARNING heat.engine.environment [-] OS::Heat::SoftwareDeployments is HIDDEN. Please use OS::Heat::SoftwareDeploymentGroup instead.
2026-03-05 01:28:36.269 61341 WARNING heat.engine.environment [-] OS::Heat::StructuredDeployments is HIDDEN. Please use OS::Heat::StructuredDeploymentGroup instead.
2026-03-05 01:28:36.270 61341 WARNING heat.engine.environment [-] OS::Magnum::Bay is HIDDEN. Please use OS::Magnum::Cluster instead.
2026-03-05 01:28:36.270 61341 WARNING heat.engine.environment [-] OS::Magnum::BayModel is HIDDEN. Please use OS::Magnum::ClusterTemplate instead.
2026-03-05 01:28:36.270 61341 WARNING heat.engine.environment [-] OS::Neutron::ExtraRoute is UNSUPPORTED. Use this resource at your own risk.
2026-03-05 01:28:36.270 61341 WARNING heat.engine.environment [-] OS::Neutron::HealthMonitor is HIDDEN. Use LBaaS V2 instead.
2026-03-05 01:28:36.270 61341 WARNING heat.engine.environment [-] OS::Neutron::Pool is HIDDEN. Use LBaaS V2 instead.
2026-03-05 01:28:36.270 61341 WARNING heat.engine.environment [-] OS::Neutron::PoolMember is HIDDEN. Use LBaaS V2 instead.
2026-03-05 01:28:36.271 61341 WARNING heat.engine.environment [-] OS::Neutron::LoadBalancer is HIDDEN. Use LBaaS V2 instead.
2026-03-05 01:28:36.271 61341 WARNING heat.engine.environment [-] OS::Neutron::RouterGateway is HIDDEN. Use the `external_gateway_info` property in the router resource to set up the gateway.
2026-03-05 01:28:36.271 61341 WARNING heat.engine.environment [-] OS::Nova::FloatingIP is HIDDEN. Please use OS::Neutron::FloatingIP instead.
2026-03-05 01:28:36.271 61341 WARNING heat.engine.environment [-] OS::Nova::FloatingIPAssociation is HIDDEN. Please use OS::Neutron::FloatingIPAssociation instead.
2026-03-05 01:28:36.272 61341 INFO heat.engine.environment [-] Loading /etc/heat/environment.d/default.yaml
2026-03-05 01:28:36.273 61341 INFO heat.engine.environment [-] Registered: [Plugin](User:False) AWS::AutoScaling::AutoScalingGroup ->
2026-03-05 01:28:36.273 61341 INFO heat.engine.environment [-] Registered: [Plugin](User:False) AWS::AutoScaling::LaunchConfiguration ->
2026-03-05 01:28:36.273 61341 INFO heat.engine.environment [-] Registered: [Plugin](User:False) AWS::AutoScaling::ScalingPolicy ->
2026-03-05 01:28:36.274 61341 INFO heat.engine.environment [-] Registered: [Plugin](User:False) AWS::CloudFormation::Stack ->
2026-03-05 01:28:36.274 61341 INFO heat.engine.environment [-] Registered: [Plugin](User:False) AWS::CloudFormation::WaitCondition ->
2026-03-05 01:28:36.274 61341 INFO heat.engine.environment [-] Registered: [Plugin](User:False) AWS::CloudFormation::WaitConditionHandle ->
2026-03-05 01:28:36.274 61341 INFO heat.engine.environment [-] Registered: [Plugin](User:False) AWS::EC2::EIP ->
2026-03-05 01:28:36.274 61341 INFO heat.engine.environment [-] Registered: [Plugin](User:False) AWS::EC2::EIPAssociation ->
2026-03-05 01:28:36.274 61341 INFO heat.engine.environment [-] Registered: [Plugin](User:False) AWS::EC2::Instance ->
2026-03-05 01:28:36.274 61341 INFO heat.engine.environment [-] Registered: [Plugin](User:False) AWS::EC2::InternetGateway ->
2026-03-05 01:28:36.274 61341 INFO heat.engine.environment [-] Registered: [Plugin](User:False) AWS::EC2::VPCGatewayAttachment ->
2026-03-05 01:28:36.275 61341 INFO heat.engine.environment [-] Registered: [Plugin](User:False) AWS::EC2::NetworkInterface ->
2026-03-05 01:28:36.275 61341 INFO heat.engine.environment [-] Registered: [Plugin](User:False) AWS::EC2::RouteTable ->
2026-03-05 01:28:36.275 61341 INFO heat.engine.environment [-] Registered: [Plugin](User:False) AWS::EC2::SubnetRouteTableAssociation ->
2026-03-05 01:28:36.275 61341 INFO heat.engine.environment [-] Registered: [Plugin](User:False) AWS::EC2::SecurityGroup ->
2026-03-05 01:28:36.275 61341 INFO heat.engine.environment [-] Registered: [Plugin](User:False) AWS::EC2::Subnet ->
2026-03-05 01:28:36.275 61341 INFO heat.engine.environment [-] Registered: [Plugin](User:False) AWS::EC2::Volume ->
2026-03-05 01:28:36.275 61341 INFO heat.engine.environment [-] Registered: [Plugin](User:False) AWS::EC2::VolumeAttachment ->
2026-03-05 01:28:36.275 61341 INFO heat.engine.environment [-] Registered: [Plugin](User:False) AWS::EC2::VPC ->
2026-03-05 01:28:36.276 61341 INFO heat.engine.environment [-] Registered: [Plugin](User:False) AWS::IAM::User ->
2026-03-05 01:28:36.276 61341 INFO heat.engine.environment [-] Registered: [Plugin](User:False) AWS::IAM::AccessKey ->
2026-03-05 01:28:36.276 61341 INFO heat.engine.environment [-] Registered: [Plugin](User:False) AWS::ElasticLoadBalancing::LoadBalancer ->
2026-03-05 01:28:36.276 61341 INFO heat.engine.environment [-] Registered: [Plugin](User:False) AWS::S3::Bucket ->
2026-03-05 01:28:36.276 61341 INFO heat.engine.environment [-] Registered: [Plugin](User:False) OS::Aodh::Alarm ->
2026-03-05 01:28:36.276 61341 INFO heat.engine.environment [-] Registered: [Plugin](User:False) OS::Aodh::CombinationAlarm ->
2026-03-05 01:28:36.276 61341 INFO heat.engine.environment [-] Registered: [Plugin](User:False) OS::Aodh::EventAlarm ->
2026-03-05 01:28:36.277 61341 INFO heat.engine.environment [-] Registered: [Plugin](User:False) OS::Aodh::LBMemberHealthAlarm ->
2026-03-05 01:28:36.277 61341 INFO heat.engine.environment [-] Registered: [Plugin](User:False) OS::Aodh::CompositeAlarm ->
2026-03-05 01:28:36.277 61341 INFO heat.engine.environment [-] Registered: [Plugin](User:False) OS::Aodh::GnocchiResourcesAlarm ->
2026-03-05 01:28:36.277 61341 INFO heat.engine.environment [-] Registered: [Plugin](User:False) OS::Aodh::GnocchiAggregationByMetricsAlarm ->
2026-03-05 01:28:36.277 61341 INFO heat.engine.environment [-] Registered: [Plugin](User:False) OS::Aodh::GnocchiAggregationByResourcesAlarm ->
2026-03-05 01:28:36.277 61341 INFO heat.engine.environment [-] Registered: [Plugin](User:False) OS::Barbican::GenericContainer ->
2026-03-05 01:28:36.277 61341 INFO heat.engine.environment [-] Registered: [Plugin](User:False) OS::Barbican::CertificateContainer ->
2026-03-05 01:28:36.277 61341 INFO heat.engine.environment [-] Registered: [Plugin](User:False) OS::Barbican::RSAContainer ->
2026-03-05 01:28:36.277 61341 INFO heat.engine.environment [-] Registered: [Plugin](User:False) OS::Barbican::Order ->
2026-03-05 01:28:36.277 61341 INFO heat.engine.environment [-] Registered: [Plugin](User:False) OS::Barbican::Secret ->
2026-03-05 01:28:36.277 61341 INFO heat.engine.environment [-] Registered: [Plugin](User:False) OS::Blazar::Host ->
2026-03-05 01:28:36.277 61341 INFO heat.engine.environment [-] Registered: [Plugin](User:False) OS::Blazar::Lease ->
2026-03-05 01:28:36.278 61341 INFO heat.engine.environment [-] Registered: [Plugin](User:False) OS::Cinder::EncryptedVolumeType ->
2026-03-05 01:28:36.278 61341 INFO heat.engine.environment [-] Registered: [Plugin](User:False) OS::Cinder::QoSSpecs ->
2026-03-05 01:28:36.278 61341 INFO heat.engine.environment [-] Registered: [Plugin](User:False) OS::Cinder::QoSAssociation ->
2026-03-05 01:28:36.278 61341 INFO heat.engine.environment [-] Registered: [Plugin](User:False) OS::Cinder::Quota ->
2026-03-05 01:28:36.278 61341 INFO heat.engine.environment [-] Registered: [Plugin](User:False) OS::Cinder::Volume ->
2026-03-05 01:28:36.278 61341 INFO heat.engine.environment [-] Registered: [Plugin](User:False) OS::Cinder::VolumeAttachment ->
2026-03-05 01:28:36.278 61341 INFO heat.engine.environment [-] Registered: [Plugin](User:False) OS::Cinder::VolumeType ->
2026-03-05 01:28:36.278 61341 INFO heat.engine.environment [-] Registered: [Plugin](User:False) OS::Designate::Domain ->
2026-03-05 01:28:36.278 61341 INFO heat.engine.environment [-] Registered: [Plugin](User:False) OS::Designate::Record ->
2026-03-05 01:28:36.278 61341 INFO heat.engine.environment [-] Registered: [Plugin](User:False) OS::Designate::RecordSet ->
2026-03-05 01:28:36.278 61341 INFO heat.engine.environment [-] Registered: [Plugin](User:False) OS::Designate::Zone ->
2026-03-05 01:28:36.278 61341 INFO heat.engine.environment [-] Registered: [Plugin](User:False) OS::Glance::Image ->
2026-03-05 01:28:36.279 61341 INFO heat.engine.environment [-] Registered: [Plugin](User:False) OS::Glance::WebImage ->
2026-03-05 01:28:36.279 61341 INFO heat.engine.environment [-] Registered: [Plugin](User:False) OS::Heat::AccessPolicy ->
2026-03-05 01:28:36.279 61341 INFO heat.engine.environment [-] Registered: [Plugin](User:False) OS::Heat::AutoScalingGroup ->
2026-03-05 01:28:36.279 61341 INFO heat.engine.environment [-] Registered: [Plugin](User:False) OS::Heat::CloudConfig ->
2026-03-05 01:28:36.279 61341 INFO heat.engine.environment [-] Registered: [Plugin](User:False) OS::Heat::Delay ->
2026-03-05 01:28:36.279 61341 INFO heat.engine.environment [-] Registered: [Plugin](User:False) OS::Heat::DeployedServer ->
2026-03-05 01:28:36.279 61341 INFO heat.engine.environment [-] Registered: [Plugin](User:False) OS::Heat::HARestarter ->
2026-03-05 01:28:36.279 61341 INFO heat.engine.environment [-] Registered: [Plugin](User:False) OS::Heat::InstanceGroup ->
2026-03-05 01:28:36.279 61341 INFO heat.engine.environment [-] Registered: [Plugin](User:False) OS::Heat::MultipartMime ->
2026-03-05 01:28:36.279 61341 INFO heat.engine.environment [-] Registered: [Plugin](User:False) OS::Heat::None ->
2026-03-05 01:28:36.279 61341 INFO heat.engine.environment [-] Registered: [Plugin](User:False) OS::Heat::RandomString ->
2026-03-05 01:28:36.279 61341 INFO heat.engine.environment [-] Registered: [Plugin](User:False) OS::Heat::Stack ->
2026-03-05 01:28:36.280 61341 INFO heat.engine.environment [-] Registered: [Plugin](User:False) OS::Heat::ResourceChain ->
2026-03-05 01:28:36.280 61341 INFO heat.engine.environment [-] Registered: [Plugin](User:False) OS::Heat::ResourceGroup ->
2026-03-05 01:28:36.280 61341 INFO heat.engine.environment [-] Registered: [Plugin](User:False) OS::Heat::ScalingPolicy ->
2026-03-05 01:28:36.280 61341 INFO heat.engine.environment [-] Registered: [Plugin](User:False) OS::Heat::SoftwareComponent ->
2026-03-05 01:28:36.280 61341 INFO heat.engine.environment [-] Registered: [Plugin](User:False) OS::Heat::SoftwareConfig ->
2026-03-05 01:28:36.280 61341 INFO heat.engine.environment [-] Registered: [Plugin](User:False) OS::Heat::SoftwareDeployment ->
2026-03-05 01:28:36.280 61341 INFO heat.engine.environment [-] Registered: [Plugin](User:False) OS::Heat::SoftwareDeploymentGroup ->
2026-03-05 01:28:36.280 61341 INFO heat.engine.environment [-] Registered: [Plugin](User:False) OS::Heat::SoftwareDeployments ->
2026-03-05 01:28:36.280 61341 INFO heat.engine.environment [-] Registered: [Plugin](User:False) OS::Heat::StructuredConfig ->
2026-03-05 01:28:36.280 61341 INFO heat.engine.environment [-] Registered: [Plugin](User:False) OS::Heat::StructuredDeployment ->
2026-03-05 01:28:36.280 61341 INFO heat.engine.environment [-] Registered: [Plugin](User:False) OS::Heat::StructuredDeploymentGroup ->
2026-03-05 01:28:36.280 61341 INFO heat.engine.environment [-] Registered: [Plugin](User:False) OS::Heat::StructuredDeployments ->
2026-03-05 01:28:36.281 61341 INFO heat.engine.environment [-] Registered: [Plugin](User:False) OS::Heat::SwiftSignal ->
2026-03-05 01:28:36.281 61341 INFO heat.engine.environment [-] Registered: [Plugin](User:False) OS::Heat::SwiftSignalHandle ->
2026-03-05 01:28:36.281 61341 INFO heat.engine.environment [-] Registered: [Plugin](User:False) OS::Heat::TestResource ->
2026-03-05 01:28:36.281 61341 INFO heat.engine.environment [-] Registered: [Plugin](User:False) OS::Heat::Value ->
2026-03-05 01:28:36.281 61341 INFO heat.engine.environment [-] Registered: [Plugin](User:False) OS::Heat::WaitCondition ->
2026-03-05 01:28:36.281 61341 INFO heat.engine.environment [-] Registered: [Plugin](User:False) OS::Heat::WaitConditionHandle ->
2026-03-05 01:28:36.281 61341 INFO heat.engine.environment [-] Registered: [Plugin](User:False) OS::Heat::UpdateWaitConditionHandle ->
2026-03-05 01:28:36.281 61341 INFO heat.engine.environment [-] Registered: [Plugin](User:False) OS::Ironic::Port ->
2026-03-05 01:28:36.281 61341 INFO heat.engine.environment [-] Registered: [Plugin](User:False) OS::Keystone::Domain ->
2026-03-05 01:28:36.281 61341 INFO heat.engine.environment [-] Registered: [Plugin](User:False) OS::Keystone::Endpoint ->
2026-03-05 01:28:36.281 61341 INFO heat.engine.environment [-] Registered: [Plugin](User:False) OS::Keystone::Group ->
2026-03-05 01:28:36.281 61341 INFO heat.engine.environment [-] Registered: [Plugin](User:False) OS::Keystone::Project ->
2026-03-05 01:28:36.282 61341 INFO heat.engine.environment [-] Registered: [Plugin](User:False) OS::Keystone::Region ->
2026-03-05 01:28:36.282 61341 INFO heat.engine.environment [-] Registered: [Plugin](User:False) OS::Keystone::Role ->
2026-03-05 01:28:36.282 61341 INFO heat.engine.environment [-] Registered: [Plugin](User:False) OS::Keystone::UserRoleAssignment ->
2026-03-05 01:28:36.282 61341 INFO heat.engine.environment [-] Registered: [Plugin](User:False) OS::Keystone::GroupRoleAssignment ->
2026-03-05 01:28:36.282 61341 INFO heat.engine.environment [-] Registered: [Plugin](User:False) OS::Keystone::Service ->
2026-03-05 01:28:36.282 61341 INFO heat.engine.environment [-] Registered: [Plugin](User:False) OS::Keystone::User ->
2026-03-05 01:28:36.282 61341 INFO heat.engine.environment [-] Registered: [Plugin](User:False) OS::Magnum::Bay ->
2026-03-05 01:28:36.282 61341 INFO heat.engine.environment [-] Registered: [Plugin](User:False) OS::Magnum::BayModel ->
2026-03-05 01:28:36.282 61341 INFO heat.engine.environment [-] Registered: [Plugin](User:False) OS::Magnum::Cluster ->
2026-03-05 01:28:36.282 61341 INFO heat.engine.environment [-] Registered: [Plugin](User:False) OS::Magnum::ClusterTemplate ->
2026-03-05 01:28:36.282 61341 INFO heat.engine.environment [-] Registered: [Plugin](User:False) OS::Manila::SecurityService ->
2026-03-05 01:28:36.282 61341 INFO heat.engine.environment [-] Registered: [Plugin](User:False) OS::Manila::Share ->
2026-03-05 01:28:36.283 61341 INFO heat.engine.environment [-] Registered: [Plugin](User:False) OS::Manila::ShareNetwork ->
2026-03-05 01:28:36.283 61341 INFO heat.engine.environment [-] Registered: [Plugin](User:False) OS::Manila::ShareType ->
2026-03-05 01:28:36.283 61341 INFO heat.engine.environment [-] Registered: [Plugin](User:False) OS::Mistral::CronTrigger ->
2026-03-05 01:28:36.283 61341 INFO heat.engine.environment [-] Registered: [Plugin](User:False) OS::Mistral::ExternalResource ->
2026-03-05 01:28:36.283 61341 INFO heat.engine.environment [-] Registered: [Plugin](User:False) OS::Mistral::Workflow ->
2026-03-05 01:28:36.283 61341 INFO heat.engine.environment [-] Registered: [Plugin](User:False) OS::Monasca::AlarmDefinition ->
2026-03-05 01:28:36.283 61341 INFO heat.engine.environment [-] Registered: [Plugin](User:False) OS::Monasca::Notification ->
2026-03-05 01:28:36.283 61341 INFO heat.engine.environment [-] Registered: [Plugin](User:False) OS::Neutron::AddressScope ->
2026-03-05 01:28:36.283 61341 INFO heat.engine.environment [-] Registered: [Plugin](User:False) OS::Neutron::ExtraRoute ->
2026-03-05 01:28:36.283 61341 INFO heat.engine.environment [-] Registered: [Plugin](User:False) OS::Neutron::ExtraRouteSet ->
2026-03-05 01:28:36.283 61341 INFO heat.engine.environment [-] Registered: [Plugin](User:False) OS::Neutron::Firewall ->
2026-03-05 01:28:36.284 61341 INFO heat.engine.environment [-] Registered: [Plugin](User:False) OS::Neutron::FirewallPolicy ->
2026-03-05 01:28:36.284 61341 INFO heat.engine.environment [-] Registered: [Plugin](User:False) OS::Neutron::FirewallRule ->
2026-03-05 01:28:36.284 61341 INFO heat.engine.environment [-] Registered: [Plugin](User:False) OS::Neutron::FloatingIP ->
2026-03-05 01:28:36.284 61341 INFO heat.engine.environment [-] Registered: [Plugin](User:False) OS::Neutron::FloatingIPAssociation ->
2026-03-05 01:28:36.284 61341 INFO heat.engine.environment [-] Registered: [Plugin](User:False) OS::Neutron::L2Gateway ->
2026-03-05 01:28:36.284 61341 INFO heat.engine.environment [-] Registered: [Plugin](User:False) OS::Neutron::L2GatewayConnection ->
2026-03-05 01:28:36.284 61341 INFO heat.engine.environment [-] Registered: [Plugin](User:False) OS::Neutron::LBaaS::HealthMonitor ->
2026-03-05 01:28:36.284 61341 INFO heat.engine.environment [-] Registered: [Plugin](User:False) OS::Neutron::LBaaS::L7Policy ->
2026-03-05 01:28:36.284 61341 INFO heat.engine.environment [-] Registered: [Plugin](User:False) OS::Neutron::LBaaS::L7Rule ->
2026-03-05 01:28:36.284 61341 INFO heat.engine.environment [-] Registered: [Plugin](User:False) OS::Neutron::LBaaS::Listener ->
2026-03-05 01:28:36.284 61341 INFO heat.engine.environment [-] Registered: [Plugin](User:False) OS::Neutron::LBaaS::LoadBalancer ->
2026-03-05 01:28:36.284 61341 INFO heat.engine.environment [-] Registered: [Plugin](User:False) OS::Neutron::LBaaS::Pool ->
2026-03-05 01:28:36.285 61341 INFO heat.engine.environment [-] Registered: [Plugin](User:False) OS::Neutron::LBaaS::PoolMember ->
2026-03-05 01:28:36.285 61341 INFO heat.engine.environment [-] Registered: [Plugin](User:False) OS::Neutron::HealthMonitor ->
2026-03-05 01:28:36.285 61341 INFO heat.engine.environment [-] Registered: [Plugin](User:False) OS::Neutron::Pool ->
2026-03-05 01:28:36.285 61341 INFO heat.engine.environment [-] Registered: [Plugin](User:False) OS::Neutron::PoolMember ->
2026-03-05 01:28:36.285 61341 INFO heat.engine.environment [-] Registered: [Plugin](User:False) OS::Neutron::LoadBalancer ->
2026-03-05 01:28:36.285 61341 INFO heat.engine.environment [-] Registered: [Plugin](User:False) OS::Neutron::MeteringLabel ->
2026-03-05 01:28:36.285 61341 INFO heat.engine.environment [-] Registered: [Plugin](User:False) OS::Neutron::MeteringRule ->
2026-03-05 01:28:36.285 61341 INFO heat.engine.environment [-] Registered: [Plugin](User:False) OS::Neutron::Net ->
2026-03-05 01:28:36.285 61341 INFO heat.engine.environment [-] Registered: [Plugin](User:False) OS::Neutron::NetworkGateway ->
2026-03-05 01:28:36.285 61341 INFO heat.engine.environment [-] Registered: [Plugin](User:False) OS::Neutron::Port ->
2026-03-05 01:28:36.285 61341 INFO heat.engine.environment [-] Registered: [Plugin](User:False) OS::Neutron::ProviderNet ->
2026-03-05 01:28:36.285 61341 INFO heat.engine.environment [-] Registered: [Plugin](User:False) OS::Neutron::QoSPolicy ->
2026-03-05 01:28:36.286 61341 INFO heat.engine.environment [-] Registered: [Plugin](User:False) OS::Neutron::QoSBandwidthLimitRule ->
2026-03-05 01:28:36.286 61341 INFO heat.engine.environment [-] Registered: [Plugin](User:False) OS::Neutron::QoSDscpMarkingRule ->
2026-03-05 01:28:36.286 61341 INFO heat.engine.environment [-] Registered: [Plugin](User:False) OS::Neutron::QoSMinimumBandwidthRule ->
2026-03-05 01:28:36.286 61341 INFO heat.engine.environment [-] Registered: [Plugin](User:False) OS::Neutron::Quota ->
2026-03-05 01:28:36.286 61341 INFO heat.engine.environment [-] Registered: [Plugin](User:False) OS::Neutron::RBACPolicy ->
2026-03-05 01:28:36.286 61341 INFO heat.engine.environment [-] Registered: [Plugin](User:False) OS::Neutron::Router ->
2026-03-05 01:28:36.286 61341 INFO heat.engine.environment [-] Registered: [Plugin](User:False) OS::Neutron::RouterInterface ->
2026-03-05 01:28:36.286 61341 INFO heat.engine.environment [-] Registered: [Plugin](User:False) OS::Neutron::RouterGateway ->
2026-03-05 01:28:36.286 61341 INFO heat.engine.environment [-] Registered: [Plugin](User:False) OS::Neutron::SecurityGroup ->
2026-03-05 01:28:36.286 61341 INFO heat.engine.environment [-] Registered: [Plugin](User:False) OS::Neutron::SecurityGroupRule ->
2026-03-05 01:28:36.286 61341 INFO heat.engine.environment [-] Registered: [Plugin](User:False) OS::Neutron::Segment ->
2026-03-05 01:28:36.286 61341 INFO heat.engine.environment [-] Registered: [Plugin](User:False) OS::Neutron::FlowClassifier ->
2026-03-05 01:28:36.287 61341 INFO heat.engine.environment [-] Registered: [Plugin](User:False) OS::Neutron::PortChain ->
2026-03-05 01:28:36.287 61341 INFO heat.engine.environment [-] Registered: [Plugin](User:False) OS::Neutron::PortPair ->
2026-03-05 01:28:36.287 61341 INFO heat.engine.environment [-] Registered: [Plugin](User:False) OS::Neutron::PortPairGroup ->
2026-03-05 01:28:36.287 61341 INFO heat.engine.environment [-] Registered: [Plugin](User:False) OS::Neutron::Subnet ->
2026-03-05 01:28:36.287 61341 INFO heat.engine.environment [-] Registered: [Plugin](User:False) OS::Neutron::SubnetPool ->
2026-03-05 01:28:36.287 61341 INFO heat.engine.environment [-] Registered: [Plugin](User:False) OS::Neutron::TaaS::TapFlow ->
2026-03-05 01:28:36.287 61341 INFO heat.engine.environment [-] Registered: [Plugin](User:False) OS::Neutron::TaaS::TapService ->
2026-03-05 01:28:36.287 61341 INFO heat.engine.environment [-] Registered: [Plugin](User:False) OS::Neutron::Trunk ->
2026-03-05 01:28:36.287 61341 INFO heat.engine.environment [-] Registered: [Plugin](User:False) OS::Neutron::VPNService ->
2026-03-05 01:28:36.287 61341 INFO heat.engine.environment [-] Registered: [Plugin](User:False) OS::Neutron::IPsecSiteConnection ->
2026-03-05 01:28:36.287 61341 INFO heat.engine.environment [-] Registered: [Plugin](User:False) OS::Neutron::IKEPolicy ->
2026-03-05 01:28:36.287 61341 INFO heat.engine.environment [-] Registered: [Plugin](User:False) OS::Neutron::IPsecPolicy ->
2026-03-05 01:28:36.288 61341 INFO heat.engine.environment [-] Registered: [Plugin](User:False) OS::Nova::Flavor ->
2026-03-05 01:28:36.288 61341 INFO heat.engine.environment [-] Registered: [Plugin](User:False) OS::Nova::FloatingIP ->
2026-03-05 01:28:36.288 61341 INFO heat.engine.environment [-] Registered: [Plugin](User:False) OS::Nova::FloatingIPAssociation ->
2026-03-05 01:28:36.288 61341 INFO heat.engine.environment [-] Registered: [Plugin](User:False) OS::Nova::HostAggregate ->
2026-03-05 01:28:36.288 61341 INFO heat.engine.environment [-] Registered: [Plugin](User:False) OS::Nova::KeyPair ->
2026-03-05 01:28:36.288 61341 INFO heat.engine.environment [-] Registered: [Plugin](User:False) OS::Nova::Quota ->
2026-03-05 01:28:36.288 61341 INFO heat.engine.environment [-] Registered: [Plugin](User:False) OS::Nova::Server ->
2026-03-05 01:28:36.288 61341 INFO heat.engine.environment [-] Registered: [Plugin](User:False) OS::Nova::ServerGroup ->
2026-03-05 01:28:36.288 61341 INFO heat.engine.environment [-] Registered: [Plugin](User:False) OS::Octavia::Flavor ->
2026-03-05 01:28:36.288 61341 INFO heat.engine.environment [-] Registered: [Plugin](User:False) OS::Octavia::FlavorProfile ->
2026-03-05 01:28:36.288 61341 INFO heat.engine.environment [-] Registered: [Plugin](User:False) OS::Octavia::HealthMonitor ->
2026-03-05 01:28:36.288 61341 INFO heat.engine.environment [-] Registered: [Plugin](User:False) OS::Octavia::L7Policy ->
2026-03-05 01:28:36.289 61341 INFO heat.engine.environment [-] Registered: [Plugin](User:False) OS::Octavia::L7Rule ->
2026-03-05 01:28:36.289 61341 INFO heat.engine.environment [-] Registered: [Plugin](User:False) OS::Octavia::Listener ->
2026-03-05 01:28:36.289 61341 INFO heat.engine.environment [-] Registered: [Plugin](User:False) OS::Octavia::LoadBalancer ->
2026-03-05 01:28:36.289 61341 INFO heat.engine.environment [-] Registered: [Plugin](User:False) OS::Octavia::Pool ->
2026-03-05 01:28:36.289 61341 INFO heat.engine.environment [-] Registered: [Plugin](User:False) OS::Octavia::PoolMember ->
2026-03-05 01:28:36.289 61341 INFO heat.engine.environment [-] Registered: [Plugin](User:False) OS::Octavia::Quota ->
2026-03-05 01:28:36.289 61341 INFO heat.engine.environment [-] Registered: [Plugin](User:False) OS::Sahara::Cluster ->
2026-03-05 01:28:36.289 61341 INFO heat.engine.environment [-] Registered: [Plugin](User:False) OS::Sahara::DataSource ->
2026-03-05 01:28:36.289 61341 INFO heat.engine.environment [-] Registered: [Plugin](User:False) OS::Sahara::ImageRegistry ->
2026-03-05 01:28:36.289 61341 INFO heat.engine.environment [-] Registered: [Plugin](User:False) OS::Sahara::Job ->
2026-03-05 01:28:36.289 61341 INFO heat.engine.environment [-] Registered: [Plugin](User:False) OS::Sahara::JobBinary ->
2026-03-05 01:28:36.290 61341 INFO heat.engine.environment [-] Registered: [Plugin](User:False) OS::Sahara::NodeGroupTemplate ->
2026-03-05 01:28:36.290 61341 INFO heat.engine.environment [-] Registered: [Plugin](User:False) OS::Sahara::ClusterTemplate ->
2026-03-05 01:28:36.290 61341 INFO heat.engine.environment [-] Registered: [Plugin](User:False) OS::Senlin::Cluster ->
2026-03-05 01:28:36.290 61341 INFO heat.engine.environment [-] Registered: [Plugin](User:False) OS::Senlin::Node ->
2026-03-05 01:28:36.290 61341 INFO heat.engine.environment [-] Registered: [Plugin](User:False) OS::Senlin::Policy ->
2026-03-05 01:28:36.290 61341 INFO heat.engine.environment [-] Registered: [Plugin](User:False) OS::Senlin::Profile ->
2026-03-05 01:28:36.290 61341 INFO heat.engine.environment [-] Registered: [Plugin](User:False) OS::Senlin::Receiver ->
2026-03-05 01:28:36.290 61341 INFO heat.engine.environment [-] Registered: [Plugin](User:False) OS::Swift::Container ->
2026-03-05 01:28:36.290 61341 INFO heat.engine.environment [-] Registered: [Plugin](User:False) OS::Trove::Cluster ->
2026-03-05 01:28:36.290 61341 INFO heat.engine.environment [-] Registered: [Plugin](User:False) OS::Trove::Instance ->
2026-03-05 01:28:36.290 61341 INFO heat.engine.environment [-] Registered: [Plugin](User:False) OS::Vitrage::Template ->
2026-03-05 01:28:36.290 61341 INFO heat.engine.environment [-] Registered: [Plugin](User:False) OS::Zaqar::Queue ->
2026-03-05 01:28:36.290 61341 INFO heat.engine.environment [-] Registered: [Plugin](User:False) OS::Zaqar::SignedQueueURL ->
2026-03-05 01:28:36.291 61341 INFO heat.engine.environment [-] Registered: [Plugin](User:False) OS::Zaqar::Subscription ->
2026-03-05 01:28:36.291 61341 INFO heat.engine.environment [-] Registered: [Plugin](User:False) OS::Zaqar::MistralTrigger ->
2026-03-05 01:28:36.291 61341 INFO heat.engine.environment [-] Registered: [Wildcard Mapping](User:False) OS::Quantum* -> OS::Neutron*
2026-03-05 01:28:36.291 61341 INFO heat.engine.environment [-] Registered: [Template](User:False) AWS::CloudWatch::Alarm -> file:///etc/heat/templates/AWS_CloudWatch_Alarm.yaml
2026-03-05 01:28:36.291 61341 INFO heat.engine.environment [-] Registered: [Mapping](User:False) OS::Metering::Alarm -> OS::Aodh::Alarm
2026-03-05 01:28:36.291 61341 INFO heat.engine.environment [-] Registered: [Template](User:False) AWS::RDS::DBInstance -> file:///etc/heat/templates/AWS_RDS_DBInstance.yaml
2026-03-05 01:28:36.291 61341 INFO heat.engine.environment [-] Registered: [Mapping](User:False) OS::Ceilometer::Alarm -> OS::Aodh::Alarm
2026-03-05 01:28:36.291 61341 INFO heat.engine.environment [-] Registered: [Mapping](User:False) OS::Ceilometer::GnocchiResourcesAlarm -> OS::Aodh::GnocchiResourcesAlarm
2026-03-05 01:28:36.291 61341 INFO heat.engine.environment [-] Registered: [Mapping](User:False) OS::Ceilometer::GnocchiAggregationByMetricsAlarm -> OS::Aodh::GnocchiAggregationByMetricsAlarm
2026-03-05 01:28:36.291 61341 INFO heat.engine.environment [-] Registered: [Mapping](User:False) OS::Ceilometer::GnocchiAggregationByResourcesAlarm -> OS::Aodh::GnocchiAggregationByResourcesAlarm
2026-03-05 01:28:36.291 61341 INFO heat.engine.environment [-] Registered: [Mapping](User:False) OS::Ceilometer::CombinationAlarm -> OS::Aodh::CombinationAlarm
