2026-03-05 00:26:04.402 34430 DEBUG oslo_service.service [-] oslo_messaging_rabbit.rabbit_qos_prefetch_count = 0 log_opt_values /usr/lib/python3/dist-packages/oslo_config/cfg.py:2609
2026-03-05 00:26:04.411 34430 DEBUG oslo_service.service [-] oslo_messaging_rabbit.rabbit_quorum_queue = False log_opt_values /usr/lib/python3/dist-packages/oslo_config/cfg.py:2609
2026-03-05 00:26:04.412 34430 DEBUG oslo_service.service [-] oslo_messaging_rabbit.rabbit_retry_backoff = 2 log_opt_values /usr/lib/python3/dist-packages/oslo_config/cfg.py:2609
2026-03-05 00:26:04.412 34430 DEBUG oslo_service.service [-] oslo_messaging_rabbit.rabbit_retry_interval = 1 log_opt_values /usr/lib/python3/dist-packages/oslo_config/cfg.py:2609
2026-03-05 00:26:04.412 34430 DEBUG oslo_service.service [-] oslo_messaging_rabbit.rabbit_transient_queues_ttl = 1800 log_opt_values /usr/lib/python3/dist-packages/oslo_config/cfg.py:2609
2026-03-05 00:26:04.412 34430 DEBUG oslo_service.service [-] oslo_messaging_rabbit.rpc_conn_pool_size = 30 log_opt_values /usr/lib/python3/dist-packages/oslo_config/cfg.py:2609
2026-03-05 00:26:04.412 34430 DEBUG oslo_service.service [-] oslo_messaging_rabbit.ssl = False log_opt_values /usr/lib/python3/dist-packages/oslo_config/cfg.py:2609
2026-03-05 00:26:04.422 34430 DEBUG oslo_service.service [-] oslo_messaging_rabbit.ssl_ca_file = log_opt_values /usr/lib/python3/dist-packages/oslo_config/cfg.py:2609
2026-03-05 00:26:04.423 34430 DEBUG oslo_service.service [-] oslo_messaging_rabbit.ssl_cert_file = log_opt_values /usr/lib/python3/dist-packages/oslo_config/cfg.py:2609
2026-03-05 00:26:04.423 34430 DEBUG oslo_service.service [-] oslo_messaging_rabbit.ssl_key_file = log_opt_values /usr/lib/python3/dist-packages/oslo_config/cfg.py:2609
2026-03-05 00:26:04.423 34430 DEBUG oslo_service.service [-] oslo_messaging_rabbit.ssl_version = log_opt_values /usr/lib/python3/dist-packages/oslo_config/cfg.py:2609
2026-03-05 00:26:04.423 34430 DEBUG oslo_service.service [-] oslo_messaging_notifications.driver = [] log_opt_values /usr/lib/python3/dist-packages/oslo_config/cfg.py:2609
2026-03-05 00:26:04.423 34430 DEBUG oslo_service.service [-] oslo_messaging_notifications.retry = -1 log_opt_values /usr/lib/python3/dist-packages/oslo_config/cfg.py:2609
2026-03-05 00:26:04.423 34430 DEBUG oslo_service.service [-] oslo_messaging_notifications.topics = ['notifications'] log_opt_values /usr/lib/python3/dist-packages/oslo_config/cfg.py:2609
2026-03-05 00:26:04.423 34430 DEBUG oslo_service.service [-] oslo_messaging_notifications.transport_url = **** log_opt_values /usr/lib/python3/dist-packages/oslo_config/cfg.py:2609
2026-03-05 00:26:04.424 34430 DEBUG oslo_service.service [-] cache.backend = dogpile.cache.null log_opt_values /usr/lib/python3/dist-packages/oslo_config/cfg.py:2609
2026-03-05 00:26:04.424 34430 DEBUG oslo_service.service [-] cache.backend_argument = **** log_opt_values /usr/lib/python3/dist-packages/oslo_config/cfg.py:2609
2026-03-05 00:26:04.424 34430 DEBUG oslo_service.service [-] cache.config_prefix = cache.oslo log_opt_values /usr/lib/python3/dist-packages/oslo_config/cfg.py:2609
2026-03-05 00:26:04.424 34430 DEBUG oslo_service.service [-] cache.debug_cache_backend = False log_opt_values /usr/lib/python3/dist-packages/oslo_config/cfg.py:2609
2026-03-05 00:26:04.424 34430 DEBUG oslo_service.service [-] cache.enabled = False log_opt_values /usr/lib/python3/dist-packages/oslo_config/cfg.py:2609
2026-03-05 00:26:04.424 34430 DEBUG oslo_service.service [-] cache.expiration_time = 600 log_opt_values /usr/lib/python3/dist-packages/oslo_config/cfg.py:2609
2026-03-05 00:26:04.424 34430 DEBUG oslo_service.service [-] cache.memcache_dead_retry = 300 log_opt_values /usr/lib/python3/dist-packages/oslo_config/cfg.py:2609
2026-03-05 00:26:04.424 34430 DEBUG oslo_service.service [-] cache.memcache_pool_connection_get_timeout = 10 log_opt_values /usr/lib/python3/dist-packages/oslo_config/cfg.py:2609
2026-03-05 00:26:04.424 34430 DEBUG oslo_service.service [-] cache.memcache_pool_flush_on_reconnect = False log_opt_values /usr/lib/python3/dist-packages/oslo_config/cfg.py:2609
2026-03-05 00:26:04.425 34430 DEBUG oslo_service.service [-] cache.memcache_pool_maxsize = 10 log_opt_values /usr/lib/python3/dist-packages/oslo_config/cfg.py:2609
2026-03-05 00:26:04.425 34430 DEBUG oslo_service.service [-] cache.memcache_pool_unused_timeout = 60 log_opt_values /usr/lib/python3/dist-packages/oslo_config/cfg.py:2609
2026-03-05 00:26:04.425 34430 DEBUG oslo_service.service [-] cache.memcache_servers = ['localhost:11211'] log_opt_values /usr/lib/python3/dist-packages/oslo_config/cfg.py:2609
2026-03-05 00:26:04.443 34640 INFO heat.engine.worker [-] Starting engine_worker (1.4) in engine 22e851e4-26a4-4481-bed0-4ac30808215f.
2026-03-05 00:26:04.442 34430 DEBUG oslo_service.service [-] cache.memcache_socket_timeout = 1.0 log_opt_values /usr/lib/python3/dist-packages/oslo_config/cfg.py:2609
2026-03-05 00:26:04.444 34430 DEBUG oslo_service.service [-] cache.proxies = [] log_opt_values /usr/lib/python3/dist-packages/oslo_config/cfg.py:2609
2026-03-05 00:26:04.444 34430 DEBUG oslo_service.service [-] cache.tls_allowed_ciphers = None log_opt_values /usr/lib/python3/dist-packages/oslo_config/cfg.py:2609
2026-03-05 00:26:04.444 34430 DEBUG oslo_service.service [-] cache.tls_cafile = None log_opt_values /usr/lib/python3/dist-packages/oslo_config/cfg.py:2609
2026-03-05 00:26:04.444 34430 DEBUG oslo_service.service [-] cache.tls_certfile = None log_opt_values /usr/lib/python3/dist-packages/oslo_config/cfg.py:2609
2026-03-05 00:26:04.444 34430 DEBUG oslo_service.service [-] cache.tls_enabled = False log_opt_values /usr/lib/python3/dist-packages/oslo_config/cfg.py:2609
2026-03-05 00:26:04.444 34430 DEBUG oslo_service.service [-] cache.tls_keyfile = None log_opt_values /usr/lib/python3/dist-packages/oslo_config/cfg.py:2609
2026-03-05 00:26:04.450 34430 DEBUG oslo_service.service [-] constraint_validation_cache.caching = True log_opt_values /usr/lib/python3/dist-packages/oslo_config/cfg.py:2609
2026-03-05 00:26:04.452 34430 DEBUG oslo_service.service [-] constraint_validation_cache.expiration_time = 60 log_opt_values /usr/lib/python3/dist-packages/oslo_config/cfg.py:2609
2026-03-05 00:26:04.455 34430 DEBUG oslo_service.service [-] service_extension_cache.caching = True log_opt_values /usr/lib/python3/dist-packages/oslo_config/cfg.py:2609
2026-03-05 00:26:04.456 34430 DEBUG oslo_service.service [-] service_extension_cache.expiration_time = 3600 log_opt_values /usr/lib/python3/dist-packages/oslo_config/cfg.py:2609
2026-03-05 00:26:04.456 34430 DEBUG oslo_service.service [-] resource_finder_cache.caching = True log_opt_values /usr/lib/python3/dist-packages/oslo_config/cfg.py:2609
2026-03-05 00:26:04.456 34430 DEBUG oslo_service.service [-] resource_finder_cache.expiration_time = 3600 log_opt_values /usr/lib/python3/dist-packages/oslo_config/cfg.py:2609
2026-03-05 00:26:04.456 34430 DEBUG oslo_service.service [-] yaql.limit_iterators = 200 log_opt_values /usr/lib/python3/dist-packages/oslo_config/cfg.py:2609
2026-03-05 00:26:04.456 34430 DEBUG oslo_service.service [-] yaql.memory_quota = 10000 log_opt_values /usr/lib/python3/dist-packages/oslo_config/cfg.py:2609
2026-03-05 00:26:04.456 34430 DEBUG oslo_service.service [-] ******************************************************************************** log_opt_values /usr/lib/python3/dist-packages/oslo_config/cfg.py:2613
2026-03-05 00:26:04.602 34639 DEBUG oslo_db.sqlalchemy.engines [req-6ed8401a-3b14-4244-822f-03678158b807 - - - - -] MySQL server mode set to STRICT_TRANS_TABLES,STRICT_ALL_TABLES,NO_ZERO_IN_DATE,NO_ZERO_DATE,ERROR_FOR_DIVISION_BY_ZERO,TRADITIONAL,NO_ENGINE_SUBSTITUTION _check_effective_sql_mode /usr/lib/python3/dist-packages/oslo_db/sqlalchemy/engines.py:314
2026-03-05 00:26:04.612 34635 DEBUG oslo_db.sqlalchemy.engines [req-e29718bc-89f5-46b4-a0b0-68580810c5bf - - - - -] MySQL server mode set to STRICT_TRANS_TABLES,STRICT_ALL_TABLES,NO_ZERO_IN_DATE,NO_ZERO_DATE,ERROR_FOR_DIVISION_BY_ZERO,TRADITIONAL,NO_ENGINE_SUBSTITUTION _check_effective_sql_mode /usr/lib/python3/dist-packages/oslo_db/sqlalchemy/engines.py:314
2026-03-05 00:26:04.721 34638 DEBUG oslo_db.sqlalchemy.engines [req-c80b455a-55b2-4fd5-8e27-72b35e9a45e7 - - - - -] MySQL server mode set to STRICT_TRANS_TABLES,STRICT_ALL_TABLES,NO_ZERO_IN_DATE,NO_ZERO_DATE,ERROR_FOR_DIVISION_BY_ZERO,TRADITIONAL,NO_ENGINE_SUBSTITUTION _check_effective_sql_mode /usr/lib/python3/dist-packages/oslo_db/sqlalchemy/engines.py:314
2026-03-05 00:26:04.763 34639 DEBUG heat.engine.service [req-10aff062-72a3-4cea-8ea4-ff32513404f2 - - - - -] Service 9ef677bb-ae73-48d1-8d8c-9101d2fb3bbf is started service_manage_report /usr/lib/python3/dist-packages/heat/engine/service.py:2363
2026-03-05 00:26:04.836 34640 DEBUG oslo_db.sqlalchemy.engines [req-4528f750-1b82-4702-b9e7-0e42c5e25e4d - - - - -] MySQL server mode set to STRICT_TRANS_TABLES,STRICT_ALL_TABLES,NO_ZERO_IN_DATE,NO_ZERO_DATE,ERROR_FOR_DIVISION_BY_ZERO,TRADITIONAL,NO_ENGINE_SUBSTITUTION _check_effective_sql_mode /usr/lib/python3/dist-packages/oslo_db/sqlalchemy/engines.py:314
2026-03-05 00:26:04.838 34639 DEBUG heat.engine.service [req-10aff062-72a3-4cea-8ea4-ff32513404f2 - - - - -] Service 9ef677bb-ae73-48d1-8d8c-9101d2fb3bbf is updated service_manage_report /usr/lib/python3/dist-packages/heat/engine/service.py:2370
2026-03-05 00:26:04.863 34635 DEBUG heat.engine.service [req-e032bc0f-37e6-4f3c-a504-e811d86fe120 - - - - -] Service b245c63e-ebc4-476d-bd96-04b2ef1d5838 is started service_manage_report /usr/lib/python3/dist-packages/heat/engine/service.py:2363
2026-03-05 00:26:04.895 34635 DEBUG heat.engine.service [req-e032bc0f-37e6-4f3c-a504-e811d86fe120 - - - - -] Service b245c63e-ebc4-476d-bd96-04b2ef1d5838 is updated service_manage_report /usr/lib/python3/dist-packages/heat/engine/service.py:2370
2026-03-05 00:26:05.061 34638 DEBUG heat.engine.service [req-594f8c19-5e86-4a12-bcfc-db1193db816f - - - - -] Service 75530a20-533b-4331-b006-525feb859c66 is started service_manage_report /usr/lib/python3/dist-packages/heat/engine/service.py:2363
2026-03-05 00:26:05.093 34638 DEBUG heat.engine.service [req-594f8c19-5e86-4a12-bcfc-db1193db816f - - - - -] Service 75530a20-533b-4331-b006-525feb859c66 is updated service_manage_report /usr/lib/python3/dist-packages/heat/engine/service.py:2370
2026-03-05 00:26:05.104 34640 DEBUG heat.engine.service [req-12a83e75-bb9a-473b-91e7-c347c3320be7 - - - - -] Service 29d3c090-78ae-4e64-8fab-c73b5fa182a8 is started service_manage_report /usr/lib/python3/dist-packages/heat/engine/service.py:2363
2026-03-05 00:26:05.143 34640 DEBUG heat.engine.service [req-12a83e75-bb9a-473b-91e7-c347c3320be7 - - - - -] Service 29d3c090-78ae-4e64-8fab-c73b5fa182a8 is updated service_manage_report /usr/lib/python3/dist-packages/heat/engine/service.py:2370
2026-03-05 00:27:04.732 34639 DEBUG heat.engine.service [req-96e6308b-1137-4470-99c2-f122562329ed - - - - -] Service 9ef677bb-ae73-48d1-8d8c-9101d2fb3bbf is updated service_manage_report /usr/lib/python3/dist-packages/heat/engine/service.py:2370
2026-03-05 00:27:04.807 34635 DEBUG heat.engine.service [req-82d29c04-f777-4754-8dee-3db70fc6f811 - - - - -] Service b245c63e-ebc4-476d-bd96-04b2ef1d5838 is updated service_manage_report /usr/lib/python3/dist-packages/heat/engine/service.py:2370
2026-03-05 00:27:05.032 34638 DEBUG heat.engine.service [req-f38728f6-85c1-47cf-8ce0-a7729d5ec1f8 - - - - -] Service 75530a20-533b-4331-b006-525feb859c66 is updated service_manage_report /usr/lib/python3/dist-packages/heat/engine/service.py:2370
2026-03-05 00:27:05.046 34640 DEBUG heat.engine.service [req-3057834f-ed28-4163-b2c2-9c46daeb11aa - - - - -] Service 29d3c090-78ae-4e64-8fab-c73b5fa182a8 is updated service_manage_report /usr/lib/python3/dist-packages/heat/engine/service.py:2370
2026-03-05 00:28:04.738 34639 DEBUG heat.engine.service [req-9cc91156-eaa6-4149-b3b6-6f11c810e2e2 - - - - -] Service 9ef677bb-ae73-48d1-8d8c-9101d2fb3bbf is updated service_manage_report /usr/lib/python3/dist-packages/heat/engine/service.py:2370
2026-03-05 00:28:04.810 34635 DEBUG heat.engine.service [req-0032c21d-db70-4c1b-a0f1-e524402ed0db - - - - -] Service b245c63e-ebc4-476d-bd96-04b2ef1d5838 is updated service_manage_report /usr/lib/python3/dist-packages/heat/engine/service.py:2370
2026-03-05 00:28:05.030 34638 DEBUG heat.engine.service [req-7aab4f9b-46a7-4634-8cbb-4214b34a8806 - - - - -] Service 75530a20-533b-4331-b006-525feb859c66 is updated service_manage_report /usr/lib/python3/dist-packages/heat/engine/service.py:2370
2026-03-05 00:28:05.053 34640 DEBUG heat.engine.service [req-2e9ae78c-1c6a-4de6-99f1-3a971a0bfc6f - - - - -] Service 29d3c090-78ae-4e64-8fab-c73b5fa182a8 is updated service_manage_report /usr/lib/python3/dist-packages/heat/engine/service.py:2370
2026-03-05 00:29:04.746 34639 DEBUG heat.engine.service [req-058416f0-5f34-44c7-afed-70f0bc02ce0d - - - - -] Service 9ef677bb-ae73-48d1-8d8c-9101d2fb3bbf is updated service_manage_report /usr/lib/python3/dist-packages/heat/engine/service.py:2370
2026-03-05 00:29:04.813 34635 DEBUG heat.engine.service [req-0c4a3a1e-cdb1-4337-b558-4bdf1a800a29 - - - - -] Service b245c63e-ebc4-476d-bd96-04b2ef1d5838 is updated service_manage_report /usr/lib/python3/dist-packages/heat/engine/service.py:2370
2026-03-05 00:29:05.025 34638 DEBUG heat.engine.service [req-206c480c-204d-449e-8714-2d51fb824174 - - - - -] Service 75530a20-533b-4331-b006-525feb859c66 is updated service_manage_report /usr/lib/python3/dist-packages/heat/engine/service.py:2370
2026-03-05 00:29:05.048 34640 DEBUG heat.engine.service [req-be25858e-3094-4053-bc27-da359d58dccd - - - - -] Service 29d3c090-78ae-4e64-8fab-c73b5fa182a8 is updated service_manage_report /usr/lib/python3/dist-packages/heat/engine/service.py:2370
2026-03-05 00:30:04.756 34639 DEBUG heat.engine.service [req-1860167f-267a-49e8-b606-17382bb81cc4 - - - - -] Service 9ef677bb-ae73-48d1-8d8c-9101d2fb3bbf is updated service_manage_report /usr/lib/python3/dist-packages/heat/engine/service.py:2370
2026-03-05 00:30:04.828 34635 DEBUG heat.engine.service [req-b4bcd202-1ffe-400e-a76a-d96d294488ec - - - - -] Service b245c63e-ebc4-476d-bd96-04b2ef1d5838 is updated service_manage_report /usr/lib/python3/dist-packages/heat/engine/service.py:2370
2026-03-05 00:30:05.042 34638 DEBUG heat.engine.service [req-c19c4568-2ee0-4021-8779-3cd6255b7ce5 - - - - -] Service 75530a20-533b-4331-b006-525feb859c66 is updated service_manage_report /usr/lib/python3/dist-packages/heat/engine/service.py:2370
2026-03-05 00:30:05.063 34640 DEBUG heat.engine.service [req-32bebae2-31a8-4a96-b41c-ede3f6748cad - - - - -] Service 29d3c090-78ae-4e64-8fab-c73b5fa182a8 is updated service_manage_report /usr/lib/python3/dist-packages/heat/engine/service.py:2370
2026-03-05 00:31:04.744 34639 DEBUG heat.engine.service [req-0ee036a0-03a2-4bdb-82f5-2e9e7f16fac4 - - - - -] Service 9ef677bb-ae73-48d1-8d8c-9101d2fb3bbf is updated service_manage_report /usr/lib/python3/dist-packages/heat/engine/service.py:2370
2026-03-05 00:31:04.823 34635 DEBUG heat.engine.service [req-02e1721f-9f44-4723-b0ce-d036d9a08e57 - - - - -] Service b245c63e-ebc4-476d-bd96-04b2ef1d5838 is updated service_manage_report /usr/lib/python3/dist-packages/heat/engine/service.py:2370
2026-03-05 00:31:05.028 34638 DEBUG heat.engine.service [req-ef17f788-9a0c-4ed7-83f0-a43098ca10a3 - - - - -] Service 75530a20-533b-4331-b006-525feb859c66 is updated service_manage_report /usr/lib/python3/dist-packages/heat/engine/service.py:2370
2026-03-05 00:31:05.062 34640 DEBUG heat.engine.service [req-320d6bf6-24fa-4624-8d4b-f1d30eca4492 - - - - -] Service 29d3c090-78ae-4e64-8fab-c73b5fa182a8 is updated service_manage_report /usr/lib/python3/dist-packages/heat/engine/service.py:2370
2026-03-05 00:32:04.803 34639 DEBUG heat.engine.service [req-db9e33a8-805a-47d9-9ba3-5bcaea81eac1 - - - - -] Service 9ef677bb-ae73-48d1-8d8c-9101d2fb3bbf is updated service_manage_report /usr/lib/python3/dist-packages/heat/engine/service.py:2370
2026-03-05 00:32:04.840 34635 DEBUG heat.engine.service [req-62c55a2b-213b-4cac-9a51-402024b7e0f6 - - - - -] Service b245c63e-ebc4-476d-bd96-04b2ef1d5838 is updated service_manage_report /usr/lib/python3/dist-packages/heat/engine/service.py:2370
2026-03-05 00:32:05.072 34638 DEBUG heat.engine.service [req-caa4adb8-3586-4f3c-a6f8-9478397fb7dc - - - - -] Service 75530a20-533b-4331-b006-525feb859c66 is updated service_manage_report /usr/lib/python3/dist-packages/heat/engine/service.py:2370
2026-03-05 00:32:05.074 34640 DEBUG heat.engine.service [req-aa932443-0aad-4fc5-96de-d22d54433afb - - - - -] Service 29d3c090-78ae-4e64-8fab-c73b5fa182a8 is updated service_manage_report /usr/lib/python3/dist-packages/heat/engine/service.py:2370
2026-03-05 00:33:04.736 34639 DEBUG heat.engine.service [req-92ae4b40-02d3-49ae-acc0-b1b298726fe5 - - - - -] Service 9ef677bb-ae73-48d1-8d8c-9101d2fb3bbf is updated service_manage_report /usr/lib/python3/dist-packages/heat/engine/service.py:2370
2026-03-05 00:33:04.824 34635 DEBUG heat.engine.service [req-71405cde-70ca-4c5f-8419-2d9610a1527e - - - - -] Service b245c63e-ebc4-476d-bd96-04b2ef1d5838 is updated service_manage_report /usr/lib/python3/dist-packages/heat/engine/service.py:2370
2026-03-05 00:33:05.040 34638 DEBUG heat.engine.service [req-7f6b1d4b-1717-42c3-8d93-0913df5db546 - - - - -] Service 75530a20-533b-4331-b006-525feb859c66 is updated service_manage_report /usr/lib/python3/dist-packages/heat/engine/service.py:2370
2026-03-05 00:33:05.052 34640 DEBUG heat.engine.service [req-c7eb9432-4d0b-47fa-babb-41fba21249e1 - - - - -] Service 29d3c090-78ae-4e64-8fab-c73b5fa182a8 is updated service_manage_report /usr/lib/python3/dist-packages/heat/engine/service.py:2370
2026-03-05 00:34:04.742 34639 DEBUG heat.engine.service [req-53233a62-b970-4455-9149-3739ed1d913a - - - - -] Service 9ef677bb-ae73-48d1-8d8c-9101d2fb3bbf is updated service_manage_report /usr/lib/python3/dist-packages/heat/engine/service.py:2370
2026-03-05 00:34:04.828 34635 DEBUG heat.engine.service [req-2104bcac-8474-4ad1-ab2b-b92b080a7e70 - - - - -] Service b245c63e-ebc4-476d-bd96-04b2ef1d5838 is updated service_manage_report /usr/lib/python3/dist-packages/heat/engine/service.py:2370
2026-03-05 00:34:05.040 34638 DEBUG heat.engine.service [req-e2d7ffa3-76a6-4f98-bc64-84634fe05868 - - - - -] Service 75530a20-533b-4331-b006-525feb859c66 is updated service_manage_report /usr/lib/python3/dist-packages/heat/engine/service.py:2370
2026-03-05 00:34:05.045 34640 DEBUG heat.engine.service [req-698891bd-3562-4cac-a5b8-80049d10fabb - - - - -] Service 29d3c090-78ae-4e64-8fab-c73b5fa182a8 is updated service_manage_report /usr/lib/python3/dist-packages/heat/engine/service.py:2370
2026-03-05 00:35:04.748 34639 DEBUG heat.engine.service [req-acc815a5-b61a-48a6-822b-848e6e01bfcd - - - - -] Service 9ef677bb-ae73-48d1-8d8c-9101d2fb3bbf is updated service_manage_report /usr/lib/python3/dist-packages/heat/engine/service.py:2370
2026-03-05 00:35:04.835 34635 DEBUG heat.engine.service [req-9a70839c-d099-4e2c-92ca-82d333a6540b - - - - -] Service b245c63e-ebc4-476d-bd96-04b2ef1d5838 is updated service_manage_report /usr/lib/python3/dist-packages/heat/engine/service.py:2370
2026-03-05 00:35:05.034 34638 DEBUG heat.engine.service [req-8aaefb84-26cd-4f5f-99b6-0cb81e339c82 - - - - -] Service 75530a20-533b-4331-b006-525feb859c66 is updated service_manage_report /usr/lib/python3/dist-packages/heat/engine/service.py:2370
2026-03-05 00:35:05.049 34640 DEBUG heat.engine.service [req-1634ae37-e76b-43a5-89bd-4d964372e095 - - - - -] Service 29d3c090-78ae-4e64-8fab-c73b5fa182a8 is updated service_manage_report /usr/lib/python3/dist-packages/heat/engine/service.py:2370
2026-03-05 00:36:04.744 34639 DEBUG heat.engine.service [req-77d906bd-2044-4c3e-b287-f1a2b43e0388 - - - - -] Service 9ef677bb-ae73-48d1-8d8c-9101d2fb3bbf is updated service_manage_report /usr/lib/python3/dist-packages/heat/engine/service.py:2370
2026-03-05 00:36:04.829 34635 DEBUG heat.engine.service [req-7832e4b0-5baa-4043-abd1-5031b15f2f1b - - - - -] Service b245c63e-ebc4-476d-bd96-04b2ef1d5838 is updated service_manage_report /usr/lib/python3/dist-packages/heat/engine/service.py:2370
2026-03-05 00:36:05.038 34638 DEBUG heat.engine.service [req-9c5ffae5-81e1-4937-bbe1-fbc40e53108c - - - - -] Service 75530a20-533b-4331-b006-525feb859c66 is updated service_manage_report /usr/lib/python3/dist-packages/heat/engine/service.py:2370
2026-03-05 00:36:05.052 34640 DEBUG heat.engine.service [req-cd790267-d5ff-4861-ab02-55fd5bf8e7a9 - - - - -] Service 29d3c090-78ae-4e64-8fab-c73b5fa182a8 is updated service_manage_report /usr/lib/python3/dist-packages/heat/engine/service.py:2370
2026-03-05 00:37:04.740 34639 DEBUG heat.engine.service [req-f9a80f7e-68fc-47bd-9e8c-6a69e6320eb7 - - - - -] Service 9ef677bb-ae73-48d1-8d8c-9101d2fb3bbf is updated service_manage_report /usr/lib/python3/dist-packages/heat/engine/service.py:2370
2026-03-05 00:37:04.832 34635 DEBUG heat.engine.service [req-cecbd407-5718-4773-983f-4d3861ca6b0a - - - - -] Service b245c63e-ebc4-476d-bd96-04b2ef1d5838 is updated service_manage_report /usr/lib/python3/dist-packages/heat/engine/service.py:2370
2026-03-05 00:37:05.042 34638 DEBUG heat.engine.service [req-e06c7ac3-ed14-4126-9861-7dc852af45f4 - - - - -] Service 75530a20-533b-4331-b006-525feb859c66 is updated service_manage_report /usr/lib/python3/dist-packages/heat/engine/service.py:2370
2026-03-05 00:37:05.058 34640 DEBUG heat.engine.service [req-ad5c066d-ed38-4e08-aa9d-d81b24424e41 - - - - -] Service 29d3c090-78ae-4e64-8fab-c73b5fa182a8 is updated service_manage_report /usr/lib/python3/dist-packages/heat/engine/service.py:2370
2026-03-05 00:38:04.763 34639 DEBUG heat.engine.service [req-84553c2c-a604-4e2c-822b-afec4c9d208c - - - - -] Service 9ef677bb-ae73-48d1-8d8c-9101d2fb3bbf is updated service_manage_report /usr/lib/python3/dist-packages/heat/engine/service.py:2370
2026-03-05 00:38:04.846 34635 DEBUG heat.engine.service [req-2770480b-d5bb-4f7b-9fb3-692af8992c64 - - - - -] Service b245c63e-ebc4-476d-bd96-04b2ef1d5838 is updated service_manage_report /usr/lib/python3/dist-packages/heat/engine/service.py:2370
2026-03-05 00:38:05.048 34638 DEBUG heat.engine.service [req-1994d754-e231-4035-a478-1debbaa05489 - - - - -] Service 75530a20-533b-4331-b006-525feb859c66 is updated service_manage_report /usr/lib/python3/dist-packages/heat/engine/service.py:2370
2026-03-05 00:38:05.057 34640 DEBUG heat.engine.service [req-320bdaa7-8a4a-40d5-970e-366f0204d21b - - - - -] Service 29d3c090-78ae-4e64-8fab-c73b5fa182a8 is updated service_manage_report /usr/lib/python3/dist-packages/heat/engine/service.py:2370
2026-03-05 00:38:22.319 34638 DEBUG heat.engine.service [-] Attempting to stop engine service... _stop_rpc_server /usr/lib/python3/dist-packages/heat/engine/service.py:437
2026-03-05 00:38:22.320 34635 DEBUG heat.engine.service [-] Attempting to stop engine service... _stop_rpc_server /usr/lib/python3/dist-packages/heat/engine/service.py:437
2026-03-05 00:38:22.321 34639 DEBUG heat.engine.service [-] Attempting to stop engine service... _stop_rpc_server /usr/lib/python3/dist-packages/heat/engine/service.py:437
2026-03-05 00:38:22.321 34640 DEBUG heat.engine.service [-] Attempting to stop engine service... _stop_rpc_server /usr/lib/python3/dist-packages/heat/engine/service.py:437
2026-03-05 00:38:22.322 34430 INFO oslo_service.service [-] Caught SIGTERM, stopping children
2026-03-05 00:38:22.323 34430 DEBUG oslo_concurrency.lockutils [-] Acquired lock "singleton_lock" lock /usr/lib/python3/dist-packages/oslo_concurrency/lockutils.py:294
2026-03-05 00:38:22.323 34430 DEBUG oslo_concurrency.lockutils [-] Releasing lock "singleton_lock" lock /usr/lib/python3/dist-packages/oslo_concurrency/lockutils.py:312
2026-03-05 00:38:22.323 34430 DEBUG oslo_service.service [-] Stop services. stop /usr/lib/python3/dist-packages/oslo_service/service.py:695
2026-03-05 00:38:22.323 34430 INFO heat.engine.service [-] All threads were gone, terminating engine
2026-03-05 00:38:22.323 34430 DEBUG oslo_service.service [-] Killing children. stop /usr/lib/python3/dist-packages/oslo_service/service.py:700
2026-03-05 00:38:22.337 34430 INFO oslo_service.service [-] Waiting on 4 children to exit
2026-03-05 00:38:22.338 34430 INFO oslo_service.service [-] Child 34635 killed by signal 15
2026-03-05 00:38:22.339 34430 INFO oslo_service.service [-] Child 34638 killed by signal 15
2026-03-05 00:38:22.340 34430 INFO oslo_service.service [-] Child 34639 killed by signal 15
2026-03-05 00:38:22.345 34430 INFO oslo_service.service [-] Child 34640 killed by signal 15
2026-03-05 00:38:24.534 41142 DEBUG oslo_concurrency.lockutils [-] Lock "context-manager" acquired by "neutron_lib.db.api._create_context_manager" :: waited 0.000s inner /usr/lib/python3/dist-packages/oslo_concurrency/lockutils.py:386
2026-03-05 00:38:24.535 41142 DEBUG oslo_concurrency.lockutils [-] Lock "context-manager" "released" by "neutron_lib.db.api._create_context_manager" :: held 0.001s inner /usr/lib/python3/dist-packages/oslo_concurrency/lockutils.py:400
2026-03-05 00:38:24.782 41142 WARNING heat.engine.environment [-] OS::Aodh::Alarm is DEPRECATED. Theshold alarm relies on ceilometer-api and has been deprecated in aodh since Ocata. Use OS::Aodh::GnocchiAggregationByResourcesAlarm instead.
2026-03-05 00:38:24.782 41142 WARNING heat.engine.environment [-] OS::Aodh::CombinationAlarm is HIDDEN. OS::Aodh::CombinationAlarm is deprecated and has been removed from Aodh, use OS::Aodh::CompositeAlarm instead.
2026-03-05 00:38:24.783 41142 WARNING heat.engine.environment [-] OS::Designate::Domain is HIDDEN. This resource has been removed, use OS::Designate::Zone instead.
2026-03-05 00:38:24.784 41142 WARNING heat.engine.environment [-] OS::Designate::Record is HIDDEN. This resource has been removed, use OS::Designate::RecordSet instead.
2026-03-05 00:38:24.784 41142 WARNING heat.engine.environment [-] OS::Glance::Image is DEPRECATED. Creating a Glance Image based on an existing URL location requires the Glance v1 API, which is deprecated.
2026-03-05 00:38:24.784 41142 WARNING heat.engine.environment [-] OS::Heat::HARestarter is HIDDEN. The HARestarter resource type has been removed. Existing stacks containing HARestarter resources can still be used, but the HARestarter resource will be a placeholder that does nothing.
2026-03-05 00:38:24.784 41142 WARNING heat.engine.environment [-] OS::Heat::SoftwareDeployments is HIDDEN. Please use OS::Heat::SoftwareDeploymentGroup instead.
2026-03-05 00:38:24.784 41142 WARNING heat.engine.environment [-] OS::Heat::StructuredDeployments is HIDDEN. Please use OS::Heat::StructuredDeploymentGroup instead.
2026-03-05 00:38:24.784 41142 WARNING heat.engine.environment [-] OS::Magnum::Bay is HIDDEN. Please use OS::Magnum::Cluster instead.
2026-03-05 00:38:24.785 41142 WARNING heat.engine.environment [-] OS::Magnum::BayModel is HIDDEN. Please use OS::Magnum::ClusterTemplate instead.
2026-03-05 00:38:24.785 41142 WARNING heat.engine.environment [-] OS::Neutron::ExtraRoute is UNSUPPORTED. Use this resource at your own risk.
2026-03-05 00:38:24.785 41142 WARNING heat.engine.environment [-] OS::Neutron::HealthMonitor is HIDDEN. Use LBaaS V2 instead.
2026-03-05 00:38:24.785 41142 WARNING heat.engine.environment [-] OS::Neutron::Pool is HIDDEN. Use LBaaS V2 instead.
2026-03-05 00:38:24.785 41142 WARNING heat.engine.environment [-] OS::Neutron::PoolMember is HIDDEN. Use LBaaS V2 instead.
2026-03-05 00:38:24.785 41142 WARNING heat.engine.environment [-] OS::Neutron::LoadBalancer is HIDDEN. Use LBaaS V2 instead.
2026-03-05 00:38:24.786 41142 WARNING heat.engine.environment [-] OS::Neutron::RouterGateway is HIDDEN. Use the `external_gateway_info` property in the router resource to set up the gateway.
2026-03-05 00:38:24.786 41142 WARNING heat.engine.environment [-] OS::Nova::FloatingIP is HIDDEN. Please use OS::Neutron::FloatingIP instead.
2026-03-05 00:38:24.786 41142 WARNING heat.engine.environment [-] OS::Nova::FloatingIPAssociation is HIDDEN. Please use OS::Neutron::FloatingIPAssociation instead.
2026-03-05 00:38:24.787 41142 INFO heat.engine.environment [-] Loading /etc/heat/environment.d/default.yaml
2026-03-05 00:38:24.788 41142 INFO heat.engine.environment [-] Registered: [Plugin](User:False) AWS::AutoScaling::AutoScalingGroup ->
2026-03-05 00:38:24.789 41142 INFO heat.engine.environment [-] Registered: [Plugin](User:False) AWS::AutoScaling::LaunchConfiguration ->
2026-03-05 00:38:24.789 41142 INFO heat.engine.environment [-] Registered: [Plugin](User:False) AWS::AutoScaling::ScalingPolicy ->
2026-03-05 00:38:24.789 41142 INFO heat.engine.environment [-] Registered: [Plugin](User:False) AWS::CloudFormation::Stack ->
2026-03-05 00:38:24.789 41142 INFO heat.engine.environment [-] Registered: [Plugin](User:False) AWS::CloudFormation::WaitCondition ->
2026-03-05 00:38:24.789 41142 INFO heat.engine.environment [-] Registered: [Plugin](User:False) AWS::CloudFormation::WaitConditionHandle ->
2026-03-05 00:38:24.789 41142 INFO heat.engine.environment [-] Registered: [Plugin](User:False) AWS::EC2::EIP ->
2026-03-05 00:38:24.789 41142 INFO heat.engine.environment [-] Registered: [Plugin](User:False) AWS::EC2::EIPAssociation ->
2026-03-05 00:38:24.789 41142 INFO heat.engine.environment [-] Registered: [Plugin](User:False) AWS::EC2::Instance ->
2026-03-05 00:38:24.789 41142 INFO heat.engine.environment [-] Registered: [Plugin](User:False) AWS::EC2::InternetGateway ->
2026-03-05 00:38:24.789 41142 INFO heat.engine.environment [-] Registered: [Plugin](User:False) AWS::EC2::VPCGatewayAttachment ->
2026-03-05 00:38:24.790 41142 INFO heat.engine.environment [-] Registered: [Plugin](User:False) AWS::EC2::NetworkInterface ->
2026-03-05 00:38:24.790 41142 INFO heat.engine.environment [-] Registered: [Plugin](User:False) AWS::EC2::RouteTable ->
2026-03-05 00:38:24.790 41142 INFO heat.engine.environment [-] Registered: [Plugin](User:False) AWS::EC2::SubnetRouteTableAssociation ->
2026-03-05 00:38:24.790 41142 INFO heat.engine.environment [-] Registered: [Plugin](User:False) AWS::EC2::SecurityGroup ->
2026-03-05 00:38:24.790 41142 INFO heat.engine.environment [-] Registered: [Plugin](User:False) AWS::EC2::Subnet ->
2026-03-05 00:38:24.790 41142 INFO heat.engine.environment [-] Registered: [Plugin](User:False) AWS::EC2::Volume ->
2026-03-05 00:38:24.790 41142 INFO heat.engine.environment [-] Registered: [Plugin](User:False) AWS::EC2::VolumeAttachment ->
2026-03-05 00:38:24.790 41142 INFO heat.engine.environment [-] Registered: [Plugin](User:False) AWS::EC2::VPC ->
2026-03-05 00:38:24.790 41142 INFO heat.engine.environment [-] Registered: [Plugin](User:False) AWS::IAM::User ->
2026-03-05 00:38:24.790 41142 INFO heat.engine.environment [-] Registered: [Plugin](User:False) AWS::IAM::AccessKey ->
2026-03-05 00:38:24.790 41142 INFO heat.engine.environment [-] Registered: [Plugin](User:False) AWS::ElasticLoadBalancing::LoadBalancer ->
2026-03-05 00:38:24.791 41142 INFO heat.engine.environment [-] Registered: [Plugin](User:False) AWS::S3::Bucket ->
2026-03-05 00:38:24.791 41142 INFO heat.engine.environment [-] Registered: [Plugin](User:False) OS::Aodh::Alarm ->
2026-03-05 00:38:24.791 41142 INFO heat.engine.environment [-] Registered: [Plugin](User:False) OS::Aodh::CombinationAlarm ->
2026-03-05 00:38:24.791 41142 INFO heat.engine.environment [-] Registered: [Plugin](User:False) OS::Aodh::EventAlarm ->
2026-03-05 00:38:24.791 41142 INFO heat.engine.environment [-] Registered: [Plugin](User:False) OS::Aodh::LBMemberHealthAlarm ->
2026-03-05 00:38:24.791 41142 INFO heat.engine.environment [-] Registered: [Plugin](User:False) OS::Aodh::CompositeAlarm ->
2026-03-05 00:38:24.792 41142 INFO heat.engine.environment [-] Registered: [Plugin](User:False) OS::Aodh::GnocchiResourcesAlarm ->
2026-03-05 00:38:24.792 41142 INFO heat.engine.environment [-] Registered: [Plugin](User:False) OS::Aodh::GnocchiAggregationByMetricsAlarm ->
2026-03-05 00:38:24.792 41142 INFO heat.engine.environment [-] Registered: [Plugin](User:False) OS::Aodh::GnocchiAggregationByResourcesAlarm ->
2026-03-05 00:38:24.793 41142 INFO heat.engine.environment [-] Registered: [Plugin](User:False) OS::Barbican::GenericContainer ->
2026-03-05 00:38:24.793 41142 INFO heat.engine.environment [-] Registered: [Plugin](User:False) OS::Barbican::CertificateContainer ->
2026-03-05 00:38:24.793 41142 INFO heat.engine.environment [-] Registered: [Plugin](User:False) OS::Barbican::RSAContainer ->
2026-03-05 00:38:24.793 41142 INFO heat.engine.environment [-] Registered: [Plugin](User:False) OS::Barbican::Order ->
2026-03-05 00:38:24.793 41142 INFO heat.engine.environment [-] Registered: [Plugin](User:False) OS::Barbican::Secret ->
2026-03-05 00:38:24.793 41142 INFO heat.engine.environment [-] Registered: [Plugin](User:False) OS::Blazar::Host ->
2026-03-05 00:38:24.793 41142 INFO heat.engine.environment [-] Registered: [Plugin](User:False) OS::Blazar::Lease ->
2026-03-05 00:38:24.793 41142 INFO heat.engine.environment [-] Registered: [Plugin](User:False) OS::Cinder::EncryptedVolumeType ->
2026-03-05 00:38:24.793 41142 INFO heat.engine.environment [-] Registered: [Plugin](User:False) OS::Cinder::QoSSpecs ->
2026-03-05 00:38:24.793 41142 INFO heat.engine.environment [-] Registered: [Plugin](User:False) OS::Cinder::QoSAssociation ->
2026-03-05 00:38:24.793 41142 INFO heat.engine.environment [-] Registered: [Plugin](User:False) OS::Cinder::Quota ->
2026-03-05 00:38:24.793 41142 INFO heat.engine.environment [-] Registered: [Plugin](User:False) OS::Cinder::Volume ->
2026-03-05 00:38:24.794 41142 INFO heat.engine.environment [-] Registered: [Plugin](User:False) OS::Cinder::VolumeAttachment ->
2026-03-05 00:38:24.794 41142 INFO heat.engine.environment [-] Registered: [Plugin](User:False) OS::Cinder::VolumeType ->
2026-03-05 00:38:24.794 41142 INFO heat.engine.environment [-] Registered: [Plugin](User:False) OS::Designate::Domain ->
2026-03-05 00:38:24.794 41142 INFO heat.engine.environment [-] Registered: [Plugin](User:False) OS::Designate::Record ->
2026-03-05 00:38:24.794 41142 INFO heat.engine.environment [-] Registered: [Plugin](User:False) OS::Designate::RecordSet ->
2026-03-05 00:38:24.794 41142 INFO heat.engine.environment [-] Registered: [Plugin](User:False) OS::Designate::Zone ->
2026-03-05 00:38:24.794 41142 INFO heat.engine.environment [-] Registered: [Plugin](User:False) OS::Glance::Image ->
2026-03-05 00:38:24.794 41142 INFO heat.engine.environment [-] Registered: [Plugin](User:False) OS::Glance::WebImage ->
2026-03-05 00:38:24.794 41142 INFO heat.engine.environment [-] Registered: [Plugin](User:False) OS::Heat::AccessPolicy ->
2026-03-05 00:38:24.794 41142 INFO heat.engine.environment [-] Registered: [Plugin](User:False) OS::Heat::AutoScalingGroup ->
2026-03-05 00:38:24.794 41142 INFO heat.engine.environment [-] Registered: [Plugin](User:False) OS::Heat::CloudConfig ->
2026-03-05 00:38:24.795 41142 INFO heat.engine.environment [-] Registered: [Plugin](User:False) OS::Heat::Delay ->
2026-03-05 00:38:24.795 41142 INFO heat.engine.environment [-] Registered: [Plugin](User:False) OS::Heat::DeployedServer ->
2026-03-05 00:38:24.795 41142 INFO heat.engine.environment [-] Registered: [Plugin](User:False) OS::Heat::HARestarter ->
2026-03-05 00:38:24.795 41142 INFO heat.engine.environment [-] Registered: [Plugin](User:False) OS::Heat::InstanceGroup ->
2026-03-05 00:38:24.795 41142 INFO heat.engine.environment [-] Registered: [Plugin](User:False) OS::Heat::MultipartMime ->
2026-03-05 00:38:24.795 41142 INFO heat.engine.environment [-] Registered: [Plugin](User:False) OS::Heat::None ->
2026-03-05 00:38:24.796 41142 INFO heat.engine.environment [-] Registered: [Plugin](User:False) OS::Heat::RandomString ->
2026-03-05 00:38:24.796 41142 INFO heat.engine.environment [-] Registered: [Plugin](User:False) OS::Heat::Stack ->
2026-03-05 00:38:24.796 41142 INFO heat.engine.environment [-] Registered: [Plugin](User:False) OS::Heat::ResourceChain ->
2026-03-05 00:38:24.796 41142 INFO heat.engine.environment [-] Registered: [Plugin](User:False) OS::Heat::ResourceGroup ->
2026-03-05 00:38:24.796 41142 INFO heat.engine.environment [-] Registered: [Plugin](User:False) OS::Heat::ScalingPolicy ->
2026-03-05 00:38:24.796 41142 INFO heat.engine.environment [-] Registered: [Plugin](User:False) OS::Heat::SoftwareComponent ->
2026-03-05 00:38:24.796 41142 INFO heat.engine.environment [-] Registered: [Plugin](User:False) OS::Heat::SoftwareConfig ->
2026-03-05 00:38:24.797 41142 INFO heat.engine.environment [-] Registered: [Plugin](User:False) OS::Heat::SoftwareDeployment ->
2026-03-05 00:38:24.797 41142 INFO heat.engine.environment [-] Registered: [Plugin](User:False) OS::Heat::SoftwareDeploymentGroup ->
2026-03-05 00:38:24.797 41142 INFO heat.engine.environment [-] Registered: [Plugin](User:False) OS::Heat::SoftwareDeployments ->
2026-03-05 00:38:24.797 41142 INFO heat.engine.environment [-] Registered: [Plugin](User:False) OS::Heat::StructuredConfig ->
2026-03-05 00:38:24.797 41142 INFO heat.engine.environment [-] Registered: [Plugin](User:False) OS::Heat::StructuredDeployment ->
2026-03-05 00:38:24.797 41142 INFO heat.engine.environment [-] Registered: [Plugin](User:False) OS::Heat::StructuredDeploymentGroup ->
2026-03-05 00:38:24.797 41142 INFO heat.engine.environment [-] Registered: [Plugin](User:False) OS::Heat::StructuredDeployments ->
2026-03-05 00:38:24.797 41142 INFO heat.engine.environment [-] Registered: [Plugin](User:False) OS::Heat::SwiftSignal ->
2026-03-05 00:38:24.797 41142 INFO heat.engine.environment [-] Registered: [Plugin](User:False) OS::Heat::SwiftSignalHandle ->
2026-03-05 00:38:24.797 41142 INFO heat.engine.environment [-] Registered: [Plugin](User:False) OS::Heat::TestResource ->
2026-03-05 00:38:24.797 41142 INFO heat.engine.environment [-] Registered: [Plugin](User:False) OS::Heat::Value ->
2026-03-05 00:38:24.798 41142 INFO heat.engine.environment [-] Registered: [Plugin](User:False) OS::Heat::WaitCondition ->
2026-03-05 00:38:24.798 41142 INFO heat.engine.environment [-] Registered: [Plugin](User:False) OS::Heat::WaitConditionHandle ->
2026-03-05 00:38:24.798 41142 INFO heat.engine.environment [-] Registered: [Plugin](User:False) OS::Heat::UpdateWaitConditionHandle ->
2026-03-05 00:38:24.798 41142 INFO heat.engine.environment [-] Registered: [Plugin](User:False) OS::Ironic::Port ->
2026-03-05 00:38:24.798 41142 INFO heat.engine.environment [-] Registered: [Plugin](User:False) OS::Keystone::Domain ->
2026-03-05 00:38:24.798 41142 INFO heat.engine.environment [-] Registered: [Plugin](User:False) OS::Keystone::Endpoint ->
2026-03-05 00:38:24.798 41142 INFO heat.engine.environment [-] Registered: [Plugin](User:False) OS::Keystone::Group ->
2026-03-05 00:38:24.798 41142 INFO heat.engine.environment [-] Registered: [Plugin](User:False) OS::Keystone::Project ->
2026-03-05 00:38:24.798 41142 INFO heat.engine.environment [-] Registered: [Plugin](User:False) OS::Keystone::Region ->
2026-03-05 00:38:24.798 41142 INFO heat.engine.environment [-] Registered: [Plugin](User:False) OS::Keystone::Role ->
2026-03-05 00:38:24.798 41142 INFO heat.engine.environment [-] Registered: [Plugin](User:False) OS::Keystone::UserRoleAssignment ->
2026-03-05 00:38:24.798 41142 INFO heat.engine.environment [-] Registered: [Plugin](User:False) OS::Keystone::GroupRoleAssignment ->
2026-03-05 00:38:24.799 41142 INFO heat.engine.environment [-] Registered: [Plugin](User:False) OS::Keystone::Service ->
2026-03-05 00:38:24.799 41142 INFO heat.engine.environment [-] Registered: [Plugin](User:False) OS::Keystone::User ->
2026-03-05 00:38:24.799 41142 INFO heat.engine.environment [-] Registered: [Plugin](User:False) OS::Magnum::Bay ->
2026-03-05 00:38:24.799 41142 INFO heat.engine.environment [-] Registered: [Plugin](User:False) OS::Magnum::BayModel ->
2026-03-05 00:38:24.799 41142 INFO heat.engine.environment [-] Registered: [Plugin](User:False) OS::Magnum::Cluster ->
2026-03-05 00:38:24.799 41142 INFO heat.engine.environment [-] Registered: [Plugin](User:False) OS::Magnum::ClusterTemplate ->
2026-03-05 00:38:24.799 41142 INFO heat.engine.environment [-] Registered: [Plugin](User:False) OS::Manila::SecurityService ->
2026-03-05 00:38:24.799 41142 INFO heat.engine.environment [-] Registered: [Plugin](User:False) OS::Manila::Share ->
2026-03-05 00:38:24.799 41142 INFO heat.engine.environment [-] Registered: [Plugin](User:False) OS::Manila::ShareNetwork ->
2026-03-05 00:38:24.800 41142 INFO heat.engine.environment [-] Registered: [Plugin](User:False) OS::Manila::ShareType ->
2026-03-05 00:38:24.800 41142 INFO heat.engine.environment [-] Registered: [Plugin](User:False) OS::Mistral::CronTrigger ->
2026-03-05 00:38:24.800 41142 INFO heat.engine.environment [-] Registered: [Plugin](User:False) OS::Mistral::ExternalResource ->
2026-03-05 00:38:24.800 41142 INFO heat.engine.environment [-] Registered: [Plugin](User:False) OS::Mistral::Workflow ->
2026-03-05 00:38:24.800 41142 INFO heat.engine.environment [-] Registered: [Plugin](User:False) OS::Monasca::AlarmDefinition ->
2026-03-05 00:38:24.800 41142 INFO heat.engine.environment [-] Registered: [Plugin](User:False) OS::Monasca::Notification ->
2026-03-05 00:38:24.800 41142 INFO heat.engine.environment [-] Registered: [Plugin](User:False) OS::Neutron::AddressScope ->
2026-03-05 00:38:24.800 41142 INFO heat.engine.environment [-] Registered: [Plugin](User:False) OS::Neutron::ExtraRoute ->
2026-03-05 00:38:24.800 41142 INFO heat.engine.environment [-] Registered: [Plugin](User:False) OS::Neutron::ExtraRouteSet ->
2026-03-05 00:38:24.800 41142 INFO heat.engine.environment [-] Registered: [Plugin](User:False) OS::Neutron::Firewall ->
2026-03-05 00:38:24.801 41142 INFO heat.engine.environment [-] Registered: [Plugin](User:False) OS::Neutron::FirewallPolicy ->
2026-03-05 00:38:24.801 41142 INFO heat.engine.environment [-] Registered: [Plugin](User:False) OS::Neutron::FirewallRule ->
2026-03-05 00:38:24.801 41142 INFO heat.engine.environment [-] Registered: [Plugin](User:False) OS::Neutron::FloatingIP ->
2026-03-05 00:38:24.801 41142 INFO heat.engine.environment [-] Registered: [Plugin](User:False) OS::Neutron::FloatingIPAssociation ->
2026-03-05 00:38:24.801 41142 INFO heat.engine.environment [-] Registered: [Plugin](User:False) OS::Neutron::L2Gateway ->
2026-03-05 00:38:24.801 41142 INFO heat.engine.environment [-] Registered: [Plugin](User:False) OS::Neutron::L2GatewayConnection ->
2026-03-05 00:38:24.801 41142 INFO heat.engine.environment [-] Registered: [Plugin](User:False) OS::Neutron::LBaaS::HealthMonitor ->
2026-03-05 00:38:24.801 41142 INFO heat.engine.environment [-] Registered: [Plugin](User:False) OS::Neutron::LBaaS::L7Policy ->
2026-03-05 00:38:24.801 41142 INFO heat.engine.environment [-] Registered: [Plugin](User:False) OS::Neutron::LBaaS::L7Rule ->
2026-03-05 00:38:24.801 41142 INFO heat.engine.environment [-] Registered: [Plugin](User:False) OS::Neutron::LBaaS::Listener ->
2026-03-05 00:38:24.802 41142 INFO heat.engine.environment [-] Registered: [Plugin](User:False) OS::Neutron::LBaaS::LoadBalancer ->
2026-03-05 00:38:24.802 41142 INFO heat.engine.environment [-] Registered: [Plugin](User:False) OS::Neutron::LBaaS::Pool ->
2026-03-05 00:38:24.802 41142 INFO heat.engine.environment [-] Registered: [Plugin](User:False) OS::Neutron::LBaaS::PoolMember ->
2026-03-05 00:38:24.802 41142 INFO heat.engine.environment [-] Registered: [Plugin](User:False) OS::Neutron::HealthMonitor ->
2026-03-05 00:38:24.802 41142 INFO heat.engine.environment [-] Registered: [Plugin](User:False) OS::Neutron::Pool ->
2026-03-05 00:38:24.802 41142 INFO heat.engine.environment [-] Registered: [Plugin](User:False) OS::Neutron::PoolMember ->
2026-03-05 00:38:24.802 41142 INFO heat.engine.environment [-] Registered: [Plugin](User:False) OS::Neutron::LoadBalancer ->
2026-03-05 00:38:24.802 41142 INFO heat.engine.environment [-] Registered: [Plugin](User:False) OS::Neutron::MeteringLabel ->
2026-03-05 00:38:24.802 41142 INFO heat.engine.environment [-] Registered: [Plugin](User:False) OS::Neutron::MeteringRule ->
2026-03-05 00:38:24.802 41142 INFO heat.engine.environment [-] Registered: [Plugin](User:False) OS::Neutron::Net ->
2026-03-05 00:38:24.802 41142 INFO heat.engine.environment [-] Registered: [Plugin](User:False) OS::Neutron::NetworkGateway ->
2026-03-05 00:38:24.803 41142 INFO heat.engine.environment [-] Registered: [Plugin](User:False) OS::Neutron::Port ->
2026-03-05 00:38:24.803 41142 INFO heat.engine.environment [-] Registered: [Plugin](User:False) OS::Neutron::ProviderNet ->
2026-03-05 00:38:24.803 41142 INFO heat.engine.environment [-] Registered: [Plugin](User:False) OS::Neutron::QoSPolicy ->
2026-03-05 00:38:24.803 41142 INFO heat.engine.environment [-] Registered: [Plugin](User:False) OS::Neutron::QoSBandwidthLimitRule ->
2026-03-05 00:38:24.803 41142 INFO heat.engine.environment [-] Registered: [Plugin](User:False) OS::Neutron::QoSDscpMarkingRule ->
2026-03-05 00:38:24.803 41142 INFO heat.engine.environment [-] Registered: [Plugin](User:False) OS::Neutron::QoSMinimumBandwidthRule ->
2026-03-05 00:38:24.803 41142 INFO heat.engine.environment [-] Registered: [Plugin](User:False) OS::Neutron::Quota ->
2026-03-05 00:38:24.803 41142 INFO heat.engine.environment [-] Registered: [Plugin](User:False) OS::Neutron::RBACPolicy ->
2026-03-05 00:38:24.803 41142 INFO heat.engine.environment [-] Registered: [Plugin](User:False) OS::Neutron::Router ->
2026-03-05 00:38:24.803 41142 INFO heat.engine.environment [-] Registered: [Plugin](User:False) OS::Neutron::RouterInterface ->
2026-03-05 00:38:24.803 41142 INFO heat.engine.environment [-] Registered: [Plugin](User:False) OS::Neutron::RouterGateway ->
2026-03-05 00:38:24.804 41142 INFO heat.engine.environment [-] Registered: [Plugin](User:False) OS::Neutron::SecurityGroup ->
2026-03-05 00:38:24.804 41142 INFO heat.engine.environment [-] Registered: [Plugin](User:False) OS::Neutron::SecurityGroupRule ->
2026-03-05 00:38:24.804 41142 INFO heat.engine.environment [-] Registered: [Plugin](User:False) OS::Neutron::Segment ->
2026-03-05 00:38:24.804 41142 INFO heat.engine.environment [-] Registered: [Plugin](User:False) OS::Neutron::FlowClassifier ->
2026-03-05 00:38:24.804 41142 INFO heat.engine.environment [-] Registered: [Plugin](User:False) OS::Neutron::PortChain ->
2026-03-05 00:38:24.804 41142 INFO heat.engine.environment [-] Registered: [Plugin](User:False) OS::Neutron::PortPair ->
2026-03-05 00:38:24.804 41142 INFO heat.engine.environment [-] Registered: [Plugin](User:False) OS::Neutron::PortPairGroup ->
2026-03-05 00:38:24.804 41142 INFO heat.engine.environment [-] Registered: [Plugin](User:False) OS::Neutron::Subnet ->
2026-03-05 00:38:24.804 41142 INFO heat.engine.environment [-] Registered: [Plugin](User:False) OS::Neutron::SubnetPool ->
2026-03-05 00:38:24.804 41142 INFO heat.engine.environment [-] Registered: [Plugin](User:False) OS::Neutron::TaaS::TapFlow ->
2026-03-05 00:38:24.805 41142 INFO heat.engine.environment [-] Registered: [Plugin](User:False) OS::Neutron::TaaS::TapService ->
2026-03-05 00:38:24.805 41142 INFO heat.engine.environment [-] Registered: [Plugin](User:False) OS::Neutron::Trunk ->
2026-03-05 00:38:24.805 41142 INFO heat.engine.environment [-] Registered: [Plugin](User:False) OS::Neutron::VPNService ->
2026-03-05 00:38:24.805 41142 INFO heat.engine.environment [-] Registered: [Plugin](User:False) OS::Neutron::IPsecSiteConnection ->
2026-03-05 00:38:24.805 41142 INFO heat.engine.environment [-] Registered: [Plugin](User:False) OS::Neutron::IKEPolicy ->
2026-03-05 00:38:24.805 41142 INFO heat.engine.environment [-] Registered: [Plugin](User:False) OS::Neutron::IPsecPolicy ->
2026-03-05 00:38:24.805 41142 INFO heat.engine.environment [-] Registered: [Plugin](User:False) OS::Nova::Flavor ->
2026-03-05 00:38:24.805 41142 INFO heat.engine.environment [-] Registered: [Plugin](User:False) OS::Nova::FloatingIP ->
2026-03-05 00:38:24.805 41142 INFO heat.engine.environment [-] Registered: [Plugin](User:False) OS::Nova::FloatingIPAssociation ->
2026-03-05 00:38:24.808 41142 INFO heat.engine.environment [-] Registered: [Plugin](User:False) OS::Nova::HostAggregate ->
2026-03-05 00:38:24.808 41142 INFO heat.engine.environment [-] Registered: [Plugin](User:False) OS::Nova::KeyPair ->
2026-03-05 00:38:24.808 41142 INFO heat.engine.environment [-] Registered: [Plugin](User:False) OS::Nova::Quota ->
2026-03-05 00:38:24.808 41142 INFO heat.engine.environment [-] Registered: [Plugin](User:False) OS::Nova::Server ->
2026-03-05 00:38:24.808 41142 INFO heat.engine.environment [-] Registered: [Plugin](User:False) OS::Nova::ServerGroup ->
2026-03-05 00:38:24.808 41142 INFO heat.engine.environment [-] Registered: [Plugin](User:False) OS::Octavia::Flavor ->
2026-03-05 00:38:24.808 41142 INFO heat.engine.environment [-] Registered: [Plugin](User:False) OS::Octavia::FlavorProfile ->
2026-03-05 00:38:24.808 41142 INFO heat.engine.environment [-] Registered: [Plugin](User:False) OS::Octavia::HealthMonitor ->
2026-03-05 00:38:24.809 41142 INFO heat.engine.environment [-] Registered: [Plugin](User:False) OS::Octavia::L7Policy ->
2026-03-05 00:38:24.809 41142 INFO heat.engine.environment [-] Registered: [Plugin](User:False) OS::Octavia::L7Rule ->
2026-03-05 00:38:24.809 41142 INFO heat.engine.environment [-] Registered: [Plugin](User:False) OS::Octavia::Listener ->
2026-03-05 00:38:24.809 41142 INFO heat.engine.environment [-] Registered: [Plugin](User:False) OS::Octavia::LoadBalancer ->
2026-03-05 00:38:24.809 41142 INFO heat.engine.environment [-] Registered: [Plugin](User:False) OS::Octavia::Pool ->
2026-03-05 00:38:24.809 41142 INFO heat.engine.environment [-] Registered: [Plugin](User:False) OS::Octavia::PoolMember ->
2026-03-05 00:38:24.809 41142 INFO heat.engine.environment [-] Registered: [Plugin](User:False) OS::Octavia::Quota ->
