2026-02-26 00:41:28.373 149437 DEBUG oslo_service.service [req-4d6d1d26-9c86-47f5-9af5-8dd0e32d5c9f - - - - -] workarounds.skip_cpu_compare_at_startup = False log_opt_values /usr/lib/python3/dist-packages/oslo_config/cfg.py:2609
2026-02-26 00:41:28.373 149437 DEBUG oslo_service.service [req-4d6d1d26-9c86-47f5-9af5-8dd0e32d5c9f - - - - -] workarounds.skip_cpu_compare_on_dest = False log_opt_values /usr/lib/python3/dist-packages/oslo_config/cfg.py:2609
2026-02-26 00:41:28.373 149437 DEBUG oslo_service.service [req-4d6d1d26-9c86-47f5-9af5-8dd0e32d5c9f - - - - -] workarounds.skip_hypervisor_version_check_on_lm = False log_opt_values /usr/lib/python3/dist-packages/oslo_config/cfg.py:2609
2026-02-26 00:41:28.373 149437 DEBUG oslo_service.service [req-4d6d1d26-9c86-47f5-9af5-8dd0e32d5c9f - - - - -] workarounds.unified_limits_count_pcpu_as_vcpu = False log_opt_values /usr/lib/python3/dist-packages/oslo_config/cfg.py:2609
2026-02-26 00:41:28.374 149437 DEBUG oslo_service.service [req-4d6d1d26-9c86-47f5-9af5-8dd0e32d5c9f - - - - -] workarounds.wait_for_vif_plugged_event_during_hard_reboot = [] log_opt_values /usr/lib/python3/dist-packages/oslo_config/cfg.py:2609
2026-02-26 00:41:28.374 149437 DEBUG oslo_service.service [req-4d6d1d26-9c86-47f5-9af5-8dd0e32d5c9f - - - - -] wsgi.api_paste_config = /etc/nova/api-paste.ini log_opt_values /usr/lib/python3/dist-packages/oslo_config/cfg.py:2609
2026-02-26 00:41:28.374 149437 DEBUG oslo_service.service [req-4d6d1d26-9c86-47f5-9af5-8dd0e32d5c9f - - - - -] wsgi.client_socket_timeout = 900 log_opt_values /usr/lib/python3/dist-packages/oslo_config/cfg.py:2609
2026-02-26 00:41:28.374 149437 DEBUG oslo_service.service [req-4d6d1d26-9c86-47f5-9af5-8dd0e32d5c9f - - - - -] wsgi.default_pool_size = 1000 log_opt_values /usr/lib/python3/dist-packages/oslo_config/cfg.py:2609
2026-02-26 00:41:28.374 149437 DEBUG oslo_service.service [req-4d6d1d26-9c86-47f5-9af5-8dd0e32d5c9f - - - - -] wsgi.keep_alive = True log_opt_values /usr/lib/python3/dist-packages/oslo_config/cfg.py:2609
2026-02-26 00:41:28.375 149437 DEBUG oslo_service.service [req-4d6d1d26-9c86-47f5-9af5-8dd0e32d5c9f - - - - -] wsgi.max_header_line = 16384 log_opt_values /usr/lib/python3/dist-packages/oslo_config/cfg.py:2609
2026-02-26 00:41:28.375 149437 DEBUG oslo_service.service [req-4d6d1d26-9c86-47f5-9af5-8dd0e32d5c9f - - - - -] wsgi.secure_proxy_ssl_header = None log_opt_values /usr/lib/python3/dist-packages/oslo_config/cfg.py:2609
2026-02-26 00:41:28.375 149437 DEBUG oslo_service.service [req-4d6d1d26-9c86-47f5-9af5-8dd0e32d5c9f - - - - -] wsgi.ssl_ca_file = None log_opt_values /usr/lib/python3/dist-packages/oslo_config/cfg.py:2609
2026-02-26 00:41:28.375 149437 DEBUG oslo_service.service [req-4d6d1d26-9c86-47f5-9af5-8dd0e32d5c9f - - - - -] wsgi.ssl_cert_file = None log_opt_values /usr/lib/python3/dist-packages/oslo_config/cfg.py:2609
2026-02-26 00:41:28.375 149437 DEBUG oslo_service.service [req-4d6d1d26-9c86-47f5-9af5-8dd0e32d5c9f - - - - -] wsgi.ssl_key_file = None log_opt_values /usr/lib/python3/dist-packages/oslo_config/cfg.py:2609
2026-02-26 00:41:28.375 149437 DEBUG oslo_service.service [req-4d6d1d26-9c86-47f5-9af5-8dd0e32d5c9f - - - - -] wsgi.tcp_keepidle = 600 log_opt_values /usr/lib/python3/dist-packages/oslo_config/cfg.py:2609
2026-02-26 00:41:28.376 149437 DEBUG oslo_service.service [req-4d6d1d26-9c86-47f5-9af5-8dd0e32d5c9f - - - - -] wsgi.wsgi_log_format = %(client_ip)s "%(request_line)s" status: %(status_code)s len: %(body_length)s time: %(wall_seconds).7f log_opt_values /usr/lib/python3/dist-packages/oslo_config/cfg.py:2609
2026-02-26 00:41:28.376 149437 DEBUG oslo_service.service [req-4d6d1d26-9c86-47f5-9af5-8dd0e32d5c9f - - - - -] zvm.ca_file = None log_opt_values /usr/lib/python3/dist-packages/oslo_config/cfg.py:2609
2026-02-26 00:41:28.376 149437 DEBUG oslo_service.service [req-4d6d1d26-9c86-47f5-9af5-8dd0e32d5c9f - - - - -] zvm.cloud_connector_url = None log_opt_values /usr/lib/python3/dist-packages/oslo_config/cfg.py:2609
2026-02-26 00:41:28.376 149437 DEBUG oslo_service.service [req-4d6d1d26-9c86-47f5-9af5-8dd0e32d5c9f - - - - -] zvm.image_tmp_path = /var/lib/nova/images log_opt_values /usr/lib/python3/dist-packages/oslo_config/cfg.py:2609
2026-02-26 00:41:28.376 149437 DEBUG oslo_service.service [req-4d6d1d26-9c86-47f5-9af5-8dd0e32d5c9f - - - - -] zvm.reachable_timeout = 300 log_opt_values /usr/lib/python3/dist-packages/oslo_config/cfg.py:2609
2026-02-26 00:41:28.377 149437 DEBUG oslo_service.service [req-4d6d1d26-9c86-47f5-9af5-8dd0e32d5c9f - - - - -] oslo_messaging_metrics.metrics_buffer_size = 1000 log_opt_values /usr/lib/python3/dist-packages/oslo_config/cfg.py:2609
2026-02-26 00:41:28.377 149437 DEBUG oslo_service.service [req-4d6d1d26-9c86-47f5-9af5-8dd0e32d5c9f - - - - -] oslo_messaging_metrics.metrics_enabled = False log_opt_values /usr/lib/python3/dist-packages/oslo_config/cfg.py:2609
2026-02-26 00:41:28.377 149437 DEBUG oslo_service.service [req-4d6d1d26-9c86-47f5-9af5-8dd0e32d5c9f - - - - -] oslo_messaging_metrics.metrics_process_name = log_opt_values /usr/lib/python3/dist-packages/oslo_config/cfg.py:2609
2026-02-26 00:41:28.377 149437 DEBUG oslo_service.service [req-4d6d1d26-9c86-47f5-9af5-8dd0e32d5c9f - - - - -] oslo_messaging_metrics.metrics_socket_file = /var/tmp/metrics_collector.sock log_opt_values /usr/lib/python3/dist-packages/oslo_config/cfg.py:2609
2026-02-26 00:41:28.377 149437 DEBUG oslo_service.service [req-4d6d1d26-9c86-47f5-9af5-8dd0e32d5c9f - - - - -] oslo_messaging_metrics.metrics_thread_stop_timeout = 10 log_opt_values /usr/lib/python3/dist-packages/oslo_config/cfg.py:2609
2026-02-26 00:41:28.378 149437 DEBUG oslo_service.service [req-4d6d1d26-9c86-47f5-9af5-8dd0e32d5c9f - - - - -] oslo_policy.enforce_new_defaults = False log_opt_values /usr/lib/python3/dist-packages/oslo_config/cfg.py:2609
2026-02-26 00:41:28.378 149437 DEBUG oslo_service.service [req-4d6d1d26-9c86-47f5-9af5-8dd0e32d5c9f - - - - -] oslo_policy.enforce_scope = False log_opt_values /usr/lib/python3/dist-packages/oslo_config/cfg.py:2609
2026-02-26 00:41:28.378 149437 DEBUG oslo_service.service [req-4d6d1d26-9c86-47f5-9af5-8dd0e32d5c9f - - - - -] oslo_policy.policy_default_rule = default log_opt_values /usr/lib/python3/dist-packages/oslo_config/cfg.py:2609
2026-02-26 00:41:28.378 149437 DEBUG oslo_service.service [req-4d6d1d26-9c86-47f5-9af5-8dd0e32d5c9f - - - - -] oslo_policy.policy_dirs = ['policy.d'] log_opt_values /usr/lib/python3/dist-packages/oslo_config/cfg.py:2609
2026-02-26 00:41:28.378 149437 DEBUG oslo_service.service [req-4d6d1d26-9c86-47f5-9af5-8dd0e32d5c9f - - - - -] oslo_policy.policy_file = policy.yaml log_opt_values /usr/lib/python3/dist-packages/oslo_config/cfg.py:2609
2026-02-26 00:41:28.378 149437 DEBUG oslo_service.service [req-4d6d1d26-9c86-47f5-9af5-8dd0e32d5c9f - - - - -] oslo_policy.remote_content_type = application/x-www-form-urlencoded log_opt_values /usr/lib/python3/dist-packages/oslo_config/cfg.py:2609
2026-02-26 00:41:28.379 149437 DEBUG oslo_service.service [req-4d6d1d26-9c86-47f5-9af5-8dd0e32d5c9f - - - - -] oslo_policy.remote_ssl_ca_crt_file = None log_opt_values /usr/lib/python3/dist-packages/oslo_config/cfg.py:2609
2026-02-26 00:41:28.379 149437 DEBUG oslo_service.service [req-4d6d1d26-9c86-47f5-9af5-8dd0e32d5c9f - - - - -] oslo_policy.remote_ssl_client_crt_file = None log_opt_values /usr/lib/python3/dist-packages/oslo_config/cfg.py:2609
2026-02-26 00:41:28.379 149437 DEBUG oslo_service.service [req-4d6d1d26-9c86-47f5-9af5-8dd0e32d5c9f - - - - -] oslo_policy.remote_ssl_client_key_file = None log_opt_values /usr/lib/python3/dist-packages/oslo_config/cfg.py:2609
2026-02-26 00:41:28.379 149437 DEBUG oslo_service.service [req-4d6d1d26-9c86-47f5-9af5-8dd0e32d5c9f - - - - -] oslo_policy.remote_ssl_verify_server_crt = False log_opt_values /usr/lib/python3/dist-packages/oslo_config/cfg.py:2609
2026-02-26 00:41:28.379 149437 DEBUG oslo_service.service [req-4d6d1d26-9c86-47f5-9af5-8dd0e32d5c9f - - - - -] oslo_versionedobjects.fatal_exception_format_errors = False log_opt_values /usr/lib/python3/dist-packages/oslo_config/cfg.py:2609
2026-02-26 00:41:28.379 149437 DEBUG oslo_service.service [req-4d6d1d26-9c86-47f5-9af5-8dd0e32d5c9f - - - - -] oslo_middleware.http_basic_auth_user_file = /etc/htpasswd log_opt_values /usr/lib/python3/dist-packages/oslo_config/cfg.py:2609
2026-02-26 00:41:28.380 149437 DEBUG oslo_service.service [req-4d6d1d26-9c86-47f5-9af5-8dd0e32d5c9f - - - - -] profiler.connection_string = messaging:// log_opt_values /usr/lib/python3/dist-packages/oslo_config/cfg.py:2609
2026-02-26 00:41:28.380 149437 DEBUG oslo_service.service [req-4d6d1d26-9c86-47f5-9af5-8dd0e32d5c9f - - - - -] profiler.enabled = False log_opt_values /usr/lib/python3/dist-packages/oslo_config/cfg.py:2609
2026-02-26 00:41:28.380 149437 DEBUG oslo_service.service [req-4d6d1d26-9c86-47f5-9af5-8dd0e32d5c9f - - - - -] profiler.es_doc_type = notification log_opt_values /usr/lib/python3/dist-packages/oslo_config/cfg.py:2609
2026-02-26 00:41:28.380 149437 DEBUG oslo_service.service [req-4d6d1d26-9c86-47f5-9af5-8dd0e32d5c9f - - - - -] profiler.es_scroll_size = 10000 log_opt_values /usr/lib/python3/dist-packages/oslo_config/cfg.py:2609
2026-02-26 00:41:28.380 149437 DEBUG oslo_service.service [req-4d6d1d26-9c86-47f5-9af5-8dd0e32d5c9f - - - - -] profiler.es_scroll_time = 2m log_opt_values /usr/lib/python3/dist-packages/oslo_config/cfg.py:2609
2026-02-26 00:41:28.381 149437 DEBUG oslo_service.service [req-4d6d1d26-9c86-47f5-9af5-8dd0e32d5c9f - - - - -] profiler.filter_error_trace = False log_opt_values /usr/lib/python3/dist-packages/oslo_config/cfg.py:2609
2026-02-26 00:41:28.381 149437 DEBUG oslo_service.service [req-4d6d1d26-9c86-47f5-9af5-8dd0e32d5c9f - - - - -] profiler.hmac_keys = SECRET_KEY log_opt_values /usr/lib/python3/dist-packages/oslo_config/cfg.py:2609
2026-02-26 00:41:28.381 149437 DEBUG oslo_service.service [req-4d6d1d26-9c86-47f5-9af5-8dd0e32d5c9f - - - - -] profiler.sentinel_service_name = mymaster log_opt_values /usr/lib/python3/dist-packages/oslo_config/cfg.py:2609
2026-02-26 00:41:28.381 149437 DEBUG oslo_service.service [req-4d6d1d26-9c86-47f5-9af5-8dd0e32d5c9f - - - - -] profiler.socket_timeout = 0.1 log_opt_values /usr/lib/python3/dist-packages/oslo_config/cfg.py:2609
2026-02-26 00:41:28.381 149437 DEBUG oslo_service.service [req-4d6d1d26-9c86-47f5-9af5-8dd0e32d5c9f - - - - -] profiler.trace_sqlalchemy = False log_opt_values /usr/lib/python3/dist-packages/oslo_config/cfg.py:2609
2026-02-26 00:41:28.381 149437 DEBUG oslo_service.service [req-4d6d1d26-9c86-47f5-9af5-8dd0e32d5c9f - - - - -] remote_debug.host = None log_opt_values /usr/lib/python3/dist-packages/oslo_config/cfg.py:2609
2026-02-26 00:41:28.382 149437 DEBUG oslo_service.service [req-4d6d1d26-9c86-47f5-9af5-8dd0e32d5c9f - - - - -] remote_debug.port = None log_opt_values /usr/lib/python3/dist-packages/oslo_config/cfg.py:2609
2026-02-26 00:41:28.382 149437 DEBUG oslo_service.service [req-4d6d1d26-9c86-47f5-9af5-8dd0e32d5c9f - - - - -] oslo_messaging_rabbit.amqp_auto_delete = False log_opt_values /usr/lib/python3/dist-packages/oslo_config/cfg.py:2609
2026-02-26 00:41:28.382 149437 DEBUG oslo_service.service [req-4d6d1d26-9c86-47f5-9af5-8dd0e32d5c9f - - - - -] oslo_messaging_rabbit.amqp_durable_queues = False log_opt_values /usr/lib/python3/dist-packages/oslo_config/cfg.py:2609
2026-02-26 00:41:28.382 149437 DEBUG oslo_service.service [req-4d6d1d26-9c86-47f5-9af5-8dd0e32d5c9f - - - - -] oslo_messaging_rabbit.conn_pool_min_size = 2 log_opt_values /usr/lib/python3/dist-packages/oslo_config/cfg.py:2609
2026-02-26 00:41:28.382 149437 DEBUG oslo_service.service [req-4d6d1d26-9c86-47f5-9af5-8dd0e32d5c9f - - - - -] oslo_messaging_rabbit.conn_pool_ttl = 1200 log_opt_values /usr/lib/python3/dist-packages/oslo_config/cfg.py:2609
2026-02-26 00:41:28.383 149437 DEBUG oslo_service.service [req-4d6d1d26-9c86-47f5-9af5-8dd0e32d5c9f - - - - -] oslo_messaging_rabbit.direct_mandatory_flag = True log_opt_values /usr/lib/python3/dist-packages/oslo_config/cfg.py:2609
2026-02-26 00:41:28.383 149437 DEBUG oslo_service.service [req-4d6d1d26-9c86-47f5-9af5-8dd0e32d5c9f - - - - -] oslo_messaging_rabbit.enable_cancel_on_failover = False log_opt_values /usr/lib/python3/dist-packages/oslo_config/cfg.py:2609
2026-02-26 00:41:28.383 149437 DEBUG oslo_service.service [req-4d6d1d26-9c86-47f5-9af5-8dd0e32d5c9f - - - - -] oslo_messaging_rabbit.heartbeat_in_pthread = False log_opt_values /usr/lib/python3/dist-packages/oslo_config/cfg.py:2609
2026-02-26 00:41:28.383 149437 DEBUG oslo_service.service [req-4d6d1d26-9c86-47f5-9af5-8dd0e32d5c9f - - - - -] oslo_messaging_rabbit.heartbeat_rate = 2 log_opt_values /usr/lib/python3/dist-packages/oslo_config/cfg.py:2609
2026-02-26 00:41:28.383 149437 DEBUG oslo_service.service [req-4d6d1d26-9c86-47f5-9af5-8dd0e32d5c9f - - - - -] oslo_messaging_rabbit.heartbeat_timeout_threshold = 60 log_opt_values /usr/lib/python3/dist-packages/oslo_config/cfg.py:2609
2026-02-26 00:41:28.383 149437 DEBUG oslo_service.service [req-4d6d1d26-9c86-47f5-9af5-8dd0e32d5c9f - - - - -] oslo_messaging_rabbit.kombu_compression = None log_opt_values /usr/lib/python3/dist-packages/oslo_config/cfg.py:2609
2026-02-26 00:41:28.384 149437 DEBUG oslo_service.service [req-4d6d1d26-9c86-47f5-9af5-8dd0e32d5c9f - - - - -] oslo_messaging_rabbit.kombu_failover_strategy = round-robin log_opt_values /usr/lib/python3/dist-packages/oslo_config/cfg.py:2609
2026-02-26 00:41:28.384 149437 DEBUG oslo_service.service [req-4d6d1d26-9c86-47f5-9af5-8dd0e32d5c9f - - - - -] oslo_messaging_rabbit.kombu_missing_consumer_retry_timeout = 60 log_opt_values /usr/lib/python3/dist-packages/oslo_config/cfg.py:2609
2026-02-26 00:41:28.384 149437 DEBUG oslo_service.service [req-4d6d1d26-9c86-47f5-9af5-8dd0e32d5c9f - - - - -] oslo_messaging_rabbit.kombu_reconnect_delay = 1.0 log_opt_values /usr/lib/python3/dist-packages/oslo_config/cfg.py:2609
2026-02-26 00:41:28.384 149437 DEBUG oslo_service.service [req-4d6d1d26-9c86-47f5-9af5-8dd0e32d5c9f - - - - -] oslo_messaging_rabbit.rabbit_ha_queues = False log_opt_values /usr/lib/python3/dist-packages/oslo_config/cfg.py:2609
2026-02-26 00:41:28.384 149437 DEBUG oslo_service.service [req-4d6d1d26-9c86-47f5-9af5-8dd0e32d5c9f - - - - -] oslo_messaging_rabbit.rabbit_interval_max = 30 log_opt_values /usr/lib/python3/dist-packages/oslo_config/cfg.py:2609
2026-02-26 00:41:28.384 149437 DEBUG oslo_service.service [req-4d6d1d26-9c86-47f5-9af5-8dd0e32d5c9f - - - - -] oslo_messaging_rabbit.rabbit_login_method = AMQPLAIN log_opt_values /usr/lib/python3/dist-packages/oslo_config/cfg.py:2609
2026-02-26 00:41:28.385 149437 DEBUG oslo_service.service [req-4d6d1d26-9c86-47f5-9af5-8dd0e32d5c9f - - - - -] oslo_messaging_rabbit.rabbit_qos_prefetch_count = 0 log_opt_values /usr/lib/python3/dist-packages/oslo_config/cfg.py:2609
2026-02-26 00:41:28.385 149437 DEBUG oslo_service.service [req-4d6d1d26-9c86-47f5-9af5-8dd0e32d5c9f - - - - -] oslo_messaging_rabbit.rabbit_quorum_queue = False log_opt_values /usr/lib/python3/dist-packages/oslo_config/cfg.py:2609
2026-02-26 00:41:28.385 149437 DEBUG oslo_service.service [req-4d6d1d26-9c86-47f5-9af5-8dd0e32d5c9f - - - - -] oslo_messaging_rabbit.rabbit_retry_backoff = 2 log_opt_values /usr/lib/python3/dist-packages/oslo_config/cfg.py:2609
2026-02-26 00:41:28.385 149437 DEBUG oslo_service.service [req-4d6d1d26-9c86-47f5-9af5-8dd0e32d5c9f - - - - -] oslo_messaging_rabbit.rabbit_retry_interval = 1 log_opt_values /usr/lib/python3/dist-packages/oslo_config/cfg.py:2609
2026-02-26 00:41:28.385 149437 DEBUG oslo_service.service [req-4d6d1d26-9c86-47f5-9af5-8dd0e32d5c9f - - - - -] oslo_messaging_rabbit.rabbit_transient_queues_ttl = 1800 log_opt_values /usr/lib/python3/dist-packages/oslo_config/cfg.py:2609
2026-02-26 00:41:28.386 149437 DEBUG oslo_service.service [req-4d6d1d26-9c86-47f5-9af5-8dd0e32d5c9f - - - - -] oslo_messaging_rabbit.rpc_conn_pool_size = 30 log_opt_values /usr/lib/python3/dist-packages/oslo_config/cfg.py:2609
2026-02-26 00:41:28.386 149437 DEBUG oslo_service.service [req-4d6d1d26-9c86-47f5-9af5-8dd0e32d5c9f - - - - -] oslo_messaging_rabbit.ssl = False log_opt_values /usr/lib/python3/dist-packages/oslo_config/cfg.py:2609
2026-02-26 00:41:28.386 149437 DEBUG oslo_service.service [req-4d6d1d26-9c86-47f5-9af5-8dd0e32d5c9f - - - - -] oslo_messaging_rabbit.ssl_ca_file = log_opt_values /usr/lib/python3/dist-packages/oslo_config/cfg.py:2609
2026-02-26 00:41:28.386 149437 DEBUG oslo_service.service [req-4d6d1d26-9c86-47f5-9af5-8dd0e32d5c9f - - - - -] oslo_messaging_rabbit.ssl_cert_file = log_opt_values /usr/lib/python3/dist-packages/oslo_config/cfg.py:2609
2026-02-26 00:41:28.386 149437 DEBUG oslo_service.service [req-4d6d1d26-9c86-47f5-9af5-8dd0e32d5c9f - - - - -] oslo_messaging_rabbit.ssl_key_file = log_opt_values /usr/lib/python3/dist-packages/oslo_config/cfg.py:2609
2026-02-26 00:41:28.387 149437 DEBUG oslo_service.service [req-4d6d1d26-9c86-47f5-9af5-8dd0e32d5c9f - - - - -] oslo_messaging_rabbit.ssl_version = log_opt_values /usr/lib/python3/dist-packages/oslo_config/cfg.py:2609
2026-02-26 00:41:28.387 149437 DEBUG oslo_service.service [req-4d6d1d26-9c86-47f5-9af5-8dd0e32d5c9f - - - - -] oslo_messaging_notifications.driver = ['messagingv2'] log_opt_values /usr/lib/python3/dist-packages/oslo_config/cfg.py:2609
2026-02-26 00:41:28.387 149437 DEBUG oslo_service.service [req-4d6d1d26-9c86-47f5-9af5-8dd0e32d5c9f - - - - -] oslo_messaging_notifications.retry = -1 log_opt_values /usr/lib/python3/dist-packages/oslo_config/cfg.py:2609
2026-02-26 00:41:28.387 149437 DEBUG oslo_service.service [req-4d6d1d26-9c86-47f5-9af5-8dd0e32d5c9f - - - - -] oslo_messaging_notifications.topics = ['notifications'] log_opt_values /usr/lib/python3/dist-packages/oslo_config/cfg.py:2609
2026-02-26 00:41:28.387 149437 DEBUG oslo_service.service [req-4d6d1d26-9c86-47f5-9af5-8dd0e32d5c9f - - - - -] oslo_messaging_notifications.transport_url = **** log_opt_values /usr/lib/python3/dist-packages/oslo_config/cfg.py:2609
2026-02-26 00:41:28.387 149437 DEBUG oslo_service.service [req-4d6d1d26-9c86-47f5-9af5-8dd0e32d5c9f - - - - -] oslo_limit.auth_section = None log_opt_values /usr/lib/python3/dist-packages/oslo_config/cfg.py:2609
2026-02-26 00:41:28.388 149437 DEBUG oslo_service.service [req-4d6d1d26-9c86-47f5-9af5-8dd0e32d5c9f - - - - -] oslo_limit.auth_type = None log_opt_values /usr/lib/python3/dist-packages/oslo_config/cfg.py:2609
2026-02-26 00:41:28.388 149437 DEBUG oslo_service.service [req-4d6d1d26-9c86-47f5-9af5-8dd0e32d5c9f - - - - -] oslo_limit.cafile = None log_opt_values /usr/lib/python3/dist-packages/oslo_config/cfg.py:2609
2026-02-26 00:41:28.388 149437 DEBUG oslo_service.service [req-4d6d1d26-9c86-47f5-9af5-8dd0e32d5c9f - - - - -] oslo_limit.certfile = None log_opt_values /usr/lib/python3/dist-packages/oslo_config/cfg.py:2609
2026-02-26 00:41:28.388 149437 DEBUG oslo_service.service [req-4d6d1d26-9c86-47f5-9af5-8dd0e32d5c9f - - - - -] oslo_limit.collect_timing = False log_opt_values /usr/lib/python3/dist-packages/oslo_config/cfg.py:2609
2026-02-26 00:41:28.388 149437 DEBUG oslo_service.service [req-4d6d1d26-9c86-47f5-9af5-8dd0e32d5c9f - - - - -] oslo_limit.connect_retries = None log_opt_values /usr/lib/python3/dist-packages/oslo_config/cfg.py:2609
2026-02-26 00:41:28.388 149437 DEBUG oslo_service.service [req-4d6d1d26-9c86-47f5-9af5-8dd0e32d5c9f - - - - -] oslo_limit.connect_retry_delay = None log_opt_values /usr/lib/python3/dist-packages/oslo_config/cfg.py:2609
2026-02-26 00:41:28.389 149437 DEBUG oslo_service.service [req-4d6d1d26-9c86-47f5-9af5-8dd0e32d5c9f - - - - -] oslo_limit.endpoint_id = None log_opt_values /usr/lib/python3/dist-packages/oslo_config/cfg.py:2609
2026-02-26 00:41:28.389 149437 DEBUG oslo_service.service [req-4d6d1d26-9c86-47f5-9af5-8dd0e32d5c9f - - - - -] oslo_limit.endpoint_override = None log_opt_values /usr/lib/python3/dist-packages/oslo_config/cfg.py:2609
2026-02-26 00:41:28.389 149437 DEBUG oslo_service.service [req-4d6d1d26-9c86-47f5-9af5-8dd0e32d5c9f - - - - -] oslo_limit.insecure = False log_opt_values /usr/lib/python3/dist-packages/oslo_config/cfg.py:2609
2026-02-26 00:41:28.389 149437 DEBUG oslo_service.service [req-4d6d1d26-9c86-47f5-9af5-8dd0e32d5c9f - - - - -] oslo_limit.keyfile = None log_opt_values /usr/lib/python3/dist-packages/oslo_config/cfg.py:2609
2026-02-26 00:41:28.389 149437 DEBUG oslo_service.service [req-4d6d1d26-9c86-47f5-9af5-8dd0e32d5c9f - - - - -] oslo_limit.max_version = None log_opt_values /usr/lib/python3/dist-packages/oslo_config/cfg.py:2609
2026-02-26 00:41:28.390 149437 DEBUG oslo_service.service [req-4d6d1d26-9c86-47f5-9af5-8dd0e32d5c9f - - - - -] oslo_limit.min_version = None log_opt_values /usr/lib/python3/dist-packages/oslo_config/cfg.py:2609
2026-02-26 00:41:28.390 149437 DEBUG oslo_service.service [req-4d6d1d26-9c86-47f5-9af5-8dd0e32d5c9f - - - - -] oslo_limit.region_name = None log_opt_values /usr/lib/python3/dist-packages/oslo_config/cfg.py:2609
2026-02-26 00:41:28.390 149437 DEBUG oslo_service.service [req-4d6d1d26-9c86-47f5-9af5-8dd0e32d5c9f - - - - -] oslo_limit.service_name = None log_opt_values /usr/lib/python3/dist-packages/oslo_config/cfg.py:2609
2026-02-26 00:41:28.390 149437 DEBUG oslo_service.service [req-4d6d1d26-9c86-47f5-9af5-8dd0e32d5c9f - - - - -] oslo_limit.service_type = None log_opt_values /usr/lib/python3/dist-packages/oslo_config/cfg.py:2609
2026-02-26 00:41:28.390 149437 DEBUG oslo_service.service [req-4d6d1d26-9c86-47f5-9af5-8dd0e32d5c9f - - - - -] oslo_limit.split_loggers = False log_opt_values /usr/lib/python3/dist-packages/oslo_config/cfg.py:2609
2026-02-26 00:41:28.391 149437 DEBUG oslo_service.service [req-4d6d1d26-9c86-47f5-9af5-8dd0e32d5c9f - - - - -] oslo_limit.status_code_retries = None log_opt_values /usr/lib/python3/dist-packages/oslo_config/cfg.py:2609
2026-02-26 00:41:28.391 149437 DEBUG oslo_service.service [req-4d6d1d26-9c86-47f5-9af5-8dd0e32d5c9f - - - - -] oslo_limit.status_code_retry_delay = None log_opt_values /usr/lib/python3/dist-packages/oslo_config/cfg.py:2609
2026-02-26 00:41:28.391 149437 DEBUG oslo_service.service [req-4d6d1d26-9c86-47f5-9af5-8dd0e32d5c9f - - - - -] oslo_limit.timeout = None log_opt_values /usr/lib/python3/dist-packages/oslo_config/cfg.py:2609
2026-02-26 00:41:28.391 149437 DEBUG oslo_service.service [req-4d6d1d26-9c86-47f5-9af5-8dd0e32d5c9f - - - - -] oslo_limit.valid_interfaces = None log_opt_values /usr/lib/python3/dist-packages/oslo_config/cfg.py:2609
2026-02-26 00:41:28.391 149437 DEBUG oslo_service.service [req-4d6d1d26-9c86-47f5-9af5-8dd0e32d5c9f - - - - -] oslo_limit.version = None log_opt_values /usr/lib/python3/dist-packages/oslo_config/cfg.py:2609
2026-02-26 00:41:28.391 149437 DEBUG oslo_service.service [req-4d6d1d26-9c86-47f5-9af5-8dd0e32d5c9f - - - - -] oslo_reports.file_event_handler = None log_opt_values /usr/lib/python3/dist-packages/oslo_config/cfg.py:2609
2026-02-26 00:41:28.392 149437 DEBUG oslo_service.service [req-4d6d1d26-9c86-47f5-9af5-8dd0e32d5c9f - - - - -] oslo_reports.file_event_handler_interval = 1 log_opt_values /usr/lib/python3/dist-packages/oslo_config/cfg.py:2609
2026-02-26 00:41:28.392 149437 DEBUG oslo_service.service [req-4d6d1d26-9c86-47f5-9af5-8dd0e32d5c9f - - - - -] oslo_reports.log_dir = None log_opt_values /usr/lib/python3/dist-packages/oslo_config/cfg.py:2609
2026-02-26 00:41:28.392 149437 DEBUG oslo_service.service [req-4d6d1d26-9c86-47f5-9af5-8dd0e32d5c9f - - - - -] ******************************************************************************** log_opt_values /usr/lib/python3/dist-packages/oslo_config/cfg.py:2613
2026-02-26 00:41:29.216 149769 DEBUG oslo_messaging._drivers.amqpdriver [-] AMQPListener connection timeout poll /usr/lib/python3/dist-packages/oslo_messaging/_drivers/amqpdriver.py:360
2026-02-26 00:41:29.216 149769 DEBUG oslo_messaging._drivers.amqpdriver [-] Listener is running poll /usr/lib/python3/dist-packages/oslo_messaging/_drivers/amqpdriver.py:343
2026-02-26 00:41:29.216 149769 DEBUG oslo_messaging._drivers.amqpdriver [-] AMQPListener connection consume poll /usr/lib/python3/dist-packages/oslo_messaging/_drivers/amqpdriver.py:357
2026-02-26 00:41:29.264 149768 DEBUG oslo_messaging._drivers.amqpdriver [-] AMQPListener connection timeout poll /usr/lib/python3/dist-packages/oslo_messaging/_drivers/amqpdriver.py:360
2026-02-26 00:41:29.272 149768 DEBUG oslo_messaging._drivers.amqpdriver [-] Listener is running poll /usr/lib/python3/dist-packages/oslo_messaging/_drivers/amqpdriver.py:343
2026-02-26 00:41:29.273 149768 DEBUG oslo_messaging._drivers.amqpdriver [-] AMQPListener connection consume poll /usr/lib/python3/dist-packages/oslo_messaging/_drivers/amqpdriver.py:357
2026-02-26 00:41:29.300 149771 DEBUG oslo_messaging._drivers.amqpdriver [-] AMQPListener connection timeout poll /usr/lib/python3/dist-packages/oslo_messaging/_drivers/amqpdriver.py:360
2026-02-26 00:41:29.300 149771 DEBUG oslo_messaging._drivers.amqpdriver [-] Listener is running poll /usr/lib/python3/dist-packages/oslo_messaging/_drivers/amqpdriver.py:343
2026-02-26 00:41:29.300 149771 DEBUG oslo_messaging._drivers.amqpdriver [-] AMQPListener connection consume poll /usr/lib/python3/dist-packages/oslo_messaging/_drivers/amqpdriver.py:357
2026-02-26 00:41:29.302 149770 DEBUG oslo_messaging._drivers.amqpdriver [-] AMQPListener connection timeout poll /usr/lib/python3/dist-packages/oslo_messaging/_drivers/amqpdriver.py:360
2026-02-26 00:41:29.302 149770 DEBUG oslo_messaging._drivers.amqpdriver [-] Listener is running poll /usr/lib/python3/dist-packages/oslo_messaging/_drivers/amqpdriver.py:343
2026-02-26 00:41:29.302 149770 DEBUG oslo_messaging._drivers.amqpdriver [-] AMQPListener connection consume poll /usr/lib/python3/dist-packages/oslo_messaging/_drivers/amqpdriver.py:357
2026-02-26 00:41:31.217 149769 DEBUG oslo_messaging._drivers.amqpdriver [-] AMQPListener connection timeout poll /usr/lib/python3/dist-packages/oslo_messaging/_drivers/amqpdriver.py:360
2026-02-26 00:41:31.218 149769 DEBUG oslo_messaging._drivers.amqpdriver [-] Listener is running poll /usr/lib/python3/dist-packages/oslo_messaging/_drivers/amqpdriver.py:343
2026-02-26 00:41:31.218 149769 DEBUG oslo_messaging._drivers.amqpdriver [-] AMQPListener connection consume poll /usr/lib/python3/dist-packages/oslo_messaging/_drivers/amqpdriver.py:357
2026-02-26 00:41:31.275 149768 DEBUG oslo_messaging._drivers.amqpdriver [-] AMQPListener connection timeout poll /usr/lib/python3/dist-packages/oslo_messaging/_drivers/amqpdriver.py:360
2026-02-26 00:41:31.276 149768 DEBUG oslo_messaging._drivers.amqpdriver [-] Listener is running poll /usr/lib/python3/dist-packages/oslo_messaging/_drivers/amqpdriver.py:343
2026-02-26 00:41:31.276 149768 DEBUG oslo_messaging._drivers.amqpdriver [-] AMQPListener connection consume poll /usr/lib/python3/dist-packages/oslo_messaging/_drivers/amqpdriver.py:357
2026-02-26 00:41:31.303 149771 DEBUG oslo_messaging._drivers.amqpdriver [-] AMQPListener connection timeout poll /usr/lib/python3/dist-packages/oslo_messaging/_drivers/amqpdriver.py:360
2026-02-26 00:41:31.303 149771 DEBUG oslo_messaging._drivers.amqpdriver [-] Listener is running poll /usr/lib/python3/dist-packages/oslo_messaging/_drivers/amqpdriver.py:343
2026-02-26 00:41:31.303 149771 DEBUG oslo_messaging._drivers.amqpdriver [-] AMQPListener connection consume poll /usr/lib/python3/dist-packages/oslo_messaging/_drivers/amqpdriver.py:357
2026-02-26 00:41:31.308 149770 DEBUG oslo_messaging._drivers.amqpdriver [-] AMQPListener connection timeout poll /usr/lib/python3/dist-packages/oslo_messaging/_drivers/amqpdriver.py:360
2026-02-26 00:41:31.309 149770 DEBUG oslo_messaging._drivers.amqpdriver [-] Listener is running poll /usr/lib/python3/dist-packages/oslo_messaging/_drivers/amqpdriver.py:343
2026-02-26 00:41:31.309 149770 DEBUG oslo_messaging._drivers.amqpdriver [-] AMQPListener connection consume poll /usr/lib/python3/dist-packages/oslo_messaging/_drivers/amqpdriver.py:357
2026-02-26 00:41:35.219 149769 DEBUG oslo_messaging._drivers.amqpdriver [-] AMQPListener connection timeout poll /usr/lib/python3/dist-packages/oslo_messaging/_drivers/amqpdriver.py:360
2026-02-26 00:41:35.220 149769 DEBUG oslo_messaging._drivers.amqpdriver [-] Listener is running poll /usr/lib/python3/dist-packages/oslo_messaging/_drivers/amqpdriver.py:343
2026-02-26 00:41:35.220 149769 DEBUG oslo_messaging._drivers.amqpdriver [-] AMQPListener connection consume poll /usr/lib/python3/dist-packages/oslo_messaging/_drivers/amqpdriver.py:357
2026-02-26 00:41:35.278 149768 DEBUG oslo_messaging._drivers.amqpdriver [-] AMQPListener connection timeout poll /usr/lib/python3/dist-packages/oslo_messaging/_drivers/amqpdriver.py:360
2026-02-26 00:41:35.278 149768 DEBUG oslo_messaging._drivers.amqpdriver [-] Listener is running poll /usr/lib/python3/dist-packages/oslo_messaging/_drivers/amqpdriver.py:343
2026-02-26 00:41:35.278 149768 DEBUG oslo_messaging._drivers.amqpdriver [-] AMQPListener connection consume poll /usr/lib/python3/dist-packages/oslo_messaging/_drivers/amqpdriver.py:357
2026-02-26 00:41:35.305 149771 DEBUG oslo_messaging._drivers.amqpdriver [-] AMQPListener connection timeout poll /usr/lib/python3/dist-packages/oslo_messaging/_drivers/amqpdriver.py:360
2026-02-26 00:41:35.306 149771 DEBUG oslo_messaging._drivers.amqpdriver [-] Listener is running poll /usr/lib/python3/dist-packages/oslo_messaging/_drivers/amqpdriver.py:343
2026-02-26 00:41:35.306 149771 DEBUG oslo_messaging._drivers.amqpdriver [-] AMQPListener connection consume poll /usr/lib/python3/dist-packages/oslo_messaging/_drivers/amqpdriver.py:357
2026-02-26 00:41:35.311 149770 DEBUG oslo_messaging._drivers.amqpdriver [-] AMQPListener connection timeout poll /usr/lib/python3/dist-packages/oslo_messaging/_drivers/amqpdriver.py:360
2026-02-26 00:41:35.312 149770 DEBUG oslo_messaging._drivers.amqpdriver [-] Listener is running poll /usr/lib/python3/dist-packages/oslo_messaging/_drivers/amqpdriver.py:343
2026-02-26 00:41:35.312 149770 DEBUG oslo_messaging._drivers.amqpdriver [-] AMQPListener connection consume poll /usr/lib/python3/dist-packages/oslo_messaging/_drivers/amqpdriver.py:357
2026-02-26 00:41:43.214 149769 DEBUG oslo_service.periodic_task [req-f71ea177-f21d-4b3b-b26e-4a1cdd66a34a - - - - -] Running periodic task SchedulerManager._discover_hosts_in_cells run_periodic_tasks /usr/lib/python3/dist-packages/oslo_service/periodic_task.py:210
2026-02-26 00:41:43.215 149769 DEBUG oslo_db.sqlalchemy.engines [req-f71ea177-f21d-4b3b-b26e-4a1cdd66a34a - - - - -] Parent process 149437 forked (149769) with an open database connection, which is being discarded and recreated. checkout /usr/lib/python3/dist-packages/oslo_db/sqlalchemy/engines.py:413
2026-02-26 00:41:43.221 149769 DEBUG oslo_messaging._drivers.amqpdriver [-] AMQPListener connection timeout poll /usr/lib/python3/dist-packages/oslo_messaging/_drivers/amqpdriver.py:360
2026-02-26 00:41:43.222 149769 DEBUG oslo_messaging._drivers.amqpdriver [-] Listener is running poll /usr/lib/python3/dist-packages/oslo_messaging/_drivers/amqpdriver.py:343
2026-02-26 00:41:43.222 149769 DEBUG oslo_messaging._drivers.amqpdriver [-] AMQPListener connection consume poll /usr/lib/python3/dist-packages/oslo_messaging/_drivers/amqpdriver.py:357
2026-02-26 00:41:43.232 149769 DEBUG oslo_concurrency.lockutils [req-f71ea177-f21d-4b3b-b26e-4a1cdd66a34a - - - - -] Lock "19df0ccf-2fc7-4359-842f-34bca390c3a3" acquired by "nova.context.set_target_cell..get_or_set_cached_cell_and_set_connections" :: waited 0.000s inner /usr/lib/python3/dist-packages/oslo_concurrency/lockutils.py:386
2026-02-26 00:41:43.240 149769 DEBUG oslo_concurrency.lockutils [req-f71ea177-f21d-4b3b-b26e-4a1cdd66a34a - - - - -] Lock "19df0ccf-2fc7-4359-842f-34bca390c3a3" "released" by "nova.context.set_target_cell..get_or_set_cached_cell_and_set_connections" :: held 0.008s inner /usr/lib/python3/dist-packages/oslo_concurrency/lockutils.py:400
2026-02-26 00:41:43.251 149769 DEBUG oslo_db.sqlalchemy.engines [req-f71ea177-f21d-4b3b-b26e-4a1cdd66a34a - - - - -] MySQL server mode set to STRICT_TRANS_TABLES,STRICT_ALL_TABLES,NO_ZERO_IN_DATE,NO_ZERO_DATE,ERROR_FOR_DIVISION_BY_ZERO,TRADITIONAL,NO_ENGINE_SUBSTITUTION _check_effective_sql_mode /usr/lib/python3/dist-packages/oslo_db/sqlalchemy/engines.py:314
2026-02-26 00:41:43.279 149768 DEBUG oslo_messaging._drivers.amqpdriver [-] AMQPListener connection timeout poll /usr/lib/python3/dist-packages/oslo_messaging/_drivers/amqpdriver.py:360
2026-02-26 00:41:43.280 149768 DEBUG oslo_messaging._drivers.amqpdriver [-] Listener is running poll /usr/lib/python3/dist-packages/oslo_messaging/_drivers/amqpdriver.py:343
2026-02-26 00:41:43.280 149768 DEBUG oslo_messaging._drivers.amqpdriver [-] AMQPListener connection consume poll /usr/lib/python3/dist-packages/oslo_messaging/_drivers/amqpdriver.py:357
2026-02-26 00:41:43.309 149771 DEBUG oslo_messaging._drivers.amqpdriver [-] AMQPListener connection timeout poll /usr/lib/python3/dist-packages/oslo_messaging/_drivers/amqpdriver.py:360
2026-02-26 00:41:43.309 149771 DEBUG oslo_messaging._drivers.amqpdriver [-] Listener is running poll /usr/lib/python3/dist-packages/oslo_messaging/_drivers/amqpdriver.py:343
2026-02-26 00:41:43.309 149771 DEBUG oslo_messaging._drivers.amqpdriver [-] AMQPListener connection consume poll /usr/lib/python3/dist-packages/oslo_messaging/_drivers/amqpdriver.py:357
2026-02-26 00:41:43.313 149770 DEBUG oslo_messaging._drivers.amqpdriver [-] AMQPListener connection timeout poll /usr/lib/python3/dist-packages/oslo_messaging/_drivers/amqpdriver.py:360
2026-02-26 00:41:43.314 149770 DEBUG oslo_messaging._drivers.amqpdriver [-] Listener is running poll /usr/lib/python3/dist-packages/oslo_messaging/_drivers/amqpdriver.py:343
2026-02-26 00:41:43.314 149770 DEBUG oslo_messaging._drivers.amqpdriver [-] AMQPListener connection consume poll /usr/lib/python3/dist-packages/oslo_messaging/_drivers/amqpdriver.py:357
2026-02-26 00:42:13.194 149769 DEBUG oslo_messaging._drivers.amqpdriver [-] AMQPListener connection timeout poll /usr/lib/python3/dist-packages/oslo_messaging/_drivers/amqpdriver.py:360
2026-02-26 00:42:13.194 149769 DEBUG oslo_messaging._drivers.amqpdriver [-] Listener is running poll /usr/lib/python3/dist-packages/oslo_messaging/_drivers/amqpdriver.py:343
2026-02-26 00:42:13.195 149769 DEBUG oslo_messaging._drivers.amqpdriver [-] AMQPListener connection consume poll /usr/lib/python3/dist-packages/oslo_messaging/_drivers/amqpdriver.py:357
2026-02-26 00:42:13.235 149768 DEBUG oslo_messaging._drivers.amqpdriver [-] AMQPListener connection timeout poll /usr/lib/python3/dist-packages/oslo_messaging/_drivers/amqpdriver.py:360
2026-02-26 00:42:13.236 149768 DEBUG oslo_messaging._drivers.amqpdriver [-] Listener is running poll /usr/lib/python3/dist-packages/oslo_messaging/_drivers/amqpdriver.py:343
2026-02-26 00:42:13.236 149768 DEBUG oslo_messaging._drivers.amqpdriver [-] AMQPListener connection consume poll /usr/lib/python3/dist-packages/oslo_messaging/_drivers/amqpdriver.py:357
2026-02-26 00:42:13.270 149771 DEBUG oslo_messaging._drivers.amqpdriver [-] AMQPListener connection timeout poll /usr/lib/python3/dist-packages/oslo_messaging/_drivers/amqpdriver.py:360
2026-02-26 00:42:13.271 149771 DEBUG oslo_messaging._drivers.amqpdriver [-] Listener is running poll /usr/lib/python3/dist-packages/oslo_messaging/_drivers/amqpdriver.py:343
2026-02-26 00:42:13.271 149771 DEBUG oslo_messaging._drivers.amqpdriver [-] AMQPListener connection consume poll /usr/lib/python3/dist-packages/oslo_messaging/_drivers/amqpdriver.py:357
2026-02-26 00:42:13.272 149770 DEBUG oslo_messaging._drivers.amqpdriver [-] AMQPListener connection timeout poll /usr/lib/python3/dist-packages/oslo_messaging/_drivers/amqpdriver.py:360
2026-02-26 00:42:13.272 149770 DEBUG oslo_messaging._drivers.amqpdriver [-] Listener is running poll /usr/lib/python3/dist-packages/oslo_messaging/_drivers/amqpdriver.py:343
2026-02-26 00:42:13.272 149770 DEBUG oslo_messaging._drivers.amqpdriver [-] AMQPListener connection consume poll /usr/lib/python3/dist-packages/oslo_messaging/_drivers/amqpdriver.py:357
2026-02-26 00:42:13.275 149769 DEBUG oslo_service.periodic_task [req-f71ea177-f21d-4b3b-b26e-4a1cdd66a34a - - - - -] Running periodic task SchedulerManager._discover_hosts_in_cells run_periodic_tasks /usr/lib/python3/dist-packages/oslo_service/periodic_task.py:210
2026-02-26 00:42:13.281 149769 DEBUG oslo_concurrency.lockutils [req-d577d0dc-41c0-46d0-a9e6-6fcd18b4e2ea - - - - -] Lock "19df0ccf-2fc7-4359-842f-34bca390c3a3" acquired by "nova.context.set_target_cell..get_or_set_cached_cell_and_set_connections" :: waited 0.000s inner /usr/lib/python3/dist-packages/oslo_concurrency/lockutils.py:386
2026-02-26 00:42:13.282 149769 DEBUG oslo_concurrency.lockutils [req-d577d0dc-41c0-46d0-a9e6-6fcd18b4e2ea - - - - -] Lock "19df0ccf-2fc7-4359-842f-34bca390c3a3" "released" by "nova.context.set_target_cell..get_or_set_cached_cell_and_set_connections" :: held 0.000s inner /usr/lib/python3/dist-packages/oslo_concurrency/lockutils.py:400
2026-02-26 00:42:17.299 149771 DEBUG oslo_service.periodic_task [req-0c3c1203-ac89-4672-9eb1-8df1765167f7 - - - - -] Running periodic task SchedulerManager._discover_hosts_in_cells run_periodic_tasks /usr/lib/python3/dist-packages/oslo_service/periodic_task.py:210
2026-02-26 00:42:17.300 149771 DEBUG oslo_db.sqlalchemy.engines [req-0c3c1203-ac89-4672-9eb1-8df1765167f7 - - - - -] Parent process 149437 forked (149771) with an open database connection, which is being discarded and recreated. checkout /usr/lib/python3/dist-packages/oslo_db/sqlalchemy/engines.py:413
2026-02-26 00:42:17.303 149770 DEBUG oslo_service.periodic_task [req-87efa015-131b-4d5d-9b4d-7a8bfe11dbb1 - - - - -] Running periodic task SchedulerManager._discover_hosts_in_cells run_periodic_tasks /usr/lib/python3/dist-packages/oslo_service/periodic_task.py:210
2026-02-26 00:42:17.304 149770 DEBUG oslo_db.sqlalchemy.engines [req-87efa015-131b-4d5d-9b4d-7a8bfe11dbb1 - - - - -] Parent process 149437 forked (149770) with an open database connection, which is being discarded and recreated. checkout /usr/lib/python3/dist-packages/oslo_db/sqlalchemy/engines.py:413
2026-02-26 00:42:17.311 149771 DEBUG oslo_concurrency.lockutils [req-0c3c1203-ac89-4672-9eb1-8df1765167f7 - - - - -] Lock "19df0ccf-2fc7-4359-842f-34bca390c3a3" acquired by "nova.context.set_target_cell..get_or_set_cached_cell_and_set_connections" :: waited 0.000s inner /usr/lib/python3/dist-packages/oslo_concurrency/lockutils.py:386
2026-02-26 00:42:17.312 149770 DEBUG oslo_concurrency.lockutils [req-87efa015-131b-4d5d-9b4d-7a8bfe11dbb1 - - - - -] Lock "19df0ccf-2fc7-4359-842f-34bca390c3a3" acquired by "nova.context.set_target_cell..get_or_set_cached_cell_and_set_connections" :: waited 0.000s inner /usr/lib/python3/dist-packages/oslo_concurrency/lockutils.py:386
2026-02-26 00:42:17.313 149771 DEBUG oslo_concurrency.lockutils [req-0c3c1203-ac89-4672-9eb1-8df1765167f7 - - - - -] Lock "19df0ccf-2fc7-4359-842f-34bca390c3a3" "released" by "nova.context.set_target_cell..get_or_set_cached_cell_and_set_connections" :: held 0.002s inner /usr/lib/python3/dist-packages/oslo_concurrency/lockutils.py:400
2026-02-26 00:42:17.315 149770 DEBUG oslo_concurrency.lockutils [req-87efa015-131b-4d5d-9b4d-7a8bfe11dbb1 - - - - -] Lock "19df0ccf-2fc7-4359-842f-34bca390c3a3" "released" by "nova.context.set_target_cell..get_or_set_cached_cell_and_set_connections" :: held 0.002s inner /usr/lib/python3/dist-packages/oslo_concurrency/lockutils.py:400
2026-02-26 00:42:17.320 149771 DEBUG oslo_db.sqlalchemy.engines [req-0c3c1203-ac89-4672-9eb1-8df1765167f7 - - - - -] MySQL server mode set to STRICT_TRANS_TABLES,STRICT_ALL_TABLES,NO_ZERO_IN_DATE,NO_ZERO_DATE,ERROR_FOR_DIVISION_BY_ZERO,TRADITIONAL,NO_ENGINE_SUBSTITUTION _check_effective_sql_mode /usr/lib/python3/dist-packages/oslo_db/sqlalchemy/engines.py:314
2026-02-26 00:42:17.322 149770 DEBUG oslo_db.sqlalchemy.engines [req-87efa015-131b-4d5d-9b4d-7a8bfe11dbb1 - - - - -] MySQL server mode set to STRICT_TRANS_TABLES,STRICT_ALL_TABLES,NO_ZERO_IN_DATE,NO_ZERO_DATE,ERROR_FOR_DIVISION_BY_ZERO,TRADITIONAL,NO_ENGINE_SUBSTITUTION _check_effective_sql_mode /usr/lib/python3/dist-packages/oslo_db/sqlalchemy/engines.py:314
2026-02-26 00:42:26.262 149768 DEBUG oslo_service.periodic_task [req-21793d91-3ee0-4e66-90d2-0d8e9ee83204 - - - - -] Running periodic task SchedulerManager._discover_hosts_in_cells run_periodic_tasks /usr/lib/python3/dist-packages/oslo_service/periodic_task.py:210
2026-02-26 00:42:26.264 149768 DEBUG oslo_db.sqlalchemy.engines [req-21793d91-3ee0-4e66-90d2-0d8e9ee83204 - - - - -] Parent process 149437 forked (149768) with an open database connection, which is being discarded and recreated. checkout /usr/lib/python3/dist-packages/oslo_db/sqlalchemy/engines.py:413
2026-02-26 00:42:26.271 149768 DEBUG oslo_concurrency.lockutils [req-21793d91-3ee0-4e66-90d2-0d8e9ee83204 - - - - -] Lock "19df0ccf-2fc7-4359-842f-34bca390c3a3" acquired by "nova.context.set_target_cell..get_or_set_cached_cell_and_set_connections" :: waited 0.000s inner /usr/lib/python3/dist-packages/oslo_concurrency/lockutils.py:386
2026-02-26 00:42:26.273 149768 DEBUG oslo_concurrency.lockutils [req-21793d91-3ee0-4e66-90d2-0d8e9ee83204 - - - - -] Lock "19df0ccf-2fc7-4359-842f-34bca390c3a3" "released" by "nova.context.set_target_cell..get_or_set_cached_cell_and_set_connections" :: held 0.002s inner /usr/lib/python3/dist-packages/oslo_concurrency/lockutils.py:400
2026-02-26 00:42:26.279 149768 DEBUG oslo_db.sqlalchemy.engines [req-21793d91-3ee0-4e66-90d2-0d8e9ee83204 - - - - -] MySQL server mode set to STRICT_TRANS_TABLES,STRICT_ALL_TABLES,NO_ZERO_IN_DATE,NO_ZERO_DATE,ERROR_FOR_DIVISION_BY_ZERO,TRADITIONAL,NO_ENGINE_SUBSTITUTION _check_effective_sql_mode /usr/lib/python3/dist-packages/oslo_db/sqlalchemy/engines.py:314
2026-02-26 00:42:43.288 149769 DEBUG oslo_service.periodic_task [req-d577d0dc-41c0-46d0-a9e6-6fcd18b4e2ea - - - - -] Running periodic task SchedulerManager._discover_hosts_in_cells run_periodic_tasks /usr/lib/python3/dist-packages/oslo_service/periodic_task.py:210
2026-02-26 00:42:43.293 149769 DEBUG oslo_concurrency.lockutils [req-7932d37b-e494-4fb2-a77c-e664ff946484 - - - - -] Lock "19df0ccf-2fc7-4359-842f-34bca390c3a3" acquired by "nova.context.set_target_cell..get_or_set_cached_cell_and_set_connections" :: waited 0.000s inner /usr/lib/python3/dist-packages/oslo_concurrency/lockutils.py:386
2026-02-26 00:42:43.293 149769 DEBUG oslo_concurrency.lockutils [req-7932d37b-e494-4fb2-a77c-e664ff946484 - - - - -] Lock "19df0ccf-2fc7-4359-842f-34bca390c3a3" "released" by "nova.context.set_target_cell..get_or_set_cached_cell_and_set_connections" :: held 0.001s inner /usr/lib/python3/dist-packages/oslo_concurrency/lockutils.py:400
2026-02-26 00:42:45.198 149769 DEBUG oslo_messaging._drivers.amqpdriver [-] AMQPListener connection timeout poll /usr/lib/python3/dist-packages/oslo_messaging/_drivers/amqpdriver.py:360
2026-02-26 00:42:45.198 149769 DEBUG oslo_messaging._drivers.amqpdriver [-] Listener is running poll /usr/lib/python3/dist-packages/oslo_messaging/_drivers/amqpdriver.py:343
2026-02-26 00:42:45.198 149769 DEBUG oslo_messaging._drivers.amqpdriver [-] AMQPListener connection consume poll /usr/lib/python3/dist-packages/oslo_messaging/_drivers/amqpdriver.py:357
2026-02-26 00:42:45.239 149768 DEBUG oslo_messaging._drivers.amqpdriver [-] AMQPListener connection timeout poll /usr/lib/python3/dist-packages/oslo_messaging/_drivers/amqpdriver.py:360
2026-02-26 00:42:45.239 149768 DEBUG oslo_messaging._drivers.amqpdriver [-] Listener is running poll /usr/lib/python3/dist-packages/oslo_messaging/_drivers/amqpdriver.py:343
2026-02-26 00:42:45.240 149768 DEBUG oslo_messaging._drivers.amqpdriver [-] AMQPListener connection consume poll /usr/lib/python3/dist-packages/oslo_messaging/_drivers/amqpdriver.py:357
2026-02-26 00:42:45.274 149771 DEBUG oslo_messaging._drivers.amqpdriver [-] AMQPListener connection timeout poll /usr/lib/python3/dist-packages/oslo_messaging/_drivers/amqpdriver.py:360
2026-02-26 00:42:45.274 149771 DEBUG oslo_messaging._drivers.amqpdriver [-] Listener is running poll /usr/lib/python3/dist-packages/oslo_messaging/_drivers/amqpdriver.py:343
2026-02-26 00:42:45.274 149771 DEBUG oslo_messaging._drivers.amqpdriver [-] AMQPListener connection consume poll /usr/lib/python3/dist-packages/oslo_messaging/_drivers/amqpdriver.py:357
2026-02-26 00:42:45.275 149770 DEBUG oslo_messaging._drivers.amqpdriver [-] AMQPListener connection timeout poll /usr/lib/python3/dist-packages/oslo_messaging/_drivers/amqpdriver.py:360
2026-02-26 00:42:45.276 149770 DEBUG oslo_messaging._drivers.amqpdriver [-] Listener is running poll /usr/lib/python3/dist-packages/oslo_messaging/_drivers/amqpdriver.py:343
2026-02-26 00:42:45.276 149770 DEBUG oslo_messaging._drivers.amqpdriver [-] AMQPListener connection consume poll /usr/lib/python3/dist-packages/oslo_messaging/_drivers/amqpdriver.py:357
2026-02-26 00:42:47.338 149770 DEBUG oslo_service.periodic_task [req-87efa015-131b-4d5d-9b4d-7a8bfe11dbb1 - - - - -] Running periodic task SchedulerManager._discover_hosts_in_cells run_periodic_tasks /usr/lib/python3/dist-packages/oslo_service/periodic_task.py:210
2026-02-26 00:42:47.344 149770 DEBUG oslo_concurrency.lockutils [req-78ad65a8-4bac-4de2-9c30-0b694133821c - - - - -] Lock "19df0ccf-2fc7-4359-842f-34bca390c3a3" acquired by "nova.context.set_target_cell..get_or_set_cached_cell_and_set_connections" :: waited 0.000s inner /usr/lib/python3/dist-packages/oslo_concurrency/lockutils.py:386
2026-02-26 00:42:47.344 149770 DEBUG oslo_concurrency.lockutils [req-78ad65a8-4bac-4de2-9c30-0b694133821c - - - - -] Lock "19df0ccf-2fc7-4359-842f-34bca390c3a3" "released" by "nova.context.set_target_cell..get_or_set_cached_cell_and_set_connections" :: held 0.000s inner /usr/lib/python3/dist-packages/oslo_concurrency/lockutils.py:400
2026-02-26 00:42:47.345 149771 DEBUG oslo_service.periodic_task [req-0c3c1203-ac89-4672-9eb1-8df1765167f7 - - - - -] Running periodic task SchedulerManager._discover_hosts_in_cells run_periodic_tasks /usr/lib/python3/dist-packages/oslo_service/periodic_task.py:210
2026-02-26 00:42:47.352 149771 DEBUG oslo_concurrency.lockutils [req-ae8c801a-c710-4b2d-9fe8-334cf5707800 - - - - -] Lock "19df0ccf-2fc7-4359-842f-34bca390c3a3" acquired by "nova.context.set_target_cell..get_or_set_cached_cell_and_set_connections" :: waited 0.000s inner /usr/lib/python3/dist-packages/oslo_concurrency/lockutils.py:386
2026-02-26 00:42:47.352 149771 DEBUG oslo_concurrency.lockutils [req-ae8c801a-c710-4b2d-9fe8-334cf5707800 - - - - -] Lock "19df0ccf-2fc7-4359-842f-34bca390c3a3" "released" by "nova.context.set_target_cell..get_or_set_cached_cell_and_set_connections" :: held 0.001s inner /usr/lib/python3/dist-packages/oslo_concurrency/lockutils.py:400
2026-02-26 00:42:56.299 149768 DEBUG oslo_service.periodic_task [req-21793d91-3ee0-4e66-90d2-0d8e9ee83204 - - - - -] Running periodic task SchedulerManager._discover_hosts_in_cells run_periodic_tasks /usr/lib/python3/dist-packages/oslo_service/periodic_task.py:210
2026-02-26 00:42:56.304 149768 DEBUG oslo_concurrency.lockutils [req-e2e58802-8591-40a9-9105-3062c5a22ccf - - - - -] Lock "19df0ccf-2fc7-4359-842f-34bca390c3a3" acquired by "nova.context.set_target_cell..get_or_set_cached_cell_and_set_connections" :: waited 0.000s inner /usr/lib/python3/dist-packages/oslo_concurrency/lockutils.py:386
2026-02-26 00:42:56.304 149768 DEBUG oslo_concurrency.lockutils [req-e2e58802-8591-40a9-9105-3062c5a22ccf - - - - -] Lock "19df0ccf-2fc7-4359-842f-34bca390c3a3" "released" by "nova.context.set_target_cell..get_or_set_cached_cell_and_set_connections" :: held 0.000s inner /usr/lib/python3/dist-packages/oslo_concurrency/lockutils.py:400
2026-02-26 00:43:14.216 149769 DEBUG oslo_service.periodic_task [req-7932d37b-e494-4fb2-a77c-e664ff946484 - - - - -] Running periodic task SchedulerManager._discover_hosts_in_cells run_periodic_tasks /usr/lib/python3/dist-packages/oslo_service/periodic_task.py:210
2026-02-26 00:43:14.222 149769 DEBUG oslo_concurrency.lockutils [req-d6a75274-4f63-458a-83ee-82fd14443735 - - - - -] Lock "19df0ccf-2fc7-4359-842f-34bca390c3a3" acquired by "nova.context.set_target_cell..get_or_set_cached_cell_and_set_connections" :: waited 0.000s inner /usr/lib/python3/dist-packages/oslo_concurrency/lockutils.py:386
2026-02-26 00:43:14.223 149769 DEBUG oslo_concurrency.lockutils [req-d6a75274-4f63-458a-83ee-82fd14443735 - - - - -] Lock "19df0ccf-2fc7-4359-842f-34bca390c3a3" "released" by "nova.context.set_target_cell..get_or_set_cached_cell_and_set_connections" :: held 0.001s inner /usr/lib/python3/dist-packages/oslo_concurrency/lockutils.py:400
2026-02-26 00:43:17.353 149770 DEBUG oslo_service.periodic_task [req-78ad65a8-4bac-4de2-9c30-0b694133821c - - - - -] Running periodic task SchedulerManager._discover_hosts_in_cells run_periodic_tasks /usr/lib/python3/dist-packages/oslo_service/periodic_task.py:210
2026-02-26 00:43:17.358 149770 DEBUG oslo_concurrency.lockutils [req-8887077d-4aac-4a28-aefe-85a78e896735 - - - - -] Lock "19df0ccf-2fc7-4359-842f-34bca390c3a3" acquired by "nova.context.set_target_cell..get_or_set_cached_cell_and_set_connections" :: waited 0.000s inner /usr/lib/python3/dist-packages/oslo_concurrency/lockutils.py:386
2026-02-26 00:43:17.358 149770 DEBUG oslo_concurrency.lockutils [req-8887077d-4aac-4a28-aefe-85a78e896735 - - - - -] Lock "19df0ccf-2fc7-4359-842f-34bca390c3a3" "released" by "nova.context.set_target_cell..get_or_set_cached_cell_and_set_connections" :: held 0.000s inner /usr/lib/python3/dist-packages/oslo_concurrency/lockutils.py:400
2026-02-26 00:43:17.363 149771 DEBUG oslo_service.periodic_task [req-ae8c801a-c710-4b2d-9fe8-334cf5707800 - - - - -] Running periodic task SchedulerManager._discover_hosts_in_cells run_periodic_tasks /usr/lib/python3/dist-packages/oslo_service/periodic_task.py:210
