2026-02-26 00:40:50.538 137900 DEBUG oslo_service.service [req-f70b100e-84c9-4e50-91a9-6dffad23a505 - - - - -] use_cow_images = True log_opt_values /usr/lib/python3/dist-packages/oslo_config/cfg.py:2602
2026-02-26 00:40:50.538 137900 DEBUG oslo_service.service [req-f70b100e-84c9-4e50-91a9-6dffad23a505 - - - - -] use_eventlog = False log_opt_values /usr/lib/python3/dist-packages/oslo_config/cfg.py:2602
2026-02-26 00:40:50.538 137900 DEBUG oslo_service.service [req-f70b100e-84c9-4e50-91a9-6dffad23a505 - - - - -] use_journal = False log_opt_values /usr/lib/python3/dist-packages/oslo_config/cfg.py:2602
2026-02-26 00:40:50.538 137900 DEBUG oslo_service.service [req-f70b100e-84c9-4e50-91a9-6dffad23a505 - - - - -] use_json = False log_opt_values /usr/lib/python3/dist-packages/oslo_config/cfg.py:2602
2026-02-26 00:40:50.539 137900 DEBUG oslo_service.service [req-f70b100e-84c9-4e50-91a9-6dffad23a505 - - - - -] use_rootwrap_daemon = False log_opt_values /usr/lib/python3/dist-packages/oslo_config/cfg.py:2602
2026-02-26 00:40:50.539 137900 DEBUG oslo_service.service [req-f70b100e-84c9-4e50-91a9-6dffad23a505 - - - - -] use_stderr = False log_opt_values /usr/lib/python3/dist-packages/oslo_config/cfg.py:2602
2026-02-26 00:40:50.539 137900 DEBUG oslo_service.service [req-f70b100e-84c9-4e50-91a9-6dffad23a505 - - - - -] use_syslog = False log_opt_values /usr/lib/python3/dist-packages/oslo_config/cfg.py:2602
2026-02-26 00:40:50.540 137900 DEBUG oslo_service.service [req-f70b100e-84c9-4e50-91a9-6dffad23a505 - - - - -] vcpu_pin_set = None log_opt_values /usr/lib/python3/dist-packages/oslo_config/cfg.py:2602
2026-02-26 00:40:50.540 137900 DEBUG oslo_service.service [req-f70b100e-84c9-4e50-91a9-6dffad23a505 - - - - -] vif_plugging_is_fatal = True log_opt_values /usr/lib/python3/dist-packages/oslo_config/cfg.py:2602
2026-02-26 00:40:50.541 137900 DEBUG oslo_service.service [req-f70b100e-84c9-4e50-91a9-6dffad23a505 - - - - -] vif_plugging_timeout = 300 log_opt_values /usr/lib/python3/dist-packages/oslo_config/cfg.py:2602
2026-02-26 00:40:50.541 137900 DEBUG oslo_service.service [req-f70b100e-84c9-4e50-91a9-6dffad23a505 - - - - -] virt_mkfs = [] log_opt_values /usr/lib/python3/dist-packages/oslo_config/cfg.py:2602
2026-02-26 00:40:50.541 137900 DEBUG oslo_service.service [req-f70b100e-84c9-4e50-91a9-6dffad23a505 - - - - -] volume_usage_poll_interval = 0 log_opt_values /usr/lib/python3/dist-packages/oslo_config/cfg.py:2602
2026-02-26 00:40:50.541 137900 DEBUG oslo_service.service [req-f70b100e-84c9-4e50-91a9-6dffad23a505 - - - - -] watch_log_file = False log_opt_values /usr/lib/python3/dist-packages/oslo_config/cfg.py:2602
2026-02-26 00:40:50.542 137900 DEBUG oslo_service.service [req-f70b100e-84c9-4e50-91a9-6dffad23a505 - - - - -] web = /usr/share/spice-html5 log_opt_values /usr/lib/python3/dist-packages/oslo_config/cfg.py:2602
2026-02-26 00:40:50.542 137900 DEBUG oslo_service.service [req-f70b100e-84c9-4e50-91a9-6dffad23a505 - - - - -] oslo_concurrency.disable_process_locking = False log_opt_values /usr/lib/python3/dist-packages/oslo_config/cfg.py:2609
2026-02-26 00:40:50.542 137900 DEBUG oslo_service.service [req-f70b100e-84c9-4e50-91a9-6dffad23a505 - - - - -] oslo_concurrency.lock_path = /var/lock/nova log_opt_values /usr/lib/python3/dist-packages/oslo_config/cfg.py:2609
2026-02-26 00:40:50.543 137900 WARNING oslo_config.cfg [req-f70b100e-84c9-4e50-91a9-6dffad23a505 - - - - -] Deprecated: Option "auth_strategy" from group "api" is deprecated for removal ( The only non-default choice, ``noauth2``, is for internal development and testing purposes only and should not be used in deployments. This option and its middleware, NoAuthMiddleware[V2_18], will be removed in a future release. ). Its value may be silently ignored in the future.
2026-02-26 00:40:50.544 137900 DEBUG oslo_service.service [req-f70b100e-84c9-4e50-91a9-6dffad23a505 - - - - -] api.auth_strategy = keystone log_opt_values /usr/lib/python3/dist-packages/oslo_config/cfg.py:2609
2026-02-26 00:40:50.544 137900 DEBUG oslo_service.service [req-f70b100e-84c9-4e50-91a9-6dffad23a505 - - - - -] api.compute_link_prefix = None log_opt_values /usr/lib/python3/dist-packages/oslo_config/cfg.py:2609
2026-02-26 00:40:50.544 137900 DEBUG oslo_service.service [req-f70b100e-84c9-4e50-91a9-6dffad23a505 - - - - -] api.config_drive_skip_versions = 1.0 2007-01-19 2007-03-01 2007-08-29 2007-10-10 2007-12-15 2008-02-01 2008-09-01 log_opt_values /usr/lib/python3/dist-packages/oslo_config/cfg.py:2609
2026-02-26 00:40:50.545 137900 DEBUG oslo_service.service [req-f70b100e-84c9-4e50-91a9-6dffad23a505 - - - - -] api.dhcp_domain = novalocal log_opt_values /usr/lib/python3/dist-packages/oslo_config/cfg.py:2609
2026-02-26 00:40:50.545 137900 DEBUG oslo_service.service [req-f70b100e-84c9-4e50-91a9-6dffad23a505 - - - - -] api.enable_instance_password = True log_opt_values /usr/lib/python3/dist-packages/oslo_config/cfg.py:2609
2026-02-26 00:40:50.545 137900 DEBUG oslo_service.service [req-f70b100e-84c9-4e50-91a9-6dffad23a505 - - - - -] api.glance_link_prefix = None log_opt_values /usr/lib/python3/dist-packages/oslo_config/cfg.py:2609
2026-02-26 00:40:50.546 137900 DEBUG oslo_service.service [req-f70b100e-84c9-4e50-91a9-6dffad23a505 - - - - -] api.instance_list_cells_batch_fixed_size = 100 log_opt_values /usr/lib/python3/dist-packages/oslo_config/cfg.py:2609
2026-02-26 00:40:50.546 137900 DEBUG oslo_service.service [req-f70b100e-84c9-4e50-91a9-6dffad23a505 - - - - -] api.instance_list_cells_batch_strategy = distributed log_opt_values /usr/lib/python3/dist-packages/oslo_config/cfg.py:2609
2026-02-26 00:40:50.546 137900 DEBUG oslo_service.service [req-f70b100e-84c9-4e50-91a9-6dffad23a505 - - - - -] api.instance_list_per_project_cells = False log_opt_values /usr/lib/python3/dist-packages/oslo_config/cfg.py:2609
2026-02-26 00:40:50.546 137900 DEBUG oslo_service.service [req-f70b100e-84c9-4e50-91a9-6dffad23a505 - - - - -] api.list_records_by_skipping_down_cells = True log_opt_values /usr/lib/python3/dist-packages/oslo_config/cfg.py:2609
2026-02-26 00:40:50.547 137900 DEBUG oslo_service.service [req-f70b100e-84c9-4e50-91a9-6dffad23a505 - - - - -] api.local_metadata_per_cell = False log_opt_values /usr/lib/python3/dist-packages/oslo_config/cfg.py:2609
2026-02-26 00:40:50.546 138982 DEBUG nova.service [req-697bd9df-b933-41bb-a877-f70286c882ae - - - - -] Creating RPC server for service scheduler start /usr/lib/python3/dist-packages/nova/service.py:182
2026-02-26 00:40:50.547 137900 DEBUG oslo_service.service [req-f70b100e-84c9-4e50-91a9-6dffad23a505 - - - - -] api.max_limit = 1000 log_opt_values /usr/lib/python3/dist-packages/oslo_config/cfg.py:2609
2026-02-26 00:40:50.547 137900 DEBUG oslo_service.service [req-f70b100e-84c9-4e50-91a9-6dffad23a505 - - - - -] api.metadata_cache_expiration = 15 log_opt_values /usr/lib/python3/dist-packages/oslo_config/cfg.py:2609
2026-02-26 00:40:50.548 137900 DEBUG oslo_service.service [req-f70b100e-84c9-4e50-91a9-6dffad23a505 - - - - -] api.neutron_default_tenant_id = default log_opt_values /usr/lib/python3/dist-packages/oslo_config/cfg.py:2609
2026-02-26 00:40:50.548 137900 DEBUG oslo_service.service [req-f70b100e-84c9-4e50-91a9-6dffad23a505 - - - - -] api.use_forwarded_for = False log_opt_values /usr/lib/python3/dist-packages/oslo_config/cfg.py:2609
2026-02-26 00:40:50.548 137900 DEBUG oslo_service.service [req-f70b100e-84c9-4e50-91a9-6dffad23a505 - - - - -] api.use_neutron_default_nets = False log_opt_values /usr/lib/python3/dist-packages/oslo_config/cfg.py:2609
2026-02-26 00:40:50.549 137900 DEBUG oslo_service.service [req-f70b100e-84c9-4e50-91a9-6dffad23a505 - - - - -] api.vendordata_dynamic_connect_timeout = 5 log_opt_values /usr/lib/python3/dist-packages/oslo_config/cfg.py:2609
2026-02-26 00:40:50.549 137900 DEBUG oslo_service.service [req-f70b100e-84c9-4e50-91a9-6dffad23a505 - - - - -] api.vendordata_dynamic_failure_fatal = False log_opt_values /usr/lib/python3/dist-packages/oslo_config/cfg.py:2609
2026-02-26 00:40:50.549 137900 DEBUG oslo_service.service [req-f70b100e-84c9-4e50-91a9-6dffad23a505 - - - - -] api.vendordata_dynamic_read_timeout = 5 log_opt_values /usr/lib/python3/dist-packages/oslo_config/cfg.py:2609
2026-02-26 00:40:50.550 137900 DEBUG oslo_service.service [req-f70b100e-84c9-4e50-91a9-6dffad23a505 - - - - -] api.vendordata_dynamic_ssl_certfile = log_opt_values /usr/lib/python3/dist-packages/oslo_config/cfg.py:2609
2026-02-26 00:40:50.550 137900 DEBUG oslo_service.service [req-f70b100e-84c9-4e50-91a9-6dffad23a505 - - - - -] api.vendordata_dynamic_targets = [] log_opt_values /usr/lib/python3/dist-packages/oslo_config/cfg.py:2609
2026-02-26 00:40:50.550 137900 DEBUG oslo_service.service [req-f70b100e-84c9-4e50-91a9-6dffad23a505 - - - - -] api.vendordata_jsonfile_path = None log_opt_values /usr/lib/python3/dist-packages/oslo_config/cfg.py:2609
2026-02-26 00:40:50.551 137900 DEBUG oslo_service.service [req-f70b100e-84c9-4e50-91a9-6dffad23a505 - - - - -] api.vendordata_providers = ['StaticJSON'] log_opt_values /usr/lib/python3/dist-packages/oslo_config/cfg.py:2609
2026-02-26 00:40:50.551 137900 DEBUG oslo_service.service [req-f70b100e-84c9-4e50-91a9-6dffad23a505 - - - - -] cache.backend = dogpile.cache.null log_opt_values /usr/lib/python3/dist-packages/oslo_config/cfg.py:2609
2026-02-26 00:40:50.551 137900 DEBUG oslo_service.service [req-f70b100e-84c9-4e50-91a9-6dffad23a505 - - - - -] cache.backend_argument = **** log_opt_values /usr/lib/python3/dist-packages/oslo_config/cfg.py:2609
2026-02-26 00:40:50.552 137900 DEBUG oslo_service.service [req-f70b100e-84c9-4e50-91a9-6dffad23a505 - - - - -] cache.config_prefix = cache.oslo log_opt_values /usr/lib/python3/dist-packages/oslo_config/cfg.py:2609
2026-02-26 00:40:50.552 137900 DEBUG oslo_service.service [req-f70b100e-84c9-4e50-91a9-6dffad23a505 - - - - -] cache.debug_cache_backend = False log_opt_values /usr/lib/python3/dist-packages/oslo_config/cfg.py:2609
2026-02-26 00:40:50.552 137900 DEBUG oslo_service.service [req-f70b100e-84c9-4e50-91a9-6dffad23a505 - - - - -] cache.enabled = False log_opt_values /usr/lib/python3/dist-packages/oslo_config/cfg.py:2609
2026-02-26 00:40:50.552 137900 DEBUG oslo_service.service [req-f70b100e-84c9-4e50-91a9-6dffad23a505 - - - - -] cache.expiration_time = 600 log_opt_values /usr/lib/python3/dist-packages/oslo_config/cfg.py:2609
2026-02-26 00:40:50.553 137900 DEBUG oslo_service.service [req-f70b100e-84c9-4e50-91a9-6dffad23a505 - - - - -] cache.memcache_dead_retry = 300 log_opt_values /usr/lib/python3/dist-packages/oslo_config/cfg.py:2609
2026-02-26 00:40:50.553 137900 DEBUG oslo_service.service [req-f70b100e-84c9-4e50-91a9-6dffad23a505 - - - - -] cache.memcache_pool_connection_get_timeout = 10 log_opt_values /usr/lib/python3/dist-packages/oslo_config/cfg.py:2609
2026-02-26 00:40:50.553 137900 DEBUG oslo_service.service [req-f70b100e-84c9-4e50-91a9-6dffad23a505 - - - - -] cache.memcache_pool_flush_on_reconnect = False log_opt_values /usr/lib/python3/dist-packages/oslo_config/cfg.py:2609
2026-02-26 00:40:50.553 137900 DEBUG oslo_service.service [req-f70b100e-84c9-4e50-91a9-6dffad23a505 - - - - -] cache.memcache_pool_maxsize = 10 log_opt_values /usr/lib/python3/dist-packages/oslo_config/cfg.py:2609
2026-02-26 00:40:50.553 137900 DEBUG oslo_service.service [req-f70b100e-84c9-4e50-91a9-6dffad23a505 - - - - -] cache.memcache_pool_unused_timeout = 60 log_opt_values /usr/lib/python3/dist-packages/oslo_config/cfg.py:2609
2026-02-26 00:40:50.554 137900 DEBUG oslo_service.service [req-f70b100e-84c9-4e50-91a9-6dffad23a505 - - - - -] cache.memcache_servers = ['localhost:11211'] log_opt_values /usr/lib/python3/dist-packages/oslo_config/cfg.py:2609
2026-02-26 00:40:50.554 137900 DEBUG oslo_service.service [req-f70b100e-84c9-4e50-91a9-6dffad23a505 - - - - -] cache.memcache_socket_timeout = 1.0 log_opt_values /usr/lib/python3/dist-packages/oslo_config/cfg.py:2609
2026-02-26 00:40:50.554 137900 DEBUG oslo_service.service [req-f70b100e-84c9-4e50-91a9-6dffad23a505 - - - - -] cache.proxies = [] log_opt_values /usr/lib/python3/dist-packages/oslo_config/cfg.py:2609
2026-02-26 00:40:50.554 137900 DEBUG oslo_service.service [req-f70b100e-84c9-4e50-91a9-6dffad23a505 - - - - -] cache.tls_allowed_ciphers = None log_opt_values /usr/lib/python3/dist-packages/oslo_config/cfg.py:2609
2026-02-26 00:40:50.554 137900 DEBUG oslo_service.service [req-f70b100e-84c9-4e50-91a9-6dffad23a505 - - - - -] cache.tls_cafile = None log_opt_values /usr/lib/python3/dist-packages/oslo_config/cfg.py:2609
2026-02-26 00:40:50.555 137900 DEBUG oslo_service.service [req-f70b100e-84c9-4e50-91a9-6dffad23a505 - - - - -] cache.tls_certfile = None log_opt_values /usr/lib/python3/dist-packages/oslo_config/cfg.py:2609
2026-02-26 00:40:50.556 137900 DEBUG oslo_service.service [req-f70b100e-84c9-4e50-91a9-6dffad23a505 - - - - -] cache.tls_enabled = False log_opt_values /usr/lib/python3/dist-packages/oslo_config/cfg.py:2609
2026-02-26 00:40:50.556 137900 DEBUG oslo_service.service [req-f70b100e-84c9-4e50-91a9-6dffad23a505 - - - - -] cache.tls_keyfile = None log_opt_values /usr/lib/python3/dist-packages/oslo_config/cfg.py:2609
2026-02-26 00:40:50.556 137900 DEBUG oslo_service.service [req-f70b100e-84c9-4e50-91a9-6dffad23a505 - - - - -] cinder.auth_section = None log_opt_values /usr/lib/python3/dist-packages/oslo_config/cfg.py:2609
2026-02-26 00:40:50.556 137900 DEBUG oslo_service.service [req-f70b100e-84c9-4e50-91a9-6dffad23a505 - - - - -] cinder.auth_type = None log_opt_values /usr/lib/python3/dist-packages/oslo_config/cfg.py:2609
2026-02-26 00:40:50.556 137900 DEBUG oslo_service.service [req-f70b100e-84c9-4e50-91a9-6dffad23a505 - - - - -] cinder.cafile = None log_opt_values /usr/lib/python3/dist-packages/oslo_config/cfg.py:2609
2026-02-26 00:40:50.557 137900 DEBUG oslo_service.service [req-f70b100e-84c9-4e50-91a9-6dffad23a505 - - - - -] cinder.catalog_info = volumev3::publicURL log_opt_values /usr/lib/python3/dist-packages/oslo_config/cfg.py:2609
2026-02-26 00:40:50.558 137900 DEBUG oslo_service.service [req-f70b100e-84c9-4e50-91a9-6dffad23a505 - - - - -] cinder.certfile = None log_opt_values /usr/lib/python3/dist-packages/oslo_config/cfg.py:2609
2026-02-26 00:40:50.559 137900 DEBUG oslo_service.service [req-f70b100e-84c9-4e50-91a9-6dffad23a505 - - - - -] cinder.collect_timing = False log_opt_values /usr/lib/python3/dist-packages/oslo_config/cfg.py:2609
2026-02-26 00:40:50.559 137900 DEBUG oslo_service.service [req-f70b100e-84c9-4e50-91a9-6dffad23a505 - - - - -] cinder.cross_az_attach = True log_opt_values /usr/lib/python3/dist-packages/oslo_config/cfg.py:2609
2026-02-26 00:40:50.559 137900 DEBUG oslo_service.service [req-f70b100e-84c9-4e50-91a9-6dffad23a505 - - - - -] cinder.debug = False log_opt_values /usr/lib/python3/dist-packages/oslo_config/cfg.py:2609
2026-02-26 00:40:50.559 137900 DEBUG oslo_service.service [req-f70b100e-84c9-4e50-91a9-6dffad23a505 - - - - -] cinder.endpoint_template = None log_opt_values /usr/lib/python3/dist-packages/oslo_config/cfg.py:2609
2026-02-26 00:40:50.560 137900 DEBUG oslo_service.service [req-f70b100e-84c9-4e50-91a9-6dffad23a505 - - - - -] cinder.http_retries = 3 log_opt_values /usr/lib/python3/dist-packages/oslo_config/cfg.py:2609
2026-02-26 00:40:50.560 137900 DEBUG oslo_service.service [req-f70b100e-84c9-4e50-91a9-6dffad23a505 - - - - -] cinder.insecure = False log_opt_values /usr/lib/python3/dist-packages/oslo_config/cfg.py:2609
2026-02-26 00:40:50.560 137900 DEBUG oslo_service.service [req-f70b100e-84c9-4e50-91a9-6dffad23a505 - - - - -] cinder.keyfile = None log_opt_values /usr/lib/python3/dist-packages/oslo_config/cfg.py:2609
2026-02-26 00:40:50.561 137900 DEBUG oslo_service.service [req-f70b100e-84c9-4e50-91a9-6dffad23a505 - - - - -] cinder.os_region_name = None log_opt_values /usr/lib/python3/dist-packages/oslo_config/cfg.py:2609
2026-02-26 00:40:50.561 137900 DEBUG oslo_service.service [req-f70b100e-84c9-4e50-91a9-6dffad23a505 - - - - -] cinder.split_loggers = False log_opt_values /usr/lib/python3/dist-packages/oslo_config/cfg.py:2609
2026-02-26 00:40:50.561 137900 DEBUG oslo_service.service [req-f70b100e-84c9-4e50-91a9-6dffad23a505 - - - - -] cinder.timeout = None log_opt_values /usr/lib/python3/dist-packages/oslo_config/cfg.py:2609
2026-02-26 00:40:50.562 137900 DEBUG oslo_service.service [req-f70b100e-84c9-4e50-91a9-6dffad23a505 - - - - -] compute.consecutive_build_service_disable_threshold = 10 log_opt_values /usr/lib/python3/dist-packages/oslo_config/cfg.py:2609
2026-02-26 00:40:50.562 137900 DEBUG oslo_service.service [req-f70b100e-84c9-4e50-91a9-6dffad23a505 - - - - -] compute.cpu_dedicated_set = None log_opt_values /usr/lib/python3/dist-packages/oslo_config/cfg.py:2609
2026-02-26 00:40:50.563 137900 DEBUG oslo_service.service [req-f70b100e-84c9-4e50-91a9-6dffad23a505 - - - - -] compute.cpu_shared_set = None log_opt_values /usr/lib/python3/dist-packages/oslo_config/cfg.py:2609
2026-02-26 00:40:50.565 137900 DEBUG oslo_service.service [req-f70b100e-84c9-4e50-91a9-6dffad23a505 - - - - -] compute.image_type_exclude_list = [] log_opt_values /usr/lib/python3/dist-packages/oslo_config/cfg.py:2609
2026-02-26 00:40:50.566 137900 DEBUG oslo_service.service [req-f70b100e-84c9-4e50-91a9-6dffad23a505 - - - - -] compute.live_migration_wait_for_vif_plug = True log_opt_values /usr/lib/python3/dist-packages/oslo_config/cfg.py:2609
2026-02-26 00:40:50.566 137900 DEBUG oslo_service.service [req-f70b100e-84c9-4e50-91a9-6dffad23a505 - - - - -] compute.max_concurrent_disk_ops = 0 log_opt_values /usr/lib/python3/dist-packages/oslo_config/cfg.py:2609
2026-02-26 00:40:50.568 137900 DEBUG oslo_service.service [req-f70b100e-84c9-4e50-91a9-6dffad23a505 - - - - -] compute.max_disk_devices_to_attach = -1 log_opt_values /usr/lib/python3/dist-packages/oslo_config/cfg.py:2609
2026-02-26 00:40:50.569 137900 DEBUG oslo_service.service [req-f70b100e-84c9-4e50-91a9-6dffad23a505 - - - - -] compute.packing_host_numa_cells_allocation_strategy = True log_opt_values /usr/lib/python3/dist-packages/oslo_config/cfg.py:2609
2026-02-26 00:40:50.569 137900 DEBUG oslo_service.service [req-f70b100e-84c9-4e50-91a9-6dffad23a505 - - - - -] compute.provider_config_location = /etc/nova/provider_config/ log_opt_values /usr/lib/python3/dist-packages/oslo_config/cfg.py:2609
2026-02-26 00:40:50.570 138981 DEBUG oslo_messaging._drivers.amqpdriver [-] Listener is running poll /usr/lib/python3/dist-packages/oslo_messaging/_drivers/amqpdriver.py:343
2026-02-26 00:40:50.571 138981 DEBUG oslo_messaging._drivers.amqpdriver [-] AMQPListener connection consume poll /usr/lib/python3/dist-packages/oslo_messaging/_drivers/amqpdriver.py:357
2026-02-26 00:40:50.571 137900 DEBUG oslo_service.service [req-f70b100e-84c9-4e50-91a9-6dffad23a505 - - - - -] compute.resource_provider_association_refresh = 300 log_opt_values /usr/lib/python3/dist-packages/oslo_config/cfg.py:2609
2026-02-26 00:40:50.572 138981 DEBUG nova.service [req-255ebd51-13af-4647-b697-098f384f98be - - - - -] Join ServiceGroup membership for this service scheduler start /usr/lib/python3/dist-packages/nova/service.py:199
2026-02-26 00:40:50.572 138981 DEBUG nova.servicegroup.drivers.db [req-255ebd51-13af-4647-b697-098f384f98be - - - - -] DB_Driver: join new ServiceGroup member juju-3efda3-0-lxd-7 to the scheduler group, service = join /usr/lib/python3/dist-packages/nova/servicegroup/drivers/db.py:44
2026-02-26 00:40:50.572 137900 DEBUG oslo_service.service [req-f70b100e-84c9-4e50-91a9-6dffad23a505 - - - - -] compute.shutdown_retry_interval = 10 log_opt_values /usr/lib/python3/dist-packages/oslo_config/cfg.py:2609
2026-02-26 00:40:50.574 137900 DEBUG oslo_service.service [req-f70b100e-84c9-4e50-91a9-6dffad23a505 - - - - -] compute.vmdk_allowed_types = ['streamOptimized', 'monolithicSparse'] log_opt_values /usr/lib/python3/dist-packages/oslo_config/cfg.py:2609
2026-02-26 00:40:50.574 137900 DEBUG oslo_service.service [req-f70b100e-84c9-4e50-91a9-6dffad23a505 - - - - -] conductor.workers = 4 log_opt_values /usr/lib/python3/dist-packages/oslo_config/cfg.py:2609
2026-02-26 00:40:50.574 137900 DEBUG oslo_service.service [req-f70b100e-84c9-4e50-91a9-6dffad23a505 - - - - -] console.allowed_origins = [] log_opt_values /usr/lib/python3/dist-packages/oslo_config/cfg.py:2609
2026-02-26 00:40:50.574 138989 DEBUG oslo_messaging._drivers.amqpdriver [-] Listener is running poll /usr/lib/python3/dist-packages/oslo_messaging/_drivers/amqpdriver.py:343
2026-02-26 00:40:50.575 137900 DEBUG oslo_service.service [req-f70b100e-84c9-4e50-91a9-6dffad23a505 - - - - -] console.ssl_ciphers = None log_opt_values /usr/lib/python3/dist-packages/oslo_config/cfg.py:2609
2026-02-26 00:40:50.575 138989 DEBUG oslo_messaging._drivers.amqpdriver [-] AMQPListener connection consume poll /usr/lib/python3/dist-packages/oslo_messaging/_drivers/amqpdriver.py:357
2026-02-26 00:40:50.575 138981 DEBUG oslo_messaging._drivers.amqpdriver [-] AMQPListener connection timeout poll /usr/lib/python3/dist-packages/oslo_messaging/_drivers/amqpdriver.py:360
2026-02-26 00:40:50.575 137900 DEBUG oslo_service.service [req-f70b100e-84c9-4e50-91a9-6dffad23a505 - - - - -] console.ssl_minimum_version = default log_opt_values /usr/lib/python3/dist-packages/oslo_config/cfg.py:2609
2026-02-26 00:40:50.575 138981 DEBUG oslo_messaging._drivers.amqpdriver [-] Listener is running poll /usr/lib/python3/dist-packages/oslo_messaging/_drivers/amqpdriver.py:343
2026-02-26 00:40:50.575 138981 DEBUG oslo_messaging._drivers.amqpdriver [-] AMQPListener connection consume poll /usr/lib/python3/dist-packages/oslo_messaging/_drivers/amqpdriver.py:357
2026-02-26 00:40:50.576 137900 DEBUG oslo_service.service [req-f70b100e-84c9-4e50-91a9-6dffad23a505 - - - - -] consoleauth.token_ttl = 600 log_opt_values /usr/lib/python3/dist-packages/oslo_config/cfg.py:2609
2026-02-26 00:40:50.577 137900 DEBUG oslo_service.service [req-f70b100e-84c9-4e50-91a9-6dffad23a505 - - - - -] cyborg.cafile = None log_opt_values /usr/lib/python3/dist-packages/oslo_config/cfg.py:2609
2026-02-26 00:40:50.577 137900 DEBUG oslo_service.service [req-f70b100e-84c9-4e50-91a9-6dffad23a505 - - - - -] cyborg.certfile = None log_opt_values /usr/lib/python3/dist-packages/oslo_config/cfg.py:2609
2026-02-26 00:40:50.577 137900 DEBUG oslo_service.service [req-f70b100e-84c9-4e50-91a9-6dffad23a505 - - - - -] cyborg.collect_timing = False log_opt_values /usr/lib/python3/dist-packages/oslo_config/cfg.py:2609
2026-02-26 00:40:50.578 137900 DEBUG oslo_service.service [req-f70b100e-84c9-4e50-91a9-6dffad23a505 - - - - -] cyborg.connect_retries = None log_opt_values /usr/lib/python3/dist-packages/oslo_config/cfg.py:2609
2026-02-26 00:40:50.577 138988 DEBUG oslo_messaging._drivers.amqpdriver [-] Listener is running poll /usr/lib/python3/dist-packages/oslo_messaging/_drivers/amqpdriver.py:343
2026-02-26 00:40:50.578 137900 DEBUG oslo_service.service [req-f70b100e-84c9-4e50-91a9-6dffad23a505 - - - - -] cyborg.connect_retry_delay = None log_opt_values /usr/lib/python3/dist-packages/oslo_config/cfg.py:2609
2026-02-26 00:40:50.579 137900 DEBUG oslo_service.service [req-f70b100e-84c9-4e50-91a9-6dffad23a505 - - - - -] cyborg.endpoint_override = None log_opt_values /usr/lib/python3/dist-packages/oslo_config/cfg.py:2609
2026-02-26 00:40:50.579 138989 DEBUG nova.service [req-9485dcae-49d0-4145-bfe4-1427d4480d00 - - - - -] Join ServiceGroup membership for this service scheduler start /usr/lib/python3/dist-packages/nova/service.py:199
2026-02-26 00:40:50.579 137900 DEBUG oslo_service.service [req-f70b100e-84c9-4e50-91a9-6dffad23a505 - - - - -] cyborg.insecure = False log_opt_values /usr/lib/python3/dist-packages/oslo_config/cfg.py:2609
2026-02-26 00:40:50.580 137900 DEBUG oslo_service.service [req-f70b100e-84c9-4e50-91a9-6dffad23a505 - - - - -] cyborg.keyfile = None log_opt_values /usr/lib/python3/dist-packages/oslo_config/cfg.py:2609
2026-02-26 00:40:50.580 138989 DEBUG nova.servicegroup.drivers.db [req-9485dcae-49d0-4145-bfe4-1427d4480d00 - - - - -] DB_Driver: join new ServiceGroup member juju-3efda3-0-lxd-7 to the scheduler group, service = join /usr/lib/python3/dist-packages/nova/servicegroup/drivers/db.py:44
2026-02-26 00:40:50.578 138988 DEBUG oslo_messaging._drivers.amqpdriver [-] AMQPListener connection consume poll /usr/lib/python3/dist-packages/oslo_messaging/_drivers/amqpdriver.py:357
2026-02-26 00:40:50.580 137900 DEBUG oslo_service.service [req-f70b100e-84c9-4e50-91a9-6dffad23a505 - - - - -] cyborg.max_version = None log_opt_values /usr/lib/python3/dist-packages/oslo_config/cfg.py:2609
2026-02-26 00:40:50.581 137900 DEBUG oslo_service.service [req-f70b100e-84c9-4e50-91a9-6dffad23a505 - - - - -] cyborg.min_version = None log_opt_values /usr/lib/python3/dist-packages/oslo_config/cfg.py:2609
2026-02-26 00:40:50.582 137900 DEBUG oslo_service.service [req-f70b100e-84c9-4e50-91a9-6dffad23a505 - - - - -] cyborg.region_name = None log_opt_values /usr/lib/python3/dist-packages/oslo_config/cfg.py:2609
2026-02-26 00:40:50.581 138988 DEBUG nova.service [req-5488381f-4692-4112-9466-cb4087554ab1 - - - - -] Join ServiceGroup membership for this service scheduler start /usr/lib/python3/dist-packages/nova/service.py:199
2026-02-26 00:40:50.582 137900 DEBUG oslo_service.service [req-f70b100e-84c9-4e50-91a9-6dffad23a505 - - - - -] cyborg.service_name = None log_opt_values /usr/lib/python3/dist-packages/oslo_config/cfg.py:2609
2026-02-26 00:40:50.582 138988 DEBUG nova.servicegroup.drivers.db [req-5488381f-4692-4112-9466-cb4087554ab1 - - - - -] DB_Driver: join new ServiceGroup member juju-3efda3-0-lxd-7 to the scheduler group, service = join /usr/lib/python3/dist-packages/nova/servicegroup/drivers/db.py:44
2026-02-26 00:40:50.583 137900 DEBUG oslo_service.service [req-f70b100e-84c9-4e50-91a9-6dffad23a505 - - - - -] cyborg.service_type = accelerator log_opt_values /usr/lib/python3/dist-packages/oslo_config/cfg.py:2609
2026-02-26 00:40:50.583 137900 DEBUG oslo_service.service [req-f70b100e-84c9-4e50-91a9-6dffad23a505 - - - - -] cyborg.split_loggers = False log_opt_values /usr/lib/python3/dist-packages/oslo_config/cfg.py:2609
2026-02-26 00:40:50.585 137900 DEBUG oslo_service.service [req-f70b100e-84c9-4e50-91a9-6dffad23a505 - - - - -] cyborg.status_code_retries = None log_opt_values /usr/lib/python3/dist-packages/oslo_config/cfg.py:2609
2026-02-26 00:40:50.585 137900 DEBUG oslo_service.service [req-f70b100e-84c9-4e50-91a9-6dffad23a505 - - - - -] cyborg.status_code_retry_delay = None log_opt_values /usr/lib/python3/dist-packages/oslo_config/cfg.py:2609
2026-02-26 00:40:50.586 137900 DEBUG oslo_service.service [req-f70b100e-84c9-4e50-91a9-6dffad23a505 - - - - -] cyborg.timeout = None log_opt_values /usr/lib/python3/dist-packages/oslo_config/cfg.py:2609
2026-02-26 00:40:50.587 137900 DEBUG oslo_service.service [req-f70b100e-84c9-4e50-91a9-6dffad23a505 - - - - -] cyborg.valid_interfaces = ['internal', 'public'] log_opt_values /usr/lib/python3/dist-packages/oslo_config/cfg.py:2609
2026-02-26 00:40:50.587 137900 DEBUG oslo_service.service [req-f70b100e-84c9-4e50-91a9-6dffad23a505 - - - - -] cyborg.version = None log_opt_values /usr/lib/python3/dist-packages/oslo_config/cfg.py:2609
2026-02-26 00:40:50.587 137900 DEBUG oslo_service.service [req-f70b100e-84c9-4e50-91a9-6dffad23a505 - - - - -] database.backend = sqlalchemy log_opt_values /usr/lib/python3/dist-packages/oslo_config/cfg.py:2609
2026-02-26 00:40:50.587 138989 DEBUG oslo_messaging._drivers.amqpdriver [-] AMQPListener connection timeout poll /usr/lib/python3/dist-packages/oslo_messaging/_drivers/amqpdriver.py:360
2026-02-26 00:40:50.588 138989 DEBUG oslo_messaging._drivers.amqpdriver [-] Listener is running poll /usr/lib/python3/dist-packages/oslo_messaging/_drivers/amqpdriver.py:343
2026-02-26 00:40:50.587 138982 DEBUG oslo_messaging._drivers.amqpdriver [-] Listener is running poll /usr/lib/python3/dist-packages/oslo_messaging/_drivers/amqpdriver.py:343
2026-02-26 00:40:50.588 138982 DEBUG oslo_messaging._drivers.amqpdriver [-] AMQPListener connection consume poll /usr/lib/python3/dist-packages/oslo_messaging/_drivers/amqpdriver.py:357
2026-02-26 00:40:50.588 137900 DEBUG oslo_service.service [req-f70b100e-84c9-4e50-91a9-6dffad23a505 - - - - -] database.connection = **** log_opt_values /usr/lib/python3/dist-packages/oslo_config/cfg.py:2609
2026-02-26 00:40:50.588 137900 DEBUG oslo_service.service [req-f70b100e-84c9-4e50-91a9-6dffad23a505 - - - - -] database.connection_debug = 0 log_opt_values /usr/lib/python3/dist-packages/oslo_config/cfg.py:2609
2026-02-26 00:40:50.589 138989 DEBUG oslo_messaging._drivers.amqpdriver [-] AMQPListener connection consume poll /usr/lib/python3/dist-packages/oslo_messaging/_drivers/amqpdriver.py:357
2026-02-26 00:40:50.588 138982 DEBUG nova.service [req-697bd9df-b933-41bb-a877-f70286c882ae - - - - -] Join ServiceGroup membership for this service scheduler start /usr/lib/python3/dist-packages/nova/service.py:199
2026-02-26 00:40:50.588 138988 DEBUG oslo_messaging._drivers.amqpdriver [-] AMQPListener connection timeout poll /usr/lib/python3/dist-packages/oslo_messaging/_drivers/amqpdriver.py:360
2026-02-26 00:40:50.589 138982 DEBUG nova.servicegroup.drivers.db [req-697bd9df-b933-41bb-a877-f70286c882ae - - - - -] DB_Driver: join new ServiceGroup member juju-3efda3-0-lxd-7 to the scheduler group, service = join /usr/lib/python3/dist-packages/nova/servicegroup/drivers/db.py:44
2026-02-26 00:40:50.589 137900 DEBUG oslo_service.service [req-f70b100e-84c9-4e50-91a9-6dffad23a505 - - - - -] database.connection_parameters = log_opt_values /usr/lib/python3/dist-packages/oslo_config/cfg.py:2609
2026-02-26 00:40:50.589 138988 DEBUG oslo_messaging._drivers.amqpdriver [-] Listener is running poll /usr/lib/python3/dist-packages/oslo_messaging/_drivers/amqpdriver.py:343
2026-02-26 00:40:50.589 137900 DEBUG oslo_service.service [req-f70b100e-84c9-4e50-91a9-6dffad23a505 - - - - -] database.connection_recycle_time = 3600 log_opt_values /usr/lib/python3/dist-packages/oslo_config/cfg.py:2609
2026-02-26 00:40:50.589 138988 DEBUG oslo_messaging._drivers.amqpdriver [-] AMQPListener connection consume poll /usr/lib/python3/dist-packages/oslo_messaging/_drivers/amqpdriver.py:357
2026-02-26 00:40:50.590 137900 DEBUG oslo_service.service [req-f70b100e-84c9-4e50-91a9-6dffad23a505 - - - - -] database.connection_trace = False log_opt_values /usr/lib/python3/dist-packages/oslo_config/cfg.py:2609
2026-02-26 00:40:50.590 137900 DEBUG oslo_service.service [req-f70b100e-84c9-4e50-91a9-6dffad23a505 - - - - -] database.db_inc_retry_interval = True log_opt_values /usr/lib/python3/dist-packages/oslo_config/cfg.py:2609
2026-02-26 00:40:50.590 137900 DEBUG oslo_service.service [req-f70b100e-84c9-4e50-91a9-6dffad23a505 - - - - -] database.db_max_retries = 20 log_opt_values /usr/lib/python3/dist-packages/oslo_config/cfg.py:2609
2026-02-26 00:40:50.590 137900 DEBUG oslo_service.service [req-f70b100e-84c9-4e50-91a9-6dffad23a505 - - - - -] database.db_max_retry_interval = 10 log_opt_values /usr/lib/python3/dist-packages/oslo_config/cfg.py:2609
2026-02-26 00:40:50.591 137900 DEBUG oslo_service.service [req-f70b100e-84c9-4e50-91a9-6dffad23a505 - - - - -] database.db_retry_interval = 1 log_opt_values /usr/lib/python3/dist-packages/oslo_config/cfg.py:2609
2026-02-26 00:40:50.591 137900 DEBUG oslo_service.service [req-f70b100e-84c9-4e50-91a9-6dffad23a505 - - - - -] database.max_overflow = 50 log_opt_values /usr/lib/python3/dist-packages/oslo_config/cfg.py:2609
2026-02-26 00:40:50.591 138982 DEBUG oslo_messaging._drivers.amqpdriver [-] AMQPListener connection timeout poll /usr/lib/python3/dist-packages/oslo_messaging/_drivers/amqpdriver.py:360
2026-02-26 00:40:50.591 138982 DEBUG oslo_messaging._drivers.amqpdriver [-] Listener is running poll /usr/lib/python3/dist-packages/oslo_messaging/_drivers/amqpdriver.py:343
2026-02-26 00:40:50.591 137900 DEBUG oslo_service.service [req-f70b100e-84c9-4e50-91a9-6dffad23a505 - - - - -] database.max_pool_size = 4 log_opt_values /usr/lib/python3/dist-packages/oslo_config/cfg.py:2609
2026-02-26 00:40:50.592 138982 DEBUG oslo_messaging._drivers.amqpdriver [-] AMQPListener connection consume poll /usr/lib/python3/dist-packages/oslo_messaging/_drivers/amqpdriver.py:357
2026-02-26 00:40:50.592 137900 DEBUG oslo_service.service [req-f70b100e-84c9-4e50-91a9-6dffad23a505 - - - - -] database.max_retries = 10 log_opt_values /usr/lib/python3/dist-packages/oslo_config/cfg.py:2609
2026-02-26 00:40:50.592 137900 DEBUG oslo_service.service [req-f70b100e-84c9-4e50-91a9-6dffad23a505 - - - - -] database.mysql_enable_ndb = False log_opt_values /usr/lib/python3/dist-packages/oslo_config/cfg.py:2609
2026-02-26 00:40:50.592 137900 DEBUG oslo_service.service [req-f70b100e-84c9-4e50-91a9-6dffad23a505 - - - - -] database.mysql_sql_mode = TRADITIONAL log_opt_values /usr/lib/python3/dist-packages/oslo_config/cfg.py:2609
2026-02-26 00:40:50.592 137900 DEBUG oslo_service.service [req-f70b100e-84c9-4e50-91a9-6dffad23a505 - - - - -] database.pool_timeout = None log_opt_values /usr/lib/python3/dist-packages/oslo_config/cfg.py:2609
2026-02-26 00:40:50.593 137900 DEBUG oslo_service.service [req-f70b100e-84c9-4e50-91a9-6dffad23a505 - - - - -] database.retry_interval = 10 log_opt_values /usr/lib/python3/dist-packages/oslo_config/cfg.py:2609
2026-02-26 00:40:50.593 137900 DEBUG oslo_service.service [req-f70b100e-84c9-4e50-91a9-6dffad23a505 - - - - -] database.slave_connection = **** log_opt_values /usr/lib/python3/dist-packages/oslo_config/cfg.py:2609
2026-02-26 00:40:50.593 137900 DEBUG oslo_service.service [req-f70b100e-84c9-4e50-91a9-6dffad23a505 - - - - -] database.sqlite_synchronous = True log_opt_values /usr/lib/python3/dist-packages/oslo_config/cfg.py:2609
2026-02-26 00:40:50.594 137900 DEBUG oslo_service.service [req-f70b100e-84c9-4e50-91a9-6dffad23a505 - - - - -] database.use_db_reconnect = False log_opt_values /usr/lib/python3/dist-packages/oslo_config/cfg.py:2609
2026-02-26 00:40:50.594 137900 DEBUG oslo_service.service [req-f70b100e-84c9-4e50-91a9-6dffad23a505 - - - - -] api_database.backend = sqlalchemy log_opt_values /usr/lib/python3/dist-packages/oslo_config/cfg.py:2609
2026-02-26 00:40:50.594 137900 DEBUG oslo_service.service [req-f70b100e-84c9-4e50-91a9-6dffad23a505 - - - - -] api_database.connection = **** log_opt_values /usr/lib/python3/dist-packages/oslo_config/cfg.py:2609
2026-02-26 00:40:50.595 137900 DEBUG oslo_service.service [req-f70b100e-84c9-4e50-91a9-6dffad23a505 - - - - -] api_database.connection_debug = 0 log_opt_values /usr/lib/python3/dist-packages/oslo_config/cfg.py:2609
2026-02-26 00:40:50.596 137900 DEBUG oslo_service.service [req-f70b100e-84c9-4e50-91a9-6dffad23a505 - - - - -] api_database.connection_parameters = log_opt_values /usr/lib/python3/dist-packages/oslo_config/cfg.py:2609
2026-02-26 00:40:50.596 137900 DEBUG oslo_service.service [req-f70b100e-84c9-4e50-91a9-6dffad23a505 - - - - -] api_database.connection_recycle_time = 3600 log_opt_values /usr/lib/python3/dist-packages/oslo_config/cfg.py:2609
2026-02-26 00:40:50.596 137900 DEBUG oslo_service.service [req-f70b100e-84c9-4e50-91a9-6dffad23a505 - - - - -] api_database.connection_trace = False log_opt_values /usr/lib/python3/dist-packages/oslo_config/cfg.py:2609
2026-02-26 00:40:50.597 137900 DEBUG oslo_service.service [req-f70b100e-84c9-4e50-91a9-6dffad23a505 - - - - -] api_database.db_inc_retry_interval = True log_opt_values /usr/lib/python3/dist-packages/oslo_config/cfg.py:2609
2026-02-26 00:40:50.597 137900 DEBUG oslo_service.service [req-f70b100e-84c9-4e50-91a9-6dffad23a505 - - - - -] api_database.db_max_retries = 20 log_opt_values /usr/lib/python3/dist-packages/oslo_config/cfg.py:2609
2026-02-26 00:40:50.598 137900 DEBUG oslo_service.service [req-f70b100e-84c9-4e50-91a9-6dffad23a505 - - - - -] api_database.db_max_retry_interval = 10 log_opt_values /usr/lib/python3/dist-packages/oslo_config/cfg.py:2609
2026-02-26 00:40:50.598 137900 DEBUG oslo_service.service [req-f70b100e-84c9-4e50-91a9-6dffad23a505 - - - - -] api_database.db_retry_interval = 1 log_opt_values /usr/lib/python3/dist-packages/oslo_config/cfg.py:2609
2026-02-26 00:40:50.599 137900 DEBUG oslo_service.service [req-f70b100e-84c9-4e50-91a9-6dffad23a505 - - - - -] api_database.max_overflow = 50 log_opt_values /usr/lib/python3/dist-packages/oslo_config/cfg.py:2609
2026-02-26 00:40:50.599 137900 DEBUG oslo_service.service [req-f70b100e-84c9-4e50-91a9-6dffad23a505 - - - - -] api_database.max_pool_size = 4 log_opt_values /usr/lib/python3/dist-packages/oslo_config/cfg.py:2609
2026-02-26 00:40:50.600 137900 DEBUG oslo_service.service [req-f70b100e-84c9-4e50-91a9-6dffad23a505 - - - - -] api_database.max_retries = 10 log_opt_values /usr/lib/python3/dist-packages/oslo_config/cfg.py:2609
2026-02-26 00:40:50.600 137900 DEBUG oslo_service.service [req-f70b100e-84c9-4e50-91a9-6dffad23a505 - - - - -] api_database.mysql_enable_ndb = False log_opt_values /usr/lib/python3/dist-packages/oslo_config/cfg.py:2609
2026-02-26 00:40:50.600 137900 DEBUG oslo_service.service [req-f70b100e-84c9-4e50-91a9-6dffad23a505 - - - - -] api_database.mysql_sql_mode = TRADITIONAL log_opt_values /usr/lib/python3/dist-packages/oslo_config/cfg.py:2609
2026-02-26 00:40:50.601 137900 DEBUG oslo_service.service [req-f70b100e-84c9-4e50-91a9-6dffad23a505 - - - - -] api_database.pool_timeout = None log_opt_values /usr/lib/python3/dist-packages/oslo_config/cfg.py:2609
2026-02-26 00:40:50.601 137900 DEBUG oslo_service.service [req-f70b100e-84c9-4e50-91a9-6dffad23a505 - - - - -] api_database.retry_interval = 10 log_opt_values /usr/lib/python3/dist-packages/oslo_config/cfg.py:2609
2026-02-26 00:40:50.601 137900 DEBUG oslo_service.service [req-f70b100e-84c9-4e50-91a9-6dffad23a505 - - - - -] api_database.slave_connection = **** log_opt_values /usr/lib/python3/dist-packages/oslo_config/cfg.py:2609
2026-02-26 00:40:50.602 137900 DEBUG oslo_service.service [req-f70b100e-84c9-4e50-91a9-6dffad23a505 - - - - -] api_database.sqlite_synchronous = True log_opt_values /usr/lib/python3/dist-packages/oslo_config/cfg.py:2609
2026-02-26 00:40:50.602 137900 DEBUG oslo_service.service [req-f70b100e-84c9-4e50-91a9-6dffad23a505 - - - - -] devices.enabled_mdev_types = [] log_opt_values /usr/lib/python3/dist-packages/oslo_config/cfg.py:2609
2026-02-26 00:40:50.602 137900 DEBUG oslo_service.service [req-f70b100e-84c9-4e50-91a9-6dffad23a505 - - - - -] ephemeral_storage_encryption.cipher = aes-xts-plain64 log_opt_values /usr/lib/python3/dist-packages/oslo_config/cfg.py:2609
2026-02-26 00:40:50.603 137900 DEBUG oslo_service.service [req-f70b100e-84c9-4e50-91a9-6dffad23a505 - - - - -] ephemeral_storage_encryption.enabled = False log_opt_values /usr/lib/python3/dist-packages/oslo_config/cfg.py:2609
2026-02-26 00:40:50.603 137900 DEBUG oslo_service.service [req-f70b100e-84c9-4e50-91a9-6dffad23a505 - - - - -] ephemeral_storage_encryption.key_size = 512 log_opt_values /usr/lib/python3/dist-packages/oslo_config/cfg.py:2609
2026-02-26 00:40:50.603 137900 WARNING oslo_config.cfg [req-f70b100e-84c9-4e50-91a9-6dffad23a505 - - - - -] Deprecated: Option "api_servers" from group "glance" is deprecated for removal ( Support for image service configuration via standard keystoneauth1 Adapter options was added in the 17.0.0 Queens release. The api_servers option was retained temporarily to allow consumers time to cut over to a real load balancing solution. ). Its value may be silently ignored in the future.
2026-02-26 00:40:50.604 137900 DEBUG oslo_service.service [req-f70b100e-84c9-4e50-91a9-6dffad23a505 - - - - -] glance.api_servers = ['http://252.141.176.155:9292'] log_opt_values /usr/lib/python3/dist-packages/oslo_config/cfg.py:2609
2026-02-26 00:40:50.604 137900 DEBUG oslo_service.service [req-f70b100e-84c9-4e50-91a9-6dffad23a505 - - - - -] glance.cafile = None log_opt_values /usr/lib/python3/dist-packages/oslo_config/cfg.py:2609
2026-02-26 00:40:50.604 137900 DEBUG oslo_service.service [req-f70b100e-84c9-4e50-91a9-6dffad23a505 - - - - -] glance.certfile = None log_opt_values /usr/lib/python3/dist-packages/oslo_config/cfg.py:2609
2026-02-26 00:40:50.604 137900 DEBUG oslo_service.service [req-f70b100e-84c9-4e50-91a9-6dffad23a505 - - - - -] glance.collect_timing = False log_opt_values /usr/lib/python3/dist-packages/oslo_config/cfg.py:2609
2026-02-26 00:40:50.605 137900 DEBUG oslo_service.service [req-f70b100e-84c9-4e50-91a9-6dffad23a505 - - - - -] glance.connect_retries = None log_opt_values /usr/lib/python3/dist-packages/oslo_config/cfg.py:2609
2026-02-26 00:40:50.605 137900 DEBUG oslo_service.service [req-f70b100e-84c9-4e50-91a9-6dffad23a505 - - - - -] glance.connect_retry_delay = None log_opt_values /usr/lib/python3/dist-packages/oslo_config/cfg.py:2609
2026-02-26 00:40:50.605 137900 DEBUG oslo_service.service [req-f70b100e-84c9-4e50-91a9-6dffad23a505 - - - - -] glance.debug = False log_opt_values /usr/lib/python3/dist-packages/oslo_config/cfg.py:2609
2026-02-26 00:40:50.606 137900 DEBUG oslo_service.service [req-f70b100e-84c9-4e50-91a9-6dffad23a505 - - - - -] glance.default_trusted_certificate_ids = [] log_opt_values /usr/lib/python3/dist-packages/oslo_config/cfg.py:2609
2026-02-26 00:40:50.606 137900 DEBUG oslo_service.service [req-f70b100e-84c9-4e50-91a9-6dffad23a505 - - - - -] glance.enable_certificate_validation = False log_opt_values /usr/lib/python3/dist-packages/oslo_config/cfg.py:2609
2026-02-26 00:40:50.606 137900 DEBUG oslo_service.service [req-f70b100e-84c9-4e50-91a9-6dffad23a505 - - - - -] glance.enable_rbd_download = False log_opt_values /usr/lib/python3/dist-packages/oslo_config/cfg.py:2609
2026-02-26 00:40:50.607 137900 DEBUG oslo_service.service [req-f70b100e-84c9-4e50-91a9-6dffad23a505 - - - - -] glance.endpoint_override = None log_opt_values /usr/lib/python3/dist-packages/oslo_config/cfg.py:2609
2026-02-26 00:40:50.607 137900 DEBUG oslo_service.service [req-f70b100e-84c9-4e50-91a9-6dffad23a505 - - - - -] glance.insecure = False log_opt_values /usr/lib/python3/dist-packages/oslo_config/cfg.py:2609
2026-02-26 00:40:50.607 137900 DEBUG oslo_service.service [req-f70b100e-84c9-4e50-91a9-6dffad23a505 - - - - -] glance.keyfile = None log_opt_values /usr/lib/python3/dist-packages/oslo_config/cfg.py:2609
2026-02-26 00:40:50.608 137900 DEBUG oslo_service.service [req-f70b100e-84c9-4e50-91a9-6dffad23a505 - - - - -] glance.max_version = None log_opt_values /usr/lib/python3/dist-packages/oslo_config/cfg.py:2609
2026-02-26 00:40:50.608 137900 DEBUG oslo_service.service [req-f70b100e-84c9-4e50-91a9-6dffad23a505 - - - - -] glance.min_version = None log_opt_values /usr/lib/python3/dist-packages/oslo_config/cfg.py:2609
2026-02-26 00:40:50.608 137900 DEBUG oslo_service.service [req-f70b100e-84c9-4e50-91a9-6dffad23a505 - - - - -] glance.num_retries = 3 log_opt_values /usr/lib/python3/dist-packages/oslo_config/cfg.py:2609
2026-02-26 00:40:50.609 137900 DEBUG oslo_service.service [req-f70b100e-84c9-4e50-91a9-6dffad23a505 - - - - -] glance.rbd_ceph_conf = log_opt_values /usr/lib/python3/dist-packages/oslo_config/cfg.py:2609
2026-02-26 00:40:50.609 137900 DEBUG oslo_service.service [req-f70b100e-84c9-4e50-91a9-6dffad23a505 - - - - -] glance.rbd_connect_timeout = 5 log_opt_values /usr/lib/python3/dist-packages/oslo_config/cfg.py:2609
2026-02-26 00:40:50.609 137900 DEBUG oslo_service.service [req-f70b100e-84c9-4e50-91a9-6dffad23a505 - - - - -] glance.rbd_pool = log_opt_values /usr/lib/python3/dist-packages/oslo_config/cfg.py:2609
2026-02-26 00:40:50.610 137900 DEBUG oslo_service.service [req-f70b100e-84c9-4e50-91a9-6dffad23a505 - - - - -] glance.rbd_user = log_opt_values /usr/lib/python3/dist-packages/oslo_config/cfg.py:2609
2026-02-26 00:40:50.610 137900 DEBUG oslo_service.service [req-f70b100e-84c9-4e50-91a9-6dffad23a505 - - - - -] glance.region_name = None log_opt_values /usr/lib/python3/dist-packages/oslo_config/cfg.py:2609
2026-02-26 00:40:50.610 137900 DEBUG oslo_service.service [req-f70b100e-84c9-4e50-91a9-6dffad23a505 - - - - -] glance.service_name = None log_opt_values /usr/lib/python3/dist-packages/oslo_config/cfg.py:2609
2026-02-26 00:40:50.611 137900 DEBUG oslo_service.service [req-f70b100e-84c9-4e50-91a9-6dffad23a505 - - - - -] glance.service_type = image log_opt_values /usr/lib/python3/dist-packages/oslo_config/cfg.py:2609
2026-02-26 00:40:50.611 137900 DEBUG oslo_service.service [req-f70b100e-84c9-4e50-91a9-6dffad23a505 - - - - -] glance.split_loggers = False log_opt_values /usr/lib/python3/dist-packages/oslo_config/cfg.py:2609
2026-02-26 00:40:50.611 137900 DEBUG oslo_service.service [req-f70b100e-84c9-4e50-91a9-6dffad23a505 - - - - -] glance.status_code_retries = None log_opt_values /usr/lib/python3/dist-packages/oslo_config/cfg.py:2609
2026-02-26 00:40:50.612 137900 DEBUG oslo_service.service [req-f70b100e-84c9-4e50-91a9-6dffad23a505 - - - - -] glance.status_code_retry_delay = None log_opt_values /usr/lib/python3/dist-packages/oslo_config/cfg.py:2609
2026-02-26 00:40:50.612 137900 DEBUG oslo_service.service [req-f70b100e-84c9-4e50-91a9-6dffad23a505 - - - - -] glance.timeout = None log_opt_values /usr/lib/python3/dist-packages/oslo_config/cfg.py:2609
2026-02-26 00:40:50.612 137900 DEBUG oslo_service.service [req-f70b100e-84c9-4e50-91a9-6dffad23a505 - - - - -] glance.valid_interfaces = ['internal', 'public'] log_opt_values /usr/lib/python3/dist-packages/oslo_config/cfg.py:2609
2026-02-26 00:40:50.613 137900 DEBUG oslo_service.service [req-f70b100e-84c9-4e50-91a9-6dffad23a505 - - - - -] glance.verify_glance_signatures = False log_opt_values /usr/lib/python3/dist-packages/oslo_config/cfg.py:2609
2026-02-26 00:40:50.613 137900 DEBUG oslo_service.service [req-f70b100e-84c9-4e50-91a9-6dffad23a505 - - - - -] glance.version = None log_opt_values /usr/lib/python3/dist-packages/oslo_config/cfg.py:2609
2026-02-26 00:40:50.613 137900 DEBUG oslo_service.service [req-f70b100e-84c9-4e50-91a9-6dffad23a505 - - - - -] guestfs.debug = False log_opt_values /usr/lib/python3/dist-packages/oslo_config/cfg.py:2609
2026-02-26 00:40:50.614 137900 DEBUG oslo_service.service [req-f70b100e-84c9-4e50-91a9-6dffad23a505 - - - - -] hyperv.config_drive_cdrom = False log_opt_values /usr/lib/python3/dist-packages/oslo_config/cfg.py:2609
2026-02-26 00:40:50.614 137900 DEBUG oslo_service.service [req-f70b100e-84c9-4e50-91a9-6dffad23a505 - - - - -] hyperv.config_drive_inject_password = False log_opt_values /usr/lib/python3/dist-packages/oslo_config/cfg.py:2609
2026-02-26 00:40:50.614 137900 DEBUG oslo_service.service [req-f70b100e-84c9-4e50-91a9-6dffad23a505 - - - - -] hyperv.dynamic_memory_ratio = 1.0 log_opt_values /usr/lib/python3/dist-packages/oslo_config/cfg.py:2609
2026-02-26 00:40:50.614 137900 DEBUG oslo_service.service [req-f70b100e-84c9-4e50-91a9-6dffad23a505 - - - - -] hyperv.enable_instance_metrics_collection = False log_opt_values /usr/lib/python3/dist-packages/oslo_config/cfg.py:2609
2026-02-26 00:40:50.615 137900 DEBUG oslo_service.service [req-f70b100e-84c9-4e50-91a9-6dffad23a505 - - - - -] hyperv.enable_remotefx = False log_opt_values /usr/lib/python3/dist-packages/oslo_config/cfg.py:2609
2026-02-26 00:40:50.615 137900 DEBUG oslo_service.service [req-f70b100e-84c9-4e50-91a9-6dffad23a505 - - - - -] hyperv.instances_path_share = log_opt_values /usr/lib/python3/dist-packages/oslo_config/cfg.py:2609
2026-02-26 00:40:50.615 137900 DEBUG oslo_service.service [req-f70b100e-84c9-4e50-91a9-6dffad23a505 - - - - -] hyperv.iscsi_initiator_list = [] log_opt_values /usr/lib/python3/dist-packages/oslo_config/cfg.py:2609
2026-02-26 00:40:50.615 137900 DEBUG oslo_service.service [req-f70b100e-84c9-4e50-91a9-6dffad23a505 - - - - -] hyperv.limit_cpu_features = False log_opt_values /usr/lib/python3/dist-packages/oslo_config/cfg.py:2609
2026-02-26 00:40:50.615 137900 DEBUG oslo_service.service [req-f70b100e-84c9-4e50-91a9-6dffad23a505 - - - - -] hyperv.mounted_disk_query_retry_count = 10 log_opt_values /usr/lib/python3/dist-packages/oslo_config/cfg.py:2609
2026-02-26 00:40:50.616 137900 DEBUG oslo_service.service [req-f70b100e-84c9-4e50-91a9-6dffad23a505 - - - - -] hyperv.mounted_disk_query_retry_interval = 5 log_opt_values /usr/lib/python3/dist-packages/oslo_config/cfg.py:2609
2026-02-26 00:40:50.616 137900 DEBUG oslo_service.service [req-f70b100e-84c9-4e50-91a9-6dffad23a505 - - - - -] hyperv.power_state_check_timeframe = 60 log_opt_values /usr/lib/python3/dist-packages/oslo_config/cfg.py:2609
2026-02-26 00:40:50.616 137900 DEBUG oslo_service.service [req-f70b100e-84c9-4e50-91a9-6dffad23a505 - - - - -] hyperv.power_state_event_polling_interval = 2 log_opt_values /usr/lib/python3/dist-packages/oslo_config/cfg.py:2609
2026-02-26 00:40:50.616 137900 DEBUG oslo_service.service [req-f70b100e-84c9-4e50-91a9-6dffad23a505 - - - - -] hyperv.qemu_img_cmd = qemu-img.exe log_opt_values /usr/lib/python3/dist-packages/oslo_config/cfg.py:2609
2026-02-26 00:40:50.617 137900 DEBUG oslo_service.service [req-f70b100e-84c9-4e50-91a9-6dffad23a505 - - - - -] hyperv.use_multipath_io = False log_opt_values /usr/lib/python3/dist-packages/oslo_config/cfg.py:2609
2026-02-26 00:40:50.617 137900 DEBUG oslo_service.service [req-f70b100e-84c9-4e50-91a9-6dffad23a505 - - - - -] hyperv.volume_attach_retry_count = 10 log_opt_values /usr/lib/python3/dist-packages/oslo_config/cfg.py:2609
2026-02-26 00:40:50.617 137900 DEBUG oslo_service.service [req-f70b100e-84c9-4e50-91a9-6dffad23a505 - - - - -] hyperv.volume_attach_retry_interval = 5 log_opt_values /usr/lib/python3/dist-packages/oslo_config/cfg.py:2609
2026-02-26 00:40:50.617 137900 DEBUG oslo_service.service [req-f70b100e-84c9-4e50-91a9-6dffad23a505 - - - - -] hyperv.vswitch_name = None log_opt_values /usr/lib/python3/dist-packages/oslo_config/cfg.py:2609
2026-02-26 00:40:50.617 137900 DEBUG oslo_service.service [req-f70b100e-84c9-4e50-91a9-6dffad23a505 - - - - -] hyperv.wait_soft_reboot_seconds = 60 log_opt_values /usr/lib/python3/dist-packages/oslo_config/cfg.py:2609
