2026-02-26 00:43:17.369 149771 DEBUG oslo_concurrency.lockutils [req-307dc134-6002-4017-b547-41ae222d005b - - - - -] Lock "19df0ccf-2fc7-4359-842f-34bca390c3a3" acquired by "nova.context.set_target_cell..get_or_set_cached_cell_and_set_connections" :: waited 0.000s inner /usr/lib/python3/dist-packages/oslo_concurrency/lockutils.py:386
2026-02-26 00:43:17.370 149771 DEBUG oslo_concurrency.lockutils [req-307dc134-6002-4017-b547-41ae222d005b - - - - -] Lock "19df0ccf-2fc7-4359-842f-34bca390c3a3" "released" by "nova.context.set_target_cell..get_or_set_cached_cell_and_set_connections" :: held 0.000s inner /usr/lib/python3/dist-packages/oslo_concurrency/lockutils.py:400
2026-02-26 00:43:27.264 149768 DEBUG oslo_service.periodic_task [req-e2e58802-8591-40a9-9105-3062c5a22ccf - - - - -] Running periodic task SchedulerManager._discover_hosts_in_cells run_periodic_tasks /usr/lib/python3/dist-packages/oslo_service/periodic_task.py:210
2026-02-26 00:43:27.270 149768 DEBUG oslo_concurrency.lockutils [req-6d34715e-80e5-4603-8b82-4baa74675efa - - - - -] Lock "19df0ccf-2fc7-4359-842f-34bca390c3a3" acquired by "nova.context.set_target_cell..get_or_set_cached_cell_and_set_connections" :: waited 0.000s inner /usr/lib/python3/dist-packages/oslo_concurrency/lockutils.py:386
2026-02-26 00:43:27.270 149768 DEBUG oslo_concurrency.lockutils [req-6d34715e-80e5-4603-8b82-4baa74675efa - - - - -] Lock "19df0ccf-2fc7-4359-842f-34bca390c3a3" "released" by "nova.context.set_target_cell..get_or_set_cached_cell_and_set_connections" :: held 0.000s inner /usr/lib/python3/dist-packages/oslo_concurrency/lockutils.py:400
2026-02-26 00:43:43.617 149437 INFO oslo_service.service [req-4d6d1d26-9c86-47f5-9af5-8dd0e32d5c9f - - - - -] Caught SIGTERM, stopping children
2026-02-26 00:43:43.617 149437 DEBUG oslo_concurrency.lockutils [req-4d6d1d26-9c86-47f5-9af5-8dd0e32d5c9f - - - - -] Acquired lock "singleton_lock" lock /usr/lib/python3/dist-packages/oslo_concurrency/lockutils.py:294
2026-02-26 00:43:43.618 149437 DEBUG oslo_concurrency.lockutils [req-4d6d1d26-9c86-47f5-9af5-8dd0e32d5c9f - - - - -] Releasing lock "singleton_lock" lock /usr/lib/python3/dist-packages/oslo_concurrency/lockutils.py:312
2026-02-26 00:43:43.618 149437 DEBUG oslo_service.service [req-4d6d1d26-9c86-47f5-9af5-8dd0e32d5c9f - - - - -] Stop services. stop /usr/lib/python3/dist-packages/oslo_service/service.py:695
2026-02-26 00:43:43.618 149437 DEBUG oslo_service.service [req-4d6d1d26-9c86-47f5-9af5-8dd0e32d5c9f - - - - -] Killing children. stop /usr/lib/python3/dist-packages/oslo_service/service.py:700
2026-02-26 00:43:43.619 149437 INFO oslo_service.service [req-4d6d1d26-9c86-47f5-9af5-8dd0e32d5c9f - - - - -] Waiting on 4 children to exit
2026-02-26 00:43:43.626 149437 INFO oslo_service.service [req-4d6d1d26-9c86-47f5-9af5-8dd0e32d5c9f - - - - -] Child 149770 killed by signal 15
2026-02-26 00:43:43.629 149437 INFO oslo_service.service [req-4d6d1d26-9c86-47f5-9af5-8dd0e32d5c9f - - - - -] Child 149768 killed by signal 15
2026-02-26 00:43:43.629 149437 INFO oslo_service.service [req-4d6d1d26-9c86-47f5-9af5-8dd0e32d5c9f - - - - -] Child 149769 killed by signal 15
2026-02-26 00:43:43.629 149437 INFO oslo_service.service [req-4d6d1d26-9c86-47f5-9af5-8dd0e32d5c9f - - - - -] Child 149771 killed by signal 15
2026-02-26 00:43:45.547 171770 DEBUG oslo_db.sqlalchemy.engines [req-b9ab48a3-d0c7-4ac1-ae7c-679a6c6dfb38 - - - - -] MySQL server mode set to STRICT_TRANS_TABLES,STRICT_ALL_TABLES,NO_ZERO_IN_DATE,NO_ZERO_DATE,ERROR_FOR_DIVISION_BY_ZERO,TRADITIONAL,NO_ENGINE_SUBSTITUTION _check_effective_sql_mode /usr/lib/python3/dist-packages/oslo_db/sqlalchemy/engines.py:314
2026-02-26 00:43:45.589 171770 DEBUG nova.scheduler.host_manager [req-b9ab48a3-d0c7-4ac1-ae7c-679a6c6dfb38 - - - - -] Found 1 cells: 19df0ccf-2fc7-4359-842f-34bca390c3a3 refresh_cells_caches /usr/lib/python3/dist-packages/nova/scheduler/host_manager.py:730
2026-02-26 00:43:45.590 171770 DEBUG nova.scheduler.host_manager [req-b9ab48a3-d0c7-4ac1-ae7c-679a6c6dfb38 - - - - -] Found 0 disabled cells: refresh_cells_caches /usr/lib/python3/dist-packages/nova/scheduler/host_manager.py:742
2026-02-26 00:43:45.596 171770 WARNING nova.scheduler.filters.availability_zone_filter [req-b9ab48a3-d0c7-4ac1-ae7c-679a6c6dfb38 - - - - -] The 'AvailabilityZoneFilter' is deprecated since the 24.0.0 (Xena) release. Since the 18.0.0 (Rocky) release, nova has supported mapping AZs to placement aggregates. The feature is enabled by the 'query_placement_for_availability_zone' config option and is now enabled by default. As such, the 'AvailabilityZoneFilter' is no longer required. Nova is currently configured to use both placement and the AvailabilityZoneFilter for AZ enforcement.
2026-02-26 00:43:45.736 171770 DEBUG nova.scheduler.host_manager [req-b9ab48a3-d0c7-4ac1-ae7c-679a6c6dfb38 - - - - -] START:_async_init_instance_info _async_init_instance_info /usr/lib/python3/dist-packages/nova/scheduler/host_manager.py:411
2026-02-26 00:43:45.738 171770 DEBUG oslo_concurrency.lockutils [req-76eb9786-1652-4629-98ec-8ca01858db24 - - - - -] Lock "19df0ccf-2fc7-4359-842f-34bca390c3a3" acquired by "nova.context.set_target_cell..get_or_set_cached_cell_and_set_connections" :: waited 0.000s inner /usr/lib/python3/dist-packages/oslo_concurrency/lockutils.py:386
2026-02-26 00:43:45.740 171770 DEBUG oslo_concurrency.lockutils [req-76eb9786-1652-4629-98ec-8ca01858db24 - - - - -] Lock "19df0ccf-2fc7-4359-842f-34bca390c3a3" "released" by "nova.context.set_target_cell..get_or_set_cached_cell_and_set_connections" :: held 0.002s inner /usr/lib/python3/dist-packages/oslo_concurrency/lockutils.py:400
2026-02-26 00:43:45.749 171770 DEBUG oslo_db.sqlalchemy.engines [req-76eb9786-1652-4629-98ec-8ca01858db24 - - - - -] MySQL server mode set to STRICT_TRANS_TABLES,STRICT_ALL_TABLES,NO_ZERO_IN_DATE,NO_ZERO_DATE,ERROR_FOR_DIVISION_BY_ZERO,TRADITIONAL,NO_ENGINE_SUBSTITUTION _check_effective_sql_mode /usr/lib/python3/dist-packages/oslo_db/sqlalchemy/engines.py:314
2026-02-26 00:43:45.763 171770 DEBUG nova.scheduler.host_manager [req-76eb9786-1652-4629-98ec-8ca01858db24 - - - - -] Total number of compute nodes: 1 _async_init_instance_info /usr/lib/python3/dist-packages/nova/scheduler/host_manager.py:424
2026-02-26 00:43:45.764 171770 DEBUG oslo_concurrency.lockutils [req-76eb9786-1652-4629-98ec-8ca01858db24 - - - - -] Lock "19df0ccf-2fc7-4359-842f-34bca390c3a3" acquired by "nova.context.set_target_cell..get_or_set_cached_cell_and_set_connections" :: waited 0.000s inner /usr/lib/python3/dist-packages/oslo_concurrency/lockutils.py:386
2026-02-26 00:43:45.764 171770 DEBUG oslo_concurrency.lockutils [req-76eb9786-1652-4629-98ec-8ca01858db24 - - - - -] Lock "19df0ccf-2fc7-4359-842f-34bca390c3a3" "released" by "nova.context.set_target_cell..get_or_set_cached_cell_and_set_connections" :: held 0.000s inner /usr/lib/python3/dist-packages/oslo_concurrency/lockutils.py:400
2026-02-26 00:43:45.850 171770 DEBUG nova.scheduler.host_manager [req-76eb9786-1652-4629-98ec-8ca01858db24 - - - - -] Adding 0 instances for hosts 10-20 _async_init_instance_info /usr/lib/python3/dist-packages/nova/scheduler/host_manager.py:443
2026-02-26 00:43:45.850 171770 DEBUG nova.scheduler.host_manager [req-76eb9786-1652-4629-98ec-8ca01858db24 - - - - -] END:_async_init_instance_info _async_init_instance_info /usr/lib/python3/dist-packages/nova/scheduler/host_manager.py:454
2026-02-26 00:43:46.092 171770 DEBUG nova.context [req-b9ab48a3-d0c7-4ac1-ae7c-679a6c6dfb38 - - - - -] Found 2 cells: 00000000-0000-0000-0000-000000000000(cell0),19df0ccf-2fc7-4359-842f-34bca390c3a3(cell1) load_cells /usr/lib/python3/dist-packages/nova/context.py:464
2026-02-26 00:43:46.094 171770 DEBUG oslo_concurrency.lockutils [req-79aa8c32-5054-49c3-bf34-ea6d0ae8eb19 - - - - -] Lock "00000000-0000-0000-0000-000000000000" acquired by "nova.context.set_target_cell..get_or_set_cached_cell_and_set_connections" :: waited 0.000s inner /usr/lib/python3/dist-packages/oslo_concurrency/lockutils.py:386
2026-02-26 00:43:46.095 171770 DEBUG oslo_concurrency.lockutils [req-79aa8c32-5054-49c3-bf34-ea6d0ae8eb19 - - - - -] Lock "00000000-0000-0000-0000-000000000000" "released" by "nova.context.set_target_cell..get_or_set_cached_cell_and_set_connections" :: held 0.001s inner /usr/lib/python3/dist-packages/oslo_concurrency/lockutils.py:400
2026-02-26 00:43:46.095 171770 DEBUG oslo_concurrency.lockutils [req-79aa8c32-5054-49c3-bf34-ea6d0ae8eb19 - - - - -] Lock "19df0ccf-2fc7-4359-842f-34bca390c3a3" acquired by "nova.context.set_target_cell..get_or_set_cached_cell_and_set_connections" :: waited 0.000s inner /usr/lib/python3/dist-packages/oslo_concurrency/lockutils.py:386
2026-02-26 00:43:46.095 171770 DEBUG oslo_concurrency.lockutils [req-79aa8c32-5054-49c3-bf34-ea6d0ae8eb19 - - - - -] Lock "19df0ccf-2fc7-4359-842f-34bca390c3a3" "released" by "nova.context.set_target_cell..get_or_set_cached_cell_and_set_connections" :: held 0.000s inner /usr/lib/python3/dist-packages/oslo_concurrency/lockutils.py:400
2026-02-26 00:43:46.107 171770 DEBUG oslo_db.sqlalchemy.engines [req-79aa8c32-5054-49c3-bf34-ea6d0ae8eb19 - - - - -] MySQL server mode set to STRICT_TRANS_TABLES,STRICT_ALL_TABLES,NO_ZERO_IN_DATE,NO_ZERO_DATE,ERROR_FOR_DIVISION_BY_ZERO,TRADITIONAL,NO_ENGINE_SUBSTITUTION _check_effective_sql_mode /usr/lib/python3/dist-packages/oslo_db/sqlalchemy/engines.py:314
2026-02-26 00:43:46.119 171770 DEBUG oslo_concurrency.lockutils [req-79aa8c32-5054-49c3-bf34-ea6d0ae8eb19 - - - - -] Acquired lock "singleton_lock" lock /usr/lib/python3/dist-packages/oslo_concurrency/lockutils.py:294
2026-02-26 00:43:46.120 171770 DEBUG oslo_concurrency.lockutils [req-79aa8c32-5054-49c3-bf34-ea6d0ae8eb19 - - - - -] Releasing lock "singleton_lock" lock /usr/lib/python3/dist-packages/oslo_concurrency/lockutils.py:312
2026-02-26 00:43:46.121 171770 INFO oslo_service.service [req-79aa8c32-5054-49c3-bf34-ea6d0ae8eb19 - - - - -] Starting 4 workers
2026-02-26 00:43:46.127 171770 DEBUG oslo_service.service [req-79aa8c32-5054-49c3-bf34-ea6d0ae8eb19 - - - - -] Started child 172157 _start_child /usr/lib/python3/dist-packages/oslo_service/service.py:575
2026-02-26 00:43:46.133 172157 INFO nova.service [-] Starting scheduler node (version 25.2.1)
2026-02-26 00:43:46.134 171770 DEBUG oslo_service.service [req-79aa8c32-5054-49c3-bf34-ea6d0ae8eb19 - - - - -] Started child 172158 _start_child /usr/lib/python3/dist-packages/oslo_service/service.py:575
2026-02-26 00:43:46.140 172158 INFO nova.service [-] Starting scheduler node (version 25.2.1)
2026-02-26 00:43:46.142 171770 DEBUG oslo_service.service [req-79aa8c32-5054-49c3-bf34-ea6d0ae8eb19 - - - - -] Started child 172159 _start_child /usr/lib/python3/dist-packages/oslo_service/service.py:575
2026-02-26 00:43:46.147 172157 DEBUG oslo_db.sqlalchemy.engines [req-51d98cf5-b79f-4b83-9127-2848072fe89a - - - - -] MySQL server mode set to STRICT_TRANS_TABLES,STRICT_ALL_TABLES,NO_ZERO_IN_DATE,NO_ZERO_DATE,ERROR_FOR_DIVISION_BY_ZERO,TRADITIONAL,NO_ENGINE_SUBSTITUTION _check_effective_sql_mode /usr/lib/python3/dist-packages/oslo_db/sqlalchemy/engines.py:314
2026-02-26 00:43:46.149 172159 INFO nova.service [-] Starting scheduler node (version 25.2.1)
2026-02-26 00:43:46.149 171770 DEBUG oslo_service.service [req-79aa8c32-5054-49c3-bf34-ea6d0ae8eb19 - - - - -] Started child 172160 _start_child /usr/lib/python3/dist-packages/oslo_service/service.py:575
2026-02-26 00:43:46.152 171770 DEBUG oslo_service.service [req-79aa8c32-5054-49c3-bf34-ea6d0ae8eb19 - - - - -] Full set of CONF: wait /usr/lib/python3/dist-packages/oslo_service/service.py:649
2026-02-26 00:43:46.152 171770 DEBUG oslo_service.service [req-79aa8c32-5054-49c3-bf34-ea6d0ae8eb19 - - - - -] ******************************************************************************** log_opt_values /usr/lib/python3/dist-packages/oslo_config/cfg.py:2589
2026-02-26 00:43:46.152 171770 DEBUG oslo_service.service [req-79aa8c32-5054-49c3-bf34-ea6d0ae8eb19 - - - - -] Configuration options gathered from: log_opt_values /usr/lib/python3/dist-packages/oslo_config/cfg.py:2590
2026-02-26 00:43:46.152 171770 DEBUG oslo_service.service [req-79aa8c32-5054-49c3-bf34-ea6d0ae8eb19 - - - - -] command line args: ['--config-file=/etc/nova/nova.conf', '--log-file=/var/log/nova/nova-scheduler.log'] log_opt_values /usr/lib/python3/dist-packages/oslo_config/cfg.py:2591
2026-02-26 00:43:46.153 171770 DEBUG oslo_service.service [req-79aa8c32-5054-49c3-bf34-ea6d0ae8eb19 - - - - -] config files: ['/etc/nova/nova.conf'] log_opt_values /usr/lib/python3/dist-packages/oslo_config/cfg.py:2592
2026-02-26 00:43:46.153 171770 DEBUG oslo_service.service [req-79aa8c32-5054-49c3-bf34-ea6d0ae8eb19 - - - - -] ================================================================================ log_opt_values /usr/lib/python3/dist-packages/oslo_config/cfg.py:2594
2026-02-26 00:43:46.153 171770 DEBUG oslo_service.service [req-79aa8c32-5054-49c3-bf34-ea6d0ae8eb19 - - - - -] allow_resize_to_same_host = False log_opt_values /usr/lib/python3/dist-packages/oslo_config/cfg.py:2602
2026-02-26 00:43:46.154 171770 DEBUG oslo_service.service [req-79aa8c32-5054-49c3-bf34-ea6d0ae8eb19 - - - - -] arq_binding_timeout = 300 log_opt_values /usr/lib/python3/dist-packages/oslo_config/cfg.py:2602
2026-02-26 00:43:46.154 171770 DEBUG oslo_service.service [req-79aa8c32-5054-49c3-bf34-ea6d0ae8eb19 - - - - -] block_device_allocate_retries = 60 log_opt_values /usr/lib/python3/dist-packages/oslo_config/cfg.py:2602
2026-02-26 00:43:46.154 171770 DEBUG oslo_service.service [req-79aa8c32-5054-49c3-bf34-ea6d0ae8eb19 - - - - -] block_device_allocate_retries_interval = 3 log_opt_values /usr/lib/python3/dist-packages/oslo_config/cfg.py:2602
2026-02-26 00:43:46.154 171770 DEBUG oslo_service.service [req-79aa8c32-5054-49c3-bf34-ea6d0ae8eb19 - - - - -] cert = self.pem log_opt_values /usr/lib/python3/dist-packages/oslo_config/cfg.py:2602
2026-02-26 00:43:46.154 171770 DEBUG oslo_service.service [req-79aa8c32-5054-49c3-bf34-ea6d0ae8eb19 - - - - -] compute_driver = libvirt.LibvirtDriver log_opt_values /usr/lib/python3/dist-packages/oslo_config/cfg.py:2602
2026-02-26 00:43:46.155 171770 DEBUG oslo_service.service [req-79aa8c32-5054-49c3-bf34-ea6d0ae8eb19 - - - - -] compute_monitors = [] log_opt_values /usr/lib/python3/dist-packages/oslo_config/cfg.py:2602
2026-02-26 00:43:46.155 171770 DEBUG oslo_service.service [req-79aa8c32-5054-49c3-bf34-ea6d0ae8eb19 - - - - -] config_dir = [] log_opt_values /usr/lib/python3/dist-packages/oslo_config/cfg.py:2602
2026-02-26 00:43:46.155 171770 DEBUG oslo_service.service [req-79aa8c32-5054-49c3-bf34-ea6d0ae8eb19 - - - - -] config_drive_format = iso9660 log_opt_values /usr/lib/python3/dist-packages/oslo_config/cfg.py:2602
2026-02-26 00:43:46.155 171770 DEBUG oslo_service.service [req-79aa8c32-5054-49c3-bf34-ea6d0ae8eb19 - - - - -] config_file = ['/etc/nova/nova.conf'] log_opt_values /usr/lib/python3/dist-packages/oslo_config/cfg.py:2602
2026-02-26 00:43:46.156 171770 DEBUG oslo_service.service [req-79aa8c32-5054-49c3-bf34-ea6d0ae8eb19 - - - - -] config_source = [] log_opt_values /usr/lib/python3/dist-packages/oslo_config/cfg.py:2602
2026-02-26 00:43:46.156 171770 DEBUG oslo_service.service [req-79aa8c32-5054-49c3-bf34-ea6d0ae8eb19 - - - - -] console_host = juju-3efda3-0-lxd-7 log_opt_values /usr/lib/python3/dist-packages/oslo_config/cfg.py:2602
2026-02-26 00:43:46.156 171770 DEBUG oslo_service.service [req-79aa8c32-5054-49c3-bf34-ea6d0ae8eb19 - - - - -] control_exchange = nova log_opt_values /usr/lib/python3/dist-packages/oslo_config/cfg.py:2602
2026-02-26 00:43:46.156 171770 DEBUG oslo_service.service [req-79aa8c32-5054-49c3-bf34-ea6d0ae8eb19 - - - - -] cpu_allocation_ratio = 2.0 log_opt_values /usr/lib/python3/dist-packages/oslo_config/cfg.py:2602
2026-02-26 00:43:46.156 171770 DEBUG oslo_service.service [req-79aa8c32-5054-49c3-bf34-ea6d0ae8eb19 - - - - -] daemon = False log_opt_values /usr/lib/python3/dist-packages/oslo_config/cfg.py:2602
2026-02-26 00:43:46.157 171770 DEBUG oslo_service.service [req-79aa8c32-5054-49c3-bf34-ea6d0ae8eb19 - - - - -] debug = True log_opt_values /usr/lib/python3/dist-packages/oslo_config/cfg.py:2602
2026-02-26 00:43:46.157 171770 DEBUG oslo_service.service [req-79aa8c32-5054-49c3-bf34-ea6d0ae8eb19 - - - - -] default_access_ip_network_name = None log_opt_values /usr/lib/python3/dist-packages/oslo_config/cfg.py:2602
2026-02-26 00:43:46.156 172158 DEBUG oslo_db.sqlalchemy.engines [req-448f838c-7e5f-4f7f-9c86-a7e543502009 - - - - -] MySQL server mode set to STRICT_TRANS_TABLES,STRICT_ALL_TABLES,NO_ZERO_IN_DATE,NO_ZERO_DATE,ERROR_FOR_DIVISION_BY_ZERO,TRADITIONAL,NO_ENGINE_SUBSTITUTION _check_effective_sql_mode /usr/lib/python3/dist-packages/oslo_db/sqlalchemy/engines.py:314
2026-02-26 00:43:46.157 171770 DEBUG oslo_service.service [req-79aa8c32-5054-49c3-bf34-ea6d0ae8eb19 - - - - -] default_availability_zone = nova log_opt_values /usr/lib/python3/dist-packages/oslo_config/cfg.py:2602
2026-02-26 00:43:46.161 171770 DEBUG oslo_service.service [req-79aa8c32-5054-49c3-bf34-ea6d0ae8eb19 - - - - -] default_ephemeral_format = None log_opt_values /usr/lib/python3/dist-packages/oslo_config/cfg.py:2602
2026-02-26 00:43:46.161 171770 DEBUG oslo_service.service [req-79aa8c32-5054-49c3-bf34-ea6d0ae8eb19 - - - - -] default_log_levels = ['amqp=WARN', 'amqplib=WARN', 'boto=WARN', 'qpid=WARN', 'sqlalchemy=WARN', 'suds=INFO', 'oslo.messaging=INFO', 'oslo_messaging=DEBUG', 'iso8601=WARN', 'requests.packages.urllib3.connectionpool=WARN', 'urllib3.connectionpool=WARN', 'websocket=WARN', 'requests.packages.urllib3.util.retry=WARN', 'urllib3.util.retry=WARN', 'keystonemiddleware=WARN', 'routes.middleware=WARN', 'stevedore=WARN', 'taskflow=WARN', 'keystoneauth=WARN', 'oslo.cache=INFO', 'dogpile.core.dogpile=INFO', 'glanceclient=WARN', 'oslo.privsep.daemon=INFO'] log_opt_values /usr/lib/python3/dist-packages/oslo_config/cfg.py:2602
2026-02-26 00:43:46.162 171770 DEBUG oslo_service.service [req-79aa8c32-5054-49c3-bf34-ea6d0ae8eb19 - - - - -] default_schedule_zone = None log_opt_values /usr/lib/python3/dist-packages/oslo_config/cfg.py:2602
2026-02-26 00:43:46.162 171770 DEBUG oslo_service.service [req-79aa8c32-5054-49c3-bf34-ea6d0ae8eb19 - - - - -] disk_allocation_ratio = 1.0 log_opt_values /usr/lib/python3/dist-packages/oslo_config/cfg.py:2602
2026-02-26 00:43:46.162 171770 DEBUG oslo_service.service [req-79aa8c32-5054-49c3-bf34-ea6d0ae8eb19 - - - - -] enable_new_services = True log_opt_values /usr/lib/python3/dist-packages/oslo_config/cfg.py:2602
2026-02-26 00:43:46.163 171770 DEBUG oslo_service.service [req-79aa8c32-5054-49c3-bf34-ea6d0ae8eb19 - - - - -] enabled_apis = ['osapi_compute', 'metadata'] log_opt_values /usr/lib/python3/dist-packages/oslo_config/cfg.py:2602
2026-02-26 00:43:46.163 171770 DEBUG oslo_service.service [req-79aa8c32-5054-49c3-bf34-ea6d0ae8eb19 - - - - -] enabled_ssl_apis = [] log_opt_values /usr/lib/python3/dist-packages/oslo_config/cfg.py:2602
2026-02-26 00:43:46.163 171770 DEBUG oslo_service.service [req-79aa8c32-5054-49c3-bf34-ea6d0ae8eb19 - - - - -] fatal_deprecations = False log_opt_values /usr/lib/python3/dist-packages/oslo_config/cfg.py:2602
2026-02-26 00:43:46.163 171770 DEBUG oslo_service.service [req-79aa8c32-5054-49c3-bf34-ea6d0ae8eb19 - - - - -] flat_injected = False log_opt_values /usr/lib/python3/dist-packages/oslo_config/cfg.py:2602
2026-02-26 00:43:46.163 171770 DEBUG oslo_service.service [req-79aa8c32-5054-49c3-bf34-ea6d0ae8eb19 - - - - -] force_config_drive = False log_opt_values /usr/lib/python3/dist-packages/oslo_config/cfg.py:2602
2026-02-26 00:43:46.164 171770 DEBUG oslo_service.service [req-79aa8c32-5054-49c3-bf34-ea6d0ae8eb19 - - - - -] force_raw_images = True log_opt_values /usr/lib/python3/dist-packages/oslo_config/cfg.py:2602
2026-02-26 00:43:46.164 171770 DEBUG oslo_service.service [req-79aa8c32-5054-49c3-bf34-ea6d0ae8eb19 - - - - -] graceful_shutdown_timeout = 60 log_opt_values /usr/lib/python3/dist-packages/oslo_config/cfg.py:2602
2026-02-26 00:43:46.164 171770 DEBUG oslo_service.service [req-79aa8c32-5054-49c3-bf34-ea6d0ae8eb19 - - - - -] heal_instance_info_cache_interval = 60 log_opt_values /usr/lib/python3/dist-packages/oslo_config/cfg.py:2602
2026-02-26 00:43:46.165 171770 DEBUG oslo_service.service [req-79aa8c32-5054-49c3-bf34-ea6d0ae8eb19 - - - - -] host = juju-3efda3-0-lxd-7 log_opt_values /usr/lib/python3/dist-packages/oslo_config/cfg.py:2602
2026-02-26 00:43:46.164 172159 DEBUG oslo_db.sqlalchemy.engines [req-80239333-df16-49cc-aa5f-d6b7bb708902 - - - - -] MySQL server mode set to STRICT_TRANS_TABLES,STRICT_ALL_TABLES,NO_ZERO_IN_DATE,NO_ZERO_DATE,ERROR_FOR_DIVISION_BY_ZERO,TRADITIONAL,NO_ENGINE_SUBSTITUTION _check_effective_sql_mode /usr/lib/python3/dist-packages/oslo_db/sqlalchemy/engines.py:314
2026-02-26 00:43:46.165 171770 DEBUG oslo_service.service [req-79aa8c32-5054-49c3-bf34-ea6d0ae8eb19 - - - - -] initial_cpu_allocation_ratio = 16.0 log_opt_values /usr/lib/python3/dist-packages/oslo_config/cfg.py:2602
2026-02-26 00:43:46.165 171770 DEBUG oslo_service.service [req-79aa8c32-5054-49c3-bf34-ea6d0ae8eb19 - - - - -] initial_disk_allocation_ratio = 1.0 log_opt_values /usr/lib/python3/dist-packages/oslo_config/cfg.py:2602
2026-02-26 00:43:46.165 171770 DEBUG oslo_service.service [req-79aa8c32-5054-49c3-bf34-ea6d0ae8eb19 - - - - -] initial_ram_allocation_ratio = 1.5 log_opt_values /usr/lib/python3/dist-packages/oslo_config/cfg.py:2602
2026-02-26 00:43:46.166 171770 DEBUG oslo_service.service [req-79aa8c32-5054-49c3-bf34-ea6d0ae8eb19 - - - - -] injected_network_template = /usr/lib/python3/dist-packages/nova/virt/interfaces.template log_opt_values /usr/lib/python3/dist-packages/oslo_config/cfg.py:2602
2026-02-26 00:43:46.166 171770 DEBUG oslo_service.service [req-79aa8c32-5054-49c3-bf34-ea6d0ae8eb19 - - - - -] instance_build_timeout = 0 log_opt_values /usr/lib/python3/dist-packages/oslo_config/cfg.py:2602
2026-02-26 00:43:46.166 171770 DEBUG oslo_service.service [req-79aa8c32-5054-49c3-bf34-ea6d0ae8eb19 - - - - -] instance_delete_interval = 300 log_opt_values /usr/lib/python3/dist-packages/oslo_config/cfg.py:2602
2026-02-26 00:43:46.166 171770 DEBUG oslo_service.service [req-79aa8c32-5054-49c3-bf34-ea6d0ae8eb19 - - - - -] instance_format = [instance: %(uuid)s] log_opt_values /usr/lib/python3/dist-packages/oslo_config/cfg.py:2602
2026-02-26 00:43:46.167 172157 DEBUG nova.service [req-51d98cf5-b79f-4b83-9127-2848072fe89a - - - - -] Creating RPC server for service scheduler start /usr/lib/python3/dist-packages/nova/service.py:182
2026-02-26 00:43:46.167 171770 DEBUG oslo_service.service [req-79aa8c32-5054-49c3-bf34-ea6d0ae8eb19 - - - - -] instance_name_template = instance-%08x log_opt_values /usr/lib/python3/dist-packages/oslo_config/cfg.py:2602
2026-02-26 00:43:46.167 171770 DEBUG oslo_service.service [req-79aa8c32-5054-49c3-bf34-ea6d0ae8eb19 - - - - -] instance_usage_audit = False log_opt_values /usr/lib/python3/dist-packages/oslo_config/cfg.py:2602
2026-02-26 00:43:46.168 171770 DEBUG oslo_service.service [req-79aa8c32-5054-49c3-bf34-ea6d0ae8eb19 - - - - -] instance_usage_audit_period = month log_opt_values /usr/lib/python3/dist-packages/oslo_config/cfg.py:2602
2026-02-26 00:43:46.168 171770 DEBUG oslo_service.service [req-79aa8c32-5054-49c3-bf34-ea6d0ae8eb19 - - - - -] instance_uuid_format = [instance: %(uuid)s] log_opt_values /usr/lib/python3/dist-packages/oslo_config/cfg.py:2602
2026-02-26 00:43:46.169 171770 DEBUG oslo_service.service [req-79aa8c32-5054-49c3-bf34-ea6d0ae8eb19 - - - - -] instances_path = /var/lib/nova/instances log_opt_values /usr/lib/python3/dist-packages/oslo_config/cfg.py:2602
2026-02-26 00:43:46.169 171770 DEBUG oslo_service.service [req-79aa8c32-5054-49c3-bf34-ea6d0ae8eb19 - - - - -] internal_service_availability_zone = internal log_opt_values /usr/lib/python3/dist-packages/oslo_config/cfg.py:2602
2026-02-26 00:43:46.169 171770 DEBUG oslo_service.service [req-79aa8c32-5054-49c3-bf34-ea6d0ae8eb19 - - - - -] key = None log_opt_values /usr/lib/python3/dist-packages/oslo_config/cfg.py:2602
2026-02-26 00:43:46.169 171770 DEBUG oslo_service.service [req-79aa8c32-5054-49c3-bf34-ea6d0ae8eb19 - - - - -] live_migration_retry_count = 30 log_opt_values /usr/lib/python3/dist-packages/oslo_config/cfg.py:2602
2026-02-26 00:43:46.171 171770 DEBUG oslo_service.service [req-79aa8c32-5054-49c3-bf34-ea6d0ae8eb19 - - - - -] log_config_append = None log_opt_values /usr/lib/python3/dist-packages/oslo_config/cfg.py:2602
2026-02-26 00:43:46.172 171770 DEBUG oslo_service.service [req-79aa8c32-5054-49c3-bf34-ea6d0ae8eb19 - - - - -] log_date_format = %Y-%m-%d %H:%M:%S log_opt_values /usr/lib/python3/dist-packages/oslo_config/cfg.py:2602
2026-02-26 00:43:46.172 171770 DEBUG oslo_service.service [req-79aa8c32-5054-49c3-bf34-ea6d0ae8eb19 - - - - -] log_dir = /var/log/nova log_opt_values /usr/lib/python3/dist-packages/oslo_config/cfg.py:2602
2026-02-26 00:43:46.172 171770 DEBUG oslo_service.service [req-79aa8c32-5054-49c3-bf34-ea6d0ae8eb19 - - - - -] log_file = /var/log/nova/nova-scheduler.log log_opt_values /usr/lib/python3/dist-packages/oslo_config/cfg.py:2602
2026-02-26 00:43:46.172 171770 DEBUG oslo_service.service [req-79aa8c32-5054-49c3-bf34-ea6d0ae8eb19 - - - - -] log_options = True log_opt_values /usr/lib/python3/dist-packages/oslo_config/cfg.py:2602
2026-02-26 00:43:46.172 171770 DEBUG oslo_service.service [req-79aa8c32-5054-49c3-bf34-ea6d0ae8eb19 - - - - -] log_rotate_interval = 1 log_opt_values /usr/lib/python3/dist-packages/oslo_config/cfg.py:2602
2026-02-26 00:43:46.173 171770 DEBUG oslo_service.service [req-79aa8c32-5054-49c3-bf34-ea6d0ae8eb19 - - - - -] log_rotate_interval_type = days log_opt_values /usr/lib/python3/dist-packages/oslo_config/cfg.py:2602
2026-02-26 00:43:46.173 171770 DEBUG oslo_service.service [req-79aa8c32-5054-49c3-bf34-ea6d0ae8eb19 - - - - -] log_rotation_type = none log_opt_values /usr/lib/python3/dist-packages/oslo_config/cfg.py:2602
2026-02-26 00:43:46.173 171770 DEBUG oslo_service.service [req-79aa8c32-5054-49c3-bf34-ea6d0ae8eb19 - - - - -] logging_context_format_string = %(asctime)s.%(msecs)03d %(process)d %(levelname)s %(name)s [%(request_id)s %(user_identity)s] %(instance)s%(message)s log_opt_values /usr/lib/python3/dist-packages/oslo_config/cfg.py:2602
2026-02-26 00:43:46.173 171770 DEBUG oslo_service.service [req-79aa8c32-5054-49c3-bf34-ea6d0ae8eb19 - - - - -] logging_debug_format_suffix = %(funcName)s %(pathname)s:%(lineno)d log_opt_values /usr/lib/python3/dist-packages/oslo_config/cfg.py:2602
2026-02-26 00:43:46.173 171770 DEBUG oslo_service.service [req-79aa8c32-5054-49c3-bf34-ea6d0ae8eb19 - - - - -] logging_default_format_string = %(asctime)s.%(msecs)03d %(process)d %(levelname)s %(name)s [-] %(instance)s%(message)s log_opt_values /usr/lib/python3/dist-packages/oslo_config/cfg.py:2602
2026-02-26 00:43:46.173 171770 DEBUG oslo_service.service [req-79aa8c32-5054-49c3-bf34-ea6d0ae8eb19 - - - - -] logging_exception_prefix = %(asctime)s.%(msecs)03d %(process)d ERROR %(name)s %(instance)s log_opt_values /usr/lib/python3/dist-packages/oslo_config/cfg.py:2602
2026-02-26 00:43:46.174 172160 INFO nova.service [-] Starting scheduler node (version 25.2.1)
2026-02-26 00:43:46.174 171770 DEBUG oslo_service.service [req-79aa8c32-5054-49c3-bf34-ea6d0ae8eb19 - - - - -] logging_user_identity_format = %(user)s %(project)s %(domain)s %(user_domain)s %(project_domain)s log_opt_values /usr/lib/python3/dist-packages/oslo_config/cfg.py:2602
2026-02-26 00:43:46.176 171770 DEBUG oslo_service.service [req-79aa8c32-5054-49c3-bf34-ea6d0ae8eb19 - - - - -] long_rpc_timeout = 1800 log_opt_values /usr/lib/python3/dist-packages/oslo_config/cfg.py:2602
2026-02-26 00:43:46.176 171770 DEBUG oslo_service.service [req-79aa8c32-5054-49c3-bf34-ea6d0ae8eb19 - - - - -] max_concurrent_builds = 10 log_opt_values /usr/lib/python3/dist-packages/oslo_config/cfg.py:2602
2026-02-26 00:43:46.176 171770 DEBUG oslo_service.service [req-79aa8c32-5054-49c3-bf34-ea6d0ae8eb19 - - - - -] max_concurrent_live_migrations = 1 log_opt_values /usr/lib/python3/dist-packages/oslo_config/cfg.py:2602
2026-02-26 00:43:46.176 171770 DEBUG oslo_service.service [req-79aa8c32-5054-49c3-bf34-ea6d0ae8eb19 - - - - -] max_concurrent_snapshots = 5 log_opt_values /usr/lib/python3/dist-packages/oslo_config/cfg.py:2602
2026-02-26 00:43:46.176 171770 DEBUG oslo_service.service [req-79aa8c32-5054-49c3-bf34-ea6d0ae8eb19 - - - - -] max_local_block_devices = 3 log_opt_values /usr/lib/python3/dist-packages/oslo_config/cfg.py:2602
2026-02-26 00:43:46.177 171770 DEBUG oslo_service.service [req-79aa8c32-5054-49c3-bf34-ea6d0ae8eb19 - - - - -] max_logfile_count = 30 log_opt_values /usr/lib/python3/dist-packages/oslo_config/cfg.py:2602
2026-02-26 00:43:46.177 171770 DEBUG oslo_service.service [req-79aa8c32-5054-49c3-bf34-ea6d0ae8eb19 - - - - -] max_logfile_size_mb = 200 log_opt_values /usr/lib/python3/dist-packages/oslo_config/cfg.py:2602
2026-02-26 00:43:46.177 171770 DEBUG oslo_service.service [req-79aa8c32-5054-49c3-bf34-ea6d0ae8eb19 - - - - -] maximum_instance_delete_attempts = 5 log_opt_values /usr/lib/python3/dist-packages/oslo_config/cfg.py:2602
2026-02-26 00:43:46.177 171770 DEBUG oslo_service.service [req-79aa8c32-5054-49c3-bf34-ea6d0ae8eb19 - - - - -] metadata_listen = 0.0.0.0 log_opt_values /usr/lib/python3/dist-packages/oslo_config/cfg.py:2602
2026-02-26 00:43:46.177 171770 DEBUG oslo_service.service [req-79aa8c32-5054-49c3-bf34-ea6d0ae8eb19 - - - - -] metadata_listen_port = 8765 log_opt_values /usr/lib/python3/dist-packages/oslo_config/cfg.py:2602
2026-02-26 00:43:46.177 171770 DEBUG oslo_service.service [req-79aa8c32-5054-49c3-bf34-ea6d0ae8eb19 - - - - -] metadata_workers = None log_opt_values /usr/lib/python3/dist-packages/oslo_config/cfg.py:2602
2026-02-26 00:43:46.178 171770 DEBUG oslo_service.service [req-79aa8c32-5054-49c3-bf34-ea6d0ae8eb19 - - - - -] migrate_max_retries = -1 log_opt_values /usr/lib/python3/dist-packages/oslo_config/cfg.py:2602
2026-02-26 00:43:46.178 171770 DEBUG oslo_service.service [req-79aa8c32-5054-49c3-bf34-ea6d0ae8eb19 - - - - -] mkisofs_cmd = genisoimage log_opt_values /usr/lib/python3/dist-packages/oslo_config/cfg.py:2602
2026-02-26 00:43:46.178 171770 DEBUG oslo_service.service [req-79aa8c32-5054-49c3-bf34-ea6d0ae8eb19 - - - - -] my_block_storage_ip = 252.141.171.217 log_opt_values /usr/lib/python3/dist-packages/oslo_config/cfg.py:2602
2026-02-26 00:43:46.178 171770 DEBUG oslo_service.service [req-79aa8c32-5054-49c3-bf34-ea6d0ae8eb19 - - - - -] my_ip = 252.141.171.217 log_opt_values /usr/lib/python3/dist-packages/oslo_config/cfg.py:2602
2026-02-26 00:43:46.178 171770 DEBUG oslo_service.service [req-79aa8c32-5054-49c3-bf34-ea6d0ae8eb19 - - - - -] network_allocate_retries = 0 log_opt_values /usr/lib/python3/dist-packages/oslo_config/cfg.py:2602
2026-02-26 00:43:46.179 171770 DEBUG oslo_service.service [req-79aa8c32-5054-49c3-bf34-ea6d0ae8eb19 - - - - -] non_inheritable_image_properties = ['cache_in_nova', 'bittorrent'] log_opt_values /usr/lib/python3/dist-packages/oslo_config/cfg.py:2602
2026-02-26 00:43:46.179 172158 DEBUG nova.service [req-448f838c-7e5f-4f7f-9c86-a7e543502009 - - - - -] Creating RPC server for service scheduler start /usr/lib/python3/dist-packages/nova/service.py:182
2026-02-26 00:43:46.179 171770 DEBUG oslo_service.service [req-79aa8c32-5054-49c3-bf34-ea6d0ae8eb19 - - - - -] osapi_compute_listen = 0.0.0.0 log_opt_values /usr/lib/python3/dist-packages/oslo_config/cfg.py:2602
2026-02-26 00:43:46.183 172159 DEBUG nova.service [req-80239333-df16-49cc-aa5f-d6b7bb708902 - - - - -] Creating RPC server for service scheduler start /usr/lib/python3/dist-packages/nova/service.py:182
2026-02-26 00:43:46.184 171770 DEBUG oslo_service.service [req-79aa8c32-5054-49c3-bf34-ea6d0ae8eb19 - - - - -] osapi_compute_listen_port = 8764 log_opt_values /usr/lib/python3/dist-packages/oslo_config/cfg.py:2602
2026-02-26 00:43:46.184 171770 DEBUG oslo_service.service [req-79aa8c32-5054-49c3-bf34-ea6d0ae8eb19 - - - - -] osapi_compute_unique_server_name_scope = log_opt_values /usr/lib/python3/dist-packages/oslo_config/cfg.py:2602
2026-02-26 00:43:46.184 171770 DEBUG oslo_service.service [req-79aa8c32-5054-49c3-bf34-ea6d0ae8eb19 - - - - -] osapi_compute_workers = 4 log_opt_values /usr/lib/python3/dist-packages/oslo_config/cfg.py:2602
2026-02-26 00:43:46.184 171770 DEBUG oslo_service.service [req-79aa8c32-5054-49c3-bf34-ea6d0ae8eb19 - - - - -] password_length = 12 log_opt_values /usr/lib/python3/dist-packages/oslo_config/cfg.py:2602
2026-02-26 00:43:46.186 171770 DEBUG oslo_service.service [req-79aa8c32-5054-49c3-bf34-ea6d0ae8eb19 - - - - -] periodic_enable = True log_opt_values /usr/lib/python3/dist-packages/oslo_config/cfg.py:2602
2026-02-26 00:43:46.186 171770 DEBUG oslo_service.service [req-79aa8c32-5054-49c3-bf34-ea6d0ae8eb19 - - - - -] periodic_fuzzy_delay = 60 log_opt_values /usr/lib/python3/dist-packages/oslo_config/cfg.py:2602
2026-02-26 00:43:46.187 171770 DEBUG oslo_service.service [req-79aa8c32-5054-49c3-bf34-ea6d0ae8eb19 - - - - -] pointer_model = usbtablet log_opt_values /usr/lib/python3/dist-packages/oslo_config/cfg.py:2602
2026-02-26 00:43:46.187 171770 DEBUG oslo_service.service [req-79aa8c32-5054-49c3-bf34-ea6d0ae8eb19 - - - - -] preallocate_images = none log_opt_values /usr/lib/python3/dist-packages/oslo_config/cfg.py:2602
2026-02-26 00:43:46.191 171770 DEBUG oslo_service.service [req-79aa8c32-5054-49c3-bf34-ea6d0ae8eb19 - - - - -] publish_errors = False log_opt_values /usr/lib/python3/dist-packages/oslo_config/cfg.py:2602
2026-02-26 00:43:46.192 171770 DEBUG oslo_service.service [req-79aa8c32-5054-49c3-bf34-ea6d0ae8eb19 - - - - -] pybasedir = /usr/lib/python3/dist-packages log_opt_values /usr/lib/python3/dist-packages/oslo_config/cfg.py:2602
2026-02-26 00:43:46.193 171770 DEBUG oslo_service.service [req-79aa8c32-5054-49c3-bf34-ea6d0ae8eb19 - - - - -] ram_allocation_ratio = 0.98 log_opt_values /usr/lib/python3/dist-packages/oslo_config/cfg.py:2602
2026-02-26 00:43:46.193 171770 DEBUG oslo_service.service [req-79aa8c32-5054-49c3-bf34-ea6d0ae8eb19 - - - - -] rate_limit_burst = 0 log_opt_values /usr/lib/python3/dist-packages/oslo_config/cfg.py:2602
2026-02-26 00:43:46.194 171770 DEBUG oslo_service.service [req-79aa8c32-5054-49c3-bf34-ea6d0ae8eb19 - - - - -] rate_limit_except_level = CRITICAL log_opt_values /usr/lib/python3/dist-packages/oslo_config/cfg.py:2602
2026-02-26 00:43:46.194 171770 DEBUG oslo_service.service [req-79aa8c32-5054-49c3-bf34-ea6d0ae8eb19 - - - - -] rate_limit_interval = 0 log_opt_values /usr/lib/python3/dist-packages/oslo_config/cfg.py:2602
2026-02-26 00:43:46.196 171770 DEBUG oslo_service.service [req-79aa8c32-5054-49c3-bf34-ea6d0ae8eb19 - - - - -] reboot_timeout = 0 log_opt_values /usr/lib/python3/dist-packages/oslo_config/cfg.py:2602
2026-02-26 00:43:46.196 171770 DEBUG oslo_service.service [req-79aa8c32-5054-49c3-bf34-ea6d0ae8eb19 - - - - -] reclaim_instance_interval = 0 log_opt_values /usr/lib/python3/dist-packages/oslo_config/cfg.py:2602
2026-02-26 00:43:46.198 171770 DEBUG oslo_service.service [req-79aa8c32-5054-49c3-bf34-ea6d0ae8eb19 - - - - -] record = None log_opt_values /usr/lib/python3/dist-packages/oslo_config/cfg.py:2602
2026-02-26 00:43:46.201 172157 DEBUG oslo_messaging._drivers.amqpdriver [-] Listener is running poll /usr/lib/python3/dist-packages/oslo_messaging/_drivers/amqpdriver.py:343
2026-02-26 00:43:46.201 172157 DEBUG oslo_messaging._drivers.amqpdriver [-] AMQPListener connection consume poll /usr/lib/python3/dist-packages/oslo_messaging/_drivers/amqpdriver.py:357
2026-02-26 00:43:46.198 171770 DEBUG oslo_service.service [req-79aa8c32-5054-49c3-bf34-ea6d0ae8eb19 - - - - -] report_interval = 10 log_opt_values /usr/lib/python3/dist-packages/oslo_config/cfg.py:2602
2026-02-26 00:43:46.202 172157 DEBUG nova.service [req-51d98cf5-b79f-4b83-9127-2848072fe89a - - - - -] Join ServiceGroup membership for this service scheduler start /usr/lib/python3/dist-packages/nova/service.py:199
2026-02-26 00:43:46.203 172157 DEBUG nova.servicegroup.drivers.db [req-51d98cf5-b79f-4b83-9127-2848072fe89a - - - - -] DB_Driver: join new ServiceGroup member juju-3efda3-0-lxd-7 to the scheduler group, service = join /usr/lib/python3/dist-packages/nova/servicegroup/drivers/db.py:44
2026-02-26 00:43:46.203 171770 DEBUG oslo_service.service [req-79aa8c32-5054-49c3-bf34-ea6d0ae8eb19 - - - - -] rescue_timeout = 0 log_opt_values /usr/lib/python3/dist-packages/oslo_config/cfg.py:2602
2026-02-26 00:43:46.205 171770 DEBUG oslo_service.service [req-79aa8c32-5054-49c3-bf34-ea6d0ae8eb19 - - - - -] reserved_host_cpus = 0 log_opt_values /usr/lib/python3/dist-packages/oslo_config/cfg.py:2602
2026-02-26 00:43:46.206 172157 DEBUG oslo_messaging._drivers.amqpdriver [-] AMQPListener connection timeout poll /usr/lib/python3/dist-packages/oslo_messaging/_drivers/amqpdriver.py:360
2026-02-26 00:43:46.206 172157 DEBUG oslo_messaging._drivers.amqpdriver [-] Listener is running poll /usr/lib/python3/dist-packages/oslo_messaging/_drivers/amqpdriver.py:343
2026-02-26 00:43:46.206 172157 DEBUG oslo_messaging._drivers.amqpdriver [-] AMQPListener connection consume poll /usr/lib/python3/dist-packages/oslo_messaging/_drivers/amqpdriver.py:357
2026-02-26 00:43:46.206 171770 DEBUG oslo_service.service [req-79aa8c32-5054-49c3-bf34-ea6d0ae8eb19 - - - - -] reserved_host_disk_mb = 0 log_opt_values /usr/lib/python3/dist-packages/oslo_config/cfg.py:2602
2026-02-26 00:43:46.211 172159 DEBUG oslo_messaging._drivers.amqpdriver [-] Listener is running poll /usr/lib/python3/dist-packages/oslo_messaging/_drivers/amqpdriver.py:343
2026-02-26 00:43:46.211 172159 DEBUG oslo_messaging._drivers.amqpdriver [-] AMQPListener connection consume poll /usr/lib/python3/dist-packages/oslo_messaging/_drivers/amqpdriver.py:357
2026-02-26 00:43:46.212 172159 DEBUG nova.service [req-80239333-df16-49cc-aa5f-d6b7bb708902 - - - - -] Join ServiceGroup membership for this service scheduler start /usr/lib/python3/dist-packages/nova/service.py:199
2026-02-26 00:43:46.213 172159 DEBUG nova.servicegroup.drivers.db [req-80239333-df16-49cc-aa5f-d6b7bb708902 - - - - -] DB_Driver: join new ServiceGroup member juju-3efda3-0-lxd-7 to the scheduler group, service = join /usr/lib/python3/dist-packages/nova/servicegroup/drivers/db.py:44
2026-02-26 00:43:46.212 172158 DEBUG oslo_messaging._drivers.amqpdriver [-] Listener is running poll /usr/lib/python3/dist-packages/oslo_messaging/_drivers/amqpdriver.py:343
2026-02-26 00:43:46.212 172160 DEBUG oslo_db.sqlalchemy.engines [req-020ee320-2512-4747-8892-da00b8377490 - - - - -] MySQL server mode set to STRICT_TRANS_TABLES,STRICT_ALL_TABLES,NO_ZERO_IN_DATE,NO_ZERO_DATE,ERROR_FOR_DIVISION_BY_ZERO,TRADITIONAL,NO_ENGINE_SUBSTITUTION _check_effective_sql_mode /usr/lib/python3/dist-packages/oslo_db/sqlalchemy/engines.py:314
2026-02-26 00:43:46.213 172158 DEBUG oslo_messaging._drivers.amqpdriver [-] AMQPListener connection consume poll /usr/lib/python3/dist-packages/oslo_messaging/_drivers/amqpdriver.py:357
2026-02-26 00:43:46.207 171770 DEBUG oslo_service.service [req-79aa8c32-5054-49c3-bf34-ea6d0ae8eb19 - - - - -] reserved_host_memory_mb = 512 log_opt_values /usr/lib/python3/dist-packages/oslo_config/cfg.py:2602
2026-02-26 00:43:46.214 171770 DEBUG oslo_service.service [req-79aa8c32-5054-49c3-bf34-ea6d0ae8eb19 - - - - -] reserved_huge_pages = None log_opt_values /usr/lib/python3/dist-packages/oslo_config/cfg.py:2602
2026-02-26 00:43:46.214 171770 DEBUG oslo_service.service [req-79aa8c32-5054-49c3-bf34-ea6d0ae8eb19 - - - - -] resize_confirm_window = 0 log_opt_values /usr/lib/python3/dist-packages/oslo_config/cfg.py:2602
2026-02-26 00:43:46.215 171770 DEBUG oslo_service.service [req-79aa8c32-5054-49c3-bf34-ea6d0ae8eb19 - - - - -] resize_fs_using_block_device = False log_opt_values /usr/lib/python3/dist-packages/oslo_config/cfg.py:2602
2026-02-26 00:43:46.215 171770 DEBUG oslo_service.service [req-79aa8c32-5054-49c3-bf34-ea6d0ae8eb19 - - - - -] resume_guests_state_on_host_boot = False log_opt_values /usr/lib/python3/dist-packages/oslo_config/cfg.py:2602
2026-02-26 00:43:46.215 172158 DEBUG nova.service [req-448f838c-7e5f-4f7f-9c86-a7e543502009 - - - - -] Join ServiceGroup membership for this service scheduler start /usr/lib/python3/dist-packages/nova/service.py:199
2026-02-26 00:43:46.215 171770 DEBUG oslo_service.service [req-79aa8c32-5054-49c3-bf34-ea6d0ae8eb19 - - - - -] rootwrap_config = /etc/nova/rootwrap.conf log_opt_values /usr/lib/python3/dist-packages/oslo_config/cfg.py:2602
2026-02-26 00:43:46.215 172158 DEBUG nova.servicegroup.drivers.db [req-448f838c-7e5f-4f7f-9c86-a7e543502009 - - - - -] DB_Driver: join new ServiceGroup member juju-3efda3-0-lxd-7 to the scheduler group, service = join /usr/lib/python3/dist-packages/nova/servicegroup/drivers/db.py:44
2026-02-26 00:43:46.215 171770 DEBUG oslo_service.service [req-79aa8c32-5054-49c3-bf34-ea6d0ae8eb19 - - - - -] run_external_periodic_tasks = True log_opt_values /usr/lib/python3/dist-packages/oslo_config/cfg.py:2602
2026-02-26 00:43:46.216 172159 DEBUG oslo_messaging._drivers.amqpdriver [-] AMQPListener connection timeout poll /usr/lib/python3/dist-packages/oslo_messaging/_drivers/amqpdriver.py:360
2026-02-26 00:43:46.216 172159 DEBUG oslo_messaging._drivers.amqpdriver [-] Listener is running poll /usr/lib/python3/dist-packages/oslo_messaging/_drivers/amqpdriver.py:343
2026-02-26 00:43:46.216 171770 DEBUG oslo_service.service [req-79aa8c32-5054-49c3-bf34-ea6d0ae8eb19 - - - - -] running_deleted_instance_action = reap log_opt_values /usr/lib/python3/dist-packages/oslo_config/cfg.py:2602
2026-02-26 00:43:46.216 172159 DEBUG oslo_messaging._drivers.amqpdriver [-] AMQPListener connection consume poll /usr/lib/python3/dist-packages/oslo_messaging/_drivers/amqpdriver.py:357
2026-02-26 00:43:46.216 171770 DEBUG oslo_service.service [req-79aa8c32-5054-49c3-bf34-ea6d0ae8eb19 - - - - -] running_deleted_instance_poll_interval = 1800 log_opt_values /usr/lib/python3/dist-packages/oslo_config/cfg.py:2602
2026-02-26 00:43:46.216 171770 DEBUG oslo_service.service [req-79aa8c32-5054-49c3-bf34-ea6d0ae8eb19 - - - - -] running_deleted_instance_timeout = 0 log_opt_values /usr/lib/python3/dist-packages/oslo_config/cfg.py:2602
2026-02-26 00:43:46.217 171770 DEBUG oslo_service.service [req-79aa8c32-5054-49c3-bf34-ea6d0ae8eb19 - - - - -] scheduler_instance_sync_interval = 120 log_opt_values /usr/lib/python3/dist-packages/oslo_config/cfg.py:2602
2026-02-26 00:43:46.217 171770 DEBUG oslo_service.service [req-79aa8c32-5054-49c3-bf34-ea6d0ae8eb19 - - - - -] service_down_time = 60 log_opt_values /usr/lib/python3/dist-packages/oslo_config/cfg.py:2602
2026-02-26 00:43:46.218 171770 DEBUG oslo_service.service [req-79aa8c32-5054-49c3-bf34-ea6d0ae8eb19 - - - - -] servicegroup_driver = db log_opt_values /usr/lib/python3/dist-packages/oslo_config/cfg.py:2602
2026-02-26 00:43:46.218 171770 DEBUG oslo_service.service [req-79aa8c32-5054-49c3-bf34-ea6d0ae8eb19 - - - - -] shelved_offload_time = 0 log_opt_values /usr/lib/python3/dist-packages/oslo_config/cfg.py:2602
2026-02-26 00:43:46.218 172158 DEBUG oslo_messaging._drivers.amqpdriver [-] AMQPListener connection timeout poll /usr/lib/python3/dist-packages/oslo_messaging/_drivers/amqpdriver.py:360
2026-02-26 00:43:46.218 171770 DEBUG oslo_service.service [req-79aa8c32-5054-49c3-bf34-ea6d0ae8eb19 - - - - -] shelved_poll_interval = 3600 log_opt_values /usr/lib/python3/dist-packages/oslo_config/cfg.py:2602
2026-02-26 00:43:46.219 171770 DEBUG oslo_service.service [req-79aa8c32-5054-49c3-bf34-ea6d0ae8eb19 - - - - -] shutdown_timeout = 60 log_opt_values /usr/lib/python3/dist-packages/oslo_config/cfg.py:2602
2026-02-26 00:43:46.219 172158 DEBUG oslo_messaging._drivers.amqpdriver [-] Listener is running poll /usr/lib/python3/dist-packages/oslo_messaging/_drivers/amqpdriver.py:343
2026-02-26 00:43:46.219 171770 DEBUG oslo_service.service [req-79aa8c32-5054-49c3-bf34-ea6d0ae8eb19 - - - - -] source_is_ipv6 = False log_opt_values /usr/lib/python3/dist-packages/oslo_config/cfg.py:2602
2026-02-26 00:43:46.219 172158 DEBUG oslo_messaging._drivers.amqpdriver [-] AMQPListener connection consume poll /usr/lib/python3/dist-packages/oslo_messaging/_drivers/amqpdriver.py:357
2026-02-26 00:43:46.219 171770 DEBUG oslo_service.service [req-79aa8c32-5054-49c3-bf34-ea6d0ae8eb19 - - - - -] ssl_only = False log_opt_values /usr/lib/python3/dist-packages/oslo_config/cfg.py:2602
2026-02-26 00:43:46.219 171770 DEBUG oslo_service.service [req-79aa8c32-5054-49c3-bf34-ea6d0ae8eb19 - - - - -] state_path = /var/lib/nova log_opt_values /usr/lib/python3/dist-packages/oslo_config/cfg.py:2602
2026-02-26 00:43:46.219 171770 DEBUG oslo_service.service [req-79aa8c32-5054-49c3-bf34-ea6d0ae8eb19 - - - - -] sync_power_state_interval = 600 log_opt_values /usr/lib/python3/dist-packages/oslo_config/cfg.py:2602
2026-02-26 00:43:46.220 171770 DEBUG oslo_service.service [req-79aa8c32-5054-49c3-bf34-ea6d0ae8eb19 - - - - -] sync_power_state_pool_size = 1000 log_opt_values /usr/lib/python3/dist-packages/oslo_config/cfg.py:2602
2026-02-26 00:43:46.220 171770 DEBUG oslo_service.service [req-79aa8c32-5054-49c3-bf34-ea6d0ae8eb19 - - - - -] syslog_log_facility = LOG_USER log_opt_values /usr/lib/python3/dist-packages/oslo_config/cfg.py:2602
2026-02-26 00:43:46.220 171770 DEBUG oslo_service.service [req-79aa8c32-5054-49c3-bf34-ea6d0ae8eb19 - - - - -] tempdir = None log_opt_values /usr/lib/python3/dist-packages/oslo_config/cfg.py:2602
2026-02-26 00:43:46.220 171770 DEBUG oslo_service.service [req-79aa8c32-5054-49c3-bf34-ea6d0ae8eb19 - - - - -] timeout_nbd = 10 log_opt_values /usr/lib/python3/dist-packages/oslo_config/cfg.py:2602
2026-02-26 00:43:46.220 171770 DEBUG oslo_service.service [req-79aa8c32-5054-49c3-bf34-ea6d0ae8eb19 - - - - -] transport_url = **** log_opt_values /usr/lib/python3/dist-packages/oslo_config/cfg.py:2602
2026-02-26 00:43:46.221 171770 DEBUG oslo_service.service [req-79aa8c32-5054-49c3-bf34-ea6d0ae8eb19 - - - - -] update_resources_interval = 0 log_opt_values /usr/lib/python3/dist-packages/oslo_config/cfg.py:2602
2026-02-26 00:43:46.221 171770 DEBUG oslo_service.service [req-79aa8c32-5054-49c3-bf34-ea6d0ae8eb19 - - - - -] use_cow_images = True log_opt_values /usr/lib/python3/dist-packages/oslo_config/cfg.py:2602
2026-02-26 00:43:46.221 171770 DEBUG oslo_service.service [req-79aa8c32-5054-49c3-bf34-ea6d0ae8eb19 - - - - -] use_eventlog = False log_opt_values /usr/lib/python3/dist-packages/oslo_config/cfg.py:2602
2026-02-26 00:43:46.222 171770 DEBUG oslo_service.service [req-79aa8c32-5054-49c3-bf34-ea6d0ae8eb19 - - - - -] use_journal = False log_opt_values /usr/lib/python3/dist-packages/oslo_config/cfg.py:2602
2026-02-26 00:43:46.222 171770 DEBUG oslo_service.service [req-79aa8c32-5054-49c3-bf34-ea6d0ae8eb19 - - - - -] use_json = False log_opt_values /usr/lib/python3/dist-packages/oslo_config/cfg.py:2602
2026-02-26 00:43:46.222 171770 DEBUG oslo_service.service [req-79aa8c32-5054-49c3-bf34-ea6d0ae8eb19 - - - - -] use_rootwrap_daemon = False log_opt_values /usr/lib/python3/dist-packages/oslo_config/cfg.py:2602
2026-02-26 00:43:46.222 171770 DEBUG oslo_service.service [req-79aa8c32-5054-49c3-bf34-ea6d0ae8eb19 - - - - -] use_stderr = False log_opt_values /usr/lib/python3/dist-packages/oslo_config/cfg.py:2602
2026-02-26 00:43:46.223 171770 DEBUG oslo_service.service [req-79aa8c32-5054-49c3-bf34-ea6d0ae8eb19 - - - - -] use_syslog = False log_opt_values /usr/lib/python3/dist-packages/oslo_config/cfg.py:2602
2026-02-26 00:43:46.223 171770 DEBUG oslo_service.service [req-79aa8c32-5054-49c3-bf34-ea6d0ae8eb19 - - - - -] vcpu_pin_set = None log_opt_values /usr/lib/python3/dist-packages/oslo_config/cfg.py:2602
2026-02-26 00:43:46.223 171770 DEBUG oslo_service.service [req-79aa8c32-5054-49c3-bf34-ea6d0ae8eb19 - - - - -] vif_plugging_is_fatal = True log_opt_values /usr/lib/python3/dist-packages/oslo_config/cfg.py:2602
2026-02-26 00:43:46.224 171770 DEBUG oslo_service.service [req-79aa8c32-5054-49c3-bf34-ea6d0ae8eb19 - - - - -] vif_plugging_timeout = 300 log_opt_values /usr/lib/python3/dist-packages/oslo_config/cfg.py:2602
2026-02-26 00:43:46.224 171770 DEBUG oslo_service.service [req-79aa8c32-5054-49c3-bf34-ea6d0ae8eb19 - - - - -] virt_mkfs = [] log_opt_values /usr/lib/python3/dist-packages/oslo_config/cfg.py:2602
2026-02-26 00:43:46.224 171770 DEBUG oslo_service.service [req-79aa8c32-5054-49c3-bf34-ea6d0ae8eb19 - - - - -] volume_usage_poll_interval = 0 log_opt_values /usr/lib/python3/dist-packages/oslo_config/cfg.py:2602
2026-02-26 00:43:46.224 171770 DEBUG oslo_service.service [req-79aa8c32-5054-49c3-bf34-ea6d0ae8eb19 - - - - -] watch_log_file = False log_opt_values /usr/lib/python3/dist-packages/oslo_config/cfg.py:2602
2026-02-26 00:43:46.225 171770 DEBUG oslo_service.service [req-79aa8c32-5054-49c3-bf34-ea6d0ae8eb19 - - - - -] web = /usr/share/spice-html5 log_opt_values /usr/lib/python3/dist-packages/oslo_config/cfg.py:2602
2026-02-26 00:43:46.225 171770 DEBUG oslo_service.service [req-79aa8c32-5054-49c3-bf34-ea6d0ae8eb19 - - - - -] oslo_concurrency.disable_process_locking = False log_opt_values /usr/lib/python3/dist-packages/oslo_config/cfg.py:2609
2026-02-26 00:43:46.225 171770 DEBUG oslo_service.service [req-79aa8c32-5054-49c3-bf34-ea6d0ae8eb19 - - - - -] oslo_concurrency.lock_path = /var/lock/nova log_opt_values /usr/lib/python3/dist-packages/oslo_config/cfg.py:2609
2026-02-26 00:43:46.226 171770 WARNING oslo_config.cfg [req-79aa8c32-5054-49c3-bf34-ea6d0ae8eb19 - - - - -] Deprecated: Option "auth_strategy" from group "api" is deprecated for removal ( The only non-default choice, ``noauth2``, is for internal development and testing purposes only and should not be used in deployments. This option and its middleware, NoAuthMiddleware[V2_18], will be removed in a future release. ). Its value may be silently ignored in the future.
