2026-02-26 00:43:46.744 171776 DEBUG oslo_service.service [req-4f82a2e6-881b-4974-8b2f-8874ec330681 - - - - -] max_concurrent_snapshots = 5 log_opt_values /usr/lib/python3/dist-packages/oslo_config/cfg.py:2602
2026-02-26 00:43:46.745 171776 DEBUG oslo_service.service [req-4f82a2e6-881b-4974-8b2f-8874ec330681 - - - - -] max_local_block_devices = 3 log_opt_values /usr/lib/python3/dist-packages/oslo_config/cfg.py:2602
2026-02-26 00:43:46.745 171776 DEBUG oslo_service.service [req-4f82a2e6-881b-4974-8b2f-8874ec330681 - - - - -] max_logfile_count = 30 log_opt_values /usr/lib/python3/dist-packages/oslo_config/cfg.py:2602
2026-02-26 00:43:46.745 171776 DEBUG oslo_service.service [req-4f82a2e6-881b-4974-8b2f-8874ec330681 - - - - -] max_logfile_size_mb = 200 log_opt_values /usr/lib/python3/dist-packages/oslo_config/cfg.py:2602
2026-02-26 00:43:46.745 171776 DEBUG oslo_service.service [req-4f82a2e6-881b-4974-8b2f-8874ec330681 - - - - -] maximum_instance_delete_attempts = 5 log_opt_values /usr/lib/python3/dist-packages/oslo_config/cfg.py:2602
2026-02-26 00:43:46.746 171776 DEBUG oslo_service.service [req-4f82a2e6-881b-4974-8b2f-8874ec330681 - - - - -] metadata_listen = 0.0.0.0 log_opt_values /usr/lib/python3/dist-packages/oslo_config/cfg.py:2602
2026-02-26 00:43:46.746 171776 DEBUG oslo_service.service [req-4f82a2e6-881b-4974-8b2f-8874ec330681 - - - - -] metadata_listen_port = 8765 log_opt_values /usr/lib/python3/dist-packages/oslo_config/cfg.py:2602
2026-02-26 00:43:46.746 171776 DEBUG oslo_service.service [req-4f82a2e6-881b-4974-8b2f-8874ec330681 - - - - -] metadata_workers = None log_opt_values /usr/lib/python3/dist-packages/oslo_config/cfg.py:2602
2026-02-26 00:43:46.746 171776 DEBUG oslo_service.service [req-4f82a2e6-881b-4974-8b2f-8874ec330681 - - - - -] migrate_max_retries = -1 log_opt_values /usr/lib/python3/dist-packages/oslo_config/cfg.py:2602
2026-02-26 00:43:46.747 171776 DEBUG oslo_service.service [req-4f82a2e6-881b-4974-8b2f-8874ec330681 - - - - -] mkisofs_cmd = genisoimage log_opt_values /usr/lib/python3/dist-packages/oslo_config/cfg.py:2602
2026-02-26 00:43:46.747 171776 DEBUG oslo_service.service [req-4f82a2e6-881b-4974-8b2f-8874ec330681 - - - - -] my_block_storage_ip = 252.141.171.217 log_opt_values /usr/lib/python3/dist-packages/oslo_config/cfg.py:2602
2026-02-26 00:43:46.747 171776 DEBUG oslo_service.service [req-4f82a2e6-881b-4974-8b2f-8874ec330681 - - - - -] my_ip = 252.141.171.217 log_opt_values /usr/lib/python3/dist-packages/oslo_config/cfg.py:2602
2026-02-26 00:43:46.747 171776 DEBUG oslo_service.service [req-4f82a2e6-881b-4974-8b2f-8874ec330681 - - - - -] network_allocate_retries = 0 log_opt_values /usr/lib/python3/dist-packages/oslo_config/cfg.py:2602
2026-02-26 00:43:46.748 171776 DEBUG oslo_service.service [req-4f82a2e6-881b-4974-8b2f-8874ec330681 - - - - -] non_inheritable_image_properties = ['cache_in_nova', 'bittorrent'] log_opt_values /usr/lib/python3/dist-packages/oslo_config/cfg.py:2602
2026-02-26 00:43:46.747 172166 DEBUG oslo_db.sqlalchemy.engines [req-170760c4-c2d2-441b-b5f9-cac8924ec7d9 - - - - -] MySQL server mode set to STRICT_TRANS_TABLES,STRICT_ALL_TABLES,NO_ZERO_IN_DATE,NO_ZERO_DATE,ERROR_FOR_DIVISION_BY_ZERO,TRADITIONAL,NO_ENGINE_SUBSTITUTION _check_effective_sql_mode /usr/lib/python3/dist-packages/oslo_db/sqlalchemy/engines.py:314
2026-02-26 00:43:46.748 171776 DEBUG oslo_service.service [req-4f82a2e6-881b-4974-8b2f-8874ec330681 - - - - -] osapi_compute_listen = 0.0.0.0 log_opt_values /usr/lib/python3/dist-packages/oslo_config/cfg.py:2602
2026-02-26 00:43:46.748 171776 DEBUG oslo_service.service [req-4f82a2e6-881b-4974-8b2f-8874ec330681 - - - - -] osapi_compute_listen_port = 8764 log_opt_values /usr/lib/python3/dist-packages/oslo_config/cfg.py:2602
2026-02-26 00:43:46.749 171776 DEBUG oslo_service.service [req-4f82a2e6-881b-4974-8b2f-8874ec330681 - - - - -] osapi_compute_unique_server_name_scope = log_opt_values /usr/lib/python3/dist-packages/oslo_config/cfg.py:2602
2026-02-26 00:43:46.749 171776 DEBUG oslo_service.service [req-4f82a2e6-881b-4974-8b2f-8874ec330681 - - - - -] osapi_compute_workers = 4 log_opt_values /usr/lib/python3/dist-packages/oslo_config/cfg.py:2602
2026-02-26 00:43:46.750 171776 DEBUG oslo_service.service [req-4f82a2e6-881b-4974-8b2f-8874ec330681 - - - - -] password_length = 12 log_opt_values /usr/lib/python3/dist-packages/oslo_config/cfg.py:2602
2026-02-26 00:43:46.750 171776 DEBUG oslo_service.service [req-4f82a2e6-881b-4974-8b2f-8874ec330681 - - - - -] periodic_enable = True log_opt_values /usr/lib/python3/dist-packages/oslo_config/cfg.py:2602
2026-02-26 00:43:46.750 171776 DEBUG oslo_service.service [req-4f82a2e6-881b-4974-8b2f-8874ec330681 - - - - -] periodic_fuzzy_delay = 60 log_opt_values /usr/lib/python3/dist-packages/oslo_config/cfg.py:2602
2026-02-26 00:43:46.750 171776 DEBUG oslo_service.service [req-4f82a2e6-881b-4974-8b2f-8874ec330681 - - - - -] pointer_model = usbtablet log_opt_values /usr/lib/python3/dist-packages/oslo_config/cfg.py:2602
2026-02-26 00:43:46.751 171776 DEBUG oslo_service.service [req-4f82a2e6-881b-4974-8b2f-8874ec330681 - - - - -] preallocate_images = none log_opt_values /usr/lib/python3/dist-packages/oslo_config/cfg.py:2602
2026-02-26 00:43:46.751 171776 DEBUG oslo_service.service [req-4f82a2e6-881b-4974-8b2f-8874ec330681 - - - - -] publish_errors = False log_opt_values /usr/lib/python3/dist-packages/oslo_config/cfg.py:2602
2026-02-26 00:43:46.751 171776 DEBUG oslo_service.service [req-4f82a2e6-881b-4974-8b2f-8874ec330681 - - - - -] pybasedir = /usr/lib/python3/dist-packages log_opt_values /usr/lib/python3/dist-packages/oslo_config/cfg.py:2602
2026-02-26 00:43:46.751 171776 DEBUG oslo_service.service [req-4f82a2e6-881b-4974-8b2f-8874ec330681 - - - - -] ram_allocation_ratio = 0.98 log_opt_values /usr/lib/python3/dist-packages/oslo_config/cfg.py:2602
2026-02-26 00:43:46.752 171776 DEBUG oslo_service.service [req-4f82a2e6-881b-4974-8b2f-8874ec330681 - - - - -] rate_limit_burst = 0 log_opt_values /usr/lib/python3/dist-packages/oslo_config/cfg.py:2602
2026-02-26 00:43:46.752 171776 DEBUG oslo_service.service [req-4f82a2e6-881b-4974-8b2f-8874ec330681 - - - - -] rate_limit_except_level = CRITICAL log_opt_values /usr/lib/python3/dist-packages/oslo_config/cfg.py:2602
2026-02-26 00:43:46.752 171776 DEBUG oslo_service.service [req-4f82a2e6-881b-4974-8b2f-8874ec330681 - - - - -] rate_limit_interval = 0 log_opt_values /usr/lib/python3/dist-packages/oslo_config/cfg.py:2602
2026-02-26 00:43:46.752 171776 DEBUG oslo_service.service [req-4f82a2e6-881b-4974-8b2f-8874ec330681 - - - - -] reboot_timeout = 0 log_opt_values /usr/lib/python3/dist-packages/oslo_config/cfg.py:2602
2026-02-26 00:43:46.753 171776 DEBUG oslo_service.service [req-4f82a2e6-881b-4974-8b2f-8874ec330681 - - - - -] reclaim_instance_interval = 0 log_opt_values /usr/lib/python3/dist-packages/oslo_config/cfg.py:2602
2026-02-26 00:43:46.753 171776 DEBUG oslo_service.service [req-4f82a2e6-881b-4974-8b2f-8874ec330681 - - - - -] record = None log_opt_values /usr/lib/python3/dist-packages/oslo_config/cfg.py:2602
2026-02-26 00:43:46.753 171776 DEBUG oslo_service.service [req-4f82a2e6-881b-4974-8b2f-8874ec330681 - - - - -] report_interval = 10 log_opt_values /usr/lib/python3/dist-packages/oslo_config/cfg.py:2602
2026-02-26 00:43:46.753 171776 DEBUG oslo_service.service [req-4f82a2e6-881b-4974-8b2f-8874ec330681 - - - - -] rescue_timeout = 0 log_opt_values /usr/lib/python3/dist-packages/oslo_config/cfg.py:2602
2026-02-26 00:43:46.754 171776 DEBUG oslo_service.service [req-4f82a2e6-881b-4974-8b2f-8874ec330681 - - - - -] reserved_host_cpus = 0 log_opt_values /usr/lib/python3/dist-packages/oslo_config/cfg.py:2602
2026-02-26 00:43:46.754 171776 DEBUG oslo_service.service [req-4f82a2e6-881b-4974-8b2f-8874ec330681 - - - - -] reserved_host_disk_mb = 0 log_opt_values /usr/lib/python3/dist-packages/oslo_config/cfg.py:2602
2026-02-26 00:43:46.754 171776 DEBUG oslo_service.service [req-4f82a2e6-881b-4974-8b2f-8874ec330681 - - - - -] reserved_host_memory_mb = 512 log_opt_values /usr/lib/python3/dist-packages/oslo_config/cfg.py:2602
2026-02-26 00:43:46.754 171776 DEBUG oslo_service.service [req-4f82a2e6-881b-4974-8b2f-8874ec330681 - - - - -] reserved_huge_pages = None log_opt_values /usr/lib/python3/dist-packages/oslo_config/cfg.py:2602
2026-02-26 00:43:46.755 171776 DEBUG oslo_service.service [req-4f82a2e6-881b-4974-8b2f-8874ec330681 - - - - -] resize_confirm_window = 0 log_opt_values /usr/lib/python3/dist-packages/oslo_config/cfg.py:2602
2026-02-26 00:43:46.755 171776 DEBUG oslo_service.service [req-4f82a2e6-881b-4974-8b2f-8874ec330681 - - - - -] resize_fs_using_block_device = False log_opt_values /usr/lib/python3/dist-packages/oslo_config/cfg.py:2602
2026-02-26 00:43:46.755 171776 DEBUG oslo_service.service [req-4f82a2e6-881b-4974-8b2f-8874ec330681 - - - - -] resume_guests_state_on_host_boot = False log_opt_values /usr/lib/python3/dist-packages/oslo_config/cfg.py:2602
2026-02-26 00:43:46.755 171776 DEBUG oslo_service.service [req-4f82a2e6-881b-4974-8b2f-8874ec330681 - - - - -] rootwrap_config = /etc/nova/rootwrap.conf log_opt_values /usr/lib/python3/dist-packages/oslo_config/cfg.py:2602
2026-02-26 00:43:46.756 171776 DEBUG oslo_service.service [req-4f82a2e6-881b-4974-8b2f-8874ec330681 - - - - -] rpc_response_timeout = 60 log_opt_values /usr/lib/python3/dist-packages/oslo_config/cfg.py:2602
2026-02-26 00:43:46.757 171776 DEBUG oslo_service.service [req-4f82a2e6-881b-4974-8b2f-8874ec330681 - - - - -] run_external_periodic_tasks = True log_opt_values /usr/lib/python3/dist-packages/oslo_config/cfg.py:2602
2026-02-26 00:43:46.757 171776 DEBUG oslo_service.service [req-4f82a2e6-881b-4974-8b2f-8874ec330681 - - - - -] running_deleted_instance_action = reap log_opt_values /usr/lib/python3/dist-packages/oslo_config/cfg.py:2602
2026-02-26 00:43:46.757 171776 DEBUG oslo_service.service [req-4f82a2e6-881b-4974-8b2f-8874ec330681 - - - - -] running_deleted_instance_poll_interval = 1800 log_opt_values /usr/lib/python3/dist-packages/oslo_config/cfg.py:2602
2026-02-26 00:43:46.757 171776 DEBUG oslo_service.service [req-4f82a2e6-881b-4974-8b2f-8874ec330681 - - - - -] running_deleted_instance_timeout = 0 log_opt_values /usr/lib/python3/dist-packages/oslo_config/cfg.py:2602
2026-02-26 00:43:46.758 171776 DEBUG oslo_service.service [req-4f82a2e6-881b-4974-8b2f-8874ec330681 - - - - -] scheduler_instance_sync_interval = 120 log_opt_values /usr/lib/python3/dist-packages/oslo_config/cfg.py:2602
2026-02-26 00:43:46.758 171776 DEBUG oslo_service.service [req-4f82a2e6-881b-4974-8b2f-8874ec330681 - - - - -] service_down_time = 60 log_opt_values /usr/lib/python3/dist-packages/oslo_config/cfg.py:2602
2026-02-26 00:43:46.758 171776 DEBUG oslo_service.service [req-4f82a2e6-881b-4974-8b2f-8874ec330681 - - - - -] servicegroup_driver = db log_opt_values /usr/lib/python3/dist-packages/oslo_config/cfg.py:2602
2026-02-26 00:43:46.758 171776 DEBUG oslo_service.service [req-4f82a2e6-881b-4974-8b2f-8874ec330681 - - - - -] shelved_offload_time = 0 log_opt_values /usr/lib/python3/dist-packages/oslo_config/cfg.py:2602
2026-02-26 00:43:46.758 172167 DEBUG nova.service [req-128395ae-59a1-4ccc-86af-2177f5d5fd72 - - - - -] Creating RPC server for service conductor start /usr/lib/python3/dist-packages/nova/service.py:182
2026-02-26 00:43:46.758 171776 DEBUG oslo_service.service [req-4f82a2e6-881b-4974-8b2f-8874ec330681 - - - - -] shelved_poll_interval = 3600 log_opt_values /usr/lib/python3/dist-packages/oslo_config/cfg.py:2602
2026-02-26 00:43:46.759 171776 DEBUG oslo_service.service [req-4f82a2e6-881b-4974-8b2f-8874ec330681 - - - - -] shutdown_timeout = 60 log_opt_values /usr/lib/python3/dist-packages/oslo_config/cfg.py:2602
2026-02-26 00:43:46.761 171776 DEBUG oslo_service.service [req-4f82a2e6-881b-4974-8b2f-8874ec330681 - - - - -] source_is_ipv6 = False log_opt_values /usr/lib/python3/dist-packages/oslo_config/cfg.py:2602
2026-02-26 00:43:46.763 171776 DEBUG oslo_service.service [req-4f82a2e6-881b-4974-8b2f-8874ec330681 - - - - -] ssl_only = False log_opt_values /usr/lib/python3/dist-packages/oslo_config/cfg.py:2602
2026-02-26 00:43:46.763 171776 DEBUG oslo_service.service [req-4f82a2e6-881b-4974-8b2f-8874ec330681 - - - - -] state_path = /var/lib/nova log_opt_values /usr/lib/python3/dist-packages/oslo_config/cfg.py:2602
2026-02-26 00:43:46.763 171776 DEBUG oslo_service.service [req-4f82a2e6-881b-4974-8b2f-8874ec330681 - - - - -] sync_power_state_interval = 600 log_opt_values /usr/lib/python3/dist-packages/oslo_config/cfg.py:2602
2026-02-26 00:43:46.764 171776 DEBUG oslo_service.service [req-4f82a2e6-881b-4974-8b2f-8874ec330681 - - - - -] sync_power_state_pool_size = 1000 log_opt_values /usr/lib/python3/dist-packages/oslo_config/cfg.py:2602
2026-02-26 00:43:46.764 171776 DEBUG oslo_service.service [req-4f82a2e6-881b-4974-8b2f-8874ec330681 - - - - -] syslog_log_facility = LOG_USER log_opt_values /usr/lib/python3/dist-packages/oslo_config/cfg.py:2602
2026-02-26 00:43:46.764 171776 DEBUG oslo_service.service [req-4f82a2e6-881b-4974-8b2f-8874ec330681 - - - - -] tempdir = None log_opt_values /usr/lib/python3/dist-packages/oslo_config/cfg.py:2602
2026-02-26 00:43:46.766 171776 DEBUG oslo_service.service [req-4f82a2e6-881b-4974-8b2f-8874ec330681 - - - - -] timeout_nbd = 10 log_opt_values /usr/lib/python3/dist-packages/oslo_config/cfg.py:2602
2026-02-26 00:43:46.766 171776 DEBUG oslo_service.service [req-4f82a2e6-881b-4974-8b2f-8874ec330681 - - - - -] transport_url = **** log_opt_values /usr/lib/python3/dist-packages/oslo_config/cfg.py:2602
2026-02-26 00:43:46.766 171776 DEBUG oslo_service.service [req-4f82a2e6-881b-4974-8b2f-8874ec330681 - - - - -] update_resources_interval = 0 log_opt_values /usr/lib/python3/dist-packages/oslo_config/cfg.py:2602
2026-02-26 00:43:46.767 171776 DEBUG oslo_service.service [req-4f82a2e6-881b-4974-8b2f-8874ec330681 - - - - -] use_cow_images = True log_opt_values /usr/lib/python3/dist-packages/oslo_config/cfg.py:2602
2026-02-26 00:43:46.767 171776 DEBUG oslo_service.service [req-4f82a2e6-881b-4974-8b2f-8874ec330681 - - - - -] use_eventlog = False log_opt_values /usr/lib/python3/dist-packages/oslo_config/cfg.py:2602
2026-02-26 00:43:46.767 171776 DEBUG oslo_service.service [req-4f82a2e6-881b-4974-8b2f-8874ec330681 - - - - -] use_journal = False log_opt_values /usr/lib/python3/dist-packages/oslo_config/cfg.py:2602
2026-02-26 00:43:46.767 171776 DEBUG oslo_service.service [req-4f82a2e6-881b-4974-8b2f-8874ec330681 - - - - -] use_json = False log_opt_values /usr/lib/python3/dist-packages/oslo_config/cfg.py:2602
2026-02-26 00:43:46.768 171776 DEBUG oslo_service.service [req-4f82a2e6-881b-4974-8b2f-8874ec330681 - - - - -] use_rootwrap_daemon = False log_opt_values /usr/lib/python3/dist-packages/oslo_config/cfg.py:2602
2026-02-26 00:43:46.768 171776 DEBUG oslo_service.service [req-4f82a2e6-881b-4974-8b2f-8874ec330681 - - - - -] use_stderr = False log_opt_values /usr/lib/python3/dist-packages/oslo_config/cfg.py:2602
2026-02-26 00:43:46.768 171776 DEBUG oslo_service.service [req-4f82a2e6-881b-4974-8b2f-8874ec330681 - - - - -] use_syslog = False log_opt_values /usr/lib/python3/dist-packages/oslo_config/cfg.py:2602
2026-02-26 00:43:46.768 171776 DEBUG oslo_service.service [req-4f82a2e6-881b-4974-8b2f-8874ec330681 - - - - -] vcpu_pin_set = None log_opt_values /usr/lib/python3/dist-packages/oslo_config/cfg.py:2602
2026-02-26 00:43:46.768 171776 DEBUG oslo_service.service [req-4f82a2e6-881b-4974-8b2f-8874ec330681 - - - - -] vif_plugging_is_fatal = True log_opt_values /usr/lib/python3/dist-packages/oslo_config/cfg.py:2602
2026-02-26 00:43:46.768 171776 DEBUG oslo_service.service [req-4f82a2e6-881b-4974-8b2f-8874ec330681 - - - - -] vif_plugging_timeout = 300 log_opt_values /usr/lib/python3/dist-packages/oslo_config/cfg.py:2602
2026-02-26 00:43:46.768 172164 DEBUG oslo_messaging._drivers.amqpdriver [-] Listener is running poll /usr/lib/python3/dist-packages/oslo_messaging/_drivers/amqpdriver.py:343
2026-02-26 00:43:46.769 171776 DEBUG oslo_service.service [req-4f82a2e6-881b-4974-8b2f-8874ec330681 - - - - -] virt_mkfs = [] log_opt_values /usr/lib/python3/dist-packages/oslo_config/cfg.py:2602
2026-02-26 00:43:46.769 172164 DEBUG oslo_messaging._drivers.amqpdriver [-] AMQPListener connection consume poll /usr/lib/python3/dist-packages/oslo_messaging/_drivers/amqpdriver.py:357
2026-02-26 00:43:46.769 171776 DEBUG oslo_service.service [req-4f82a2e6-881b-4974-8b2f-8874ec330681 - - - - -] volume_usage_poll_interval = 0 log_opt_values /usr/lib/python3/dist-packages/oslo_config/cfg.py:2602
2026-02-26 00:43:46.771 171776 DEBUG oslo_service.service [req-4f82a2e6-881b-4974-8b2f-8874ec330681 - - - - -] watch_log_file = False log_opt_values /usr/lib/python3/dist-packages/oslo_config/cfg.py:2602
2026-02-26 00:43:46.771 171776 DEBUG oslo_service.service [req-4f82a2e6-881b-4974-8b2f-8874ec330681 - - - - -] web = /usr/share/spice-html5 log_opt_values /usr/lib/python3/dist-packages/oslo_config/cfg.py:2602
2026-02-26 00:43:46.771 171776 DEBUG oslo_service.service [req-4f82a2e6-881b-4974-8b2f-8874ec330681 - - - - -] oslo_concurrency.disable_process_locking = False log_opt_values /usr/lib/python3/dist-packages/oslo_config/cfg.py:2609
2026-02-26 00:43:46.772 171776 DEBUG oslo_service.service [req-4f82a2e6-881b-4974-8b2f-8874ec330681 - - - - -] oslo_concurrency.lock_path = /var/lock/nova log_opt_values /usr/lib/python3/dist-packages/oslo_config/cfg.py:2609
2026-02-26 00:43:46.772 171776 DEBUG oslo_service.service [req-4f82a2e6-881b-4974-8b2f-8874ec330681 - - - - -] oslo_messaging_metrics.metrics_buffer_size = 1000 log_opt_values /usr/lib/python3/dist-packages/oslo_config/cfg.py:2609
2026-02-26 00:43:46.772 171776 DEBUG oslo_service.service [req-4f82a2e6-881b-4974-8b2f-8874ec330681 - - - - -] oslo_messaging_metrics.metrics_enabled = False log_opt_values /usr/lib/python3/dist-packages/oslo_config/cfg.py:2609
2026-02-26 00:43:46.772 171776 DEBUG oslo_service.service [req-4f82a2e6-881b-4974-8b2f-8874ec330681 - - - - -] oslo_messaging_metrics.metrics_process_name = log_opt_values /usr/lib/python3/dist-packages/oslo_config/cfg.py:2609
2026-02-26 00:43:46.773 171776 DEBUG oslo_service.service [req-4f82a2e6-881b-4974-8b2f-8874ec330681 - - - - -] oslo_messaging_metrics.metrics_socket_file = /var/tmp/metrics_collector.sock log_opt_values /usr/lib/python3/dist-packages/oslo_config/cfg.py:2609
2026-02-26 00:43:46.774 171776 DEBUG oslo_service.service [req-4f82a2e6-881b-4974-8b2f-8874ec330681 - - - - -] oslo_messaging_metrics.metrics_thread_stop_timeout = 10 log_opt_values /usr/lib/python3/dist-packages/oslo_config/cfg.py:2609
2026-02-26 00:43:46.774 172164 DEBUG oslo_messaging._drivers.amqpdriver [-] received message msg_id: 96e345cbbfed431a8566f1110e2455db reply to reply_c27f2a8ed9ca4bc38a00ee724f9d472a __call__ /usr/lib/python3/dist-packages/oslo_messaging/_drivers/amqpdriver.py:320
2026-02-26 00:43:46.775 171776 WARNING oslo_config.cfg [req-4f82a2e6-881b-4974-8b2f-8874ec330681 - - - - -] Deprecated: Option "auth_strategy" from group "api" is deprecated for removal ( The only non-default choice, ``noauth2``, is for internal development and testing purposes only and should not be used in deployments. This option and its middleware, NoAuthMiddleware[V2_18], will be removed in a future release. ). Its value may be silently ignored in the future.
2026-02-26 00:43:46.775 171776 DEBUG oslo_service.service [req-4f82a2e6-881b-4974-8b2f-8874ec330681 - - - - -] api.auth_strategy = keystone log_opt_values /usr/lib/python3/dist-packages/oslo_config/cfg.py:2609
2026-02-26 00:43:46.775 172164 DEBUG nova.service [req-ba17f522-38cd-4c4d-8dd0-e90b5a195bea - - - - -] Join ServiceGroup membership for this service conductor start /usr/lib/python3/dist-packages/nova/service.py:199
2026-02-26 00:43:46.776 171776 DEBUG oslo_service.service [req-4f82a2e6-881b-4974-8b2f-8874ec330681 - - - - -] api.compute_link_prefix = None log_opt_values /usr/lib/python3/dist-packages/oslo_config/cfg.py:2609
2026-02-26 00:43:46.776 171776 DEBUG oslo_service.service [req-4f82a2e6-881b-4974-8b2f-8874ec330681 - - - - -] api.config_drive_skip_versions = 1.0 2007-01-19 2007-03-01 2007-08-29 2007-10-10 2007-12-15 2008-02-01 2008-09-01 log_opt_values /usr/lib/python3/dist-packages/oslo_config/cfg.py:2609
2026-02-26 00:43:46.776 172164 DEBUG nova.servicegroup.drivers.db [req-ba17f522-38cd-4c4d-8dd0-e90b5a195bea - - - - -] DB_Driver: join new ServiceGroup member juju-3efda3-0-lxd-7 to the conductor group, service = join /usr/lib/python3/dist-packages/nova/servicegroup/drivers/db.py:44
2026-02-26 00:43:46.776 171776 DEBUG oslo_service.service [req-4f82a2e6-881b-4974-8b2f-8874ec330681 - - - - -] api.dhcp_domain = novalocal log_opt_values /usr/lib/python3/dist-packages/oslo_config/cfg.py:2609
2026-02-26 00:43:46.775 172165 DEBUG oslo_messaging._drivers.amqpdriver [-] Listener is running poll /usr/lib/python3/dist-packages/oslo_messaging/_drivers/amqpdriver.py:343
2026-02-26 00:43:46.777 171776 DEBUG oslo_service.service [req-4f82a2e6-881b-4974-8b2f-8874ec330681 - - - - -] api.enable_instance_password = True log_opt_values /usr/lib/python3/dist-packages/oslo_config/cfg.py:2609
2026-02-26 00:43:46.777 171776 DEBUG oslo_service.service [req-4f82a2e6-881b-4974-8b2f-8874ec330681 - - - - -] api.glance_link_prefix = None log_opt_values /usr/lib/python3/dist-packages/oslo_config/cfg.py:2609
2026-02-26 00:43:46.777 172165 DEBUG oslo_messaging._drivers.amqpdriver [-] AMQPListener connection consume poll /usr/lib/python3/dist-packages/oslo_messaging/_drivers/amqpdriver.py:357
2026-02-26 00:43:46.777 171776 DEBUG oslo_service.service [req-4f82a2e6-881b-4974-8b2f-8874ec330681 - - - - -] api.instance_list_cells_batch_fixed_size = 100 log_opt_values /usr/lib/python3/dist-packages/oslo_config/cfg.py:2609
2026-02-26 00:43:46.777 171776 DEBUG oslo_service.service [req-4f82a2e6-881b-4974-8b2f-8874ec330681 - - - - -] api.instance_list_cells_batch_strategy = distributed log_opt_values /usr/lib/python3/dist-packages/oslo_config/cfg.py:2609
2026-02-26 00:43:46.778 171776 DEBUG oslo_service.service [req-4f82a2e6-881b-4974-8b2f-8874ec330681 - - - - -] api.instance_list_per_project_cells = False log_opt_values /usr/lib/python3/dist-packages/oslo_config/cfg.py:2609
2026-02-26 00:43:46.778 171776 DEBUG oslo_service.service [req-4f82a2e6-881b-4974-8b2f-8874ec330681 - - - - -] api.list_records_by_skipping_down_cells = True log_opt_values /usr/lib/python3/dist-packages/oslo_config/cfg.py:2609
2026-02-26 00:43:46.778 171776 DEBUG oslo_service.service [req-4f82a2e6-881b-4974-8b2f-8874ec330681 - - - - -] api.local_metadata_per_cell = False log_opt_values /usr/lib/python3/dist-packages/oslo_config/cfg.py:2609
2026-02-26 00:43:46.778 172165 DEBUG nova.service [req-38f82848-c38d-4c8b-b3a4-57441934c869 - - - - -] Join ServiceGroup membership for this service conductor start /usr/lib/python3/dist-packages/nova/service.py:199
2026-02-26 00:43:46.779 171776 DEBUG oslo_service.service [req-4f82a2e6-881b-4974-8b2f-8874ec330681 - - - - -] api.max_limit = 1000 log_opt_values /usr/lib/python3/dist-packages/oslo_config/cfg.py:2609
2026-02-26 00:43:46.779 171776 DEBUG oslo_service.service [req-4f82a2e6-881b-4974-8b2f-8874ec330681 - - - - -] api.metadata_cache_expiration = 15 log_opt_values /usr/lib/python3/dist-packages/oslo_config/cfg.py:2609
2026-02-26 00:43:46.779 172165 DEBUG nova.servicegroup.drivers.db [req-38f82848-c38d-4c8b-b3a4-57441934c869 - - - - -] DB_Driver: join new ServiceGroup member juju-3efda3-0-lxd-7 to the conductor group, service = join /usr/lib/python3/dist-packages/nova/servicegroup/drivers/db.py:44
2026-02-26 00:43:46.779 171776 DEBUG oslo_service.service [req-4f82a2e6-881b-4974-8b2f-8874ec330681 - - - - -] api.neutron_default_tenant_id = default log_opt_values /usr/lib/python3/dist-packages/oslo_config/cfg.py:2609
2026-02-26 00:43:46.779 171776 DEBUG oslo_service.service [req-4f82a2e6-881b-4974-8b2f-8874ec330681 - - - - -] api.use_forwarded_for = False log_opt_values /usr/lib/python3/dist-packages/oslo_config/cfg.py:2609
2026-02-26 00:43:46.781 171776 DEBUG oslo_service.service [req-4f82a2e6-881b-4974-8b2f-8874ec330681 - - - - -] api.use_neutron_default_nets = False log_opt_values /usr/lib/python3/dist-packages/oslo_config/cfg.py:2609
2026-02-26 00:43:46.780 172164 DEBUG oslo_messaging._drivers.amqpdriver [-] AMQPListener connection timeout poll /usr/lib/python3/dist-packages/oslo_messaging/_drivers/amqpdriver.py:360
2026-02-26 00:43:46.781 171776 DEBUG oslo_service.service [req-4f82a2e6-881b-4974-8b2f-8874ec330681 - - - - -] api.vendordata_dynamic_connect_timeout = 5 log_opt_values /usr/lib/python3/dist-packages/oslo_config/cfg.py:2609
2026-02-26 00:43:46.781 171776 DEBUG oslo_service.service [req-4f82a2e6-881b-4974-8b2f-8874ec330681 - - - - -] api.vendordata_dynamic_failure_fatal = False log_opt_values /usr/lib/python3/dist-packages/oslo_config/cfg.py:2609
2026-02-26 00:43:46.781 171776 DEBUG oslo_service.service [req-4f82a2e6-881b-4974-8b2f-8874ec330681 - - - - -] api.vendordata_dynamic_read_timeout = 5 log_opt_values /usr/lib/python3/dist-packages/oslo_config/cfg.py:2609
2026-02-26 00:43:46.781 171776 DEBUG oslo_service.service [req-4f82a2e6-881b-4974-8b2f-8874ec330681 - - - - -] api.vendordata_dynamic_ssl_certfile = log_opt_values /usr/lib/python3/dist-packages/oslo_config/cfg.py:2609
2026-02-26 00:43:46.781 172164 DEBUG oslo_messaging._drivers.amqpdriver [-] Listener is running poll /usr/lib/python3/dist-packages/oslo_messaging/_drivers/amqpdriver.py:343
2026-02-26 00:43:46.782 171776 DEBUG oslo_service.service [req-4f82a2e6-881b-4974-8b2f-8874ec330681 - - - - -] api.vendordata_dynamic_targets = [] log_opt_values /usr/lib/python3/dist-packages/oslo_config/cfg.py:2609
2026-02-26 00:43:46.782 172164 DEBUG oslo_messaging._drivers.amqpdriver [-] Poll the incoming message with unique_id: 34c9f2aea30448fbbce970dddc6c2890 poll /usr/lib/python3/dist-packages/oslo_messaging/_drivers/amqpdriver.py:346
2026-02-26 00:43:46.782 172165 DEBUG oslo_messaging._drivers.amqpdriver [-] AMQPListener connection timeout poll /usr/lib/python3/dist-packages/oslo_messaging/_drivers/amqpdriver.py:360
2026-02-26 00:43:46.782 172165 DEBUG oslo_messaging._drivers.amqpdriver [-] Listener is running poll /usr/lib/python3/dist-packages/oslo_messaging/_drivers/amqpdriver.py:343
2026-02-26 00:43:46.782 172165 DEBUG oslo_messaging._drivers.amqpdriver [-] AMQPListener connection consume poll /usr/lib/python3/dist-packages/oslo_messaging/_drivers/amqpdriver.py:357
2026-02-26 00:43:46.782 171776 DEBUG oslo_service.service [req-4f82a2e6-881b-4974-8b2f-8874ec330681 - - - - -] api.vendordata_jsonfile_path = None log_opt_values /usr/lib/python3/dist-packages/oslo_config/cfg.py:2609
2026-02-26 00:43:46.782 172164 DEBUG oslo_messaging._drivers.amqpdriver [-] Listener is running poll /usr/lib/python3/dist-packages/oslo_messaging/_drivers/amqpdriver.py:343
2026-02-26 00:43:46.783 172164 DEBUG oslo_messaging._drivers.amqpdriver [-] AMQPListener connection consume poll /usr/lib/python3/dist-packages/oslo_messaging/_drivers/amqpdriver.py:357
2026-02-26 00:43:46.782 171776 DEBUG oslo_service.service [req-4f82a2e6-881b-4974-8b2f-8874ec330681 - - - - -] api.vendordata_providers = ['StaticJSON'] log_opt_values /usr/lib/python3/dist-packages/oslo_config/cfg.py:2609
2026-02-26 00:43:46.783 171776 DEBUG oslo_service.service [req-4f82a2e6-881b-4974-8b2f-8874ec330681 - - - - -] cache.backend = dogpile.cache.null log_opt_values /usr/lib/python3/dist-packages/oslo_config/cfg.py:2609
2026-02-26 00:43:46.785 171776 DEBUG oslo_service.service [req-4f82a2e6-881b-4974-8b2f-8874ec330681 - - - - -] cache.backend_argument = **** log_opt_values /usr/lib/python3/dist-packages/oslo_config/cfg.py:2609
2026-02-26 00:43:46.785 171776 DEBUG oslo_service.service [req-4f82a2e6-881b-4974-8b2f-8874ec330681 - - - - -] cache.config_prefix = cache.oslo log_opt_values /usr/lib/python3/dist-packages/oslo_config/cfg.py:2609
2026-02-26 00:43:46.789 171776 DEBUG oslo_service.service [req-4f82a2e6-881b-4974-8b2f-8874ec330681 - - - - -] cache.debug_cache_backend = False log_opt_values /usr/lib/python3/dist-packages/oslo_config/cfg.py:2609
2026-02-26 00:43:46.789 171776 DEBUG oslo_service.service [req-4f82a2e6-881b-4974-8b2f-8874ec330681 - - - - -] cache.enabled = False log_opt_values /usr/lib/python3/dist-packages/oslo_config/cfg.py:2609
2026-02-26 00:43:46.790 171776 DEBUG oslo_service.service [req-4f82a2e6-881b-4974-8b2f-8874ec330681 - - - - -] cache.expiration_time = 600 log_opt_values /usr/lib/python3/dist-packages/oslo_config/cfg.py:2609
2026-02-26 00:43:46.790 171776 DEBUG oslo_service.service [req-4f82a2e6-881b-4974-8b2f-8874ec330681 - - - - -] cache.memcache_dead_retry = 300 log_opt_values /usr/lib/python3/dist-packages/oslo_config/cfg.py:2609
2026-02-26 00:43:46.790 172166 DEBUG nova.service [req-170760c4-c2d2-441b-b5f9-cac8924ec7d9 - - - - -] Creating RPC server for service conductor start /usr/lib/python3/dist-packages/nova/service.py:182
2026-02-26 00:43:46.790 171776 DEBUG oslo_service.service [req-4f82a2e6-881b-4974-8b2f-8874ec330681 - - - - -] cache.memcache_pool_connection_get_timeout = 10 log_opt_values /usr/lib/python3/dist-packages/oslo_config/cfg.py:2609
2026-02-26 00:43:46.791 171776 DEBUG oslo_service.service [req-4f82a2e6-881b-4974-8b2f-8874ec330681 - - - - -] cache.memcache_pool_flush_on_reconnect = False log_opt_values /usr/lib/python3/dist-packages/oslo_config/cfg.py:2609
2026-02-26 00:43:46.791 171776 DEBUG oslo_service.service [req-4f82a2e6-881b-4974-8b2f-8874ec330681 - - - - -] cache.memcache_pool_maxsize = 10 log_opt_values /usr/lib/python3/dist-packages/oslo_config/cfg.py:2609
2026-02-26 00:43:46.791 171776 DEBUG oslo_service.service [req-4f82a2e6-881b-4974-8b2f-8874ec330681 - - - - -] cache.memcache_pool_unused_timeout = 60 log_opt_values /usr/lib/python3/dist-packages/oslo_config/cfg.py:2609
2026-02-26 00:43:46.791 171776 DEBUG oslo_service.service [req-4f82a2e6-881b-4974-8b2f-8874ec330681 - - - - -] cache.memcache_servers = ['localhost:11211'] log_opt_values /usr/lib/python3/dist-packages/oslo_config/cfg.py:2609
2026-02-26 00:43:46.791 171776 DEBUG oslo_service.service [req-4f82a2e6-881b-4974-8b2f-8874ec330681 - - - - -] cache.memcache_socket_timeout = 1.0 log_opt_values /usr/lib/python3/dist-packages/oslo_config/cfg.py:2609
2026-02-26 00:43:46.793 171776 DEBUG oslo_service.service [req-4f82a2e6-881b-4974-8b2f-8874ec330681 - - - - -] cache.proxies = [] log_opt_values /usr/lib/python3/dist-packages/oslo_config/cfg.py:2609
2026-02-26 00:43:46.793 171776 DEBUG oslo_service.service [req-4f82a2e6-881b-4974-8b2f-8874ec330681 - - - - -] cache.tls_allowed_ciphers = None log_opt_values /usr/lib/python3/dist-packages/oslo_config/cfg.py:2609
2026-02-26 00:43:46.793 171776 DEBUG oslo_service.service [req-4f82a2e6-881b-4974-8b2f-8874ec330681 - - - - -] cache.tls_cafile = None log_opt_values /usr/lib/python3/dist-packages/oslo_config/cfg.py:2609
2026-02-26 00:43:46.794 171776 DEBUG oslo_service.service [req-4f82a2e6-881b-4974-8b2f-8874ec330681 - - - - -] cache.tls_certfile = None log_opt_values /usr/lib/python3/dist-packages/oslo_config/cfg.py:2609
2026-02-26 00:43:46.794 171776 DEBUG oslo_service.service [req-4f82a2e6-881b-4974-8b2f-8874ec330681 - - - - -] cache.tls_enabled = False log_opt_values /usr/lib/python3/dist-packages/oslo_config/cfg.py:2609
2026-02-26 00:43:46.794 171776 DEBUG oslo_service.service [req-4f82a2e6-881b-4974-8b2f-8874ec330681 - - - - -] cache.tls_keyfile = None log_opt_values /usr/lib/python3/dist-packages/oslo_config/cfg.py:2609
2026-02-26 00:43:46.794 171776 DEBUG oslo_service.service [req-4f82a2e6-881b-4974-8b2f-8874ec330681 - - - - -] cinder.auth_section = None log_opt_values /usr/lib/python3/dist-packages/oslo_config/cfg.py:2609
2026-02-26 00:43:46.794 171776 DEBUG oslo_service.service [req-4f82a2e6-881b-4974-8b2f-8874ec330681 - - - - -] cinder.auth_type = None log_opt_values /usr/lib/python3/dist-packages/oslo_config/cfg.py:2609
2026-02-26 00:43:46.795 171776 DEBUG oslo_service.service [req-4f82a2e6-881b-4974-8b2f-8874ec330681 - - - - -] cinder.cafile = None log_opt_values /usr/lib/python3/dist-packages/oslo_config/cfg.py:2609
2026-02-26 00:43:46.795 171776 DEBUG oslo_service.service [req-4f82a2e6-881b-4974-8b2f-8874ec330681 - - - - -] cinder.catalog_info = volumev3::publicURL log_opt_values /usr/lib/python3/dist-packages/oslo_config/cfg.py:2609
2026-02-26 00:43:46.797 171776 DEBUG oslo_service.service [req-4f82a2e6-881b-4974-8b2f-8874ec330681 - - - - -] cinder.certfile = None log_opt_values /usr/lib/python3/dist-packages/oslo_config/cfg.py:2609
2026-02-26 00:43:46.797 171776 DEBUG oslo_service.service [req-4f82a2e6-881b-4974-8b2f-8874ec330681 - - - - -] cinder.collect_timing = False log_opt_values /usr/lib/python3/dist-packages/oslo_config/cfg.py:2609
2026-02-26 00:43:46.797 171776 DEBUG oslo_service.service [req-4f82a2e6-881b-4974-8b2f-8874ec330681 - - - - -] cinder.cross_az_attach = True log_opt_values /usr/lib/python3/dist-packages/oslo_config/cfg.py:2609
2026-02-26 00:43:46.797 171776 DEBUG oslo_service.service [req-4f82a2e6-881b-4974-8b2f-8874ec330681 - - - - -] cinder.debug = False log_opt_values /usr/lib/python3/dist-packages/oslo_config/cfg.py:2609
2026-02-26 00:43:46.798 171776 DEBUG oslo_service.service [req-4f82a2e6-881b-4974-8b2f-8874ec330681 - - - - -] cinder.endpoint_template = None log_opt_values /usr/lib/python3/dist-packages/oslo_config/cfg.py:2609
2026-02-26 00:43:46.798 171776 DEBUG oslo_service.service [req-4f82a2e6-881b-4974-8b2f-8874ec330681 - - - - -] cinder.http_retries = 3 log_opt_values /usr/lib/python3/dist-packages/oslo_config/cfg.py:2609
2026-02-26 00:43:46.798 171776 DEBUG oslo_service.service [req-4f82a2e6-881b-4974-8b2f-8874ec330681 - - - - -] cinder.insecure = False log_opt_values /usr/lib/python3/dist-packages/oslo_config/cfg.py:2609
2026-02-26 00:43:46.798 171776 DEBUG oslo_service.service [req-4f82a2e6-881b-4974-8b2f-8874ec330681 - - - - -] cinder.keyfile = None log_opt_values /usr/lib/python3/dist-packages/oslo_config/cfg.py:2609
2026-02-26 00:43:46.798 171776 DEBUG oslo_service.service [req-4f82a2e6-881b-4974-8b2f-8874ec330681 - - - - -] cinder.os_region_name = None log_opt_values /usr/lib/python3/dist-packages/oslo_config/cfg.py:2609
2026-02-26 00:43:46.799 171776 DEBUG oslo_service.service [req-4f82a2e6-881b-4974-8b2f-8874ec330681 - - - - -] cinder.split_loggers = False log_opt_values /usr/lib/python3/dist-packages/oslo_config/cfg.py:2609
2026-02-26 00:43:46.800 171776 DEBUG oslo_service.service [req-4f82a2e6-881b-4974-8b2f-8874ec330681 - - - - -] cinder.timeout = None log_opt_values /usr/lib/python3/dist-packages/oslo_config/cfg.py:2609
2026-02-26 00:43:46.800 171776 DEBUG oslo_service.service [req-4f82a2e6-881b-4974-8b2f-8874ec330681 - - - - -] compute.consecutive_build_service_disable_threshold = 10 log_opt_values /usr/lib/python3/dist-packages/oslo_config/cfg.py:2609
2026-02-26 00:43:46.800 171776 DEBUG oslo_service.service [req-4f82a2e6-881b-4974-8b2f-8874ec330681 - - - - -] compute.cpu_dedicated_set = None log_opt_values /usr/lib/python3/dist-packages/oslo_config/cfg.py:2609
2026-02-26 00:43:46.800 171776 DEBUG oslo_service.service [req-4f82a2e6-881b-4974-8b2f-8874ec330681 - - - - -] compute.cpu_shared_set = None log_opt_values /usr/lib/python3/dist-packages/oslo_config/cfg.py:2609
2026-02-26 00:43:46.801 171776 DEBUG oslo_service.service [req-4f82a2e6-881b-4974-8b2f-8874ec330681 - - - - -] compute.image_type_exclude_list = [] log_opt_values /usr/lib/python3/dist-packages/oslo_config/cfg.py:2609
2026-02-26 00:43:46.801 171776 DEBUG oslo_service.service [req-4f82a2e6-881b-4974-8b2f-8874ec330681 - - - - -] compute.live_migration_wait_for_vif_plug = True log_opt_values /usr/lib/python3/dist-packages/oslo_config/cfg.py:2609
2026-02-26 00:43:46.801 171776 DEBUG oslo_service.service [req-4f82a2e6-881b-4974-8b2f-8874ec330681 - - - - -] compute.max_concurrent_disk_ops = 0 log_opt_values /usr/lib/python3/dist-packages/oslo_config/cfg.py:2609
2026-02-26 00:43:46.797 172167 DEBUG oslo_messaging._drivers.amqpdriver [-] Listener is running poll /usr/lib/python3/dist-packages/oslo_messaging/_drivers/amqpdriver.py:343
2026-02-26 00:43:46.801 171776 DEBUG oslo_service.service [req-4f82a2e6-881b-4974-8b2f-8874ec330681 - - - - -] compute.max_disk_devices_to_attach = -1 log_opt_values /usr/lib/python3/dist-packages/oslo_config/cfg.py:2609
2026-02-26 00:43:46.801 171776 DEBUG oslo_service.service [req-4f82a2e6-881b-4974-8b2f-8874ec330681 - - - - -] compute.packing_host_numa_cells_allocation_strategy = True log_opt_values /usr/lib/python3/dist-packages/oslo_config/cfg.py:2609
2026-02-26 00:43:46.801 172167 DEBUG oslo_messaging._drivers.amqpdriver [-] AMQPListener connection consume poll /usr/lib/python3/dist-packages/oslo_messaging/_drivers/amqpdriver.py:357
2026-02-26 00:43:46.801 171776 DEBUG oslo_service.service [req-4f82a2e6-881b-4974-8b2f-8874ec330681 - - - - -] compute.provider_config_location = /etc/nova/provider_config/ log_opt_values /usr/lib/python3/dist-packages/oslo_config/cfg.py:2609
2026-02-26 00:43:46.802 171776 DEBUG oslo_service.service [req-4f82a2e6-881b-4974-8b2f-8874ec330681 - - - - -] compute.resource_provider_association_refresh = 300 log_opt_values /usr/lib/python3/dist-packages/oslo_config/cfg.py:2609
2026-02-26 00:43:46.802 171776 DEBUG oslo_service.service [req-4f82a2e6-881b-4974-8b2f-8874ec330681 - - - - -] compute.shutdown_retry_interval = 10 log_opt_values /usr/lib/python3/dist-packages/oslo_config/cfg.py:2609
2026-02-26 00:43:46.802 172167 DEBUG nova.service [req-128395ae-59a1-4ccc-86af-2177f5d5fd72 - - - - -] Join ServiceGroup membership for this service conductor start /usr/lib/python3/dist-packages/nova/service.py:199
2026-02-26 00:43:46.802 171776 DEBUG oslo_service.service [req-4f82a2e6-881b-4974-8b2f-8874ec330681 - - - - -] compute.vmdk_allowed_types = ['streamOptimized', 'monolithicSparse'] log_opt_values /usr/lib/python3/dist-packages/oslo_config/cfg.py:2609
2026-02-26 00:43:46.802 172167 DEBUG nova.servicegroup.drivers.db [req-128395ae-59a1-4ccc-86af-2177f5d5fd72 - - - - -] DB_Driver: join new ServiceGroup member juju-3efda3-0-lxd-7 to the conductor group, service = join /usr/lib/python3/dist-packages/nova/servicegroup/drivers/db.py:44
2026-02-26 00:43:46.803 171776 DEBUG oslo_service.service [req-4f82a2e6-881b-4974-8b2f-8874ec330681 - - - - -] conductor.workers = 4 log_opt_values /usr/lib/python3/dist-packages/oslo_config/cfg.py:2609
2026-02-26 00:43:46.803 171776 DEBUG oslo_service.service [req-4f82a2e6-881b-4974-8b2f-8874ec330681 - - - - -] console.allowed_origins = [] log_opt_values /usr/lib/python3/dist-packages/oslo_config/cfg.py:2609
2026-02-26 00:43:46.803 171776 DEBUG oslo_service.service [req-4f82a2e6-881b-4974-8b2f-8874ec330681 - - - - -] console.ssl_ciphers = None log_opt_values /usr/lib/python3/dist-packages/oslo_config/cfg.py:2609
2026-02-26 00:43:46.804 171776 DEBUG oslo_service.service [req-4f82a2e6-881b-4974-8b2f-8874ec330681 - - - - -] console.ssl_minimum_version = default log_opt_values /usr/lib/python3/dist-packages/oslo_config/cfg.py:2609
2026-02-26 00:43:46.804 171776 DEBUG oslo_service.service [req-4f82a2e6-881b-4974-8b2f-8874ec330681 - - - - -] consoleauth.token_ttl = 600 log_opt_values /usr/lib/python3/dist-packages/oslo_config/cfg.py:2609
2026-02-26 00:43:46.804 171776 DEBUG oslo_service.service [req-4f82a2e6-881b-4974-8b2f-8874ec330681 - - - - -] cyborg.cafile = None log_opt_values /usr/lib/python3/dist-packages/oslo_config/cfg.py:2609
2026-02-26 00:43:46.805 171776 DEBUG oslo_service.service [req-4f82a2e6-881b-4974-8b2f-8874ec330681 - - - - -] cyborg.certfile = None log_opt_values /usr/lib/python3/dist-packages/oslo_config/cfg.py:2609
2026-02-26 00:43:46.805 171776 DEBUG oslo_service.service [req-4f82a2e6-881b-4974-8b2f-8874ec330681 - - - - -] cyborg.collect_timing = False log_opt_values /usr/lib/python3/dist-packages/oslo_config/cfg.py:2609
2026-02-26 00:43:46.805 172167 DEBUG oslo_messaging._drivers.amqpdriver [-] AMQPListener connection timeout poll /usr/lib/python3/dist-packages/oslo_messaging/_drivers/amqpdriver.py:360
2026-02-26 00:43:46.805 172167 DEBUG oslo_messaging._drivers.amqpdriver [-] Listener is running poll /usr/lib/python3/dist-packages/oslo_messaging/_drivers/amqpdriver.py:343
2026-02-26 00:43:46.805 172167 DEBUG oslo_messaging._drivers.amqpdriver [-] AMQPListener connection consume poll /usr/lib/python3/dist-packages/oslo_messaging/_drivers/amqpdriver.py:357
2026-02-26 00:43:46.805 171776 DEBUG oslo_service.service [req-4f82a2e6-881b-4974-8b2f-8874ec330681 - - - - -] cyborg.connect_retries = None log_opt_values /usr/lib/python3/dist-packages/oslo_config/cfg.py:2609
2026-02-26 00:43:46.806 171776 DEBUG oslo_service.service [req-4f82a2e6-881b-4974-8b2f-8874ec330681 - - - - -] cyborg.connect_retry_delay = None log_opt_values /usr/lib/python3/dist-packages/oslo_config/cfg.py:2609
2026-02-26 00:43:46.806 171776 DEBUG oslo_service.service [req-4f82a2e6-881b-4974-8b2f-8874ec330681 - - - - -] cyborg.endpoint_override = None log_opt_values /usr/lib/python3/dist-packages/oslo_config/cfg.py:2609
2026-02-26 00:43:46.806 171776 DEBUG oslo_service.service [req-4f82a2e6-881b-4974-8b2f-8874ec330681 - - - - -] cyborg.insecure = False log_opt_values /usr/lib/python3/dist-packages/oslo_config/cfg.py:2609
2026-02-26 00:43:46.806 171776 DEBUG oslo_service.service [req-4f82a2e6-881b-4974-8b2f-8874ec330681 - - - - -] cyborg.keyfile = None log_opt_values /usr/lib/python3/dist-packages/oslo_config/cfg.py:2609
2026-02-26 00:43:46.807 171776 DEBUG oslo_service.service [req-4f82a2e6-881b-4974-8b2f-8874ec330681 - - - - -] cyborg.max_version = None log_opt_values /usr/lib/python3/dist-packages/oslo_config/cfg.py:2609
2026-02-26 00:43:46.807 171776 DEBUG oslo_service.service [req-4f82a2e6-881b-4974-8b2f-8874ec330681 - - - - -] cyborg.min_version = None log_opt_values /usr/lib/python3/dist-packages/oslo_config/cfg.py:2609
2026-02-26 00:43:46.807 171776 DEBUG oslo_service.service [req-4f82a2e6-881b-4974-8b2f-8874ec330681 - - - - -] cyborg.region_name = None log_opt_values /usr/lib/python3/dist-packages/oslo_config/cfg.py:2609
2026-02-26 00:43:46.808 171776 DEBUG oslo_service.service [req-4f82a2e6-881b-4974-8b2f-8874ec330681 - - - - -] cyborg.service_name = None log_opt_values /usr/lib/python3/dist-packages/oslo_config/cfg.py:2609
2026-02-26 00:43:46.808 171776 DEBUG oslo_service.service [req-4f82a2e6-881b-4974-8b2f-8874ec330681 - - - - -] cyborg.service_type = accelerator log_opt_values /usr/lib/python3/dist-packages/oslo_config/cfg.py:2609
2026-02-26 00:43:46.809 171776 DEBUG oslo_service.service [req-4f82a2e6-881b-4974-8b2f-8874ec330681 - - - - -] cyborg.split_loggers = False log_opt_values /usr/lib/python3/dist-packages/oslo_config/cfg.py:2609
2026-02-26 00:43:46.809 171776 DEBUG oslo_service.service [req-4f82a2e6-881b-4974-8b2f-8874ec330681 - - - - -] cyborg.status_code_retries = None log_opt_values /usr/lib/python3/dist-packages/oslo_config/cfg.py:2609
2026-02-26 00:43:46.810 171776 DEBUG oslo_service.service [req-4f82a2e6-881b-4974-8b2f-8874ec330681 - - - - -] cyborg.status_code_retry_delay = None log_opt_values /usr/lib/python3/dist-packages/oslo_config/cfg.py:2609
2026-02-26 00:43:46.810 171776 DEBUG oslo_service.service [req-4f82a2e6-881b-4974-8b2f-8874ec330681 - - - - -] cyborg.timeout = None log_opt_values /usr/lib/python3/dist-packages/oslo_config/cfg.py:2609
2026-02-26 00:43:46.810 171776 DEBUG oslo_service.service [req-4f82a2e6-881b-4974-8b2f-8874ec330681 - - - - -] cyborg.valid_interfaces = ['internal', 'public'] log_opt_values /usr/lib/python3/dist-packages/oslo_config/cfg.py:2609
2026-02-26 00:43:46.811 171776 DEBUG oslo_service.service [req-4f82a2e6-881b-4974-8b2f-8874ec330681 - - - - -] cyborg.version = None log_opt_values /usr/lib/python3/dist-packages/oslo_config/cfg.py:2609
2026-02-26 00:43:46.811 171776 DEBUG oslo_service.service [req-4f82a2e6-881b-4974-8b2f-8874ec330681 - - - - -] database.backend = sqlalchemy log_opt_values /usr/lib/python3/dist-packages/oslo_config/cfg.py:2609
2026-02-26 00:43:46.812 171776 DEBUG oslo_service.service [req-4f82a2e6-881b-4974-8b2f-8874ec330681 - - - - -] database.connection = **** log_opt_values /usr/lib/python3/dist-packages/oslo_config/cfg.py:2609
2026-02-26 00:43:46.812 171776 DEBUG oslo_service.service [req-4f82a2e6-881b-4974-8b2f-8874ec330681 - - - - -] database.connection_debug = 0 log_opt_values /usr/lib/python3/dist-packages/oslo_config/cfg.py:2609
2026-02-26 00:43:46.812 171776 DEBUG oslo_service.service [req-4f82a2e6-881b-4974-8b2f-8874ec330681 - - - - -] database.connection_parameters = log_opt_values /usr/lib/python3/dist-packages/oslo_config/cfg.py:2609
2026-02-26 00:43:46.813 171776 DEBUG oslo_service.service [req-4f82a2e6-881b-4974-8b2f-8874ec330681 - - - - -] database.connection_recycle_time = 3600 log_opt_values /usr/lib/python3/dist-packages/oslo_config/cfg.py:2609
2026-02-26 00:43:46.813 171776 DEBUG oslo_service.service [req-4f82a2e6-881b-4974-8b2f-8874ec330681 - - - - -] database.connection_trace = False log_opt_values /usr/lib/python3/dist-packages/oslo_config/cfg.py:2609
2026-02-26 00:43:46.813 171776 DEBUG oslo_service.service [req-4f82a2e6-881b-4974-8b2f-8874ec330681 - - - - -] database.db_inc_retry_interval = True log_opt_values /usr/lib/python3/dist-packages/oslo_config/cfg.py:2609
2026-02-26 00:43:46.813 171776 DEBUG oslo_service.service [req-4f82a2e6-881b-4974-8b2f-8874ec330681 - - - - -] database.db_max_retries = 20 log_opt_values /usr/lib/python3/dist-packages/oslo_config/cfg.py:2609
2026-02-26 00:43:46.814 171776 DEBUG oslo_service.service [req-4f82a2e6-881b-4974-8b2f-8874ec330681 - - - - -] database.db_max_retry_interval = 10 log_opt_values /usr/lib/python3/dist-packages/oslo_config/cfg.py:2609
2026-02-26 00:43:46.814 171776 DEBUG oslo_service.service [req-4f82a2e6-881b-4974-8b2f-8874ec330681 - - - - -] database.db_retry_interval = 1 log_opt_values /usr/lib/python3/dist-packages/oslo_config/cfg.py:2609
2026-02-26 00:43:46.814 171776 DEBUG oslo_service.service [req-4f82a2e6-881b-4974-8b2f-8874ec330681 - - - - -] database.max_overflow = 50 log_opt_values /usr/lib/python3/dist-packages/oslo_config/cfg.py:2609
2026-02-26 00:43:46.814 171776 DEBUG oslo_service.service [req-4f82a2e6-881b-4974-8b2f-8874ec330681 - - - - -] database.max_pool_size = 4 log_opt_values /usr/lib/python3/dist-packages/oslo_config/cfg.py:2609
2026-02-26 00:43:46.815 171776 DEBUG oslo_service.service [req-4f82a2e6-881b-4974-8b2f-8874ec330681 - - - - -] database.max_retries = 10 log_opt_values /usr/lib/python3/dist-packages/oslo_config/cfg.py:2609
2026-02-26 00:43:46.815 171776 DEBUG oslo_service.service [req-4f82a2e6-881b-4974-8b2f-8874ec330681 - - - - -] database.mysql_enable_ndb = False log_opt_values /usr/lib/python3/dist-packages/oslo_config/cfg.py:2609
2026-02-26 00:43:46.815 171776 DEBUG oslo_service.service [req-4f82a2e6-881b-4974-8b2f-8874ec330681 - - - - -] database.mysql_sql_mode = TRADITIONAL log_opt_values /usr/lib/python3/dist-packages/oslo_config/cfg.py:2609
2026-02-26 00:43:46.815 171776 DEBUG oslo_service.service [req-4f82a2e6-881b-4974-8b2f-8874ec330681 - - - - -] database.pool_timeout = None log_opt_values /usr/lib/python3/dist-packages/oslo_config/cfg.py:2609
2026-02-26 00:43:46.815 171776 DEBUG oslo_service.service [req-4f82a2e6-881b-4974-8b2f-8874ec330681 - - - - -] database.retry_interval = 10 log_opt_values /usr/lib/python3/dist-packages/oslo_config/cfg.py:2609
2026-02-26 00:43:46.816 171776 DEBUG oslo_service.service [req-4f82a2e6-881b-4974-8b2f-8874ec330681 - - - - -] database.slave_connection = **** log_opt_values /usr/lib/python3/dist-packages/oslo_config/cfg.py:2609
2026-02-26 00:43:46.816 171776 DEBUG oslo_service.service [req-4f82a2e6-881b-4974-8b2f-8874ec330681 - - - - -] database.sqlite_synchronous = True log_opt_values /usr/lib/python3/dist-packages/oslo_config/cfg.py:2609
2026-02-26 00:43:46.816 171776 DEBUG oslo_service.service [req-4f82a2e6-881b-4974-8b2f-8874ec330681 - - - - -] database.use_db_reconnect = False log_opt_values /usr/lib/python3/dist-packages/oslo_config/cfg.py:2609
2026-02-26 00:43:46.816 171776 DEBUG oslo_service.service [req-4f82a2e6-881b-4974-8b2f-8874ec330681 - - - - -] api_database.backend = sqlalchemy log_opt_values /usr/lib/python3/dist-packages/oslo_config/cfg.py:2609
2026-02-26 00:43:46.816 171776 DEBUG oslo_service.service [req-4f82a2e6-881b-4974-8b2f-8874ec330681 - - - - -] api_database.connection = **** log_opt_values /usr/lib/python3/dist-packages/oslo_config/cfg.py:2609
2026-02-26 00:43:46.817 171776 DEBUG oslo_service.service [req-4f82a2e6-881b-4974-8b2f-8874ec330681 - - - - -] api_database.connection_debug = 0 log_opt_values /usr/lib/python3/dist-packages/oslo_config/cfg.py:2609
2026-02-26 00:43:46.817 171776 DEBUG oslo_service.service [req-4f82a2e6-881b-4974-8b2f-8874ec330681 - - - - -] api_database.connection_parameters = log_opt_values /usr/lib/python3/dist-packages/oslo_config/cfg.py:2609
2026-02-26 00:43:46.817 171776 DEBUG oslo_service.service [req-4f82a2e6-881b-4974-8b2f-8874ec330681 - - - - -] api_database.connection_recycle_time = 3600 log_opt_values /usr/lib/python3/dist-packages/oslo_config/cfg.py:2609
2026-02-26 00:43:46.817 171776 DEBUG oslo_service.service [req-4f82a2e6-881b-4974-8b2f-8874ec330681 - - - - -] api_database.connection_trace = False log_opt_values /usr/lib/python3/dist-packages/oslo_config/cfg.py:2609
2026-02-26 00:43:46.817 171776 DEBUG oslo_service.service [req-4f82a2e6-881b-4974-8b2f-8874ec330681 - - - - -] api_database.db_inc_retry_interval = True log_opt_values /usr/lib/python3/dist-packages/oslo_config/cfg.py:2609
2026-02-26 00:43:46.818 171776 DEBUG oslo_service.service [req-4f82a2e6-881b-4974-8b2f-8874ec330681 - - - - -] api_database.db_max_retries = 20 log_opt_values /usr/lib/python3/dist-packages/oslo_config/cfg.py:2609
