2026-02-26 01:05:25.668 39024 DEBUG heat.engine.service [req-603cd35b-4a33-4b94-b421-85b62b2f48f6 - - - - -] Service 81b5f5d7-78b9-4ff9-975a-56713dcddb58 is updated service_manage_report /usr/lib/python3/dist-packages/heat/engine/service.py:2370
2026-02-26 01:06:25.612 39023 DEBUG heat.engine.service [req-e3f824e6-040c-4602-9471-fb6613033194 - - - - -] Service 6e35c990-16a7-4fdb-a17d-0dfbc74a592f is updated service_manage_report /usr/lib/python3/dist-packages/heat/engine/service.py:2370
2026-02-26 01:06:25.621 39022 DEBUG heat.engine.service [req-79a8ae1d-2ab0-441b-a12a-b5203649775d - - - - -] Service 0a0de858-3806-4374-bb55-d54bcfb79468 is updated service_manage_report /usr/lib/python3/dist-packages/heat/engine/service.py:2370
2026-02-26 01:06:25.634 39025 DEBUG heat.engine.service [req-54e8bcfc-2af0-4149-92c4-58694fcd88f4 - - - - -] Service d8faa792-7c4f-4ae5-8d4d-4392ed0ca681 is updated service_manage_report /usr/lib/python3/dist-packages/heat/engine/service.py:2370
2026-02-26 01:06:25.663 39024 DEBUG heat.engine.service [req-c74291f8-7f40-448b-ad44-a21ab2b9a45f - - - - -] Service 81b5f5d7-78b9-4ff9-975a-56713dcddb58 is updated service_manage_report /usr/lib/python3/dist-packages/heat/engine/service.py:2370
2026-02-26 01:07:25.609 39023 DEBUG heat.engine.service [req-cd47d912-cbe2-4e6e-85a7-be96aab52842 - - - - -] Service 6e35c990-16a7-4fdb-a17d-0dfbc74a592f is updated service_manage_report /usr/lib/python3/dist-packages/heat/engine/service.py:2370
2026-02-26 01:07:25.628 39022 DEBUG heat.engine.service [req-e3b17f1e-ccb0-4512-86be-b29f262ba4eb - - - - -] Service 0a0de858-3806-4374-bb55-d54bcfb79468 is updated service_manage_report /usr/lib/python3/dist-packages/heat/engine/service.py:2370
2026-02-26 01:07:25.642 39025 DEBUG heat.engine.service [req-461ffd36-7a86-4687-854f-372ce901629b - - - - -] Service d8faa792-7c4f-4ae5-8d4d-4392ed0ca681 is updated service_manage_report /usr/lib/python3/dist-packages/heat/engine/service.py:2370
2026-02-26 01:07:25.671 39024 DEBUG heat.engine.service [req-045e8be9-e993-4f5d-8804-2e12575a1a4a - - - - -] Service 81b5f5d7-78b9-4ff9-975a-56713dcddb58 is updated service_manage_report /usr/lib/python3/dist-packages/heat/engine/service.py:2370
2026-02-26 01:08:25.609 39023 DEBUG heat.engine.service [req-5bfea5f7-4700-45dc-8e01-3146757955ac - - - - -] Service 6e35c990-16a7-4fdb-a17d-0dfbc74a592f is updated service_manage_report /usr/lib/python3/dist-packages/heat/engine/service.py:2370
2026-02-26 01:08:25.624 39022 DEBUG heat.engine.service [req-b2258917-773d-485e-9502-9aa06580e913 - - - - -] Service 0a0de858-3806-4374-bb55-d54bcfb79468 is updated service_manage_report /usr/lib/python3/dist-packages/heat/engine/service.py:2370
2026-02-26 01:08:25.638 39025 DEBUG heat.engine.service [req-1acf8390-260c-442d-a008-8cfe80184dea - - - - -] Service d8faa792-7c4f-4ae5-8d4d-4392ed0ca681 is updated service_manage_report /usr/lib/python3/dist-packages/heat/engine/service.py:2370
2026-02-26 01:08:25.666 39024 DEBUG heat.engine.service [req-1d1edde1-1b0e-4297-bc7a-f9802e33bf8f - - - - -] Service 81b5f5d7-78b9-4ff9-975a-56713dcddb58 is updated service_manage_report /usr/lib/python3/dist-packages/heat/engine/service.py:2370
2026-02-26 01:09:25.604 39023 DEBUG heat.engine.service [req-e956290c-37d4-469c-9d74-e8878d4ac72e - - - - -] Service 6e35c990-16a7-4fdb-a17d-0dfbc74a592f is updated service_manage_report /usr/lib/python3/dist-packages/heat/engine/service.py:2370
2026-02-26 01:09:25.624 39022 DEBUG heat.engine.service [req-6072ac32-b6cc-4de1-9e37-c226e8bd4ea8 - - - - -] Service 0a0de858-3806-4374-bb55-d54bcfb79468 is updated service_manage_report /usr/lib/python3/dist-packages/heat/engine/service.py:2370
2026-02-26 01:09:25.644 39025 DEBUG heat.engine.service [req-3ea9a872-82ad-486e-96fb-4dc7b0cef7d9 - - - - -] Service d8faa792-7c4f-4ae5-8d4d-4392ed0ca681 is updated service_manage_report /usr/lib/python3/dist-packages/heat/engine/service.py:2370
2026-02-26 01:09:25.672 39024 DEBUG heat.engine.service [req-87139832-6735-484a-a9d3-4d6af01732f2 - - - - -] Service 81b5f5d7-78b9-4ff9-975a-56713dcddb58 is updated service_manage_report /usr/lib/python3/dist-packages/heat/engine/service.py:2370
2026-02-26 01:10:25.602 39023 DEBUG heat.engine.service [req-ea7dbf0a-41d2-4f35-a507-c5fd368df646 - - - - -] Service 6e35c990-16a7-4fdb-a17d-0dfbc74a592f is updated service_manage_report /usr/lib/python3/dist-packages/heat/engine/service.py:2370
2026-02-26 01:10:25.619 39022 DEBUG heat.engine.service [req-09cfb19f-23d2-4751-a3de-1e948cb07b0b - - - - -] Service 0a0de858-3806-4374-bb55-d54bcfb79468 is updated service_manage_report /usr/lib/python3/dist-packages/heat/engine/service.py:2370
2026-02-26 01:10:25.641 39025 DEBUG heat.engine.service [req-ca672438-695f-414a-9813-6566ddb52d22 - - - - -] Service d8faa792-7c4f-4ae5-8d4d-4392ed0ca681 is updated service_manage_report /usr/lib/python3/dist-packages/heat/engine/service.py:2370
2026-02-26 01:10:25.671 39024 DEBUG heat.engine.service [req-e3dc542b-dab9-4be2-80a7-8e51d1e74105 - - - - -] Service 81b5f5d7-78b9-4ff9-975a-56713dcddb58 is updated service_manage_report /usr/lib/python3/dist-packages/heat/engine/service.py:2370
2026-02-26 01:11:25.598 39023 DEBUG heat.engine.service [req-d102d340-769a-43a1-883d-c947cac35c5a - - - - -] Service 6e35c990-16a7-4fdb-a17d-0dfbc74a592f is updated service_manage_report /usr/lib/python3/dist-packages/heat/engine/service.py:2370
2026-02-26 01:11:25.625 39022 DEBUG heat.engine.service [req-50b0db1c-99a3-412b-b831-c4493a498e21 - - - - -] Service 0a0de858-3806-4374-bb55-d54bcfb79468 is updated service_manage_report /usr/lib/python3/dist-packages/heat/engine/service.py:2370
2026-02-26 01:11:25.635 39025 DEBUG heat.engine.service [req-9b6f6596-47a7-498f-aca2-2358f04e220c - - - - -] Service d8faa792-7c4f-4ae5-8d4d-4392ed0ca681 is updated service_manage_report /usr/lib/python3/dist-packages/heat/engine/service.py:2370
2026-02-26 01:11:25.668 39024 DEBUG heat.engine.service [req-12efbe86-6506-4c03-95e3-6cb188cd00ab - - - - -] Service 81b5f5d7-78b9-4ff9-975a-56713dcddb58 is updated service_manage_report /usr/lib/python3/dist-packages/heat/engine/service.py:2370
2026-02-26 01:12:25.593 39023 DEBUG heat.engine.service [req-d8a224d9-0af6-41a5-ae3f-f9f8f422fc5a - - - - -] Service 6e35c990-16a7-4fdb-a17d-0dfbc74a592f is updated service_manage_report /usr/lib/python3/dist-packages/heat/engine/service.py:2370
2026-02-26 01:12:25.621 39022 DEBUG heat.engine.service [req-dc3e3f56-634c-44a2-8b28-1f763061a3c2 - - - - -] Service 0a0de858-3806-4374-bb55-d54bcfb79468 is updated service_manage_report /usr/lib/python3/dist-packages/heat/engine/service.py:2370
2026-02-26 01:12:25.642 39025 DEBUG heat.engine.service [req-ce276e27-25a0-45e8-9db3-73b8fed40b41 - - - - -] Service d8faa792-7c4f-4ae5-8d4d-4392ed0ca681 is updated service_manage_report /usr/lib/python3/dist-packages/heat/engine/service.py:2370
2026-02-26 01:12:25.661 39024 DEBUG heat.engine.service [req-e2460793-49ff-4301-9d09-68c69d5bf25f - - - - -] Service 81b5f5d7-78b9-4ff9-975a-56713dcddb58 is updated service_manage_report /usr/lib/python3/dist-packages/heat/engine/service.py:2370
2026-02-26 01:13:25.600 39023 DEBUG heat.engine.service [req-62f4a3a7-9399-42fc-a61a-d99b75739005 - - - - -] Service 6e35c990-16a7-4fdb-a17d-0dfbc74a592f is updated service_manage_report /usr/lib/python3/dist-packages/heat/engine/service.py:2370
2026-02-26 01:13:25.618 39022 DEBUG heat.engine.service [req-34126e86-93a2-4e82-b87b-67792dd51d67 - - - - -] Service 0a0de858-3806-4374-bb55-d54bcfb79468 is updated service_manage_report /usr/lib/python3/dist-packages/heat/engine/service.py:2370
2026-02-26 01:13:25.640 39025 DEBUG heat.engine.service [req-2906d73a-58fa-44e5-9859-5be4c12a677a - - - - -] Service d8faa792-7c4f-4ae5-8d4d-4392ed0ca681 is updated service_manage_report /usr/lib/python3/dist-packages/heat/engine/service.py:2370
2026-02-26 01:13:25.668 39024 DEBUG heat.engine.service [req-bc9480bd-3282-440b-ab59-905be17c53bb - - - - -] Service 81b5f5d7-78b9-4ff9-975a-56713dcddb58 is updated service_manage_report /usr/lib/python3/dist-packages/heat/engine/service.py:2370
2026-02-26 01:14:25.598 39023 DEBUG heat.engine.service [req-14745976-7403-4c19-b781-c2a0d9b1de2c - - - - -] Service 6e35c990-16a7-4fdb-a17d-0dfbc74a592f is updated service_manage_report /usr/lib/python3/dist-packages/heat/engine/service.py:2370
2026-02-26 01:14:25.615 39022 DEBUG heat.engine.service [req-bbcbe72a-7b3a-45a8-90a0-4b3e7464afb8 - - - - -] Service 0a0de858-3806-4374-bb55-d54bcfb79468 is updated service_manage_report /usr/lib/python3/dist-packages/heat/engine/service.py:2370
2026-02-26 01:14:25.635 39025 DEBUG heat.engine.service [req-bf064382-bb05-4a05-ab18-7e03e430e98b - - - - -] Service d8faa792-7c4f-4ae5-8d4d-4392ed0ca681 is updated service_manage_report /usr/lib/python3/dist-packages/heat/engine/service.py:2370
2026-02-26 01:14:25.664 39024 DEBUG heat.engine.service [req-28ad20d7-3600-4131-a284-9fe2797aaab5 - - - - -] Service 81b5f5d7-78b9-4ff9-975a-56713dcddb58 is updated service_manage_report /usr/lib/python3/dist-packages/heat/engine/service.py:2370
2026-02-26 01:15:25.599 39023 DEBUG heat.engine.service [req-3b6750a9-e201-4c0f-bc94-fc47858851fa - - - - -] Service 6e35c990-16a7-4fdb-a17d-0dfbc74a592f is updated service_manage_report /usr/lib/python3/dist-packages/heat/engine/service.py:2370
2026-02-26 01:15:25.612 39022 DEBUG heat.engine.service [req-28ade2d6-0a89-427b-80ee-1bd35cdcfa17 - - - - -] Service 0a0de858-3806-4374-bb55-d54bcfb79468 is updated service_manage_report /usr/lib/python3/dist-packages/heat/engine/service.py:2370
2026-02-26 01:15:25.633 39025 DEBUG heat.engine.service [req-67dd30db-9ef6-4f1a-91a9-f4bd747279d2 - - - - -] Service d8faa792-7c4f-4ae5-8d4d-4392ed0ca681 is updated service_manage_report /usr/lib/python3/dist-packages/heat/engine/service.py:2370
2026-02-26 01:15:25.658 39024 DEBUG heat.engine.service [req-c3740458-62e3-4fa0-a832-46aa97308cd4 - - - - -] Service 81b5f5d7-78b9-4ff9-975a-56713dcddb58 is updated service_manage_report /usr/lib/python3/dist-packages/heat/engine/service.py:2370
2026-02-26 01:16:25.594 39023 DEBUG heat.engine.service [req-d63277d4-0b67-4280-9f62-ff93b669782f - - - - -] Service 6e35c990-16a7-4fdb-a17d-0dfbc74a592f is updated service_manage_report /usr/lib/python3/dist-packages/heat/engine/service.py:2370
2026-02-26 01:16:25.606 39022 DEBUG heat.engine.service [req-85138182-9fc2-482f-be20-d959f86ad962 - - - - -] Service 0a0de858-3806-4374-bb55-d54bcfb79468 is updated service_manage_report /usr/lib/python3/dist-packages/heat/engine/service.py:2370
2026-02-26 01:16:25.631 39025 DEBUG heat.engine.service [req-ffa3675d-1eca-405a-b967-d482d4ffe247 - - - - -] Service d8faa792-7c4f-4ae5-8d4d-4392ed0ca681 is updated service_manage_report /usr/lib/python3/dist-packages/heat/engine/service.py:2370
2026-02-26 01:16:25.664 39024 DEBUG heat.engine.service [req-c209fa85-f135-4021-9c64-efce702f53be - - - - -] Service 81b5f5d7-78b9-4ff9-975a-56713dcddb58 is updated service_manage_report /usr/lib/python3/dist-packages/heat/engine/service.py:2370
2026-02-26 01:17:25.599 39023 DEBUG heat.engine.service [req-e65690fc-3aeb-4990-9043-3db8a932a5ab - - - - -] Service 6e35c990-16a7-4fdb-a17d-0dfbc74a592f is updated service_manage_report /usr/lib/python3/dist-packages/heat/engine/service.py:2370
2026-02-26 01:17:25.611 39022 DEBUG heat.engine.service [req-e8d7b680-9d74-4e07-a3db-4c757107b003 - - - - -] Service 0a0de858-3806-4374-bb55-d54bcfb79468 is updated service_manage_report /usr/lib/python3/dist-packages/heat/engine/service.py:2370
2026-02-26 01:17:25.629 39025 DEBUG heat.engine.service [req-1e991c6b-267b-47a6-bfa8-cd6f0c148e1d - - - - -] Service d8faa792-7c4f-4ae5-8d4d-4392ed0ca681 is updated service_manage_report /usr/lib/python3/dist-packages/heat/engine/service.py:2370
2026-02-26 01:17:25.671 39024 DEBUG heat.engine.service [req-b7a5add9-274d-462a-ab8c-9b8a16462c7a - - - - -] Service 81b5f5d7-78b9-4ff9-975a-56713dcddb58 is updated service_manage_report /usr/lib/python3/dist-packages/heat/engine/service.py:2370
2026-02-26 01:18:25.606 39023 DEBUG heat.engine.service [req-7de0f858-94d8-4540-8af5-079cf80ce05a - - - - -] Service 6e35c990-16a7-4fdb-a17d-0dfbc74a592f is updated service_manage_report /usr/lib/python3/dist-packages/heat/engine/service.py:2370
2026-02-26 01:18:25.614 39022 DEBUG heat.engine.service [req-8e0dab9b-bf0e-4215-a7a3-fe09f9468431 - - - - -] Service 0a0de858-3806-4374-bb55-d54bcfb79468 is updated service_manage_report /usr/lib/python3/dist-packages/heat/engine/service.py:2370
2026-02-26 01:18:25.621 39025 DEBUG heat.engine.service [req-95040687-ee9c-4abd-a3c8-b45ada4d5d5f - - - - -] Service d8faa792-7c4f-4ae5-8d4d-4392ed0ca681 is updated service_manage_report /usr/lib/python3/dist-packages/heat/engine/service.py:2370
2026-02-26 01:18:25.669 39024 DEBUG heat.engine.service [req-15f07474-d572-4139-b347-6ba76063657a - - - - -] Service 81b5f5d7-78b9-4ff9-975a-56713dcddb58 is updated service_manage_report /usr/lib/python3/dist-packages/heat/engine/service.py:2370
2026-02-26 01:19:25.603 39023 DEBUG heat.engine.service [req-a631bc4a-aa8a-4fde-bf01-17ac35de0bcf - - - - -] Service 6e35c990-16a7-4fdb-a17d-0dfbc74a592f is updated service_manage_report /usr/lib/python3/dist-packages/heat/engine/service.py:2370
2026-02-26 01:19:25.625 39022 DEBUG heat.engine.service [req-32865bea-c2fc-46b8-878c-8febc6dfbd46 - - - - -] Service 0a0de858-3806-4374-bb55-d54bcfb79468 is updated service_manage_report /usr/lib/python3/dist-packages/heat/engine/service.py:2370
2026-02-26 01:19:25.629 39025 DEBUG heat.engine.service [req-cd60c017-929b-4116-9c87-fb40cbdcc16e - - - - -] Service d8faa792-7c4f-4ae5-8d4d-4392ed0ca681 is updated service_manage_report /usr/lib/python3/dist-packages/heat/engine/service.py:2370
2026-02-26 01:19:25.666 39024 DEBUG heat.engine.service [req-e0ee8137-da94-432d-afbf-1e96dbd7005b - - - - -] Service 81b5f5d7-78b9-4ff9-975a-56713dcddb58 is updated service_manage_report /usr/lib/python3/dist-packages/heat/engine/service.py:2370
2026-02-26 01:20:25.599 39023 DEBUG heat.engine.service [req-33573a45-dc36-4c7b-bbee-cd7b84195aaa - - - - -] Service 6e35c990-16a7-4fdb-a17d-0dfbc74a592f is updated service_manage_report /usr/lib/python3/dist-packages/heat/engine/service.py:2370
2026-02-26 01:20:25.626 39022 DEBUG heat.engine.service [req-c5e347a5-e51c-47b4-ba42-61d1077733f0 - - - - -] Service 0a0de858-3806-4374-bb55-d54bcfb79468 is updated service_manage_report /usr/lib/python3/dist-packages/heat/engine/service.py:2370
2026-02-26 01:20:25.630 39025 DEBUG heat.engine.service [req-b3d3860f-69f7-4451-b090-d7c2f7d102ca - - - - -] Service d8faa792-7c4f-4ae5-8d4d-4392ed0ca681 is updated service_manage_report /usr/lib/python3/dist-packages/heat/engine/service.py:2370
2026-02-26 01:20:25.663 39024 DEBUG heat.engine.service [req-1d9e84a0-6ee2-4596-9a67-1156776f3c48 - - - - -] Service 81b5f5d7-78b9-4ff9-975a-56713dcddb58 is updated service_manage_report /usr/lib/python3/dist-packages/heat/engine/service.py:2370
2026-02-26 01:21:25.597 39023 DEBUG heat.engine.service [req-7b02881c-7b02-44b5-87cb-20835b8aa087 - - - - -] Service 6e35c990-16a7-4fdb-a17d-0dfbc74a592f is updated service_manage_report /usr/lib/python3/dist-packages/heat/engine/service.py:2370
2026-02-26 01:21:25.623 39022 DEBUG heat.engine.service [req-a4554358-1d1d-4545-a551-1373a6f7cc76 - - - - -] Service 0a0de858-3806-4374-bb55-d54bcfb79468 is updated service_manage_report /usr/lib/python3/dist-packages/heat/engine/service.py:2370
2026-02-26 01:21:25.627 39025 DEBUG heat.engine.service [req-955a054f-d32e-4f86-8882-5a5d0cb9ea1b - - - - -] Service d8faa792-7c4f-4ae5-8d4d-4392ed0ca681 is updated service_manage_report /usr/lib/python3/dist-packages/heat/engine/service.py:2370
2026-02-26 01:21:25.661 39024 DEBUG heat.engine.service [req-a16b14d8-e5e3-498d-89bc-3cce8b24289f - - - - -] Service 81b5f5d7-78b9-4ff9-975a-56713dcddb58 is updated service_manage_report /usr/lib/python3/dist-packages/heat/engine/service.py:2370
2026-02-26 01:22:25.596 39023 DEBUG heat.engine.service [req-120ee6d0-7818-4e13-860c-cfef3e484346 - - - - -] Service 6e35c990-16a7-4fdb-a17d-0dfbc74a592f is updated service_manage_report /usr/lib/python3/dist-packages/heat/engine/service.py:2370
2026-02-26 01:22:25.619 39022 DEBUG heat.engine.service [req-326dfc4f-a8bf-4a18-8e1e-c0372f877865 - - - - -] Service 0a0de858-3806-4374-bb55-d54bcfb79468 is updated service_manage_report /usr/lib/python3/dist-packages/heat/engine/service.py:2370
2026-02-26 01:22:25.623 39025 DEBUG heat.engine.service [req-dec7879c-fffa-4423-9fb8-0d145f106b55 - - - - -] Service d8faa792-7c4f-4ae5-8d4d-4392ed0ca681 is updated service_manage_report /usr/lib/python3/dist-packages/heat/engine/service.py:2370
2026-02-26 01:22:25.657 39024 DEBUG heat.engine.service [req-0a8180e5-d84f-45d1-bfc4-db49d6a46f15 - - - - -] Service 81b5f5d7-78b9-4ff9-975a-56713dcddb58 is updated service_manage_report /usr/lib/python3/dist-packages/heat/engine/service.py:2370
2026-02-26 01:23:25.594 39023 DEBUG heat.engine.service [req-2b7c8bcb-056f-450f-9a31-bba6055893cb - - - - -] Service 6e35c990-16a7-4fdb-a17d-0dfbc74a592f is updated service_manage_report /usr/lib/python3/dist-packages/heat/engine/service.py:2370
2026-02-26 01:23:25.618 39022 DEBUG heat.engine.service [req-4bbb1a98-ea86-490c-9f8c-a6793815b7ac - - - - -] Service 0a0de858-3806-4374-bb55-d54bcfb79468 is updated service_manage_report /usr/lib/python3/dist-packages/heat/engine/service.py:2370
2026-02-26 01:23:25.620 39025 DEBUG heat.engine.service [req-44af9e75-9ec8-414e-8d34-a0dd9bb780c4 - - - - -] Service d8faa792-7c4f-4ae5-8d4d-4392ed0ca681 is updated service_manage_report /usr/lib/python3/dist-packages/heat/engine/service.py:2370
2026-02-26 01:23:25.651 39024 DEBUG heat.engine.service [req-e07898d7-aab3-48e4-ac39-074af877332b - - - - -] Service 81b5f5d7-78b9-4ff9-975a-56713dcddb58 is updated service_manage_report /usr/lib/python3/dist-packages/heat/engine/service.py:2370
2026-02-26 01:24:25.588 39023 DEBUG heat.engine.service [req-17ab997f-40a1-4352-84e9-f293b7a67d47 - - - - -] Service 6e35c990-16a7-4fdb-a17d-0dfbc74a592f is updated service_manage_report /usr/lib/python3/dist-packages/heat/engine/service.py:2370
2026-02-26 01:24:25.613 39022 DEBUG heat.engine.service [req-df99e9be-55a2-4715-b623-f21d139e4832 - - - - -] Service 0a0de858-3806-4374-bb55-d54bcfb79468 is updated service_manage_report /usr/lib/python3/dist-packages/heat/engine/service.py:2370
2026-02-26 01:24:25.616 39025 DEBUG heat.engine.service [req-f9b17261-cbe0-4192-aa03-72228748dbdc - - - - -] Service d8faa792-7c4f-4ae5-8d4d-4392ed0ca681 is updated service_manage_report /usr/lib/python3/dist-packages/heat/engine/service.py:2370
2026-02-26 01:24:25.658 39024 DEBUG heat.engine.service [req-330066d3-3bc4-4f8b-b71c-d4d5d228aedd - - - - -] Service 81b5f5d7-78b9-4ff9-975a-56713dcddb58 is updated service_manage_report /usr/lib/python3/dist-packages/heat/engine/service.py:2370
2026-02-26 01:25:25.595 39023 DEBUG heat.engine.service [req-57e427ac-6885-462d-acf1-4fa40e0501b1 - - - - -] Service 6e35c990-16a7-4fdb-a17d-0dfbc74a592f is updated service_manage_report /usr/lib/python3/dist-packages/heat/engine/service.py:2370
2026-02-26 01:25:25.622 39022 DEBUG heat.engine.service [req-2f2a29fa-c658-4153-a24b-e0d577dc4e72 - - - - -] Service 0a0de858-3806-4374-bb55-d54bcfb79468 is updated service_manage_report /usr/lib/python3/dist-packages/heat/engine/service.py:2370
2026-02-26 01:25:25.624 39025 DEBUG heat.engine.service [req-db03120b-1bc6-4550-a26f-edb93de4a730 - - - - -] Service d8faa792-7c4f-4ae5-8d4d-4392ed0ca681 is updated service_manage_report /usr/lib/python3/dist-packages/heat/engine/service.py:2370
2026-02-26 01:25:25.654 39024 DEBUG heat.engine.service [req-1daa93ca-5e2d-42a3-be0d-238bb4d67779 - - - - -] Service 81b5f5d7-78b9-4ff9-975a-56713dcddb58 is updated service_manage_report /usr/lib/python3/dist-packages/heat/engine/service.py:2370
2026-02-26 01:26:25.591 39023 DEBUG heat.engine.service [req-b89931e5-99d3-4fd9-a8f5-d28f7ca05074 - - - - -] Service 6e35c990-16a7-4fdb-a17d-0dfbc74a592f is updated service_manage_report /usr/lib/python3/dist-packages/heat/engine/service.py:2370
2026-02-26 01:26:25.617 39022 DEBUG heat.engine.service [req-115da7b7-bd6e-4c22-9837-f8c3da4543f6 - - - - -] Service 0a0de858-3806-4374-bb55-d54bcfb79468 is updated service_manage_report /usr/lib/python3/dist-packages/heat/engine/service.py:2370
2026-02-26 01:26:25.619 39025 DEBUG heat.engine.service [req-084b5cc3-f167-4f4a-940a-3c880d14564a - - - - -] Service d8faa792-7c4f-4ae5-8d4d-4392ed0ca681 is updated service_manage_report /usr/lib/python3/dist-packages/heat/engine/service.py:2370
2026-02-26 01:26:25.658 39024 DEBUG heat.engine.service [req-64b097be-dc88-46bc-9543-49e06036af4d - - - - -] Service 81b5f5d7-78b9-4ff9-975a-56713dcddb58 is updated service_manage_report /usr/lib/python3/dist-packages/heat/engine/service.py:2370
2026-02-26 01:27:25.588 39023 DEBUG heat.engine.service [req-b20d2a22-0e7c-4fc7-b228-5a27bd39e384 - - - - -] Service 6e35c990-16a7-4fdb-a17d-0dfbc74a592f is updated service_manage_report /usr/lib/python3/dist-packages/heat/engine/service.py:2370
2026-02-26 01:27:25.627 39022 DEBUG heat.engine.service [req-028edaa5-c6ef-4a5a-b6d7-9922acbea9d2 - - - - -] Service 0a0de858-3806-4374-bb55-d54bcfb79468 is updated service_manage_report /usr/lib/python3/dist-packages/heat/engine/service.py:2370
2026-02-26 01:27:25.627 39025 DEBUG heat.engine.service [req-c688108a-ffd4-4bdc-9bb5-eeb4abf1c6a1 - - - - -] Service d8faa792-7c4f-4ae5-8d4d-4392ed0ca681 is updated service_manage_report /usr/lib/python3/dist-packages/heat/engine/service.py:2370
2026-02-26 01:27:25.664 39024 DEBUG heat.engine.service [req-c9c16ede-e6c1-4238-9e69-f28560ddef6b - - - - -] Service 81b5f5d7-78b9-4ff9-975a-56713dcddb58 is updated service_manage_report /usr/lib/python3/dist-packages/heat/engine/service.py:2370
2026-02-26 01:28:25.583 39023 DEBUG heat.engine.service [req-59bce96c-fee5-4b08-9f6d-081b581d4895 - - - - -] Service 6e35c990-16a7-4fdb-a17d-0dfbc74a592f is updated service_manage_report /usr/lib/python3/dist-packages/heat/engine/service.py:2370
2026-02-26 01:28:25.622 39025 DEBUG heat.engine.service [req-6a685fdb-898a-458d-98f6-889c6d18ec8f - - - - -] Service d8faa792-7c4f-4ae5-8d4d-4392ed0ca681 is updated service_manage_report /usr/lib/python3/dist-packages/heat/engine/service.py:2370
2026-02-26 01:28:25.623 39022 DEBUG heat.engine.service [req-73f7b3f8-91a4-45e7-9105-8f7d8cc2a3e3 - - - - -] Service 0a0de858-3806-4374-bb55-d54bcfb79468 is updated service_manage_report /usr/lib/python3/dist-packages/heat/engine/service.py:2370
2026-02-26 01:28:25.671 39024 DEBUG heat.engine.service [req-47a28c62-534d-4920-8d42-c448463277be - - - - -] Service 81b5f5d7-78b9-4ff9-975a-56713dcddb58 is updated service_manage_report /usr/lib/python3/dist-packages/heat/engine/service.py:2370
2026-02-26 01:29:25.590 39023 DEBUG heat.engine.service [req-88146eda-dd52-48a1-a2f4-c37192ff30b1 - - - - -] Service 6e35c990-16a7-4fdb-a17d-0dfbc74a592f is updated service_manage_report /usr/lib/python3/dist-packages/heat/engine/service.py:2370
2026-02-26 01:29:25.621 39022 DEBUG heat.engine.service [req-0885cd9b-c3b1-4ffa-a270-978b3d367d56 - - - - -] Service 0a0de858-3806-4374-bb55-d54bcfb79468 is updated service_manage_report /usr/lib/python3/dist-packages/heat/engine/service.py:2370
2026-02-26 01:29:25.627 39025 DEBUG heat.engine.service [req-c250228f-fda1-41e5-85b6-23a5edbac81d - - - - -] Service d8faa792-7c4f-4ae5-8d4d-4392ed0ca681 is updated service_manage_report /usr/lib/python3/dist-packages/heat/engine/service.py:2370
2026-02-26 01:29:25.670 39024 DEBUG heat.engine.service [req-a5a8e3a3-9e92-40ef-a177-821081b094fe - - - - -] Service 81b5f5d7-78b9-4ff9-975a-56713dcddb58 is updated service_manage_report /usr/lib/python3/dist-packages/heat/engine/service.py:2370
2026-02-26 01:30:25.589 39023 DEBUG heat.engine.service [req-46846495-17e4-4ffd-a0b5-d3a578fa85a9 - - - - -] Service 6e35c990-16a7-4fdb-a17d-0dfbc74a592f is updated service_manage_report /usr/lib/python3/dist-packages/heat/engine/service.py:2370
2026-02-26 01:30:25.618 39022 DEBUG heat.engine.service [req-4dad9e29-afb5-440f-95ff-e4893fb34df1 - - - - -] Service 0a0de858-3806-4374-bb55-d54bcfb79468 is updated service_manage_report /usr/lib/python3/dist-packages/heat/engine/service.py:2370
2026-02-26 01:30:25.635 39025 DEBUG heat.engine.service [req-9577e639-8320-4b95-ab1b-94fd7efa28b5 - - - - -] Service d8faa792-7c4f-4ae5-8d4d-4392ed0ca681 is updated service_manage_report /usr/lib/python3/dist-packages/heat/engine/service.py:2370
2026-02-26 01:30:25.671 39024 DEBUG heat.engine.service [req-d13968d6-242c-419f-bc93-4a0dee3b8a76 - - - - -] Service 81b5f5d7-78b9-4ff9-975a-56713dcddb58 is updated service_manage_report /usr/lib/python3/dist-packages/heat/engine/service.py:2370
2026-02-26 01:31:25.585 39023 DEBUG heat.engine.service [req-08950145-14cc-4319-b424-7bf78c7cd1d3 - - - - -] Service 6e35c990-16a7-4fdb-a17d-0dfbc74a592f is updated service_manage_report /usr/lib/python3/dist-packages/heat/engine/service.py:2370
2026-02-26 01:31:25.616 39022 DEBUG heat.engine.service [req-c85f90ce-a5a1-4f67-87b5-2f33b7642f1a - - - - -] Service 0a0de858-3806-4374-bb55-d54bcfb79468 is updated service_manage_report /usr/lib/python3/dist-packages/heat/engine/service.py:2370
2026-02-26 01:31:25.633 39025 DEBUG heat.engine.service [req-e4d3f719-90ac-4b83-91f4-c3658908efa6 - - - - -] Service d8faa792-7c4f-4ae5-8d4d-4392ed0ca681 is updated service_manage_report /usr/lib/python3/dist-packages/heat/engine/service.py:2370
2026-02-26 01:31:25.672 39024 DEBUG heat.engine.service [req-71b30dfe-a8d5-4eaa-85d7-84e8c2a8cbd3 - - - - -] Service 81b5f5d7-78b9-4ff9-975a-56713dcddb58 is updated service_manage_report /usr/lib/python3/dist-packages/heat/engine/service.py:2370
2026-02-26 01:32:25.581 39023 DEBUG heat.engine.service [req-e25e4c97-5e66-445c-88eb-3c40630b8abc - - - - -] Service 6e35c990-16a7-4fdb-a17d-0dfbc74a592f is updated service_manage_report /usr/lib/python3/dist-packages/heat/engine/service.py:2370
2026-02-26 01:32:25.616 39022 DEBUG heat.engine.service [req-6a2d3657-f541-4ace-9911-a6108246a109 - - - - -] Service 0a0de858-3806-4374-bb55-d54bcfb79468 is updated service_manage_report /usr/lib/python3/dist-packages/heat/engine/service.py:2370
2026-02-26 01:32:25.626 39025 DEBUG heat.engine.service [req-735704df-b2ba-4a29-a332-b326e45d9a8d - - - - -] Service d8faa792-7c4f-4ae5-8d4d-4392ed0ca681 is updated service_manage_report /usr/lib/python3/dist-packages/heat/engine/service.py:2370
2026-02-26 01:32:25.668 39024 DEBUG heat.engine.service [req-1a7e97d7-1699-4af8-a57f-f335fe6e55a8 - - - - -] Service 81b5f5d7-78b9-4ff9-975a-56713dcddb58 is updated service_manage_report /usr/lib/python3/dist-packages/heat/engine/service.py:2370
2026-02-26 01:33:02.547 39024 DEBUG heat.engine.service [-] Attempting to stop engine service... _stop_rpc_server /usr/lib/python3/dist-packages/heat/engine/service.py:437
2026-02-26 01:33:02.547 39025 DEBUG heat.engine.service [-] Attempting to stop engine service... _stop_rpc_server /usr/lib/python3/dist-packages/heat/engine/service.py:437
2026-02-26 01:33:02.548 39023 DEBUG heat.engine.service [-] Attempting to stop engine service... _stop_rpc_server /usr/lib/python3/dist-packages/heat/engine/service.py:437
2026-02-26 01:33:02.549 39022 DEBUG heat.engine.service [-] Attempting to stop engine service... _stop_rpc_server /usr/lib/python3/dist-packages/heat/engine/service.py:437
2026-02-26 01:33:02.552 38807 INFO oslo_service.service [-] Caught SIGTERM, stopping children
2026-02-26 01:33:02.553 38807 DEBUG oslo_concurrency.lockutils [-] Acquired lock "singleton_lock" lock /usr/lib/python3/dist-packages/oslo_concurrency/lockutils.py:294
2026-02-26 01:33:02.553 38807 DEBUG oslo_concurrency.lockutils [-] Releasing lock "singleton_lock" lock /usr/lib/python3/dist-packages/oslo_concurrency/lockutils.py:312
2026-02-26 01:33:02.553 38807 DEBUG oslo_service.service [-] Stop services. stop /usr/lib/python3/dist-packages/oslo_service/service.py:695
2026-02-26 01:33:02.554 38807 INFO heat.engine.service [-] All threads were gone, terminating engine
2026-02-26 01:33:02.554 38807 DEBUG oslo_service.service [-] Killing children. stop /usr/lib/python3/dist-packages/oslo_service/service.py:700
2026-02-26 01:33:02.554 38807 INFO oslo_service.service [-] Waiting on 4 children to exit
2026-02-26 01:33:02.563 38807 INFO oslo_service.service [-] Child 39023 killed by signal 15
2026-02-26 01:33:02.568 38807 INFO oslo_service.service [-] Child 39022 killed by signal 15
2026-02-26 01:33:02.569 38807 INFO oslo_service.service [-] Child 39025 killed by signal 15
2026-02-26 01:33:02.569 38807 INFO oslo_service.service [-] Child 39024 killed by signal 15
2026-02-26 01:33:05.031 57810 DEBUG oslo_concurrency.lockutils [-] Lock "context-manager" acquired by "neutron_lib.db.api._create_context_manager" :: waited 0.000s inner /usr/lib/python3/dist-packages/oslo_concurrency/lockutils.py:386
2026-02-26 01:33:05.032 57810 DEBUG oslo_concurrency.lockutils [-] Lock "context-manager" "released" by "neutron_lib.db.api._create_context_manager" :: held 0.001s inner /usr/lib/python3/dist-packages/oslo_concurrency/lockutils.py:400
2026-02-26 01:33:05.299 57810 WARNING heat.engine.environment [-] OS::Aodh::Alarm is DEPRECATED. Theshold alarm relies on ceilometer-api and has been deprecated in aodh since Ocata. Use OS::Aodh::GnocchiAggregationByResourcesAlarm instead.
2026-02-26 01:33:05.299 57810 WARNING heat.engine.environment [-] OS::Aodh::CombinationAlarm is HIDDEN. OS::Aodh::CombinationAlarm is deprecated and has been removed from Aodh, use OS::Aodh::CompositeAlarm instead.
2026-02-26 01:33:05.299 57810 WARNING heat.engine.environment [-] OS::Designate::Domain is HIDDEN. This resource has been removed, use OS::Designate::Zone instead.
2026-02-26 01:33:05.300 57810 WARNING heat.engine.environment [-] OS::Designate::Record is HIDDEN. This resource has been removed, use OS::Designate::RecordSet instead.
2026-02-26 01:33:05.300 57810 WARNING heat.engine.environment [-] OS::Glance::Image is DEPRECATED. Creating a Glance Image based on an existing URL location requires the Glance v1 API, which is deprecated.
2026-02-26 01:33:05.300 57810 WARNING heat.engine.environment [-] OS::Heat::HARestarter is HIDDEN. The HARestarter resource type has been removed. Existing stacks containing HARestarter resources can still be used, but the HARestarter resource will be a placeholder that does nothing.
2026-02-26 01:33:05.300 57810 WARNING heat.engine.environment [-] OS::Heat::SoftwareDeployments is HIDDEN. Please use OS::Heat::SoftwareDeploymentGroup instead.
2026-02-26 01:33:05.300 57810 WARNING heat.engine.environment [-] OS::Heat::StructuredDeployments is HIDDEN. Please use OS::Heat::StructuredDeploymentGroup instead.
2026-02-26 01:33:05.300 57810 WARNING heat.engine.environment [-] OS::Magnum::Bay is HIDDEN. Please use OS::Magnum::Cluster instead.
2026-02-26 01:33:05.301 57810 WARNING heat.engine.environment [-] OS::Magnum::BayModel is HIDDEN. Please use OS::Magnum::ClusterTemplate instead.
2026-02-26 01:33:05.301 57810 WARNING heat.engine.environment [-] OS::Neutron::ExtraRoute is UNSUPPORTED. Use this resource at your own risk.
2026-02-26 01:33:05.301 57810 WARNING heat.engine.environment [-] OS::Neutron::HealthMonitor is HIDDEN. Use LBaaS V2 instead.
2026-02-26 01:33:05.301 57810 WARNING heat.engine.environment [-] OS::Neutron::Pool is HIDDEN. Use LBaaS V2 instead.
2026-02-26 01:33:05.301 57810 WARNING heat.engine.environment [-] OS::Neutron::PoolMember is HIDDEN. Use LBaaS V2 instead.
2026-02-26 01:33:05.302 57810 WARNING heat.engine.environment [-] OS::Neutron::LoadBalancer is HIDDEN. Use LBaaS V2 instead.
2026-02-26 01:33:05.302 57810 WARNING heat.engine.environment [-] OS::Neutron::RouterGateway is HIDDEN. Use the `external_gateway_info` property in the router resource to set up the gateway.
2026-02-26 01:33:05.302 57810 WARNING heat.engine.environment [-] OS::Nova::FloatingIP is HIDDEN. Please use OS::Neutron::FloatingIP instead.
2026-02-26 01:33:05.302 57810 WARNING heat.engine.environment [-] OS::Nova::FloatingIPAssociation is HIDDEN. Please use OS::Neutron::FloatingIPAssociation instead.
2026-02-26 01:33:05.303 57810 INFO heat.engine.environment [-] Loading /etc/heat/environment.d/default.yaml
2026-02-26 01:33:05.304 57810 INFO heat.engine.environment [-] Registered: [Plugin](User:False) AWS::AutoScaling::AutoScalingGroup ->
2026-02-26 01:33:05.304 57810 INFO heat.engine.environment [-] Registered: [Plugin](User:False) AWS::AutoScaling::LaunchConfiguration ->
2026-02-26 01:33:05.305 57810 INFO heat.engine.environment [-] Registered: [Plugin](User:False) AWS::AutoScaling::ScalingPolicy ->
2026-02-26 01:33:05.305 57810 INFO heat.engine.environment [-] Registered: [Plugin](User:False) AWS::CloudFormation::Stack ->
2026-02-26 01:33:05.305 57810 INFO heat.engine.environment [-] Registered: [Plugin](User:False) AWS::CloudFormation::WaitCondition ->
2026-02-26 01:33:05.305 57810 INFO heat.engine.environment [-] Registered: [Plugin](User:False) AWS::CloudFormation::WaitConditionHandle ->
2026-02-26 01:33:05.305 57810 INFO heat.engine.environment [-] Registered: [Plugin](User:False) AWS::EC2::EIP ->
2026-02-26 01:33:05.305 57810 INFO heat.engine.environment [-] Registered: [Plugin](User:False) AWS::EC2::EIPAssociation ->
2026-02-26 01:33:05.305 57810 INFO heat.engine.environment [-] Registered: [Plugin](User:False) AWS::EC2::Instance ->
2026-02-26 01:33:05.305 57810 INFO heat.engine.environment [-] Registered: [Plugin](User:False) AWS::EC2::InternetGateway ->
2026-02-26 01:33:05.305 57810 INFO heat.engine.environment [-] Registered: [Plugin](User:False) AWS::EC2::VPCGatewayAttachment ->
2026-02-26 01:33:05.305 57810 INFO heat.engine.environment [-] Registered: [Plugin](User:False) AWS::EC2::NetworkInterface ->
2026-02-26 01:33:05.306 57810 INFO heat.engine.environment [-] Registered: [Plugin](User:False) AWS::EC2::RouteTable ->
2026-02-26 01:33:05.306 57810 INFO heat.engine.environment [-] Registered: [Plugin](User:False) AWS::EC2::SubnetRouteTableAssociation ->
2026-02-26 01:33:05.306 57810 INFO heat.engine.environment [-] Registered: [Plugin](User:False) AWS::EC2::SecurityGroup ->
2026-02-26 01:33:05.306 57810 INFO heat.engine.environment [-] Registered: [Plugin](User:False) AWS::EC2::Subnet ->
2026-02-26 01:33:05.306 57810 INFO heat.engine.environment [-] Registered: [Plugin](User:False) AWS::EC2::Volume ->
2026-02-26 01:33:05.306 57810 INFO heat.engine.environment [-] Registered: [Plugin](User:False) AWS::EC2::VolumeAttachment ->
2026-02-26 01:33:05.306 57810 INFO heat.engine.environment [-] Registered: [Plugin](User:False) AWS::EC2::VPC ->
2026-02-26 01:33:05.306 57810 INFO heat.engine.environment [-] Registered: [Plugin](User:False) AWS::IAM::User ->
2026-02-26 01:33:05.306 57810 INFO heat.engine.environment [-] Registered: [Plugin](User:False) AWS::IAM::AccessKey ->
2026-02-26 01:33:05.306 57810 INFO heat.engine.environment [-] Registered: [Plugin](User:False) AWS::ElasticLoadBalancing::LoadBalancer ->
2026-02-26 01:33:05.306 57810 INFO heat.engine.environment [-] Registered: [Plugin](User:False) AWS::S3::Bucket ->
2026-02-26 01:33:05.306 57810 INFO heat.engine.environment [-] Registered: [Plugin](User:False) OS::Aodh::Alarm ->
2026-02-26 01:33:05.307 57810 INFO heat.engine.environment [-] Registered: [Plugin](User:False) OS::Aodh::CombinationAlarm ->
2026-02-26 01:33:05.307 57810 INFO heat.engine.environment [-] Registered: [Plugin](User:False) OS::Aodh::EventAlarm ->
2026-02-26 01:33:05.307 57810 INFO heat.engine.environment [-] Registered: [Plugin](User:False) OS::Aodh::LBMemberHealthAlarm ->
2026-02-26 01:33:05.307 57810 INFO heat.engine.environment [-] Registered: [Plugin](User:False) OS::Aodh::CompositeAlarm ->
2026-02-26 01:33:05.307 57810 INFO heat.engine.environment [-] Registered: [Plugin](User:False) OS::Aodh::GnocchiResourcesAlarm ->
2026-02-26 01:33:05.307 57810 INFO heat.engine.environment [-] Registered: [Plugin](User:False) OS::Aodh::GnocchiAggregationByMetricsAlarm ->
2026-02-26 01:33:05.307 57810 INFO heat.engine.environment [-] Registered: [Plugin](User:False) OS::Aodh::GnocchiAggregationByResourcesAlarm ->
2026-02-26 01:33:05.307 57810 INFO heat.engine.environment [-] Registered: [Plugin](User:False) OS::Barbican::GenericContainer ->
2026-02-26 01:33:05.307 57810 INFO heat.engine.environment [-] Registered: [Plugin](User:False) OS::Barbican::CertificateContainer ->
2026-02-26 01:33:05.307 57810 INFO heat.engine.environment [-] Registered: [Plugin](User:False) OS::Barbican::RSAContainer ->
2026-02-26 01:33:05.307 57810 INFO heat.engine.environment [-] Registered: [Plugin](User:False) OS::Barbican::Order ->
2026-02-26 01:33:05.307 57810 INFO heat.engine.environment [-] Registered: [Plugin](User:False) OS::Barbican::Secret ->
2026-02-26 01:33:05.308 57810 INFO heat.engine.environment [-] Registered: [Plugin](User:False) OS::Blazar::Host ->
2026-02-26 01:33:05.308 57810 INFO heat.engine.environment [-] Registered: [Plugin](User:False) OS::Blazar::Lease ->
2026-02-26 01:33:05.308 57810 INFO heat.engine.environment [-] Registered: [Plugin](User:False) OS::Cinder::EncryptedVolumeType ->
2026-02-26 01:33:05.308 57810 INFO heat.engine.environment [-] Registered: [Plugin](User:False) OS::Cinder::QoSSpecs ->
2026-02-26 01:33:05.308 57810 INFO heat.engine.environment [-] Registered: [Plugin](User:False) OS::Cinder::QoSAssociation ->
2026-02-26 01:33:05.308 57810 INFO heat.engine.environment [-] Registered: [Plugin](User:False) OS::Cinder::Quota ->
2026-02-26 01:33:05.308 57810 INFO heat.engine.environment [-] Registered: [Plugin](User:False) OS::Cinder::Volume ->
2026-02-26 01:33:05.308 57810 INFO heat.engine.environment [-] Registered: [Plugin](User:False) OS::Cinder::VolumeAttachment ->
2026-02-26 01:33:05.308 57810 INFO heat.engine.environment [-] Registered: [Plugin](User:False) OS::Cinder::VolumeType ->
2026-02-26 01:33:05.308 57810 INFO heat.engine.environment [-] Registered: [Plugin](User:False) OS::Designate::Domain ->
2026-02-26 01:33:05.308 57810 INFO heat.engine.environment [-] Registered: [Plugin](User:False) OS::Designate::Record ->
2026-02-26 01:33:05.308 57810 INFO heat.engine.environment [-] Registered: [Plugin](User:False) OS::Designate::RecordSet ->
2026-02-26 01:33:05.309 57810 INFO heat.engine.environment [-] Registered: [Plugin](User:False) OS::Designate::Zone ->
2026-02-26 01:33:05.309 57810 INFO heat.engine.environment [-] Registered: [Plugin](User:False) OS::Glance::Image ->
2026-02-26 01:33:05.309 57810 INFO heat.engine.environment [-] Registered: [Plugin](User:False) OS::Glance::WebImage ->
2026-02-26 01:33:05.309 57810 INFO heat.engine.environment [-] Registered: [Plugin](User:False) OS::Heat::AccessPolicy ->
2026-02-26 01:33:05.309 57810 INFO heat.engine.environment [-] Registered: [Plugin](User:False) OS::Heat::AutoScalingGroup ->
2026-02-26 01:33:05.309 57810 INFO heat.engine.environment [-] Registered: [Plugin](User:False) OS::Heat::CloudConfig ->
2026-02-26 01:33:05.309 57810 INFO heat.engine.environment [-] Registered: [Plugin](User:False) OS::Heat::Delay ->
2026-02-26 01:33:05.309 57810 INFO heat.engine.environment [-] Registered: [Plugin](User:False) OS::Heat::DeployedServer ->
2026-02-26 01:33:05.309 57810 INFO heat.engine.environment [-] Registered: [Plugin](User:False) OS::Heat::HARestarter ->
2026-02-26 01:33:05.309 57810 INFO heat.engine.environment [-] Registered: [Plugin](User:False) OS::Heat::InstanceGroup ->
2026-02-26 01:33:05.309 57810 INFO heat.engine.environment [-] Registered: [Plugin](User:False) OS::Heat::MultipartMime ->
2026-02-26 01:33:05.310 57810 INFO heat.engine.environment [-] Registered: [Plugin](User:False) OS::Heat::None ->
2026-02-26 01:33:05.310 57810 INFO heat.engine.environment [-] Registered: [Plugin](User:False) OS::Heat::RandomString ->
2026-02-26 01:33:05.310 57810 INFO heat.engine.environment [-] Registered: [Plugin](User:False) OS::Heat::Stack ->
2026-02-26 01:33:05.310 57810 INFO heat.engine.environment [-] Registered: [Plugin](User:False) OS::Heat::ResourceChain ->
2026-02-26 01:33:05.310 57810 INFO heat.engine.environment [-] Registered: [Plugin](User:False) OS::Heat::ResourceGroup ->
2026-02-26 01:33:05.310 57810 INFO heat.engine.environment [-] Registered: [Plugin](User:False) OS::Heat::ScalingPolicy ->
2026-02-26 01:33:05.310 57810 INFO heat.engine.environment [-] Registered: [Plugin](User:False) OS::Heat::SoftwareComponent ->
2026-02-26 01:33:05.310 57810 INFO heat.engine.environment [-] Registered: [Plugin](User:False) OS::Heat::SoftwareConfig ->
2026-02-26 01:33:05.310 57810 INFO heat.engine.environment [-] Registered: [Plugin](User:False) OS::Heat::SoftwareDeployment ->
2026-02-26 01:33:05.310 57810 INFO heat.engine.environment [-] Registered: [Plugin](User:False) OS::Heat::SoftwareDeploymentGroup ->
2026-02-26 01:33:05.310 57810 INFO heat.engine.environment [-] Registered: [Plugin](User:False) OS::Heat::SoftwareDeployments ->
2026-02-26 01:33:05.310 57810 INFO heat.engine.environment [-] Registered: [Plugin](User:False) OS::Heat::StructuredConfig ->
2026-02-26 01:33:05.310 57810 INFO heat.engine.environment [-] Registered: [Plugin](User:False) OS::Heat::StructuredDeployment ->
2026-02-26 01:33:05.311 57810 INFO heat.engine.environment [-] Registered: [Plugin](User:False) OS::Heat::StructuredDeploymentGroup ->
2026-02-26 01:33:05.311 57810 INFO heat.engine.environment [-] Registered: [Plugin](User:False) OS::Heat::StructuredDeployments ->
2026-02-26 01:33:05.311 57810 INFO heat.engine.environment [-] Registered: [Plugin](User:False) OS::Heat::SwiftSignal ->
2026-02-26 01:33:05.311 57810 INFO heat.engine.environment [-] Registered: [Plugin](User:False) OS::Heat::SwiftSignalHandle ->
2026-02-26 01:33:05.311 57810 INFO heat.engine.environment [-] Registered: [Plugin](User:False) OS::Heat::TestResource ->
2026-02-26 01:33:05.311 57810 INFO heat.engine.environment [-] Registered: [Plugin](User:False) OS::Heat::Value ->
2026-02-26 01:33:05.311 57810 INFO heat.engine.environment [-] Registered: [Plugin](User:False) OS::Heat::WaitCondition ->
2026-02-26 01:33:05.311 57810 INFO heat.engine.environment [-] Registered: [Plugin](User:False) OS::Heat::WaitConditionHandle ->
2026-02-26 01:33:05.311 57810 INFO heat.engine.environment [-] Registered: [Plugin](User:False) OS::Heat::UpdateWaitConditionHandle ->
2026-02-26 01:33:05.311 57810 INFO heat.engine.environment [-] Registered: [Plugin](User:False) OS::Ironic::Port ->
2026-02-26 01:33:05.311 57810 INFO heat.engine.environment [-] Registered: [Plugin](User:False) OS::Keystone::Domain ->
2026-02-26 01:33:05.312 57810 INFO heat.engine.environment [-] Registered: [Plugin](User:False) OS::Keystone::Endpoint ->
2026-02-26 01:33:05.312 57810 INFO heat.engine.environment [-] Registered: [Plugin](User:False) OS::Keystone::Group ->
2026-02-26 01:33:05.312 57810 INFO heat.engine.environment [-] Registered: [Plugin](User:False) OS::Keystone::Project ->
2026-02-26 01:33:05.312 57810 INFO heat.engine.environment [-] Registered: [Plugin](User:False) OS::Keystone::Region ->
2026-02-26 01:33:05.312 57810 INFO heat.engine.environment [-] Registered: [Plugin](User:False) OS::Keystone::Role ->
2026-02-26 01:33:05.312 57810 INFO heat.engine.environment [-] Registered: [Plugin](User:False) OS::Keystone::UserRoleAssignment ->
2026-02-26 01:33:05.312 57810 INFO heat.engine.environment [-] Registered: [Plugin](User:False) OS::Keystone::GroupRoleAssignment ->
2026-02-26 01:33:05.312 57810 INFO heat.engine.environment [-] Registered: [Plugin](User:False) OS::Keystone::Service ->
2026-02-26 01:33:05.312 57810 INFO heat.engine.environment [-] Registered: [Plugin](User:False) OS::Keystone::User ->
2026-02-26 01:33:05.312 57810 INFO heat.engine.environment [-] Registered: [Plugin](User:False) OS::Magnum::Bay ->
2026-02-26 01:33:05.312 57810 INFO heat.engine.environment [-] Registered: [Plugin](User:False) OS::Magnum::BayModel ->
2026-02-26 01:33:05.312 57810 INFO heat.engine.environment [-] Registered: [Plugin](User:False) OS::Magnum::Cluster ->
2026-02-26 01:33:05.313 57810 INFO heat.engine.environment [-] Registered: [Plugin](User:False) OS::Magnum::ClusterTemplate ->
2026-02-26 01:33:05.313 57810 INFO heat.engine.environment [-] Registered: [Plugin](User:False) OS::Manila::SecurityService ->
2026-02-26 01:33:05.313 57810 INFO heat.engine.environment [-] Registered: [Plugin](User:False) OS::Manila::Share ->
2026-02-26 01:33:05.313 57810 INFO heat.engine.environment [-] Registered: [Plugin](User:False) OS::Manila::ShareNetwork ->
2026-02-26 01:33:05.313 57810 INFO heat.engine.environment [-] Registered: [Plugin](User:False) OS::Manila::ShareType ->
2026-02-26 01:33:05.313 57810 INFO heat.engine.environment [-] Registered: [Plugin](User:False) OS::Mistral::CronTrigger ->
2026-02-26 01:33:05.313 57810 INFO heat.engine.environment [-] Registered: [Plugin](User:False) OS::Mistral::ExternalResource ->
2026-02-26 01:33:05.313 57810 INFO heat.engine.environment [-] Registered: [Plugin](User:False) OS::Mistral::Workflow ->
2026-02-26 01:33:05.313 57810 INFO heat.engine.environment [-] Registered: [Plugin](User:False) OS::Monasca::AlarmDefinition ->
2026-02-26 01:33:05.313 57810 INFO heat.engine.environment [-] Registered: [Plugin](User:False) OS::Monasca::Notification ->
2026-02-26 01:33:05.313 57810 INFO heat.engine.environment [-] Registered: [Plugin](User:False) OS::Neutron::AddressScope ->
2026-02-26 01:33:05.314 57810 INFO heat.engine.environment [-] Registered: [Plugin](User:False) OS::Neutron::ExtraRoute ->
2026-02-26 01:33:05.314 57810 INFO heat.engine.environment [-] Registered: [Plugin](User:False) OS::Neutron::ExtraRouteSet ->
2026-02-26 01:33:05.314 57810 INFO heat.engine.environment [-] Registered: [Plugin](User:False) OS::Neutron::Firewall ->
2026-02-26 01:33:05.314 57810 INFO heat.engine.environment [-] Registered: [Plugin](User:False) OS::Neutron::FirewallPolicy ->
2026-02-26 01:33:05.314 57810 INFO heat.engine.environment [-] Registered: [Plugin](User:False) OS::Neutron::FirewallRule ->
2026-02-26 01:33:05.314 57810 INFO heat.engine.environment [-] Registered: [Plugin](User:False) OS::Neutron::FloatingIP ->
2026-02-26 01:33:05.314 57810 INFO heat.engine.environment [-] Registered: [Plugin](User:False) OS::Neutron::FloatingIPAssociation ->
2026-02-26 01:33:05.314 57810 INFO heat.engine.environment [-] Registered: [Plugin](User:False) OS::Neutron::L2Gateway ->
2026-02-26 01:33:05.314 57810 INFO heat.engine.environment [-] Registered: [Plugin](User:False) OS::Neutron::L2GatewayConnection ->
2026-02-26 01:33:05.314 57810 INFO heat.engine.environment [-] Registered: [Plugin](User:False) OS::Neutron::LBaaS::HealthMonitor ->
2026-02-26 01:33:05.314 57810 INFO heat.engine.environment [-] Registered: [Plugin](User:False) OS::Neutron::LBaaS::L7Policy ->
2026-02-26 01:33:05.314 57810 INFO heat.engine.environment [-] Registered: [Plugin](User:False) OS::Neutron::LBaaS::L7Rule ->
2026-02-26 01:33:05.315 57810 INFO heat.engine.environment [-] Registered: [Plugin](User:False) OS::Neutron::LBaaS::Listener ->
2026-02-26 01:33:05.315 57810 INFO heat.engine.environment [-] Registered: [Plugin](User:False) OS::Neutron::LBaaS::LoadBalancer ->
2026-02-26 01:33:05.315 57810 INFO heat.engine.environment [-] Registered: [Plugin](User:False) OS::Neutron::LBaaS::Pool ->
2026-02-26 01:33:05.315 57810 INFO heat.engine.environment [-] Registered: [Plugin](User:False) OS::Neutron::LBaaS::PoolMember ->
2026-02-26 01:33:05.315 57810 INFO heat.engine.environment [-] Registered: [Plugin](User:False) OS::Neutron::HealthMonitor ->
2026-02-26 01:33:05.315 57810 INFO heat.engine.environment [-] Registered: [Plugin](User:False) OS::Neutron::Pool ->
2026-02-26 01:33:05.315 57810 INFO heat.engine.environment [-] Registered: [Plugin](User:False) OS::Neutron::PoolMember ->
2026-02-26 01:33:05.315 57810 INFO heat.engine.environment [-] Registered: [Plugin](User:False) OS::Neutron::LoadBalancer ->
2026-02-26 01:33:05.315 57810 INFO heat.engine.environment [-] Registered: [Plugin](User:False) OS::Neutron::MeteringLabel ->
2026-02-26 01:33:05.315 57810 INFO heat.engine.environment [-] Registered: [Plugin](User:False) OS::Neutron::MeteringRule ->
2026-02-26 01:33:05.315 57810 INFO heat.engine.environment [-] Registered: [Plugin](User:False) OS::Neutron::Net ->
2026-02-26 01:33:05.315 57810 INFO heat.engine.environment [-] Registered: [Plugin](User:False) OS::Neutron::NetworkGateway ->
2026-02-26 01:33:05.316 57810 INFO heat.engine.environment [-] Registered: [Plugin](User:False) OS::Neutron::Port ->
2026-02-26 01:33:05.316 57810 INFO heat.engine.environment [-] Registered: [Plugin](User:False) OS::Neutron::ProviderNet ->
2026-02-26 01:33:05.316 57810 INFO heat.engine.environment [-] Registered: [Plugin](User:False) OS::Neutron::QoSPolicy ->
2026-02-26 01:33:05.316 57810 INFO heat.engine.environment [-] Registered: [Plugin](User:False) OS::Neutron::QoSBandwidthLimitRule ->
2026-02-26 01:33:05.316 57810 INFO heat.engine.environment [-] Registered: [Plugin](User:False) OS::Neutron::QoSDscpMarkingRule ->
2026-02-26 01:33:05.316 57810 INFO heat.engine.environment [-] Registered: [Plugin](User:False) OS::Neutron::QoSMinimumBandwidthRule ->
2026-02-26 01:33:05.316 57810 INFO heat.engine.environment [-] Registered: [Plugin](User:False) OS::Neutron::Quota ->
2026-02-26 01:33:05.316 57810 INFO heat.engine.environment [-] Registered: [Plugin](User:False) OS::Neutron::RBACPolicy ->
2026-02-26 01:33:05.316 57810 INFO heat.engine.environment [-] Registered: [Plugin](User:False) OS::Neutron::Router ->
2026-02-26 01:33:05.316 57810 INFO heat.engine.environment [-] Registered: [Plugin](User:False) OS::Neutron::RouterInterface ->
2026-02-26 01:33:05.316 57810 INFO heat.engine.environment [-] Registered: [Plugin](User:False) OS::Neutron::RouterGateway ->
