2026-02-26 00:39:25.494 38807 DEBUG oslo_service.service [-] clients_sahara.insecure = None log_opt_values /usr/lib/python3/dist-packages/oslo_config/cfg.py:2609
2026-02-26 00:39:25.494 38807 DEBUG oslo_service.service [-] clients_sahara.key_file = None log_opt_values /usr/lib/python3/dist-packages/oslo_config/cfg.py:2609
2026-02-26 00:39:25.494 38807 DEBUG oslo_service.service [-] clients_senlin.ca_file = None log_opt_values /usr/lib/python3/dist-packages/oslo_config/cfg.py:2609
2026-02-26 00:39:25.494 38807 DEBUG oslo_service.service [-] clients_senlin.cert_file = None log_opt_values /usr/lib/python3/dist-packages/oslo_config/cfg.py:2609
2026-02-26 00:39:25.494 38807 DEBUG oslo_service.service [-] clients_senlin.endpoint_type = None log_opt_values /usr/lib/python3/dist-packages/oslo_config/cfg.py:2609
2026-02-26 00:39:25.495 38807 DEBUG oslo_service.service [-] clients_senlin.insecure = None log_opt_values /usr/lib/python3/dist-packages/oslo_config/cfg.py:2609
2026-02-26 00:39:25.495 38807 DEBUG oslo_service.service [-] clients_senlin.key_file = None log_opt_values /usr/lib/python3/dist-packages/oslo_config/cfg.py:2609
2026-02-26 00:39:25.495 38807 DEBUG oslo_service.service [-] clients_swift.ca_file = None log_opt_values /usr/lib/python3/dist-packages/oslo_config/cfg.py:2609
2026-02-26 00:39:25.495 38807 DEBUG oslo_service.service [-] clients_swift.cert_file = None log_opt_values /usr/lib/python3/dist-packages/oslo_config/cfg.py:2609
2026-02-26 00:39:25.495 38807 DEBUG oslo_service.service [-] clients_swift.endpoint_type = None log_opt_values /usr/lib/python3/dist-packages/oslo_config/cfg.py:2609
2026-02-26 00:39:25.495 38807 DEBUG oslo_service.service [-] clients_swift.insecure = None log_opt_values /usr/lib/python3/dist-packages/oslo_config/cfg.py:2609
2026-02-26 00:39:25.495 38807 DEBUG oslo_service.service [-] clients_swift.key_file = None log_opt_values /usr/lib/python3/dist-packages/oslo_config/cfg.py:2609
2026-02-26 00:39:25.495 38807 DEBUG oslo_service.service [-] clients_trove.ca_file = None log_opt_values /usr/lib/python3/dist-packages/oslo_config/cfg.py:2609
2026-02-26 00:39:25.496 38807 DEBUG oslo_service.service [-] clients_trove.cert_file = None log_opt_values /usr/lib/python3/dist-packages/oslo_config/cfg.py:2609
2026-02-26 00:39:25.496 38807 DEBUG oslo_service.service [-] clients_trove.endpoint_type = None log_opt_values /usr/lib/python3/dist-packages/oslo_config/cfg.py:2609
2026-02-26 00:39:25.496 38807 DEBUG oslo_service.service [-] clients_trove.insecure = None log_opt_values /usr/lib/python3/dist-packages/oslo_config/cfg.py:2609
2026-02-26 00:39:25.496 38807 DEBUG oslo_service.service [-] clients_trove.key_file = None log_opt_values /usr/lib/python3/dist-packages/oslo_config/cfg.py:2609
2026-02-26 00:39:25.496 38807 DEBUG oslo_service.service [-] clients_vitrage.ca_file = None log_opt_values /usr/lib/python3/dist-packages/oslo_config/cfg.py:2609
2026-02-26 00:39:25.496 38807 DEBUG oslo_service.service [-] clients_vitrage.cert_file = None log_opt_values /usr/lib/python3/dist-packages/oslo_config/cfg.py:2609
2026-02-26 00:39:25.497 38807 DEBUG oslo_service.service [-] clients_vitrage.endpoint_type = None log_opt_values /usr/lib/python3/dist-packages/oslo_config/cfg.py:2609
2026-02-26 00:39:25.497 38807 DEBUG oslo_service.service [-] clients_vitrage.insecure = None log_opt_values /usr/lib/python3/dist-packages/oslo_config/cfg.py:2609
2026-02-26 00:39:25.497 38807 DEBUG oslo_service.service [-] clients_vitrage.key_file = None log_opt_values /usr/lib/python3/dist-packages/oslo_config/cfg.py:2609
2026-02-26 00:39:25.497 38807 DEBUG oslo_service.service [-] clients_zaqar.ca_file = None log_opt_values /usr/lib/python3/dist-packages/oslo_config/cfg.py:2609
2026-02-26 00:39:25.497 38807 DEBUG oslo_service.service [-] clients_zaqar.cert_file = None log_opt_values /usr/lib/python3/dist-packages/oslo_config/cfg.py:2609
2026-02-26 00:39:25.497 38807 DEBUG oslo_service.service [-] clients_zaqar.endpoint_type = None log_opt_values /usr/lib/python3/dist-packages/oslo_config/cfg.py:2609
2026-02-26 00:39:25.497 38807 DEBUG oslo_service.service [-] clients_zaqar.insecure = None log_opt_values /usr/lib/python3/dist-packages/oslo_config/cfg.py:2609
2026-02-26 00:39:25.497 38807 DEBUG oslo_service.service [-] clients_zaqar.key_file = None log_opt_values /usr/lib/python3/dist-packages/oslo_config/cfg.py:2609
2026-02-26 00:39:25.498 38807 DEBUG oslo_service.service [-] database.backend = sqlalchemy log_opt_values /usr/lib/python3/dist-packages/oslo_config/cfg.py:2609
2026-02-26 00:39:25.498 38807 DEBUG oslo_service.service [-] database.connection = **** log_opt_values /usr/lib/python3/dist-packages/oslo_config/cfg.py:2609
2026-02-26 00:39:25.498 38807 DEBUG oslo_service.service [-] database.connection_debug = 0 log_opt_values /usr/lib/python3/dist-packages/oslo_config/cfg.py:2609
2026-02-26 00:39:25.498 38807 DEBUG oslo_service.service [-] database.connection_parameters = log_opt_values /usr/lib/python3/dist-packages/oslo_config/cfg.py:2609
2026-02-26 00:39:25.498 38807 DEBUG oslo_service.service [-] database.connection_recycle_time = 3600 log_opt_values /usr/lib/python3/dist-packages/oslo_config/cfg.py:2609
2026-02-26 00:39:25.499 38807 DEBUG oslo_service.service [-] database.connection_trace = False log_opt_values /usr/lib/python3/dist-packages/oslo_config/cfg.py:2609
2026-02-26 00:39:25.499 38807 DEBUG oslo_service.service [-] database.db_inc_retry_interval = True log_opt_values /usr/lib/python3/dist-packages/oslo_config/cfg.py:2609
2026-02-26 00:39:25.499 38807 DEBUG oslo_service.service [-] database.db_max_retries = 20 log_opt_values /usr/lib/python3/dist-packages/oslo_config/cfg.py:2609
2026-02-26 00:39:25.499 38807 DEBUG oslo_service.service [-] database.db_max_retry_interval = 10 log_opt_values /usr/lib/python3/dist-packages/oslo_config/cfg.py:2609
2026-02-26 00:39:25.499 38807 DEBUG oslo_service.service [-] database.db_retry_interval = 1 log_opt_values /usr/lib/python3/dist-packages/oslo_config/cfg.py:2609
2026-02-26 00:39:25.499 38807 DEBUG oslo_service.service [-] database.max_overflow = 50 log_opt_values /usr/lib/python3/dist-packages/oslo_config/cfg.py:2609
2026-02-26 00:39:25.500 38807 DEBUG oslo_service.service [-] database.max_pool_size = 5 log_opt_values /usr/lib/python3/dist-packages/oslo_config/cfg.py:2609
2026-02-26 00:39:25.500 38807 DEBUG oslo_service.service [-] database.max_retries = 10 log_opt_values /usr/lib/python3/dist-packages/oslo_config/cfg.py:2609
2026-02-26 00:39:25.500 38807 DEBUG oslo_service.service [-] database.mysql_enable_ndb = False log_opt_values /usr/lib/python3/dist-packages/oslo_config/cfg.py:2609
2026-02-26 00:39:25.500 38807 DEBUG oslo_service.service [-] database.mysql_sql_mode = TRADITIONAL log_opt_values /usr/lib/python3/dist-packages/oslo_config/cfg.py:2609
2026-02-26 00:39:25.500 38807 DEBUG oslo_service.service [-] database.pool_timeout = None log_opt_values /usr/lib/python3/dist-packages/oslo_config/cfg.py:2609
2026-02-26 00:39:25.500 38807 DEBUG oslo_service.service [-] database.retry_interval = 10 log_opt_values /usr/lib/python3/dist-packages/oslo_config/cfg.py:2609
2026-02-26 00:39:25.500 38807 DEBUG oslo_service.service [-] database.slave_connection = **** log_opt_values /usr/lib/python3/dist-packages/oslo_config/cfg.py:2609
2026-02-26 00:39:25.501 38807 DEBUG oslo_service.service [-] database.sqlite_synchronous = True log_opt_values /usr/lib/python3/dist-packages/oslo_config/cfg.py:2609
2026-02-26 00:39:25.501 38807 DEBUG oslo_service.service [-] database.use_db_reconnect = False log_opt_values /usr/lib/python3/dist-packages/oslo_config/cfg.py:2609
2026-02-26 00:39:25.501 38807 DEBUG oslo_service.service [-] oslo_messaging_metrics.metrics_buffer_size = 1000 log_opt_values /usr/lib/python3/dist-packages/oslo_config/cfg.py:2609
2026-02-26 00:39:25.501 38807 DEBUG oslo_service.service [-] oslo_messaging_metrics.metrics_enabled = False log_opt_values /usr/lib/python3/dist-packages/oslo_config/cfg.py:2609
2026-02-26 00:39:25.501 38807 DEBUG oslo_service.service [-] oslo_messaging_metrics.metrics_process_name = log_opt_values /usr/lib/python3/dist-packages/oslo_config/cfg.py:2609
2026-02-26 00:39:25.501 38807 DEBUG oslo_service.service [-] oslo_messaging_metrics.metrics_socket_file = /var/tmp/metrics_collector.sock log_opt_values /usr/lib/python3/dist-packages/oslo_config/cfg.py:2609
2026-02-26 00:39:25.501 38807 DEBUG oslo_service.service [-] oslo_messaging_metrics.metrics_thread_stop_timeout = 10 log_opt_values /usr/lib/python3/dist-packages/oslo_config/cfg.py:2609
2026-02-26 00:39:25.501 38807 DEBUG oslo_service.service [-] oslo_policy.enforce_new_defaults = False log_opt_values /usr/lib/python3/dist-packages/oslo_config/cfg.py:2609
2026-02-26 00:39:25.502 38807 DEBUG oslo_service.service [-] oslo_policy.enforce_scope = False log_opt_values /usr/lib/python3/dist-packages/oslo_config/cfg.py:2609
2026-02-26 00:39:25.502 38807 DEBUG oslo_service.service [-] oslo_policy.policy_default_rule = default log_opt_values /usr/lib/python3/dist-packages/oslo_config/cfg.py:2609
2026-02-26 00:39:25.502 38807 DEBUG oslo_service.service [-] oslo_policy.policy_dirs = ['policy.d'] log_opt_values /usr/lib/python3/dist-packages/oslo_config/cfg.py:2609
2026-02-26 00:39:25.502 38807 DEBUG oslo_service.service [-] oslo_policy.policy_file = policy.yaml log_opt_values /usr/lib/python3/dist-packages/oslo_config/cfg.py:2609
2026-02-26 00:39:25.502 38807 DEBUG oslo_service.service [-] oslo_policy.remote_content_type = application/x-www-form-urlencoded log_opt_values /usr/lib/python3/dist-packages/oslo_config/cfg.py:2609
2026-02-26 00:39:25.502 38807 DEBUG oslo_service.service [-] oslo_policy.remote_ssl_ca_crt_file = None log_opt_values /usr/lib/python3/dist-packages/oslo_config/cfg.py:2609
2026-02-26 00:39:25.502 38807 DEBUG oslo_service.service [-] oslo_policy.remote_ssl_client_crt_file = None log_opt_values /usr/lib/python3/dist-packages/oslo_config/cfg.py:2609
2026-02-26 00:39:25.503 38807 DEBUG oslo_service.service [-] oslo_policy.remote_ssl_client_key_file = None log_opt_values /usr/lib/python3/dist-packages/oslo_config/cfg.py:2609
2026-02-26 00:39:25.503 38807 DEBUG oslo_service.service [-] oslo_policy.remote_ssl_verify_server_crt = False log_opt_values /usr/lib/python3/dist-packages/oslo_config/cfg.py:2609
2026-02-26 00:39:25.503 38807 DEBUG oslo_service.service [-] trustee.auth_section = None log_opt_values /usr/lib/python3/dist-packages/oslo_config/cfg.py:2609
2026-02-26 00:39:25.503 38807 WARNING oslo_config.cfg [-] Deprecated: Option "auth_plugin" from group "trustee" is deprecated. Use option "auth_type" from group "trustee".
2026-02-26 00:39:25.504 38807 DEBUG oslo_service.service [-] trustee.auth_type = password log_opt_values /usr/lib/python3/dist-packages/oslo_config/cfg.py:2609
2026-02-26 00:39:25.504 38807 DEBUG oslo_service.service [-] oslo_versionedobjects.fatal_exception_format_errors = False log_opt_values /usr/lib/python3/dist-packages/oslo_config/cfg.py:2609
2026-02-26 00:39:25.504 38807 DEBUG oslo_service.service [-] oslo_messaging_rabbit.amqp_auto_delete = False log_opt_values /usr/lib/python3/dist-packages/oslo_config/cfg.py:2609
2026-02-26 00:39:25.504 38807 DEBUG oslo_service.service [-] oslo_messaging_rabbit.amqp_durable_queues = False log_opt_values /usr/lib/python3/dist-packages/oslo_config/cfg.py:2609
2026-02-26 00:39:25.504 38807 DEBUG oslo_service.service [-] oslo_messaging_rabbit.conn_pool_min_size = 2 log_opt_values /usr/lib/python3/dist-packages/oslo_config/cfg.py:2609
2026-02-26 00:39:25.504 38807 DEBUG oslo_service.service [-] oslo_messaging_rabbit.conn_pool_ttl = 1200 log_opt_values /usr/lib/python3/dist-packages/oslo_config/cfg.py:2609
2026-02-26 00:39:25.504 38807 DEBUG oslo_service.service [-] oslo_messaging_rabbit.direct_mandatory_flag = True log_opt_values /usr/lib/python3/dist-packages/oslo_config/cfg.py:2609
2026-02-26 00:39:25.505 38807 DEBUG oslo_service.service [-] oslo_messaging_rabbit.enable_cancel_on_failover = False log_opt_values /usr/lib/python3/dist-packages/oslo_config/cfg.py:2609
2026-02-26 00:39:25.505 38807 DEBUG oslo_service.service [-] oslo_messaging_rabbit.heartbeat_in_pthread = False log_opt_values /usr/lib/python3/dist-packages/oslo_config/cfg.py:2609
2026-02-26 00:39:25.505 38807 DEBUG oslo_service.service [-] oslo_messaging_rabbit.heartbeat_rate = 2 log_opt_values /usr/lib/python3/dist-packages/oslo_config/cfg.py:2609
2026-02-26 00:39:25.505 38807 DEBUG oslo_service.service [-] oslo_messaging_rabbit.heartbeat_timeout_threshold = 60 log_opt_values /usr/lib/python3/dist-packages/oslo_config/cfg.py:2609
2026-02-26 00:39:25.505 38807 DEBUG oslo_service.service [-] oslo_messaging_rabbit.kombu_compression = None log_opt_values /usr/lib/python3/dist-packages/oslo_config/cfg.py:2609
2026-02-26 00:39:25.505 38807 DEBUG oslo_service.service [-] oslo_messaging_rabbit.kombu_failover_strategy = round-robin log_opt_values /usr/lib/python3/dist-packages/oslo_config/cfg.py:2609
2026-02-26 00:39:25.505 38807 DEBUG oslo_service.service [-] oslo_messaging_rabbit.kombu_missing_consumer_retry_timeout = 60 log_opt_values /usr/lib/python3/dist-packages/oslo_config/cfg.py:2609
2026-02-26 00:39:25.505 38807 DEBUG oslo_service.service [-] oslo_messaging_rabbit.kombu_reconnect_delay = 1.0 log_opt_values /usr/lib/python3/dist-packages/oslo_config/cfg.py:2609
2026-02-26 00:39:25.506 38807 DEBUG oslo_service.service [-] oslo_messaging_rabbit.rabbit_ha_queues = False log_opt_values /usr/lib/python3/dist-packages/oslo_config/cfg.py:2609
2026-02-26 00:39:25.506 38807 DEBUG oslo_service.service [-] oslo_messaging_rabbit.rabbit_interval_max = 30 log_opt_values /usr/lib/python3/dist-packages/oslo_config/cfg.py:2609
2026-02-26 00:39:25.506 38807 DEBUG oslo_service.service [-] oslo_messaging_rabbit.rabbit_login_method = AMQPLAIN log_opt_values /usr/lib/python3/dist-packages/oslo_config/cfg.py:2609
2026-02-26 00:39:25.506 38807 DEBUG oslo_service.service [-] oslo_messaging_rabbit.rabbit_qos_prefetch_count = 0 log_opt_values /usr/lib/python3/dist-packages/oslo_config/cfg.py:2609
2026-02-26 00:39:25.506 38807 DEBUG oslo_service.service [-] oslo_messaging_rabbit.rabbit_quorum_queue = False log_opt_values /usr/lib/python3/dist-packages/oslo_config/cfg.py:2609
2026-02-26 00:39:25.507 38807 DEBUG oslo_service.service [-] oslo_messaging_rabbit.rabbit_retry_backoff = 2 log_opt_values /usr/lib/python3/dist-packages/oslo_config/cfg.py:2609
2026-02-26 00:39:25.507 38807 DEBUG oslo_service.service [-] oslo_messaging_rabbit.rabbit_retry_interval = 1 log_opt_values /usr/lib/python3/dist-packages/oslo_config/cfg.py:2609
2026-02-26 00:39:25.507 38807 DEBUG oslo_service.service [-] oslo_messaging_rabbit.rabbit_transient_queues_ttl = 1800 log_opt_values /usr/lib/python3/dist-packages/oslo_config/cfg.py:2609
2026-02-26 00:39:25.507 38807 DEBUG oslo_service.service [-] oslo_messaging_rabbit.rpc_conn_pool_size = 30 log_opt_values /usr/lib/python3/dist-packages/oslo_config/cfg.py:2609
2026-02-26 00:39:25.507 38807 DEBUG oslo_service.service [-] oslo_messaging_rabbit.ssl = False log_opt_values /usr/lib/python3/dist-packages/oslo_config/cfg.py:2609
2026-02-26 00:39:25.507 38807 DEBUG oslo_service.service [-] oslo_messaging_rabbit.ssl_ca_file = log_opt_values /usr/lib/python3/dist-packages/oslo_config/cfg.py:2609
2026-02-26 00:39:25.508 38807 DEBUG oslo_service.service [-] oslo_messaging_rabbit.ssl_cert_file = log_opt_values /usr/lib/python3/dist-packages/oslo_config/cfg.py:2609
2026-02-26 00:39:25.508 38807 DEBUG oslo_service.service [-] oslo_messaging_rabbit.ssl_key_file = log_opt_values /usr/lib/python3/dist-packages/oslo_config/cfg.py:2609
2026-02-26 00:39:25.508 38807 DEBUG oslo_service.service [-] oslo_messaging_rabbit.ssl_version = log_opt_values /usr/lib/python3/dist-packages/oslo_config/cfg.py:2609
2026-02-26 00:39:25.508 38807 DEBUG oslo_service.service [-] oslo_messaging_notifications.driver = [] log_opt_values /usr/lib/python3/dist-packages/oslo_config/cfg.py:2609
2026-02-26 00:39:25.508 38807 DEBUG oslo_service.service [-] oslo_messaging_notifications.retry = -1 log_opt_values /usr/lib/python3/dist-packages/oslo_config/cfg.py:2609
2026-02-26 00:39:25.508 38807 DEBUG oslo_service.service [-] oslo_messaging_notifications.topics = ['notifications'] log_opt_values /usr/lib/python3/dist-packages/oslo_config/cfg.py:2609
2026-02-26 00:39:25.508 38807 DEBUG oslo_service.service [-] oslo_messaging_notifications.transport_url = **** log_opt_values /usr/lib/python3/dist-packages/oslo_config/cfg.py:2609
2026-02-26 00:39:25.509 38807 DEBUG oslo_service.service [-] cache.backend = dogpile.cache.null log_opt_values /usr/lib/python3/dist-packages/oslo_config/cfg.py:2609
2026-02-26 00:39:25.509 38807 DEBUG oslo_service.service [-] cache.backend_argument = **** log_opt_values /usr/lib/python3/dist-packages/oslo_config/cfg.py:2609
2026-02-26 00:39:25.509 38807 DEBUG oslo_service.service [-] cache.config_prefix = cache.oslo log_opt_values /usr/lib/python3/dist-packages/oslo_config/cfg.py:2609
2026-02-26 00:39:25.509 38807 DEBUG oslo_service.service [-] cache.debug_cache_backend = False log_opt_values /usr/lib/python3/dist-packages/oslo_config/cfg.py:2609
2026-02-26 00:39:25.509 38807 DEBUG oslo_service.service [-] cache.enabled = False log_opt_values /usr/lib/python3/dist-packages/oslo_config/cfg.py:2609
2026-02-26 00:39:25.510 38807 DEBUG oslo_service.service [-] cache.expiration_time = 600 log_opt_values /usr/lib/python3/dist-packages/oslo_config/cfg.py:2609
2026-02-26 00:39:25.510 38807 DEBUG oslo_service.service [-] cache.memcache_dead_retry = 300 log_opt_values /usr/lib/python3/dist-packages/oslo_config/cfg.py:2609
2026-02-26 00:39:25.510 38807 DEBUG oslo_service.service [-] cache.memcache_pool_connection_get_timeout = 10 log_opt_values /usr/lib/python3/dist-packages/oslo_config/cfg.py:2609
2026-02-26 00:39:25.510 38807 DEBUG oslo_service.service [-] cache.memcache_pool_flush_on_reconnect = False log_opt_values /usr/lib/python3/dist-packages/oslo_config/cfg.py:2609
2026-02-26 00:39:25.510 38807 DEBUG oslo_service.service [-] cache.memcache_pool_maxsize = 10 log_opt_values /usr/lib/python3/dist-packages/oslo_config/cfg.py:2609
2026-02-26 00:39:25.510 38807 DEBUG oslo_service.service [-] cache.memcache_pool_unused_timeout = 60 log_opt_values /usr/lib/python3/dist-packages/oslo_config/cfg.py:2609
2026-02-26 00:39:25.510 38807 DEBUG oslo_service.service [-] cache.memcache_servers = ['localhost:11211'] log_opt_values /usr/lib/python3/dist-packages/oslo_config/cfg.py:2609
2026-02-26 00:39:25.510 38807 DEBUG oslo_service.service [-] cache.memcache_socket_timeout = 1.0 log_opt_values /usr/lib/python3/dist-packages/oslo_config/cfg.py:2609
2026-02-26 00:39:25.511 38807 DEBUG oslo_service.service [-] cache.proxies = [] log_opt_values /usr/lib/python3/dist-packages/oslo_config/cfg.py:2609
2026-02-26 00:39:25.511 38807 DEBUG oslo_service.service [-] cache.tls_allowed_ciphers = None log_opt_values /usr/lib/python3/dist-packages/oslo_config/cfg.py:2609
2026-02-26 00:39:25.511 38807 DEBUG oslo_service.service [-] cache.tls_cafile = None log_opt_values /usr/lib/python3/dist-packages/oslo_config/cfg.py:2609
2026-02-26 00:39:25.511 38807 DEBUG oslo_service.service [-] cache.tls_certfile = None log_opt_values /usr/lib/python3/dist-packages/oslo_config/cfg.py:2609
2026-02-26 00:39:25.511 38807 DEBUG oslo_service.service [-] cache.tls_enabled = False log_opt_values /usr/lib/python3/dist-packages/oslo_config/cfg.py:2609
2026-02-26 00:39:25.511 38807 DEBUG oslo_service.service [-] cache.tls_keyfile = None log_opt_values /usr/lib/python3/dist-packages/oslo_config/cfg.py:2609
2026-02-26 00:39:25.511 38807 DEBUG oslo_service.service [-] constraint_validation_cache.caching = True log_opt_values /usr/lib/python3/dist-packages/oslo_config/cfg.py:2609
2026-02-26 00:39:25.511 38807 DEBUG oslo_service.service [-] constraint_validation_cache.expiration_time = 60 log_opt_values /usr/lib/python3/dist-packages/oslo_config/cfg.py:2609
2026-02-26 00:39:25.512 38807 DEBUG oslo_service.service [-] service_extension_cache.caching = True log_opt_values /usr/lib/python3/dist-packages/oslo_config/cfg.py:2609
2026-02-26 00:39:25.512 38807 DEBUG oslo_service.service [-] service_extension_cache.expiration_time = 3600 log_opt_values /usr/lib/python3/dist-packages/oslo_config/cfg.py:2609
2026-02-26 00:39:25.512 38807 DEBUG oslo_service.service [-] resource_finder_cache.caching = True log_opt_values /usr/lib/python3/dist-packages/oslo_config/cfg.py:2609
2026-02-26 00:39:25.512 38807 DEBUG oslo_service.service [-] resource_finder_cache.expiration_time = 3600 log_opt_values /usr/lib/python3/dist-packages/oslo_config/cfg.py:2609
2026-02-26 00:39:25.512 38807 DEBUG oslo_service.service [-] yaql.limit_iterators = 200 log_opt_values /usr/lib/python3/dist-packages/oslo_config/cfg.py:2609
2026-02-26 00:39:25.512 38807 DEBUG oslo_service.service [-] yaql.memory_quota = 10000 log_opt_values /usr/lib/python3/dist-packages/oslo_config/cfg.py:2609
2026-02-26 00:39:25.512 38807 DEBUG oslo_service.service [-] ******************************************************************************** log_opt_values /usr/lib/python3/dist-packages/oslo_config/cfg.py:2613
2026-02-26 00:39:25.556 39023 DEBUG oslo_db.sqlalchemy.engines [req-48a627b4-dac2-4f9f-9694-a6b65e75452b - - - - -] MySQL server mode set to STRICT_TRANS_TABLES,STRICT_ALL_TABLES,NO_ZERO_IN_DATE,NO_ZERO_DATE,ERROR_FOR_DIVISION_BY_ZERO,TRADITIONAL,NO_ENGINE_SUBSTITUTION _check_effective_sql_mode /usr/lib/python3/dist-packages/oslo_db/sqlalchemy/engines.py:314
2026-02-26 00:39:25.560 39022 DEBUG oslo_db.sqlalchemy.engines [req-340beac4-80a9-46ea-8ea3-221a89f68c2b - - - - -] MySQL server mode set to STRICT_TRANS_TABLES,STRICT_ALL_TABLES,NO_ZERO_IN_DATE,NO_ZERO_DATE,ERROR_FOR_DIVISION_BY_ZERO,TRADITIONAL,NO_ENGINE_SUBSTITUTION _check_effective_sql_mode /usr/lib/python3/dist-packages/oslo_db/sqlalchemy/engines.py:314
2026-02-26 00:39:25.564 39024 DEBUG oslo_db.sqlalchemy.engines [req-06679928-cc7a-4ba3-8104-efcdaaaca318 - - - - -] MySQL server mode set to STRICT_TRANS_TABLES,STRICT_ALL_TABLES,NO_ZERO_IN_DATE,NO_ZERO_DATE,ERROR_FOR_DIVISION_BY_ZERO,TRADITIONAL,NO_ENGINE_SUBSTITUTION _check_effective_sql_mode /usr/lib/python3/dist-packages/oslo_db/sqlalchemy/engines.py:314
2026-02-26 00:39:25.569 39025 DEBUG oslo_db.sqlalchemy.engines [req-b15da0ba-e671-4ce4-b537-363eb46548b1 - - - - -] MySQL server mode set to STRICT_TRANS_TABLES,STRICT_ALL_TABLES,NO_ZERO_IN_DATE,NO_ZERO_DATE,ERROR_FOR_DIVISION_BY_ZERO,TRADITIONAL,NO_ENGINE_SUBSTITUTION _check_effective_sql_mode /usr/lib/python3/dist-packages/oslo_db/sqlalchemy/engines.py:314
2026-02-26 00:39:25.656 39023 DEBUG heat.engine.service [req-2fe228e7-e50d-4e2f-97d3-eeb328b02f15 - - - - -] Service 6e35c990-16a7-4fdb-a17d-0dfbc74a592f is started service_manage_report /usr/lib/python3/dist-packages/heat/engine/service.py:2363
2026-02-26 00:39:25.672 39025 DEBUG heat.engine.service [req-12f3acca-e4c3-4add-86bd-68bee8ac11f4 - - - - -] Service d8faa792-7c4f-4ae5-8d4d-4392ed0ca681 is started service_manage_report /usr/lib/python3/dist-packages/heat/engine/service.py:2363
2026-02-26 00:39:25.674 39023 DEBUG heat.engine.service [req-2fe228e7-e50d-4e2f-97d3-eeb328b02f15 - - - - -] Service 6e35c990-16a7-4fdb-a17d-0dfbc74a592f is updated service_manage_report /usr/lib/python3/dist-packages/heat/engine/service.py:2370
2026-02-26 00:39:25.692 39025 DEBUG heat.engine.service [req-12f3acca-e4c3-4add-86bd-68bee8ac11f4 - - - - -] Service d8faa792-7c4f-4ae5-8d4d-4392ed0ca681 is updated service_manage_report /usr/lib/python3/dist-packages/heat/engine/service.py:2370
2026-02-26 00:39:25.700 39022 DEBUG heat.engine.service [req-bf3e0030-9a9f-4dcb-9547-e9097370f020 - - - - -] Service 0a0de858-3806-4374-bb55-d54bcfb79468 is started service_manage_report /usr/lib/python3/dist-packages/heat/engine/service.py:2363
2026-02-26 00:39:25.708 39024 DEBUG heat.engine.service [req-974a8afb-a7be-4520-92c4-e39f987e1ef8 - - - - -] Service 81b5f5d7-78b9-4ff9-975a-56713dcddb58 is started service_manage_report /usr/lib/python3/dist-packages/heat/engine/service.py:2363
2026-02-26 00:39:25.725 39022 DEBUG heat.engine.service [req-bf3e0030-9a9f-4dcb-9547-e9097370f020 - - - - -] Service 0a0de858-3806-4374-bb55-d54bcfb79468 is updated service_manage_report /usr/lib/python3/dist-packages/heat/engine/service.py:2370
2026-02-26 00:39:25.729 39024 DEBUG heat.engine.service [req-974a8afb-a7be-4520-92c4-e39f987e1ef8 - - - - -] Service 81b5f5d7-78b9-4ff9-975a-56713dcddb58 is updated service_manage_report /usr/lib/python3/dist-packages/heat/engine/service.py:2370
2026-02-26 00:40:25.631 39023 DEBUG heat.engine.service [req-ba84f1a3-bb63-4346-8bdb-d8bac2b2f2e1 - - - - -] Service 6e35c990-16a7-4fdb-a17d-0dfbc74a592f is updated service_manage_report /usr/lib/python3/dist-packages/heat/engine/service.py:2370
2026-02-26 00:40:25.665 39025 DEBUG heat.engine.service [req-27bc048c-d7a2-461c-a565-cda3b8c04333 - - - - -] Service d8faa792-7c4f-4ae5-8d4d-4392ed0ca681 is updated service_manage_report /usr/lib/python3/dist-packages/heat/engine/service.py:2370
2026-02-26 00:40:25.674 39022 DEBUG heat.engine.service [req-79940343-d7f3-48d6-9899-c4f8bed271a1 - - - - -] Service 0a0de858-3806-4374-bb55-d54bcfb79468 is updated service_manage_report /usr/lib/python3/dist-packages/heat/engine/service.py:2370
2026-02-26 00:40:25.686 39024 DEBUG heat.engine.service [req-abe089f3-3506-4148-a8ff-fe47e5e8239a - - - - -] Service 81b5f5d7-78b9-4ff9-975a-56713dcddb58 is updated service_manage_report /usr/lib/python3/dist-packages/heat/engine/service.py:2370
2026-02-26 00:41:25.630 39023 DEBUG heat.engine.service [req-367c35d6-12fd-4549-95fe-fdf62218b930 - - - - -] Service 6e35c990-16a7-4fdb-a17d-0dfbc74a592f is updated service_manage_report /usr/lib/python3/dist-packages/heat/engine/service.py:2370
2026-02-26 00:41:25.664 39025 DEBUG heat.engine.service [req-1d66fc0b-1472-4535-8fa3-a55f1d0a1fe9 - - - - -] Service d8faa792-7c4f-4ae5-8d4d-4392ed0ca681 is updated service_manage_report /usr/lib/python3/dist-packages/heat/engine/service.py:2370
2026-02-26 00:41:25.670 39022 DEBUG heat.engine.service [req-ef4f6270-9e1f-481b-a97b-8d5ff06a6c58 - - - - -] Service 0a0de858-3806-4374-bb55-d54bcfb79468 is updated service_manage_report /usr/lib/python3/dist-packages/heat/engine/service.py:2370
2026-02-26 00:41:25.685 39024 DEBUG heat.engine.service [req-47f50d35-69e0-4d31-865e-86b4e8642f23 - - - - -] Service 81b5f5d7-78b9-4ff9-975a-56713dcddb58 is updated service_manage_report /usr/lib/python3/dist-packages/heat/engine/service.py:2370
2026-02-26 00:42:25.626 39023 DEBUG heat.engine.service [req-5071be72-9f32-4813-8525-10b496a3f521 - - - - -] Service 6e35c990-16a7-4fdb-a17d-0dfbc74a592f is updated service_manage_report /usr/lib/python3/dist-packages/heat/engine/service.py:2370
2026-02-26 00:42:25.663 39025 DEBUG heat.engine.service [req-23fa2f23-3a46-4a91-b6c7-2cb30f6895f7 - - - - -] Service d8faa792-7c4f-4ae5-8d4d-4392ed0ca681 is updated service_manage_report /usr/lib/python3/dist-packages/heat/engine/service.py:2370
2026-02-26 00:42:25.668 39022 DEBUG heat.engine.service [req-2784d2f3-9ab7-491c-99ba-e8d44b20cdf5 - - - - -] Service 0a0de858-3806-4374-bb55-d54bcfb79468 is updated service_manage_report /usr/lib/python3/dist-packages/heat/engine/service.py:2370
2026-02-26 00:42:25.681 39024 DEBUG heat.engine.service [req-eed0681a-813c-4225-8d5e-d2cba6390788 - - - - -] Service 81b5f5d7-78b9-4ff9-975a-56713dcddb58 is updated service_manage_report /usr/lib/python3/dist-packages/heat/engine/service.py:2370
2026-02-26 00:43:25.624 39023 DEBUG heat.engine.service [req-dce1597f-c513-4139-9271-86731dbe4d28 - - - - -] Service 6e35c990-16a7-4fdb-a17d-0dfbc74a592f is updated service_manage_report /usr/lib/python3/dist-packages/heat/engine/service.py:2370
2026-02-26 00:43:25.662 39025 DEBUG heat.engine.service [req-1cf15cb1-203d-4ffe-a900-01df636e273e - - - - -] Service d8faa792-7c4f-4ae5-8d4d-4392ed0ca681 is updated service_manage_report /usr/lib/python3/dist-packages/heat/engine/service.py:2370
2026-02-26 00:43:25.665 39022 DEBUG heat.engine.service [req-0893410e-e78f-475b-82d4-77a3bb79002e - - - - -] Service 0a0de858-3806-4374-bb55-d54bcfb79468 is updated service_manage_report /usr/lib/python3/dist-packages/heat/engine/service.py:2370
2026-02-26 00:43:25.678 39024 DEBUG heat.engine.service [req-05076dcd-d3d3-479a-8506-27a6bbae5017 - - - - -] Service 81b5f5d7-78b9-4ff9-975a-56713dcddb58 is updated service_manage_report /usr/lib/python3/dist-packages/heat/engine/service.py:2370
2026-02-26 00:44:25.638 39023 DEBUG heat.engine.service [req-8b9d5d4f-1666-4d52-b0b3-cc77b9d9dd08 - - - - -] Service 6e35c990-16a7-4fdb-a17d-0dfbc74a592f is updated service_manage_report /usr/lib/python3/dist-packages/heat/engine/service.py:2370
2026-02-26 00:44:25.658 39025 DEBUG heat.engine.service [req-7fc50b17-c065-4442-87e9-b807294a697d - - - - -] Service d8faa792-7c4f-4ae5-8d4d-4392ed0ca681 is updated service_manage_report /usr/lib/python3/dist-packages/heat/engine/service.py:2370
2026-02-26 00:44:25.662 39022 DEBUG heat.engine.service [req-17aa4c48-d366-49f2-b35a-94b4ea414db1 - - - - -] Service 0a0de858-3806-4374-bb55-d54bcfb79468 is updated service_manage_report /usr/lib/python3/dist-packages/heat/engine/service.py:2370
2026-02-26 00:44:25.675 39024 DEBUG heat.engine.service [req-689e98d7-8eb2-484a-83da-a9bc4bd09bcc - - - - -] Service 81b5f5d7-78b9-4ff9-975a-56713dcddb58 is updated service_manage_report /usr/lib/python3/dist-packages/heat/engine/service.py:2370
2026-02-26 00:45:25.627 39023 DEBUG heat.engine.service [req-cbe10813-c1c0-427a-80a9-ed5a9ceba4f5 - - - - -] Service 6e35c990-16a7-4fdb-a17d-0dfbc74a592f is updated service_manage_report /usr/lib/python3/dist-packages/heat/engine/service.py:2370
2026-02-26 00:45:25.657 39025 DEBUG heat.engine.service [req-8abf7f21-fae5-4eeb-9a31-7f61b7431082 - - - - -] Service d8faa792-7c4f-4ae5-8d4d-4392ed0ca681 is updated service_manage_report /usr/lib/python3/dist-packages/heat/engine/service.py:2370
2026-02-26 00:45:25.660 39022 DEBUG heat.engine.service [req-7a3384f8-06c0-45a1-b3bf-a70d76132eab - - - - -] Service 0a0de858-3806-4374-bb55-d54bcfb79468 is updated service_manage_report /usr/lib/python3/dist-packages/heat/engine/service.py:2370
2026-02-26 00:45:25.671 39024 DEBUG heat.engine.service [req-0b81d957-12b2-492d-bf5e-2eb1a1939c0c - - - - -] Service 81b5f5d7-78b9-4ff9-975a-56713dcddb58 is updated service_manage_report /usr/lib/python3/dist-packages/heat/engine/service.py:2370
2026-02-26 00:46:25.623 39023 DEBUG heat.engine.service [req-8b2329d8-43e9-4391-a3f8-41788d98b137 - - - - -] Service 6e35c990-16a7-4fdb-a17d-0dfbc74a592f is updated service_manage_report /usr/lib/python3/dist-packages/heat/engine/service.py:2370
2026-02-26 00:46:25.655 39025 DEBUG heat.engine.service [req-765ab597-f9f3-4f4c-81d6-f446c69c7384 - - - - -] Service d8faa792-7c4f-4ae5-8d4d-4392ed0ca681 is updated service_manage_report /usr/lib/python3/dist-packages/heat/engine/service.py:2370
2026-02-26 00:46:25.656 39022 DEBUG heat.engine.service [req-65a1cc2e-178a-4068-8bbc-adc1e77cba29 - - - - -] Service 0a0de858-3806-4374-bb55-d54bcfb79468 is updated service_manage_report /usr/lib/python3/dist-packages/heat/engine/service.py:2370
2026-02-26 00:46:25.666 39024 DEBUG heat.engine.service [req-8bfcf48d-ea12-4edd-ab48-3d9286ae572c - - - - -] Service 81b5f5d7-78b9-4ff9-975a-56713dcddb58 is updated service_manage_report /usr/lib/python3/dist-packages/heat/engine/service.py:2370
2026-02-26 00:47:25.625 39023 DEBUG heat.engine.service [req-34801573-8ca2-4654-9e77-7404191102af - - - - -] Service 6e35c990-16a7-4fdb-a17d-0dfbc74a592f is updated service_manage_report /usr/lib/python3/dist-packages/heat/engine/service.py:2370
2026-02-26 00:47:25.652 39022 DEBUG heat.engine.service [req-c3459d41-c375-49a8-b367-b50416008b93 - - - - -] Service 0a0de858-3806-4374-bb55-d54bcfb79468 is updated service_manage_report /usr/lib/python3/dist-packages/heat/engine/service.py:2370
2026-02-26 00:47:25.653 39025 DEBUG heat.engine.service [req-6e568711-2ee5-46bd-85c6-f45402fd0b90 - - - - -] Service d8faa792-7c4f-4ae5-8d4d-4392ed0ca681 is updated service_manage_report /usr/lib/python3/dist-packages/heat/engine/service.py:2370
2026-02-26 00:47:25.675 39024 DEBUG heat.engine.service [req-f467b519-1e2f-4b72-b617-a9eeb43d1f30 - - - - -] Service 81b5f5d7-78b9-4ff9-975a-56713dcddb58 is updated service_manage_report /usr/lib/python3/dist-packages/heat/engine/service.py:2370
2026-02-26 00:48:25.622 39023 DEBUG heat.engine.service [req-e289e669-de94-4e68-beec-656d4ef8f16e - - - - -] Service 6e35c990-16a7-4fdb-a17d-0dfbc74a592f is updated service_manage_report /usr/lib/python3/dist-packages/heat/engine/service.py:2370
2026-02-26 00:48:25.651 39022 DEBUG heat.engine.service [req-596f04ff-654d-4fbe-a6d9-15d0931d468c - - - - -] Service 0a0de858-3806-4374-bb55-d54bcfb79468 is updated service_manage_report /usr/lib/python3/dist-packages/heat/engine/service.py:2370
2026-02-26 00:48:25.655 39025 DEBUG heat.engine.service [req-0ed45fa6-62e4-4179-9463-40a4d274dec7 - - - - -] Service d8faa792-7c4f-4ae5-8d4d-4392ed0ca681 is updated service_manage_report /usr/lib/python3/dist-packages/heat/engine/service.py:2370
2026-02-26 00:48:25.671 39024 DEBUG heat.engine.service [req-4fde224b-632b-4c68-91ff-f296c1e21f5e - - - - -] Service 81b5f5d7-78b9-4ff9-975a-56713dcddb58 is updated service_manage_report /usr/lib/python3/dist-packages/heat/engine/service.py:2370
2026-02-26 00:49:25.616 39023 DEBUG heat.engine.service [req-cb237854-dbb2-403a-b579-7a514b93e5e7 - - - - -] Service 6e35c990-16a7-4fdb-a17d-0dfbc74a592f is updated service_manage_report /usr/lib/python3/dist-packages/heat/engine/service.py:2370
2026-02-26 00:49:25.648 39022 DEBUG heat.engine.service [req-9afb904f-e2eb-4320-9fe5-ab315c49bab5 - - - - -] Service 0a0de858-3806-4374-bb55-d54bcfb79468 is updated service_manage_report /usr/lib/python3/dist-packages/heat/engine/service.py:2370
2026-02-26 00:49:25.652 39025 DEBUG heat.engine.service [req-f5971ca8-4986-41e1-aacb-db4f54d13eee - - - - -] Service d8faa792-7c4f-4ae5-8d4d-4392ed0ca681 is updated service_manage_report /usr/lib/python3/dist-packages/heat/engine/service.py:2370
2026-02-26 00:49:25.666 39024 DEBUG heat.engine.service [req-2c58ba52-dfe3-41d0-81ce-058420f81c86 - - - - -] Service 81b5f5d7-78b9-4ff9-975a-56713dcddb58 is updated service_manage_report /usr/lib/python3/dist-packages/heat/engine/service.py:2370
2026-02-26 00:50:25.623 39023 DEBUG heat.engine.service [req-e68c88ba-6f5b-425a-aa70-81cd94cb886e - - - - -] Service 6e35c990-16a7-4fdb-a17d-0dfbc74a592f is updated service_manage_report /usr/lib/python3/dist-packages/heat/engine/service.py:2370
2026-02-26 00:50:25.645 39022 DEBUG heat.engine.service [req-4c9a8768-02fd-4c90-a3d7-9036189d82de - - - - -] Service 0a0de858-3806-4374-bb55-d54bcfb79468 is updated service_manage_report /usr/lib/python3/dist-packages/heat/engine/service.py:2370
2026-02-26 00:50:25.648 39025 DEBUG heat.engine.service [req-6a9651b7-0e7c-4401-9cfe-3ae925873194 - - - - -] Service d8faa792-7c4f-4ae5-8d4d-4392ed0ca681 is updated service_manage_report /usr/lib/python3/dist-packages/heat/engine/service.py:2370
2026-02-26 00:50:25.677 39024 DEBUG heat.engine.service [req-0949e9ad-1ea5-41ce-b6f7-8f53924d3e32 - - - - -] Service 81b5f5d7-78b9-4ff9-975a-56713dcddb58 is updated service_manage_report /usr/lib/python3/dist-packages/heat/engine/service.py:2370
2026-02-26 00:51:25.625 39023 DEBUG heat.engine.service [req-ae5bc591-3970-473c-80b9-c7197a9e1dd2 - - - - -] Service 6e35c990-16a7-4fdb-a17d-0dfbc74a592f is updated service_manage_report /usr/lib/python3/dist-packages/heat/engine/service.py:2370
2026-02-26 00:51:25.641 39022 DEBUG heat.engine.service [req-1cfce34f-28b6-4957-92f5-3a22f55162a6 - - - - -] Service 0a0de858-3806-4374-bb55-d54bcfb79468 is updated service_manage_report /usr/lib/python3/dist-packages/heat/engine/service.py:2370
2026-02-26 00:51:25.649 39025 DEBUG heat.engine.service [req-bdd0f84a-9dab-490d-8cb1-aaf250090425 - - - - -] Service d8faa792-7c4f-4ae5-8d4d-4392ed0ca681 is updated service_manage_report /usr/lib/python3/dist-packages/heat/engine/service.py:2370
2026-02-26 00:51:25.677 39024 DEBUG heat.engine.service [req-85450bdb-1139-40b1-a203-386dc0b4be43 - - - - -] Service 81b5f5d7-78b9-4ff9-975a-56713dcddb58 is updated service_manage_report /usr/lib/python3/dist-packages/heat/engine/service.py:2370
2026-02-26 00:52:25.620 39023 DEBUG heat.engine.service [req-f95aa37d-8419-49d1-9a79-05a654956a4e - - - - -] Service 6e35c990-16a7-4fdb-a17d-0dfbc74a592f is updated service_manage_report /usr/lib/python3/dist-packages/heat/engine/service.py:2370
2026-02-26 00:52:25.646 39025 DEBUG heat.engine.service [req-73ee9684-e28c-47ee-a84a-f91ab0f2eeff - - - - -] Service d8faa792-7c4f-4ae5-8d4d-4392ed0ca681 is updated service_manage_report /usr/lib/python3/dist-packages/heat/engine/service.py:2370
2026-02-26 00:52:25.649 39022 DEBUG heat.engine.service [req-5b7e1e97-558d-4619-a8a5-017208faf170 - - - - -] Service 0a0de858-3806-4374-bb55-d54bcfb79468 is updated service_manage_report /usr/lib/python3/dist-packages/heat/engine/service.py:2370
2026-02-26 00:52:25.673 39024 DEBUG heat.engine.service [req-382489a7-4f40-4d86-977c-a40922b4b8fc - - - - -] Service 81b5f5d7-78b9-4ff9-975a-56713dcddb58 is updated service_manage_report /usr/lib/python3/dist-packages/heat/engine/service.py:2370
2026-02-26 00:53:25.627 39023 DEBUG heat.engine.service [req-38c5bf4f-8227-44c0-a493-8bf8f96e2aa3 - - - - -] Service 6e35c990-16a7-4fdb-a17d-0dfbc74a592f is updated service_manage_report /usr/lib/python3/dist-packages/heat/engine/service.py:2370
2026-02-26 00:53:25.643 39025 DEBUG heat.engine.service [req-2863c1d4-08da-403b-baf5-64ed698b9094 - - - - -] Service d8faa792-7c4f-4ae5-8d4d-4392ed0ca681 is updated service_manage_report /usr/lib/python3/dist-packages/heat/engine/service.py:2370
2026-02-26 00:53:25.646 39022 DEBUG heat.engine.service [req-65962ba9-0a4c-44f6-b7f3-155a1540407b - - - - -] Service 0a0de858-3806-4374-bb55-d54bcfb79468 is updated service_manage_report /usr/lib/python3/dist-packages/heat/engine/service.py:2370
2026-02-26 00:53:25.670 39024 DEBUG heat.engine.service [req-681490fb-6727-40eb-94ab-d563df8d7d23 - - - - -] Service 81b5f5d7-78b9-4ff9-975a-56713dcddb58 is updated service_manage_report /usr/lib/python3/dist-packages/heat/engine/service.py:2370
2026-02-26 00:54:25.623 39023 DEBUG heat.engine.service [req-226e8997-7765-4a90-ba1b-0069db959233 - - - - -] Service 6e35c990-16a7-4fdb-a17d-0dfbc74a592f is updated service_manage_report /usr/lib/python3/dist-packages/heat/engine/service.py:2370
2026-02-26 00:54:25.642 39025 DEBUG heat.engine.service [req-a305b1c8-6a43-49a4-a435-866b7b21a9c2 - - - - -] Service d8faa792-7c4f-4ae5-8d4d-4392ed0ca681 is updated service_manage_report /usr/lib/python3/dist-packages/heat/engine/service.py:2370
2026-02-26 00:54:25.644 39022 DEBUG heat.engine.service [req-d93cdbaa-8947-4207-8ba5-6b2b53ac7081 - - - - -] Service 0a0de858-3806-4374-bb55-d54bcfb79468 is updated service_manage_report /usr/lib/python3/dist-packages/heat/engine/service.py:2370
2026-02-26 00:54:25.669 39024 DEBUG heat.engine.service [req-ef77fa14-38c2-4e70-9bf1-14d373fffe73 - - - - -] Service 81b5f5d7-78b9-4ff9-975a-56713dcddb58 is updated service_manage_report /usr/lib/python3/dist-packages/heat/engine/service.py:2370
2026-02-26 00:55:25.628 39023 DEBUG heat.engine.service [req-3b6dec7e-67e8-4ce4-bb66-5256d4e1fed9 - - - - -] Service 6e35c990-16a7-4fdb-a17d-0dfbc74a592f is updated service_manage_report /usr/lib/python3/dist-packages/heat/engine/service.py:2370
2026-02-26 00:55:25.642 39025 DEBUG heat.engine.service [req-92b9b75a-9485-4021-b229-6161f27d3759 - - - - -] Service d8faa792-7c4f-4ae5-8d4d-4392ed0ca681 is updated service_manage_report /usr/lib/python3/dist-packages/heat/engine/service.py:2370
2026-02-26 00:55:25.643 39022 DEBUG heat.engine.service [req-de15c35a-207c-47fd-9384-1dc2dbcfe68e - - - - -] Service 0a0de858-3806-4374-bb55-d54bcfb79468 is updated service_manage_report /usr/lib/python3/dist-packages/heat/engine/service.py:2370
2026-02-26 00:55:25.665 39024 DEBUG heat.engine.service [req-006aef47-ba53-45a9-a6ff-23334b9b2a19 - - - - -] Service 81b5f5d7-78b9-4ff9-975a-56713dcddb58 is updated service_manage_report /usr/lib/python3/dist-packages/heat/engine/service.py:2370
2026-02-26 00:56:25.628 39023 DEBUG heat.engine.service [req-13641973-e768-47b5-97e2-426bf60b2a72 - - - - -] Service 6e35c990-16a7-4fdb-a17d-0dfbc74a592f is updated service_manage_report /usr/lib/python3/dist-packages/heat/engine/service.py:2370
2026-02-26 00:56:25.640 39025 DEBUG heat.engine.service [req-b77a4b30-2eb4-4f8b-8929-36cc43782591 - - - - -] Service d8faa792-7c4f-4ae5-8d4d-4392ed0ca681 is updated service_manage_report /usr/lib/python3/dist-packages/heat/engine/service.py:2370
2026-02-26 00:56:25.645 39022 DEBUG heat.engine.service [req-7206ad82-b86b-493e-945b-bc2923ad42cf - - - - -] Service 0a0de858-3806-4374-bb55-d54bcfb79468 is updated service_manage_report /usr/lib/python3/dist-packages/heat/engine/service.py:2370
2026-02-26 00:56:25.664 39024 DEBUG heat.engine.service [req-149afc5a-4c2a-4146-be22-cfa8440e0e2f - - - - -] Service 81b5f5d7-78b9-4ff9-975a-56713dcddb58 is updated service_manage_report /usr/lib/python3/dist-packages/heat/engine/service.py:2370
2026-02-26 00:57:25.626 39023 DEBUG heat.engine.service [req-7e2f5e94-67b9-4468-bd9d-440bb2427278 - - - - -] Service 6e35c990-16a7-4fdb-a17d-0dfbc74a592f is updated service_manage_report /usr/lib/python3/dist-packages/heat/engine/service.py:2370
2026-02-26 00:57:25.639 39025 DEBUG heat.engine.service [req-6399870c-862c-400b-ac36-6e02fd1653df - - - - -] Service d8faa792-7c4f-4ae5-8d4d-4392ed0ca681 is updated service_manage_report /usr/lib/python3/dist-packages/heat/engine/service.py:2370
2026-02-26 00:57:25.643 39022 DEBUG heat.engine.service [req-052f9298-e759-49cb-8e98-785c2753067f - - - - -] Service 0a0de858-3806-4374-bb55-d54bcfb79468 is updated service_manage_report /usr/lib/python3/dist-packages/heat/engine/service.py:2370
2026-02-26 00:57:25.658 39024 DEBUG heat.engine.service [req-d60e5428-de5f-4b51-8c66-dc6b2311ef16 - - - - -] Service 81b5f5d7-78b9-4ff9-975a-56713dcddb58 is updated service_manage_report /usr/lib/python3/dist-packages/heat/engine/service.py:2370
2026-02-26 00:58:25.625 39023 DEBUG heat.engine.service [req-c2adb1fb-1273-40d4-a40c-2fd7f45353f2 - - - - -] Service 6e35c990-16a7-4fdb-a17d-0dfbc74a592f is updated service_manage_report /usr/lib/python3/dist-packages/heat/engine/service.py:2370
2026-02-26 00:58:25.639 39025 DEBUG heat.engine.service [req-fa400d36-0ad2-4cf5-a6dc-8363a67a65e6 - - - - -] Service d8faa792-7c4f-4ae5-8d4d-4392ed0ca681 is updated service_manage_report /usr/lib/python3/dist-packages/heat/engine/service.py:2370
2026-02-26 00:58:25.640 39022 DEBUG heat.engine.service [req-8a696171-4b46-49aa-8de0-1c98f67815c1 - - - - -] Service 0a0de858-3806-4374-bb55-d54bcfb79468 is updated service_manage_report /usr/lib/python3/dist-packages/heat/engine/service.py:2370
2026-02-26 00:58:25.662 39024 DEBUG heat.engine.service [req-44db4b5d-463b-4b05-b0a5-152f11160685 - - - - -] Service 81b5f5d7-78b9-4ff9-975a-56713dcddb58 is updated service_manage_report /usr/lib/python3/dist-packages/heat/engine/service.py:2370
2026-02-26 00:59:25.622 39023 DEBUG heat.engine.service [req-b6085d03-e5a5-4412-8c06-dd93cedee637 - - - - -] Service 6e35c990-16a7-4fdb-a17d-0dfbc74a592f is updated service_manage_report /usr/lib/python3/dist-packages/heat/engine/service.py:2370
2026-02-26 00:59:25.640 39025 DEBUG heat.engine.service [req-8b6bb68b-5bf7-4850-a5f8-16a17affad0f - - - - -] Service d8faa792-7c4f-4ae5-8d4d-4392ed0ca681 is updated service_manage_report /usr/lib/python3/dist-packages/heat/engine/service.py:2370
2026-02-26 00:59:25.642 39022 DEBUG heat.engine.service [req-fc2b4d9e-7f14-4cd0-8de5-ada636bb0956 - - - - -] Service 0a0de858-3806-4374-bb55-d54bcfb79468 is updated service_manage_report /usr/lib/python3/dist-packages/heat/engine/service.py:2370
2026-02-26 00:59:25.670 39024 DEBUG heat.engine.service [req-5992c43b-7198-41a9-915c-790d0dc284d4 - - - - -] Service 81b5f5d7-78b9-4ff9-975a-56713dcddb58 is updated service_manage_report /usr/lib/python3/dist-packages/heat/engine/service.py:2370
2026-02-26 01:00:25.619 39023 DEBUG heat.engine.service [req-5981da28-1961-4baa-a29e-3ac58cac9aaa - - - - -] Service 6e35c990-16a7-4fdb-a17d-0dfbc74a592f is updated service_manage_report /usr/lib/python3/dist-packages/heat/engine/service.py:2370
2026-02-26 01:00:25.638 39025 DEBUG heat.engine.service [req-5eca1b8f-3147-45af-ab88-4ff21bcac516 - - - - -] Service d8faa792-7c4f-4ae5-8d4d-4392ed0ca681 is updated service_manage_report /usr/lib/python3/dist-packages/heat/engine/service.py:2370
2026-02-26 01:00:25.639 39022 DEBUG heat.engine.service [req-87917aca-ade0-4664-80bf-564b333710f9 - - - - -] Service 0a0de858-3806-4374-bb55-d54bcfb79468 is updated service_manage_report /usr/lib/python3/dist-packages/heat/engine/service.py:2370
2026-02-26 01:00:25.668 39024 DEBUG heat.engine.service [req-b68f7858-7ff5-4a9e-acf8-911efe7ff6f2 - - - - -] Service 81b5f5d7-78b9-4ff9-975a-56713dcddb58 is updated service_manage_report /usr/lib/python3/dist-packages/heat/engine/service.py:2370
2026-02-26 01:01:25.617 39023 DEBUG heat.engine.service [req-354c6596-99c6-49ea-bbdb-380c699e0c03 - - - - -] Service 6e35c990-16a7-4fdb-a17d-0dfbc74a592f is updated service_manage_report /usr/lib/python3/dist-packages/heat/engine/service.py:2370
2026-02-26 01:01:25.635 39025 DEBUG heat.engine.service [req-6e31ed93-ec53-4278-9fc1-68a02b3ab79d - - - - -] Service d8faa792-7c4f-4ae5-8d4d-4392ed0ca681 is updated service_manage_report /usr/lib/python3/dist-packages/heat/engine/service.py:2370
2026-02-26 01:01:25.636 39022 DEBUG heat.engine.service [req-fc37391d-95c3-4a52-8ede-32fdd36773bb - - - - -] Service 0a0de858-3806-4374-bb55-d54bcfb79468 is updated service_manage_report /usr/lib/python3/dist-packages/heat/engine/service.py:2370
2026-02-26 01:01:25.670 39024 DEBUG heat.engine.service [req-9c6b1875-6f4d-4136-92c7-8c3587e7a27f - - - - -] Service 81b5f5d7-78b9-4ff9-975a-56713dcddb58 is updated service_manage_report /usr/lib/python3/dist-packages/heat/engine/service.py:2370
2026-02-26 01:02:25.613 39023 DEBUG heat.engine.service [req-98b08612-384b-4c73-8741-be9e44ba301b - - - - -] Service 6e35c990-16a7-4fdb-a17d-0dfbc74a592f is updated service_manage_report /usr/lib/python3/dist-packages/heat/engine/service.py:2370
2026-02-26 01:02:25.631 39025 DEBUG heat.engine.service [req-efb6d9d9-6f37-41db-a55e-d21c01ba8350 - - - - -] Service d8faa792-7c4f-4ae5-8d4d-4392ed0ca681 is updated service_manage_report /usr/lib/python3/dist-packages/heat/engine/service.py:2370
2026-02-26 01:02:25.633 39022 DEBUG heat.engine.service [req-dc82895c-fa2c-4488-b528-5a69b06073ad - - - - -] Service 0a0de858-3806-4374-bb55-d54bcfb79468 is updated service_manage_report /usr/lib/python3/dist-packages/heat/engine/service.py:2370
2026-02-26 01:02:25.676 39024 DEBUG heat.engine.service [req-7bea5baf-db84-4b5c-a9bc-aca5ff98bb8e - - - - -] Service 81b5f5d7-78b9-4ff9-975a-56713dcddb58 is updated service_manage_report /usr/lib/python3/dist-packages/heat/engine/service.py:2370
2026-02-26 01:03:25.613 39023 DEBUG heat.engine.service [req-74d924d7-58c0-4612-b12b-100f7f4d6b29 - - - - -] Service 6e35c990-16a7-4fdb-a17d-0dfbc74a592f is updated service_manage_report /usr/lib/python3/dist-packages/heat/engine/service.py:2370
2026-02-26 01:03:25.632 39022 DEBUG heat.engine.service [req-c4395e2e-0009-491e-8fce-558a1843a6d2 - - - - -] Service 0a0de858-3806-4374-bb55-d54bcfb79468 is updated service_manage_report /usr/lib/python3/dist-packages/heat/engine/service.py:2370
2026-02-26 01:03:25.639 39025 DEBUG heat.engine.service [req-8e9ecd60-2e65-49c3-8c58-4ac4c7d260da - - - - -] Service d8faa792-7c4f-4ae5-8d4d-4392ed0ca681 is updated service_manage_report /usr/lib/python3/dist-packages/heat/engine/service.py:2370
2026-02-26 01:03:25.674 39024 DEBUG heat.engine.service [req-75dd7a09-766c-47b5-9597-eb586e36ba44 - - - - -] Service 81b5f5d7-78b9-4ff9-975a-56713dcddb58 is updated service_manage_report /usr/lib/python3/dist-packages/heat/engine/service.py:2370
2026-02-26 01:04:25.615 39023 DEBUG heat.engine.service [req-841873ae-3f07-40fa-9824-a21168368691 - - - - -] Service 6e35c990-16a7-4fdb-a17d-0dfbc74a592f is updated service_manage_report /usr/lib/python3/dist-packages/heat/engine/service.py:2370
2026-02-26 01:04:25.629 39022 DEBUG heat.engine.service [req-4f84cd70-5e57-4ec3-a07b-066ee9c926ad - - - - -] Service 0a0de858-3806-4374-bb55-d54bcfb79468 is updated service_manage_report /usr/lib/python3/dist-packages/heat/engine/service.py:2370
2026-02-26 01:04:25.642 39025 DEBUG heat.engine.service [req-d4f0db96-f3f0-4369-9631-6642ecfb43ec - - - - -] Service d8faa792-7c4f-4ae5-8d4d-4392ed0ca681 is updated service_manage_report /usr/lib/python3/dist-packages/heat/engine/service.py:2370
2026-02-26 01:04:25.671 39024 DEBUG heat.engine.service [req-26388649-16d9-42ab-bfc3-495fa296c2fe - - - - -] Service 81b5f5d7-78b9-4ff9-975a-56713dcddb58 is updated service_manage_report /usr/lib/python3/dist-packages/heat/engine/service.py:2370
2026-02-26 01:05:25.614 39023 DEBUG heat.engine.service [req-92b5f490-e7f2-4088-9047-b841d4f2f261 - - - - -] Service 6e35c990-16a7-4fdb-a17d-0dfbc74a592f is updated service_manage_report /usr/lib/python3/dist-packages/heat/engine/service.py:2370
2026-02-26 01:05:25.626 39022 DEBUG heat.engine.service [req-2b9e2ec8-0407-4ff1-b4d3-9a41a7f85f11 - - - - -] Service 0a0de858-3806-4374-bb55-d54bcfb79468 is updated service_manage_report /usr/lib/python3/dist-packages/heat/engine/service.py:2370
2026-02-26 01:05:25.639 39025 DEBUG heat.engine.service [req-b6316324-3f6a-4898-8eec-7b523ed68904 - - - - -] Service d8faa792-7c4f-4ae5-8d4d-4392ed0ca681 is updated service_manage_report /usr/lib/python3/dist-packages/heat/engine/service.py:2370
