2026-02-26 00:31:10.126 33147 DEBUG oslo_service.service [-] database.connection_parameters = log_opt_values /usr/lib/python3/dist-packages/oslo_config/cfg.py:2609
2026-02-26 00:31:10.126 33147 DEBUG oslo_service.service [-] database.connection_recycle_time = 3600 log_opt_values /usr/lib/python3/dist-packages/oslo_config/cfg.py:2609
2026-02-26 00:31:10.126 33147 DEBUG oslo_service.service [-] database.connection_trace = False log_opt_values /usr/lib/python3/dist-packages/oslo_config/cfg.py:2609
2026-02-26 00:31:10.126 33147 DEBUG oslo_service.service [-] database.db_inc_retry_interval = True log_opt_values /usr/lib/python3/dist-packages/oslo_config/cfg.py:2609
2026-02-26 00:31:10.126 33147 DEBUG oslo_service.service [-] database.db_max_retries = 20 log_opt_values /usr/lib/python3/dist-packages/oslo_config/cfg.py:2609
2026-02-26 00:31:10.127 33147 DEBUG oslo_service.service [-] database.db_max_retry_interval = 10 log_opt_values /usr/lib/python3/dist-packages/oslo_config/cfg.py:2609
2026-02-26 00:31:10.127 33147 DEBUG oslo_service.service [-] database.db_retry_interval = 1 log_opt_values /usr/lib/python3/dist-packages/oslo_config/cfg.py:2609
2026-02-26 00:31:10.127 33147 DEBUG oslo_service.service [-] database.max_overflow = 50 log_opt_values /usr/lib/python3/dist-packages/oslo_config/cfg.py:2609
2026-02-26 00:31:10.127 33147 DEBUG oslo_service.service [-] database.max_pool_size = 5 log_opt_values /usr/lib/python3/dist-packages/oslo_config/cfg.py:2609
2026-02-26 00:31:10.127 33147 DEBUG oslo_service.service [-] database.max_retries = 10 log_opt_values /usr/lib/python3/dist-packages/oslo_config/cfg.py:2609
2026-02-26 00:31:10.127 33147 DEBUG oslo_service.service [-] database.mysql_enable_ndb = False log_opt_values /usr/lib/python3/dist-packages/oslo_config/cfg.py:2609
2026-02-26 00:31:10.127 33147 DEBUG oslo_service.service [-] database.mysql_sql_mode = TRADITIONAL log_opt_values /usr/lib/python3/dist-packages/oslo_config/cfg.py:2609
2026-02-26 00:31:10.127 33147 DEBUG oslo_service.service [-] database.pool_timeout = None log_opt_values /usr/lib/python3/dist-packages/oslo_config/cfg.py:2609
2026-02-26 00:31:10.128 33147 DEBUG oslo_service.service [-] database.retry_interval = 10 log_opt_values /usr/lib/python3/dist-packages/oslo_config/cfg.py:2609
2026-02-26 00:31:10.128 33147 DEBUG oslo_service.service [-] database.slave_connection = **** log_opt_values /usr/lib/python3/dist-packages/oslo_config/cfg.py:2609
2026-02-26 00:31:10.128 33147 DEBUG oslo_service.service [-] database.sqlite_synchronous = True log_opt_values /usr/lib/python3/dist-packages/oslo_config/cfg.py:2609
2026-02-26 00:31:10.128 33147 DEBUG oslo_service.service [-] database.use_db_reconnect = False log_opt_values /usr/lib/python3/dist-packages/oslo_config/cfg.py:2609
2026-02-26 00:31:10.128 33147 DEBUG oslo_service.service [-] oslo_messaging_metrics.metrics_buffer_size = 1000 log_opt_values /usr/lib/python3/dist-packages/oslo_config/cfg.py:2609
2026-02-26 00:31:10.128 33147 DEBUG oslo_service.service [-] oslo_messaging_metrics.metrics_enabled = False log_opt_values /usr/lib/python3/dist-packages/oslo_config/cfg.py:2609
2026-02-26 00:31:10.128 33147 DEBUG oslo_service.service [-] oslo_messaging_metrics.metrics_process_name = log_opt_values /usr/lib/python3/dist-packages/oslo_config/cfg.py:2609
2026-02-26 00:31:10.128 33147 DEBUG oslo_service.service [-] oslo_messaging_metrics.metrics_socket_file = /var/tmp/metrics_collector.sock log_opt_values /usr/lib/python3/dist-packages/oslo_config/cfg.py:2609
2026-02-26 00:31:10.128 33147 DEBUG oslo_service.service [-] oslo_messaging_metrics.metrics_thread_stop_timeout = 10 log_opt_values /usr/lib/python3/dist-packages/oslo_config/cfg.py:2609
2026-02-26 00:31:10.129 33147 DEBUG oslo_service.service [-] oslo_policy.enforce_new_defaults = False log_opt_values /usr/lib/python3/dist-packages/oslo_config/cfg.py:2609
2026-02-26 00:31:10.129 33147 DEBUG oslo_service.service [-] oslo_policy.enforce_scope = False log_opt_values /usr/lib/python3/dist-packages/oslo_config/cfg.py:2609
2026-02-26 00:31:10.129 33147 DEBUG oslo_service.service [-] oslo_policy.policy_default_rule = default log_opt_values /usr/lib/python3/dist-packages/oslo_config/cfg.py:2609
2026-02-26 00:31:10.129 33147 DEBUG oslo_service.service [-] oslo_policy.policy_dirs = ['policy.d'] log_opt_values /usr/lib/python3/dist-packages/oslo_config/cfg.py:2609
2026-02-26 00:31:10.129 33147 DEBUG oslo_service.service [-] oslo_policy.policy_file = policy.yaml log_opt_values /usr/lib/python3/dist-packages/oslo_config/cfg.py:2609
2026-02-26 00:31:10.130 33147 DEBUG oslo_service.service [-] oslo_policy.remote_content_type = application/x-www-form-urlencoded log_opt_values /usr/lib/python3/dist-packages/oslo_config/cfg.py:2609
2026-02-26 00:31:10.130 33147 DEBUG oslo_service.service [-] oslo_policy.remote_ssl_ca_crt_file = None log_opt_values /usr/lib/python3/dist-packages/oslo_config/cfg.py:2609
2026-02-26 00:31:10.130 33147 DEBUG oslo_service.service [-] oslo_policy.remote_ssl_client_crt_file = None log_opt_values /usr/lib/python3/dist-packages/oslo_config/cfg.py:2609
2026-02-26 00:31:10.130 33147 DEBUG oslo_service.service [-] oslo_policy.remote_ssl_client_key_file = None log_opt_values /usr/lib/python3/dist-packages/oslo_config/cfg.py:2609
2026-02-26 00:31:10.130 33147 DEBUG oslo_service.service [-] oslo_policy.remote_ssl_verify_server_crt = False log_opt_values /usr/lib/python3/dist-packages/oslo_config/cfg.py:2609
2026-02-26 00:31:10.130 33147 DEBUG oslo_service.service [-] trustee.auth_section = None log_opt_values /usr/lib/python3/dist-packages/oslo_config/cfg.py:2609
2026-02-26 00:31:10.131 33147 DEBUG oslo_service.service [-] trustee.auth_type = None log_opt_values /usr/lib/python3/dist-packages/oslo_config/cfg.py:2609
2026-02-26 00:31:10.131 33147 DEBUG oslo_service.service [-] oslo_versionedobjects.fatal_exception_format_errors = False log_opt_values /usr/lib/python3/dist-packages/oslo_config/cfg.py:2609
2026-02-26 00:31:10.131 33147 DEBUG oslo_service.service [-] oslo_messaging_rabbit.amqp_auto_delete = False log_opt_values /usr/lib/python3/dist-packages/oslo_config/cfg.py:2609
2026-02-26 00:31:10.131 33147 DEBUG oslo_service.service [-] oslo_messaging_rabbit.amqp_durable_queues = False log_opt_values /usr/lib/python3/dist-packages/oslo_config/cfg.py:2609
2026-02-26 00:31:10.131 33147 DEBUG oslo_service.service [-] oslo_messaging_rabbit.conn_pool_min_size = 2 log_opt_values /usr/lib/python3/dist-packages/oslo_config/cfg.py:2609
2026-02-26 00:31:10.131 33147 DEBUG oslo_service.service [-] oslo_messaging_rabbit.conn_pool_ttl = 1200 log_opt_values /usr/lib/python3/dist-packages/oslo_config/cfg.py:2609
2026-02-26 00:31:10.132 33147 DEBUG oslo_service.service [-] oslo_messaging_rabbit.direct_mandatory_flag = True log_opt_values /usr/lib/python3/dist-packages/oslo_config/cfg.py:2609
2026-02-26 00:31:10.133 33147 DEBUG oslo_service.service [-] oslo_messaging_rabbit.enable_cancel_on_failover = False log_opt_values /usr/lib/python3/dist-packages/oslo_config/cfg.py:2609
2026-02-26 00:31:10.133 33147 DEBUG oslo_service.service [-] oslo_messaging_rabbit.heartbeat_in_pthread = False log_opt_values /usr/lib/python3/dist-packages/oslo_config/cfg.py:2609
2026-02-26 00:31:10.133 33147 DEBUG oslo_service.service [-] oslo_messaging_rabbit.heartbeat_rate = 2 log_opt_values /usr/lib/python3/dist-packages/oslo_config/cfg.py:2609
2026-02-26 00:31:10.133 33147 DEBUG oslo_service.service [-] oslo_messaging_rabbit.heartbeat_timeout_threshold = 60 log_opt_values /usr/lib/python3/dist-packages/oslo_config/cfg.py:2609
2026-02-26 00:31:10.133 33147 DEBUG oslo_service.service [-] oslo_messaging_rabbit.kombu_compression = None log_opt_values /usr/lib/python3/dist-packages/oslo_config/cfg.py:2609
2026-02-26 00:31:10.136 33147 DEBUG oslo_service.service [-] oslo_messaging_rabbit.kombu_failover_strategy = round-robin log_opt_values /usr/lib/python3/dist-packages/oslo_config/cfg.py:2609
2026-02-26 00:31:10.137 33147 DEBUG oslo_service.service [-] oslo_messaging_rabbit.kombu_missing_consumer_retry_timeout = 60 log_opt_values /usr/lib/python3/dist-packages/oslo_config/cfg.py:2609
2026-02-26 00:31:10.137 33147 DEBUG oslo_service.service [-] oslo_messaging_rabbit.kombu_reconnect_delay = 1.0 log_opt_values /usr/lib/python3/dist-packages/oslo_config/cfg.py:2609
2026-02-26 00:31:10.137 33147 DEBUG oslo_service.service [-] oslo_messaging_rabbit.rabbit_ha_queues = False log_opt_values /usr/lib/python3/dist-packages/oslo_config/cfg.py:2609
2026-02-26 00:31:10.137 33147 DEBUG oslo_service.service [-] oslo_messaging_rabbit.rabbit_interval_max = 30 log_opt_values /usr/lib/python3/dist-packages/oslo_config/cfg.py:2609
2026-02-26 00:31:10.137 33147 DEBUG oslo_service.service [-] oslo_messaging_rabbit.rabbit_login_method = AMQPLAIN log_opt_values /usr/lib/python3/dist-packages/oslo_config/cfg.py:2609
2026-02-26 00:31:10.137 33147 DEBUG oslo_service.service [-] oslo_messaging_rabbit.rabbit_qos_prefetch_count = 0 log_opt_values /usr/lib/python3/dist-packages/oslo_config/cfg.py:2609
2026-02-26 00:31:10.137 33147 DEBUG oslo_service.service [-] oslo_messaging_rabbit.rabbit_quorum_queue = False log_opt_values /usr/lib/python3/dist-packages/oslo_config/cfg.py:2609
2026-02-26 00:31:10.138 33147 DEBUG oslo_service.service [-] oslo_messaging_rabbit.rabbit_retry_backoff = 2 log_opt_values /usr/lib/python3/dist-packages/oslo_config/cfg.py:2609
2026-02-26 00:31:10.138 33147 DEBUG oslo_service.service [-] oslo_messaging_rabbit.rabbit_retry_interval = 1 log_opt_values /usr/lib/python3/dist-packages/oslo_config/cfg.py:2609
2026-02-26 00:31:10.138 33147 DEBUG oslo_service.service [-] oslo_messaging_rabbit.rabbit_transient_queues_ttl = 1800 log_opt_values /usr/lib/python3/dist-packages/oslo_config/cfg.py:2609
2026-02-26 00:31:10.138 33147 DEBUG oslo_service.service [-] oslo_messaging_rabbit.rpc_conn_pool_size = 30 log_opt_values /usr/lib/python3/dist-packages/oslo_config/cfg.py:2609
2026-02-26 00:31:10.138 33147 DEBUG oslo_service.service [-] oslo_messaging_rabbit.ssl = False log_opt_values /usr/lib/python3/dist-packages/oslo_config/cfg.py:2609
2026-02-26 00:31:10.139 33147 DEBUG oslo_service.service [-] oslo_messaging_rabbit.ssl_ca_file = log_opt_values /usr/lib/python3/dist-packages/oslo_config/cfg.py:2609
2026-02-26 00:31:10.139 33147 DEBUG oslo_service.service [-] oslo_messaging_rabbit.ssl_cert_file = log_opt_values /usr/lib/python3/dist-packages/oslo_config/cfg.py:2609
2026-02-26 00:31:10.139 33147 DEBUG oslo_service.service [-] oslo_messaging_rabbit.ssl_key_file = log_opt_values /usr/lib/python3/dist-packages/oslo_config/cfg.py:2609
2026-02-26 00:31:10.139 33147 DEBUG oslo_service.service [-] oslo_messaging_rabbit.ssl_version = log_opt_values /usr/lib/python3/dist-packages/oslo_config/cfg.py:2609
2026-02-26 00:31:10.139 33147 DEBUG oslo_service.service [-] oslo_messaging_notifications.driver = [] log_opt_values /usr/lib/python3/dist-packages/oslo_config/cfg.py:2609
2026-02-26 00:31:10.141 33358 INFO heat.engine.worker [-] Starting engine_worker (1.4) in engine e092e298-3e3c-4b50-aa21-28e0565d282a.
2026-02-26 00:31:10.147 33147 DEBUG oslo_service.service [-] oslo_messaging_notifications.retry = -1 log_opt_values /usr/lib/python3/dist-packages/oslo_config/cfg.py:2609
2026-02-26 00:31:10.147 33147 DEBUG oslo_service.service [-] oslo_messaging_notifications.topics = ['notifications'] log_opt_values /usr/lib/python3/dist-packages/oslo_config/cfg.py:2609
2026-02-26 00:31:10.147 33147 DEBUG oslo_service.service [-] oslo_messaging_notifications.transport_url = **** log_opt_values /usr/lib/python3/dist-packages/oslo_config/cfg.py:2609
2026-02-26 00:31:10.148 33147 DEBUG oslo_service.service [-] cache.backend = dogpile.cache.null log_opt_values /usr/lib/python3/dist-packages/oslo_config/cfg.py:2609
2026-02-26 00:31:10.148 33147 DEBUG oslo_service.service [-] cache.backend_argument = **** log_opt_values /usr/lib/python3/dist-packages/oslo_config/cfg.py:2609
2026-02-26 00:31:10.148 33147 DEBUG oslo_service.service [-] cache.config_prefix = cache.oslo log_opt_values /usr/lib/python3/dist-packages/oslo_config/cfg.py:2609
2026-02-26 00:31:10.148 33147 DEBUG oslo_service.service [-] cache.debug_cache_backend = False log_opt_values /usr/lib/python3/dist-packages/oslo_config/cfg.py:2609
2026-02-26 00:31:10.148 33147 DEBUG oslo_service.service [-] cache.enabled = False log_opt_values /usr/lib/python3/dist-packages/oslo_config/cfg.py:2609
2026-02-26 00:31:10.149 33147 DEBUG oslo_service.service [-] cache.expiration_time = 600 log_opt_values /usr/lib/python3/dist-packages/oslo_config/cfg.py:2609
2026-02-26 00:31:10.149 33147 DEBUG oslo_service.service [-] cache.memcache_dead_retry = 300 log_opt_values /usr/lib/python3/dist-packages/oslo_config/cfg.py:2609
2026-02-26 00:31:10.149 33147 DEBUG oslo_service.service [-] cache.memcache_pool_connection_get_timeout = 10 log_opt_values /usr/lib/python3/dist-packages/oslo_config/cfg.py:2609
2026-02-26 00:31:10.149 33147 DEBUG oslo_service.service [-] cache.memcache_pool_flush_on_reconnect = False log_opt_values /usr/lib/python3/dist-packages/oslo_config/cfg.py:2609
2026-02-26 00:31:10.149 33147 DEBUG oslo_service.service [-] cache.memcache_pool_maxsize = 10 log_opt_values /usr/lib/python3/dist-packages/oslo_config/cfg.py:2609
2026-02-26 00:31:10.149 33147 DEBUG oslo_service.service [-] cache.memcache_pool_unused_timeout = 60 log_opt_values /usr/lib/python3/dist-packages/oslo_config/cfg.py:2609
2026-02-26 00:31:10.150 33147 DEBUG oslo_service.service [-] cache.memcache_servers = ['localhost:11211'] log_opt_values /usr/lib/python3/dist-packages/oslo_config/cfg.py:2609
2026-02-26 00:31:10.150 33147 DEBUG oslo_service.service [-] cache.memcache_socket_timeout = 1.0 log_opt_values /usr/lib/python3/dist-packages/oslo_config/cfg.py:2609
2026-02-26 00:31:10.150 33147 DEBUG oslo_service.service [-] cache.proxies = [] log_opt_values /usr/lib/python3/dist-packages/oslo_config/cfg.py:2609
2026-02-26 00:31:10.150 33147 DEBUG oslo_service.service [-] cache.tls_allowed_ciphers = None log_opt_values /usr/lib/python3/dist-packages/oslo_config/cfg.py:2609
2026-02-26 00:31:10.151 33147 DEBUG oslo_service.service [-] cache.tls_cafile = None log_opt_values /usr/lib/python3/dist-packages/oslo_config/cfg.py:2609
2026-02-26 00:31:10.151 33147 DEBUG oslo_service.service [-] cache.tls_certfile = None log_opt_values /usr/lib/python3/dist-packages/oslo_config/cfg.py:2609
2026-02-26 00:31:10.151 33147 DEBUG oslo_service.service [-] cache.tls_enabled = False log_opt_values /usr/lib/python3/dist-packages/oslo_config/cfg.py:2609
2026-02-26 00:31:10.151 33147 DEBUG oslo_service.service [-] cache.tls_keyfile = None log_opt_values /usr/lib/python3/dist-packages/oslo_config/cfg.py:2609
2026-02-26 00:31:10.151 33147 DEBUG oslo_service.service [-] constraint_validation_cache.caching = True log_opt_values /usr/lib/python3/dist-packages/oslo_config/cfg.py:2609
2026-02-26 00:31:10.151 33147 DEBUG oslo_service.service [-] constraint_validation_cache.expiration_time = 60 log_opt_values /usr/lib/python3/dist-packages/oslo_config/cfg.py:2609
2026-02-26 00:31:10.151 33147 DEBUG oslo_service.service [-] service_extension_cache.caching = True log_opt_values /usr/lib/python3/dist-packages/oslo_config/cfg.py:2609
2026-02-26 00:31:10.152 33147 DEBUG oslo_service.service [-] service_extension_cache.expiration_time = 3600 log_opt_values /usr/lib/python3/dist-packages/oslo_config/cfg.py:2609
2026-02-26 00:31:10.152 33147 DEBUG oslo_service.service [-] resource_finder_cache.caching = True log_opt_values /usr/lib/python3/dist-packages/oslo_config/cfg.py:2609
2026-02-26 00:31:10.152 33147 DEBUG oslo_service.service [-] resource_finder_cache.expiration_time = 3600 log_opt_values /usr/lib/python3/dist-packages/oslo_config/cfg.py:2609
2026-02-26 00:31:10.152 33147 DEBUG oslo_service.service [-] yaql.limit_iterators = 200 log_opt_values /usr/lib/python3/dist-packages/oslo_config/cfg.py:2609
2026-02-26 00:31:10.152 33147 DEBUG oslo_service.service [-] yaql.memory_quota = 10000 log_opt_values /usr/lib/python3/dist-packages/oslo_config/cfg.py:2609
2026-02-26 00:31:10.153 33147 DEBUG oslo_service.service [-] ******************************************************************************** log_opt_values /usr/lib/python3/dist-packages/oslo_config/cfg.py:2613
2026-02-26 00:31:10.152 33357 INFO heat.engine.worker [-] Starting engine_worker (1.4) in engine 94834439-e1ce-4292-bdd1-0060183cecc4.
2026-02-26 00:31:10.159 33360 INFO heat.engine.worker [-] Starting engine_worker (1.4) in engine b6d45e5b-39b1-4d35-ba68-8adf4a414290.
2026-02-26 00:31:10.185 33359 INFO heat.engine.worker [-] Starting engine_worker (1.4) in engine a806af86-030f-425a-b304-cd72d8b92195.
2026-02-26 00:31:10.350 33358 DEBUG oslo_db.sqlalchemy.engines [req-3303f77c-b9da-4879-9c32-b49cafdfe8a3 - - - - -] MySQL server mode set to STRICT_TRANS_TABLES,STRICT_ALL_TABLES,NO_ZERO_IN_DATE,NO_ZERO_DATE,ERROR_FOR_DIVISION_BY_ZERO,TRADITIONAL,NO_ENGINE_SUBSTITUTION _check_effective_sql_mode /usr/lib/python3/dist-packages/oslo_db/sqlalchemy/engines.py:314
2026-02-26 00:31:10.488 33360 DEBUG oslo_db.sqlalchemy.engines [req-e2cfa076-76ed-42e6-9c09-9b9b2c4b0459 - - - - -] MySQL server mode set to STRICT_TRANS_TABLES,STRICT_ALL_TABLES,NO_ZERO_IN_DATE,NO_ZERO_DATE,ERROR_FOR_DIVISION_BY_ZERO,TRADITIONAL,NO_ENGINE_SUBSTITUTION _check_effective_sql_mode /usr/lib/python3/dist-packages/oslo_db/sqlalchemy/engines.py:314
2026-02-26 00:31:10.505 33359 DEBUG oslo_db.sqlalchemy.engines [req-ac5408ec-dcb4-4e38-9af9-449d9c165c2c - - - - -] MySQL server mode set to STRICT_TRANS_TABLES,STRICT_ALL_TABLES,NO_ZERO_IN_DATE,NO_ZERO_DATE,ERROR_FOR_DIVISION_BY_ZERO,TRADITIONAL,NO_ENGINE_SUBSTITUTION _check_effective_sql_mode /usr/lib/python3/dist-packages/oslo_db/sqlalchemy/engines.py:314
2026-02-26 00:31:10.508 33357 DEBUG oslo_db.sqlalchemy.engines [req-829d16bd-329f-41ea-afea-74400731edf2 - - - - -] MySQL server mode set to STRICT_TRANS_TABLES,STRICT_ALL_TABLES,NO_ZERO_IN_DATE,NO_ZERO_DATE,ERROR_FOR_DIVISION_BY_ZERO,TRADITIONAL,NO_ENGINE_SUBSTITUTION _check_effective_sql_mode /usr/lib/python3/dist-packages/oslo_db/sqlalchemy/engines.py:314
2026-02-26 00:31:10.520 33358 DEBUG heat.engine.service [req-db06f8b6-6d34-466e-967e-75238a19cefc - - - - -] Service 1a162dda-abe6-48c1-ac1a-68da932cb3d4 is started service_manage_report /usr/lib/python3/dist-packages/heat/engine/service.py:2363
2026-02-26 00:31:10.581 33358 DEBUG heat.engine.service [req-db06f8b6-6d34-466e-967e-75238a19cefc - - - - -] Service 1a162dda-abe6-48c1-ac1a-68da932cb3d4 is updated service_manage_report /usr/lib/python3/dist-packages/heat/engine/service.py:2370
2026-02-26 00:31:10.686 33360 DEBUG heat.engine.service [req-3d4a750a-8931-4daf-bb0b-1b6489ecadf8 - - - - -] Service 91dd0a23-d612-401a-a555-46c0968d460a is started service_manage_report /usr/lib/python3/dist-packages/heat/engine/service.py:2363
2026-02-26 00:31:10.715 33357 DEBUG heat.engine.service [req-c3f733aa-b166-4794-8dfe-57239d47eafa - - - - -] Service fc9c203f-728a-488c-b665-7321547fb309 is started service_manage_report /usr/lib/python3/dist-packages/heat/engine/service.py:2363
2026-02-26 00:31:10.719 33360 DEBUG heat.engine.service [req-3d4a750a-8931-4daf-bb0b-1b6489ecadf8 - - - - -] Service 91dd0a23-d612-401a-a555-46c0968d460a is updated service_manage_report /usr/lib/python3/dist-packages/heat/engine/service.py:2370
2026-02-26 00:31:10.729 33359 DEBUG heat.engine.service [req-c4815033-2813-4c5f-97bc-9010c1118837 - - - - -] Service c4c3a1c7-e466-45f2-a374-da3d6b57c5d9 is started service_manage_report /usr/lib/python3/dist-packages/heat/engine/service.py:2363
2026-02-26 00:31:10.743 33357 DEBUG heat.engine.service [req-c3f733aa-b166-4794-8dfe-57239d47eafa - - - - -] Service fc9c203f-728a-488c-b665-7321547fb309 is updated service_manage_report /usr/lib/python3/dist-packages/heat/engine/service.py:2370
2026-02-26 00:31:10.763 33359 DEBUG heat.engine.service [req-c4815033-2813-4c5f-97bc-9010c1118837 - - - - -] Service c4c3a1c7-e466-45f2-a374-da3d6b57c5d9 is updated service_manage_report /usr/lib/python3/dist-packages/heat/engine/service.py:2370
2026-02-26 00:32:10.508 33358 DEBUG heat.engine.service [req-dbc980d1-92e2-4905-81c6-b5e2cb8785da - - - - -] Service 1a162dda-abe6-48c1-ac1a-68da932cb3d4 is updated service_manage_report /usr/lib/python3/dist-packages/heat/engine/service.py:2370
2026-02-26 00:32:10.653 33360 DEBUG heat.engine.service [req-83927790-9258-42a2-b9a6-970a4d565f4f - - - - -] Service 91dd0a23-d612-401a-a555-46c0968d460a is updated service_manage_report /usr/lib/python3/dist-packages/heat/engine/service.py:2370
2026-02-26 00:32:10.674 33357 DEBUG heat.engine.service [req-77b0451e-6fbf-4350-9c8b-ad59e388c77e - - - - -] Service fc9c203f-728a-488c-b665-7321547fb309 is updated service_manage_report /usr/lib/python3/dist-packages/heat/engine/service.py:2370
2026-02-26 00:32:10.709 33359 DEBUG heat.engine.service [req-4fac04b8-2397-4ab1-8e45-24cb2355d626 - - - - -] Service c4c3a1c7-e466-45f2-a374-da3d6b57c5d9 is updated service_manage_report /usr/lib/python3/dist-packages/heat/engine/service.py:2370
2026-02-26 00:33:10.497 33358 DEBUG heat.engine.service [req-eab0ddec-7af8-44bf-864b-3bfc353d7fec - - - - -] Service 1a162dda-abe6-48c1-ac1a-68da932cb3d4 is updated service_manage_report /usr/lib/python3/dist-packages/heat/engine/service.py:2370
2026-02-26 00:33:10.656 33360 DEBUG heat.engine.service [req-58da5bb0-63ca-41d6-b76d-cebb80ba43f2 - - - - -] Service 91dd0a23-d612-401a-a555-46c0968d460a is updated service_manage_report /usr/lib/python3/dist-packages/heat/engine/service.py:2370
2026-02-26 00:33:10.674 33357 DEBUG heat.engine.service [req-bd8293b5-0e7d-42c7-ac8f-82c8ba377beb - - - - -] Service fc9c203f-728a-488c-b665-7321547fb309 is updated service_manage_report /usr/lib/python3/dist-packages/heat/engine/service.py:2370
2026-02-26 00:33:10.707 33359 DEBUG heat.engine.service [req-bcc55659-811e-4035-86d1-a06a8976eb3a - - - - -] Service c4c3a1c7-e466-45f2-a374-da3d6b57c5d9 is updated service_manage_report /usr/lib/python3/dist-packages/heat/engine/service.py:2370
2026-02-26 00:34:10.499 33358 DEBUG heat.engine.service [req-ed452935-f367-418d-b614-f649c858f401 - - - - -] Service 1a162dda-abe6-48c1-ac1a-68da932cb3d4 is updated service_manage_report /usr/lib/python3/dist-packages/heat/engine/service.py:2370
2026-02-26 00:34:10.658 33360 DEBUG heat.engine.service [req-c1fad012-91dd-4391-8f4e-a981425ec328 - - - - -] Service 91dd0a23-d612-401a-a555-46c0968d460a is updated service_manage_report /usr/lib/python3/dist-packages/heat/engine/service.py:2370
2026-02-26 00:34:10.685 33357 DEBUG heat.engine.service [req-8549dc6d-15b5-434d-b5bf-6a5b4f08c3e2 - - - - -] Service fc9c203f-728a-488c-b665-7321547fb309 is updated service_manage_report /usr/lib/python3/dist-packages/heat/engine/service.py:2370
2026-02-26 00:34:10.712 33359 DEBUG heat.engine.service [req-06b5fac2-e051-45e6-851a-ab80e2b21cb4 - - - - -] Service c4c3a1c7-e466-45f2-a374-da3d6b57c5d9 is updated service_manage_report /usr/lib/python3/dist-packages/heat/engine/service.py:2370
2026-02-26 00:35:10.498 33358 DEBUG heat.engine.service [req-fcb1071e-eeed-4a81-8766-f9c4ef7c9ccf - - - - -] Service 1a162dda-abe6-48c1-ac1a-68da932cb3d4 is updated service_manage_report /usr/lib/python3/dist-packages/heat/engine/service.py:2370
2026-02-26 00:35:10.655 33360 DEBUG heat.engine.service [req-e709bd69-1d98-4f8e-84e7-e9bc98033e60 - - - - -] Service 91dd0a23-d612-401a-a555-46c0968d460a is updated service_manage_report /usr/lib/python3/dist-packages/heat/engine/service.py:2370
2026-02-26 00:35:10.674 33357 DEBUG heat.engine.service [req-620acf99-b788-45f4-848b-87f8a224e541 - - - - -] Service fc9c203f-728a-488c-b665-7321547fb309 is updated service_manage_report /usr/lib/python3/dist-packages/heat/engine/service.py:2370
2026-02-26 00:35:10.710 33359 DEBUG heat.engine.service [req-83493703-0934-4e51-8981-5ed2b1321b3a - - - - -] Service c4c3a1c7-e466-45f2-a374-da3d6b57c5d9 is updated service_manage_report /usr/lib/python3/dist-packages/heat/engine/service.py:2370
2026-02-26 00:36:10.500 33358 DEBUG heat.engine.service [req-23a4e937-d464-4d42-9363-f1305d13e8e5 - - - - -] Service 1a162dda-abe6-48c1-ac1a-68da932cb3d4 is updated service_manage_report /usr/lib/python3/dist-packages/heat/engine/service.py:2370
2026-02-26 00:36:10.653 33360 DEBUG heat.engine.service [req-68832846-564a-43de-9c40-717a4d81de5e - - - - -] Service 91dd0a23-d612-401a-a555-46c0968d460a is updated service_manage_report /usr/lib/python3/dist-packages/heat/engine/service.py:2370
2026-02-26 00:36:10.670 33357 DEBUG heat.engine.service [req-f912b1bd-d039-4095-9e17-1a714ef5bf6e - - - - -] Service fc9c203f-728a-488c-b665-7321547fb309 is updated service_manage_report /usr/lib/python3/dist-packages/heat/engine/service.py:2370
2026-02-26 00:36:10.707 33359 DEBUG heat.engine.service [req-23abee94-1d82-474f-afca-77f0a32f4c84 - - - - -] Service c4c3a1c7-e466-45f2-a374-da3d6b57c5d9 is updated service_manage_report /usr/lib/python3/dist-packages/heat/engine/service.py:2370
2026-02-26 00:37:10.513 33358 DEBUG heat.engine.service [req-a424214f-0f2d-4e20-9a1b-bea3bb4fbb71 - - - - -] Service 1a162dda-abe6-48c1-ac1a-68da932cb3d4 is updated service_manage_report /usr/lib/python3/dist-packages/heat/engine/service.py:2370
2026-02-26 00:37:10.662 33360 DEBUG heat.engine.service [req-c8e81d9f-667f-4637-82c3-6992f658c026 - - - - -] Service 91dd0a23-d612-401a-a555-46c0968d460a is updated service_manage_report /usr/lib/python3/dist-packages/heat/engine/service.py:2370
2026-02-26 00:37:10.672 33357 DEBUG heat.engine.service [req-a22284e1-ab59-455e-b1c1-678f556ff8f8 - - - - -] Service fc9c203f-728a-488c-b665-7321547fb309 is updated service_manage_report /usr/lib/python3/dist-packages/heat/engine/service.py:2370
2026-02-26 00:37:10.705 33359 DEBUG heat.engine.service [req-1ca3a291-a9bd-4314-80f7-cdbcc7e6e787 - - - - -] Service c4c3a1c7-e466-45f2-a374-da3d6b57c5d9 is updated service_manage_report /usr/lib/python3/dist-packages/heat/engine/service.py:2370
2026-02-26 00:38:10.504 33358 DEBUG heat.engine.service [req-3e2a5209-3f70-43d9-a01f-cc86fb6e36e7 - - - - -] Service 1a162dda-abe6-48c1-ac1a-68da932cb3d4 is updated service_manage_report /usr/lib/python3/dist-packages/heat/engine/service.py:2370
2026-02-26 00:38:10.650 33360 DEBUG heat.engine.service [req-244b1598-c00c-4aa8-a128-b19c48e2deb0 - - - - -] Service 91dd0a23-d612-401a-a555-46c0968d460a is updated service_manage_report /usr/lib/python3/dist-packages/heat/engine/service.py:2370
2026-02-26 00:38:10.672 33357 DEBUG heat.engine.service [req-066e05a2-8094-471a-bc9f-d98592b6b29a - - - - -] Service fc9c203f-728a-488c-b665-7321547fb309 is updated service_manage_report /usr/lib/python3/dist-packages/heat/engine/service.py:2370
2026-02-26 00:38:10.702 33359 DEBUG heat.engine.service [req-d61c65b0-c79e-4662-8d33-f3dd924eaa00 - - - - -] Service c4c3a1c7-e466-45f2-a374-da3d6b57c5d9 is updated service_manage_report /usr/lib/python3/dist-packages/heat/engine/service.py:2370
2026-02-26 00:39:10.524 33358 DEBUG heat.engine.service [req-90c2b0b9-b0f6-42d9-84d1-1f3934455223 - - - - -] Service 1a162dda-abe6-48c1-ac1a-68da932cb3d4 is updated service_manage_report /usr/lib/python3/dist-packages/heat/engine/service.py:2370
2026-02-26 00:39:10.657 33360 DEBUG heat.engine.service [req-c5c6ff78-15b4-48d5-958f-85c6bbe10839 - - - - -] Service 91dd0a23-d612-401a-a555-46c0968d460a is updated service_manage_report /usr/lib/python3/dist-packages/heat/engine/service.py:2370
2026-02-26 00:39:10.673 33357 DEBUG heat.engine.service [req-46de3b40-3469-4b9a-b291-17520145a776 - - - - -] Service fc9c203f-728a-488c-b665-7321547fb309 is updated service_manage_report /usr/lib/python3/dist-packages/heat/engine/service.py:2370
2026-02-26 00:39:10.703 33359 DEBUG heat.engine.service [req-8fe14477-9d82-491c-ae9b-cbb3461c86d3 - - - - -] Service c4c3a1c7-e466-45f2-a374-da3d6b57c5d9 is updated service_manage_report /usr/lib/python3/dist-packages/heat/engine/service.py:2370
2026-02-26 00:39:22.911 33357 DEBUG heat.engine.service [-] Attempting to stop engine service... _stop_rpc_server /usr/lib/python3/dist-packages/heat/engine/service.py:437
2026-02-26 00:39:22.911 33359 DEBUG heat.engine.service [-] Attempting to stop engine service... _stop_rpc_server /usr/lib/python3/dist-packages/heat/engine/service.py:437
2026-02-26 00:39:22.911 33358 DEBUG heat.engine.service [-] Attempting to stop engine service... _stop_rpc_server /usr/lib/python3/dist-packages/heat/engine/service.py:437
2026-02-26 00:39:22.912 33147 INFO oslo_service.service [-] Caught SIGTERM, stopping children
2026-02-26 00:39:22.912 33147 DEBUG oslo_concurrency.lockutils [-] Acquired lock "singleton_lock" lock /usr/lib/python3/dist-packages/oslo_concurrency/lockutils.py:294
2026-02-26 00:39:22.912 33147 DEBUG oslo_concurrency.lockutils [-] Releasing lock "singleton_lock" lock /usr/lib/python3/dist-packages/oslo_concurrency/lockutils.py:312
2026-02-26 00:39:22.913 33147 DEBUG oslo_service.service [-] Stop services. stop /usr/lib/python3/dist-packages/oslo_service/service.py:695
2026-02-26 00:39:22.913 33147 INFO heat.engine.service [-] All threads were gone, terminating engine
2026-02-26 00:39:22.913 33147 DEBUG oslo_service.service [-] Killing children. stop /usr/lib/python3/dist-packages/oslo_service/service.py:700
2026-02-26 00:39:22.914 33360 DEBUG heat.engine.service [-] Attempting to stop engine service... _stop_rpc_server /usr/lib/python3/dist-packages/heat/engine/service.py:437
2026-02-26 00:39:22.926 33147 INFO oslo_service.service [-] Waiting on 4 children to exit
2026-02-26 00:39:22.926 33147 INFO oslo_service.service [-] Child 33357 killed by signal 15
2026-02-26 00:39:22.926 33147 INFO oslo_service.service [-] Child 33358 killed by signal 15
2026-02-26 00:39:22.934 33147 INFO oslo_service.service [-] Child 33359 killed by signal 15
2026-02-26 00:39:22.936 33147 INFO oslo_service.service [-] Child 33360 killed by signal 15
2026-02-26 00:39:25.087 38807 DEBUG oslo_concurrency.lockutils [-] Lock "context-manager" acquired by "neutron_lib.db.api._create_context_manager" :: waited 0.000s inner /usr/lib/python3/dist-packages/oslo_concurrency/lockutils.py:386
2026-02-26 00:39:25.088 38807 DEBUG oslo_concurrency.lockutils [-] Lock "context-manager" "released" by "neutron_lib.db.api._create_context_manager" :: held 0.001s inner /usr/lib/python3/dist-packages/oslo_concurrency/lockutils.py:400
2026-02-26 00:39:25.362 38807 WARNING heat.engine.environment [-] OS::Aodh::Alarm is DEPRECATED. Theshold alarm relies on ceilometer-api and has been deprecated in aodh since Ocata. Use OS::Aodh::GnocchiAggregationByResourcesAlarm instead.
2026-02-26 00:39:25.363 38807 WARNING heat.engine.environment [-] OS::Aodh::CombinationAlarm is HIDDEN. OS::Aodh::CombinationAlarm is deprecated and has been removed from Aodh, use OS::Aodh::CompositeAlarm instead.
2026-02-26 00:39:25.363 38807 WARNING heat.engine.environment [-] OS::Designate::Domain is HIDDEN. This resource has been removed, use OS::Designate::Zone instead.
2026-02-26 00:39:25.363 38807 WARNING heat.engine.environment [-] OS::Designate::Record is HIDDEN. This resource has been removed, use OS::Designate::RecordSet instead.
2026-02-26 00:39:25.363 38807 WARNING heat.engine.environment [-] OS::Glance::Image is DEPRECATED. Creating a Glance Image based on an existing URL location requires the Glance v1 API, which is deprecated.
2026-02-26 00:39:25.363 38807 WARNING heat.engine.environment [-] OS::Heat::HARestarter is HIDDEN. The HARestarter resource type has been removed. Existing stacks containing HARestarter resources can still be used, but the HARestarter resource will be a placeholder that does nothing.
2026-02-26 00:39:25.363 38807 WARNING heat.engine.environment [-] OS::Heat::SoftwareDeployments is HIDDEN. Please use OS::Heat::SoftwareDeploymentGroup instead.
2026-02-26 00:39:25.364 38807 WARNING heat.engine.environment [-] OS::Heat::StructuredDeployments is HIDDEN. Please use OS::Heat::StructuredDeploymentGroup instead.
2026-02-26 00:39:25.364 38807 WARNING heat.engine.environment [-] OS::Magnum::Bay is HIDDEN. Please use OS::Magnum::Cluster instead.
2026-02-26 00:39:25.364 38807 WARNING heat.engine.environment [-] OS::Magnum::BayModel is HIDDEN. Please use OS::Magnum::ClusterTemplate instead.
2026-02-26 00:39:25.364 38807 WARNING heat.engine.environment [-] OS::Neutron::ExtraRoute is UNSUPPORTED. Use this resource at your own risk.
2026-02-26 00:39:25.364 38807 WARNING heat.engine.environment [-] OS::Neutron::HealthMonitor is HIDDEN. Use LBaaS V2 instead.
2026-02-26 00:39:25.365 38807 WARNING heat.engine.environment [-] OS::Neutron::Pool is HIDDEN. Use LBaaS V2 instead.
2026-02-26 00:39:25.365 38807 WARNING heat.engine.environment [-] OS::Neutron::PoolMember is HIDDEN. Use LBaaS V2 instead.
2026-02-26 00:39:25.365 38807 WARNING heat.engine.environment [-] OS::Neutron::LoadBalancer is HIDDEN. Use LBaaS V2 instead.
2026-02-26 00:39:25.365 38807 WARNING heat.engine.environment [-] OS::Neutron::RouterGateway is HIDDEN. Use the `external_gateway_info` property in the router resource to set up the gateway.
2026-02-26 00:39:25.365 38807 WARNING heat.engine.environment [-] OS::Nova::FloatingIP is HIDDEN. Please use OS::Neutron::FloatingIP instead.
2026-02-26 00:39:25.365 38807 WARNING heat.engine.environment [-] OS::Nova::FloatingIPAssociation is HIDDEN. Please use OS::Neutron::FloatingIPAssociation instead.
2026-02-26 00:39:25.367 38807 INFO heat.engine.environment [-] Loading /etc/heat/environment.d/default.yaml
2026-02-26 00:39:25.367 38807 INFO heat.engine.environment [-] Registered: [Plugin](User:False) AWS::AutoScaling::AutoScalingGroup ->
2026-02-26 00:39:25.368 38807 INFO heat.engine.environment [-] Registered: [Plugin](User:False) AWS::AutoScaling::LaunchConfiguration ->
2026-02-26 00:39:25.368 38807 INFO heat.engine.environment [-] Registered: [Plugin](User:False) AWS::AutoScaling::ScalingPolicy ->
2026-02-26 00:39:25.368 38807 INFO heat.engine.environment [-] Registered: [Plugin](User:False) AWS::CloudFormation::Stack ->
2026-02-26 00:39:25.368 38807 INFO heat.engine.environment [-] Registered: [Plugin](User:False) AWS::CloudFormation::WaitCondition ->
2026-02-26 00:39:25.368 38807 INFO heat.engine.environment [-] Registered: [Plugin](User:False) AWS::CloudFormation::WaitConditionHandle ->
2026-02-26 00:39:25.368 38807 INFO heat.engine.environment [-] Registered: [Plugin](User:False) AWS::EC2::EIP ->
2026-02-26 00:39:25.368 38807 INFO heat.engine.environment [-] Registered: [Plugin](User:False) AWS::EC2::EIPAssociation ->
2026-02-26 00:39:25.368 38807 INFO heat.engine.environment [-] Registered: [Plugin](User:False) AWS::EC2::Instance ->
2026-02-26 00:39:25.368 38807 INFO heat.engine.environment [-] Registered: [Plugin](User:False) AWS::EC2::InternetGateway ->
2026-02-26 00:39:25.368 38807 INFO heat.engine.environment [-] Registered: [Plugin](User:False) AWS::EC2::VPCGatewayAttachment ->
2026-02-26 00:39:25.368 38807 INFO heat.engine.environment [-] Registered: [Plugin](User:False) AWS::EC2::NetworkInterface ->
2026-02-26 00:39:25.369 38807 INFO heat.engine.environment [-] Registered: [Plugin](User:False) AWS::EC2::RouteTable ->
2026-02-26 00:39:25.369 38807 INFO heat.engine.environment [-] Registered: [Plugin](User:False) AWS::EC2::SubnetRouteTableAssociation ->
2026-02-26 00:39:25.369 38807 INFO heat.engine.environment [-] Registered: [Plugin](User:False) AWS::EC2::SecurityGroup ->
2026-02-26 00:39:25.369 38807 INFO heat.engine.environment [-] Registered: [Plugin](User:False) AWS::EC2::Subnet ->
2026-02-26 00:39:25.369 38807 INFO heat.engine.environment [-] Registered: [Plugin](User:False) AWS::EC2::Volume ->
2026-02-26 00:39:25.369 38807 INFO heat.engine.environment [-] Registered: [Plugin](User:False) AWS::EC2::VolumeAttachment ->
2026-02-26 00:39:25.369 38807 INFO heat.engine.environment [-] Registered: [Plugin](User:False) AWS::EC2::VPC ->
2026-02-26 00:39:25.369 38807 INFO heat.engine.environment [-] Registered: [Plugin](User:False) AWS::IAM::User ->
2026-02-26 00:39:25.369 38807 INFO heat.engine.environment [-] Registered: [Plugin](User:False) AWS::IAM::AccessKey ->
2026-02-26 00:39:25.369 38807 INFO heat.engine.environment [-] Registered: [Plugin](User:False) AWS::ElasticLoadBalancing::LoadBalancer ->
2026-02-26 00:39:25.369 38807 INFO heat.engine.environment [-] Registered: [Plugin](User:False) AWS::S3::Bucket ->
2026-02-26 00:39:25.370 38807 INFO heat.engine.environment [-] Registered: [Plugin](User:False) OS::Aodh::Alarm ->
2026-02-26 00:39:25.370 38807 INFO heat.engine.environment [-] Registered: [Plugin](User:False) OS::Aodh::CombinationAlarm ->
2026-02-26 00:39:25.370 38807 INFO heat.engine.environment [-] Registered: [Plugin](User:False) OS::Aodh::EventAlarm ->
2026-02-26 00:39:25.370 38807 INFO heat.engine.environment [-] Registered: [Plugin](User:False) OS::Aodh::LBMemberHealthAlarm ->
2026-02-26 00:39:25.370 38807 INFO heat.engine.environment [-] Registered: [Plugin](User:False) OS::Aodh::CompositeAlarm ->
2026-02-26 00:39:25.370 38807 INFO heat.engine.environment [-] Registered: [Plugin](User:False) OS::Aodh::GnocchiResourcesAlarm ->
2026-02-26 00:39:25.370 38807 INFO heat.engine.environment [-] Registered: [Plugin](User:False) OS::Aodh::GnocchiAggregationByMetricsAlarm ->
2026-02-26 00:39:25.370 38807 INFO heat.engine.environment [-] Registered: [Plugin](User:False) OS::Aodh::GnocchiAggregationByResourcesAlarm ->
2026-02-26 00:39:25.370 38807 INFO heat.engine.environment [-] Registered: [Plugin](User:False) OS::Barbican::GenericContainer ->
2026-02-26 00:39:25.370 38807 INFO heat.engine.environment [-] Registered: [Plugin](User:False) OS::Barbican::CertificateContainer ->
2026-02-26 00:39:25.370 38807 INFO heat.engine.environment [-] Registered: [Plugin](User:False) OS::Barbican::RSAContainer ->
2026-02-26 00:39:25.371 38807 INFO heat.engine.environment [-] Registered: [Plugin](User:False) OS::Barbican::Order ->
2026-02-26 00:39:25.371 38807 INFO heat.engine.environment [-] Registered: [Plugin](User:False) OS::Barbican::Secret ->
2026-02-26 00:39:25.371 38807 INFO heat.engine.environment [-] Registered: [Plugin](User:False) OS::Blazar::Host ->
2026-02-26 00:39:25.371 38807 INFO heat.engine.environment [-] Registered: [Plugin](User:False) OS::Blazar::Lease ->
2026-02-26 00:39:25.371 38807 INFO heat.engine.environment [-] Registered: [Plugin](User:False) OS::Cinder::EncryptedVolumeType ->
2026-02-26 00:39:25.371 38807 INFO heat.engine.environment [-] Registered: [Plugin](User:False) OS::Cinder::QoSSpecs ->
2026-02-26 00:39:25.371 38807 INFO heat.engine.environment [-] Registered: [Plugin](User:False) OS::Cinder::QoSAssociation ->
2026-02-26 00:39:25.371 38807 INFO heat.engine.environment [-] Registered: [Plugin](User:False) OS::Cinder::Quota ->
2026-02-26 00:39:25.371 38807 INFO heat.engine.environment [-] Registered: [Plugin](User:False) OS::Cinder::Volume ->
2026-02-26 00:39:25.371 38807 INFO heat.engine.environment [-] Registered: [Plugin](User:False) OS::Cinder::VolumeAttachment ->
2026-02-26 00:39:25.371 38807 INFO heat.engine.environment [-] Registered: [Plugin](User:False) OS::Cinder::VolumeType ->
2026-02-26 00:39:25.372 38807 INFO heat.engine.environment [-] Registered: [Plugin](User:False) OS::Designate::Domain ->
2026-02-26 00:39:25.372 38807 INFO heat.engine.environment [-] Registered: [Plugin](User:False) OS::Designate::Record ->
2026-02-26 00:39:25.372 38807 INFO heat.engine.environment [-] Registered: [Plugin](User:False) OS::Designate::RecordSet ->
2026-02-26 00:39:25.372 38807 INFO heat.engine.environment [-] Registered: [Plugin](User:False) OS::Designate::Zone ->
2026-02-26 00:39:25.372 38807 INFO heat.engine.environment [-] Registered: [Plugin](User:False) OS::Glance::Image ->
2026-02-26 00:39:25.372 38807 INFO heat.engine.environment [-] Registered: [Plugin](User:False) OS::Glance::WebImage ->
2026-02-26 00:39:25.372 38807 INFO heat.engine.environment [-] Registered: [Plugin](User:False) OS::Heat::AccessPolicy ->
2026-02-26 00:39:25.372 38807 INFO heat.engine.environment [-] Registered: [Plugin](User:False) OS::Heat::AutoScalingGroup ->
2026-02-26 00:39:25.372 38807 INFO heat.engine.environment [-] Registered: [Plugin](User:False) OS::Heat::CloudConfig ->
2026-02-26 00:39:25.372 38807 INFO heat.engine.environment [-] Registered: [Plugin](User:False) OS::Heat::Delay ->
2026-02-26 00:39:25.372 38807 INFO heat.engine.environment [-] Registered: [Plugin](User:False) OS::Heat::DeployedServer ->
2026-02-26 00:39:25.373 38807 INFO heat.engine.environment [-] Registered: [Plugin](User:False) OS::Heat::HARestarter ->
2026-02-26 00:39:25.373 38807 INFO heat.engine.environment [-] Registered: [Plugin](User:False) OS::Heat::InstanceGroup ->
2026-02-26 00:39:25.373 38807 INFO heat.engine.environment [-] Registered: [Plugin](User:False) OS::Heat::MultipartMime ->
2026-02-26 00:39:25.373 38807 INFO heat.engine.environment [-] Registered: [Plugin](User:False) OS::Heat::None ->
2026-02-26 00:39:25.373 38807 INFO heat.engine.environment [-] Registered: [Plugin](User:False) OS::Heat::RandomString ->
2026-02-26 00:39:25.373 38807 INFO heat.engine.environment [-] Registered: [Plugin](User:False) OS::Heat::Stack ->
2026-02-26 00:39:25.373 38807 INFO heat.engine.environment [-] Registered: [Plugin](User:False) OS::Heat::ResourceChain ->
2026-02-26 00:39:25.373 38807 INFO heat.engine.environment [-] Registered: [Plugin](User:False) OS::Heat::ResourceGroup ->
2026-02-26 00:39:25.373 38807 INFO heat.engine.environment [-] Registered: [Plugin](User:False) OS::Heat::ScalingPolicy ->
2026-02-26 00:39:25.373 38807 INFO heat.engine.environment [-] Registered: [Plugin](User:False) OS::Heat::SoftwareComponent ->
2026-02-26 00:39:25.373 38807 INFO heat.engine.environment [-] Registered: [Plugin](User:False) OS::Heat::SoftwareConfig ->
2026-02-26 00:39:25.374 38807 INFO heat.engine.environment [-] Registered: [Plugin](User:False) OS::Heat::SoftwareDeployment ->
2026-02-26 00:39:25.374 38807 INFO heat.engine.environment [-] Registered: [Plugin](User:False) OS::Heat::SoftwareDeploymentGroup ->
2026-02-26 00:39:25.374 38807 INFO heat.engine.environment [-] Registered: [Plugin](User:False) OS::Heat::SoftwareDeployments ->
2026-02-26 00:39:25.374 38807 INFO heat.engine.environment [-] Registered: [Plugin](User:False) OS::Heat::StructuredConfig ->
2026-02-26 00:39:25.374 38807 INFO heat.engine.environment [-] Registered: [Plugin](User:False) OS::Heat::StructuredDeployment ->
2026-02-26 00:39:25.374 38807 INFO heat.engine.environment [-] Registered: [Plugin](User:False) OS::Heat::StructuredDeploymentGroup ->
2026-02-26 00:39:25.374 38807 INFO heat.engine.environment [-] Registered: [Plugin](User:False) OS::Heat::StructuredDeployments ->
2026-02-26 00:39:25.374 38807 INFO heat.engine.environment [-] Registered: [Plugin](User:False) OS::Heat::SwiftSignal ->
2026-02-26 00:39:25.374 38807 INFO heat.engine.environment [-] Registered: [Plugin](User:False) OS::Heat::SwiftSignalHandle ->
2026-02-26 00:39:25.374 38807 INFO heat.engine.environment [-] Registered: [Plugin](User:False) OS::Heat::TestResource ->
2026-02-26 00:39:25.374 38807 INFO heat.engine.environment [-] Registered: [Plugin](User:False) OS::Heat::Value ->
2026-02-26 00:39:25.375 38807 INFO heat.engine.environment [-] Registered: [Plugin](User:False) OS::Heat::WaitCondition ->
2026-02-26 00:39:25.375 38807 INFO heat.engine.environment [-] Registered: [Plugin](User:False) OS::Heat::WaitConditionHandle ->
2026-02-26 00:39:25.375 38807 INFO heat.engine.environment [-] Registered: [Plugin](User:False) OS::Heat::UpdateWaitConditionHandle ->
2026-02-26 00:39:25.375 38807 INFO heat.engine.environment [-] Registered: [Plugin](User:False) OS::Ironic::Port ->
2026-02-26 00:39:25.375 38807 INFO heat.engine.environment [-] Registered: [Plugin](User:False) OS::Keystone::Domain ->
2026-02-26 00:39:25.375 38807 INFO heat.engine.environment [-] Registered: [Plugin](User:False) OS::Keystone::Endpoint ->
2026-02-26 00:39:25.375 38807 INFO heat.engine.environment [-] Registered: [Plugin](User:False) OS::Keystone::Group ->
2026-02-26 00:39:25.375 38807 INFO heat.engine.environment [-] Registered: [Plugin](User:False) OS::Keystone::Project ->
2026-02-26 00:39:25.375 38807 INFO heat.engine.environment [-] Registered: [Plugin](User:False) OS::Keystone::Region ->
2026-02-26 00:39:25.375 38807 INFO heat.engine.environment [-] Registered: [Plugin](User:False) OS::Keystone::Role ->
2026-02-26 00:39:25.375 38807 INFO heat.engine.environment [-] Registered: [Plugin](User:False) OS::Keystone::UserRoleAssignment ->
2026-02-26 00:39:25.375 38807 INFO heat.engine.environment [-] Registered: [Plugin](User:False) OS::Keystone::GroupRoleAssignment ->
2026-02-26 00:39:25.376 38807 INFO heat.engine.environment [-] Registered: [Plugin](User:False) OS::Keystone::Service ->
2026-02-26 00:39:25.376 38807 INFO heat.engine.environment [-] Registered: [Plugin](User:False) OS::Keystone::User ->
2026-02-26 00:39:25.376 38807 INFO heat.engine.environment [-] Registered: [Plugin](User:False) OS::Magnum::Bay ->
2026-02-26 00:39:25.376 38807 INFO heat.engine.environment [-] Registered: [Plugin](User:False) OS::Magnum::BayModel ->
2026-02-26 00:39:25.376 38807 INFO heat.engine.environment [-] Registered: [Plugin](User:False) OS::Magnum::Cluster ->
2026-02-26 00:39:25.376 38807 INFO heat.engine.environment [-] Registered: [Plugin](User:False) OS::Magnum::ClusterTemplate ->
2026-02-26 00:39:25.376 38807 INFO heat.engine.environment [-] Registered: [Plugin](User:False) OS::Manila::SecurityService ->
2026-02-26 00:39:25.376 38807 INFO heat.engine.environment [-] Registered: [Plugin](User:False) OS::Manila::Share ->
2026-02-26 00:39:25.376 38807 INFO heat.engine.environment [-] Registered: [Plugin](User:False) OS::Manila::ShareNetwork ->
2026-02-26 00:39:25.376 38807 INFO heat.engine.environment [-] Registered: [Plugin](User:False) OS::Manila::ShareType ->
2026-02-26 00:39:25.376 38807 INFO heat.engine.environment [-] Registered: [Plugin](User:False) OS::Mistral::CronTrigger ->
2026-02-26 00:39:25.376 38807 INFO heat.engine.environment [-] Registered: [Plugin](User:False) OS::Mistral::ExternalResource ->
2026-02-26 00:39:25.377 38807 INFO heat.engine.environment [-] Registered: [Plugin](User:False) OS::Mistral::Workflow ->
2026-02-26 00:39:25.377 38807 INFO heat.engine.environment [-] Registered: [Plugin](User:False) OS::Monasca::AlarmDefinition ->
2026-02-26 00:39:25.377 38807 INFO heat.engine.environment [-] Registered: [Plugin](User:False) OS::Monasca::Notification ->
2026-02-26 00:39:25.377 38807 INFO heat.engine.environment [-] Registered: [Plugin](User:False) OS::Neutron::AddressScope ->
2026-02-26 00:39:25.377 38807 INFO heat.engine.environment [-] Registered: [Plugin](User:False) OS::Neutron::ExtraRoute ->
2026-02-26 00:39:25.377 38807 INFO heat.engine.environment [-] Registered: [Plugin](User:False) OS::Neutron::ExtraRouteSet ->
2026-02-26 00:39:25.377 38807 INFO heat.engine.environment [-] Registered: [Plugin](User:False) OS::Neutron::Firewall ->
2026-02-26 00:39:25.377 38807 INFO heat.engine.environment [-] Registered: [Plugin](User:False) OS::Neutron::FirewallPolicy ->
2026-02-26 00:39:25.377 38807 INFO heat.engine.environment [-] Registered: [Plugin](User:False) OS::Neutron::FirewallRule ->
2026-02-26 00:39:25.377 38807 INFO heat.engine.environment [-] Registered: [Plugin](User:False) OS::Neutron::FloatingIP ->
2026-02-26 00:39:25.377 38807 INFO heat.engine.environment [-] Registered: [Plugin](User:False) OS::Neutron::FloatingIPAssociation ->
2026-02-26 00:39:25.378 38807 INFO heat.engine.environment [-] Registered: [Plugin](User:False) OS::Neutron::L2Gateway ->
2026-02-26 00:39:25.378 38807 INFO heat.engine.environment [-] Registered: [Plugin](User:False) OS::Neutron::L2GatewayConnection ->
2026-02-26 00:39:25.378 38807 INFO heat.engine.environment [-] Registered: [Plugin](User:False) OS::Neutron::LBaaS::HealthMonitor ->
2026-02-26 00:39:25.378 38807 INFO heat.engine.environment [-] Registered: [Plugin](User:False) OS::Neutron::LBaaS::L7Policy ->
2026-02-26 00:39:25.378 38807 INFO heat.engine.environment [-] Registered: [Plugin](User:False) OS::Neutron::LBaaS::L7Rule ->
2026-02-26 00:39:25.378 38807 INFO heat.engine.environment [-] Registered: [Plugin](User:False) OS::Neutron::LBaaS::Listener ->
2026-02-26 00:39:25.378 38807 INFO heat.engine.environment [-] Registered: [Plugin](User:False) OS::Neutron::LBaaS::LoadBalancer ->
2026-02-26 00:39:25.378 38807 INFO heat.engine.environment [-] Registered: [Plugin](User:False) OS::Neutron::LBaaS::Pool ->
2026-02-26 00:39:25.378 38807 INFO heat.engine.environment [-] Registered: [Plugin](User:False) OS::Neutron::LBaaS::PoolMember ->
2026-02-26 00:39:25.378 38807 INFO heat.engine.environment [-] Registered: [Plugin](User:False) OS::Neutron::HealthMonitor ->
2026-02-26 00:39:25.378 38807 INFO heat.engine.environment [-] Registered: [Plugin](User:False) OS::Neutron::Pool ->
2026-02-26 00:39:25.379 38807 INFO heat.engine.environment [-] Registered: [Plugin](User:False) OS::Neutron::PoolMember ->
2026-02-26 00:39:25.379 38807 INFO heat.engine.environment [-] Registered: [Plugin](User:False) OS::Neutron::LoadBalancer ->
2026-02-26 00:39:25.379 38807 INFO heat.engine.environment [-] Registered: [Plugin](User:False) OS::Neutron::MeteringLabel ->
2026-02-26 00:39:25.379 38807 INFO heat.engine.environment [-] Registered: [Plugin](User:False) OS::Neutron::MeteringRule ->
2026-02-26 00:39:25.379 38807 INFO heat.engine.environment [-] Registered: [Plugin](User:False) OS::Neutron::Net ->
2026-02-26 00:39:25.379 38807 INFO heat.engine.environment [-] Registered: [Plugin](User:False) OS::Neutron::NetworkGateway ->
2026-02-26 00:39:25.379 38807 INFO heat.engine.environment [-] Registered: [Plugin](User:False) OS::Neutron::Port ->
2026-02-26 00:39:25.379 38807 INFO heat.engine.environment [-] Registered: [Plugin](User:False) OS::Neutron::ProviderNet ->
