2026-02-26 01:37:08.158 62164 DEBUG oslo_service.service [-] database.max_overflow = 50 log_opt_values /usr/lib/python3/dist-packages/oslo_config/cfg.py:2609
2026-02-26 01:37:08.158 62164 DEBUG oslo_service.service [-] database.max_pool_size = 5 log_opt_values /usr/lib/python3/dist-packages/oslo_config/cfg.py:2609
2026-02-26 01:37:08.158 62164 DEBUG oslo_service.service [-] database.max_retries = 10 log_opt_values /usr/lib/python3/dist-packages/oslo_config/cfg.py:2609
2026-02-26 01:37:08.158 62164 DEBUG oslo_service.service [-] database.mysql_enable_ndb = False log_opt_values /usr/lib/python3/dist-packages/oslo_config/cfg.py:2609
2026-02-26 01:37:08.159 62164 DEBUG oslo_service.service [-] database.mysql_sql_mode = TRADITIONAL log_opt_values /usr/lib/python3/dist-packages/oslo_config/cfg.py:2609
2026-02-26 01:37:08.159 62164 DEBUG oslo_service.service [-] database.pool_timeout = None log_opt_values /usr/lib/python3/dist-packages/oslo_config/cfg.py:2609
2026-02-26 01:37:08.159 62164 DEBUG oslo_service.service [-] database.retry_interval = 10 log_opt_values /usr/lib/python3/dist-packages/oslo_config/cfg.py:2609
2026-02-26 01:37:08.159 62164 DEBUG oslo_service.service [-] database.slave_connection = **** log_opt_values /usr/lib/python3/dist-packages/oslo_config/cfg.py:2609
2026-02-26 01:37:08.159 62164 DEBUG oslo_service.service [-] database.sqlite_synchronous = True log_opt_values /usr/lib/python3/dist-packages/oslo_config/cfg.py:2609
2026-02-26 01:37:08.160 62164 DEBUG oslo_service.service [-] database.use_db_reconnect = False log_opt_values /usr/lib/python3/dist-packages/oslo_config/cfg.py:2609
2026-02-26 01:37:08.160 62164 DEBUG oslo_service.service [-] oslo_messaging_metrics.metrics_buffer_size = 1000 log_opt_values /usr/lib/python3/dist-packages/oslo_config/cfg.py:2609
2026-02-26 01:37:08.160 62164 DEBUG oslo_service.service [-] oslo_messaging_metrics.metrics_enabled = False log_opt_values /usr/lib/python3/dist-packages/oslo_config/cfg.py:2609
2026-02-26 01:37:08.160 62164 DEBUG oslo_service.service [-] oslo_messaging_metrics.metrics_process_name = log_opt_values /usr/lib/python3/dist-packages/oslo_config/cfg.py:2609
2026-02-26 01:37:08.160 62164 DEBUG oslo_service.service [-] oslo_messaging_metrics.metrics_socket_file = /var/tmp/metrics_collector.sock log_opt_values /usr/lib/python3/dist-packages/oslo_config/cfg.py:2609
2026-02-26 01:37:08.160 62164 DEBUG oslo_service.service [-] oslo_messaging_metrics.metrics_thread_stop_timeout = 10 log_opt_values /usr/lib/python3/dist-packages/oslo_config/cfg.py:2609
2026-02-26 01:37:08.160 62164 DEBUG oslo_service.service [-] oslo_policy.enforce_new_defaults = False log_opt_values /usr/lib/python3/dist-packages/oslo_config/cfg.py:2609
2026-02-26 01:37:08.161 62164 DEBUG oslo_service.service [-] oslo_policy.enforce_scope = False log_opt_values /usr/lib/python3/dist-packages/oslo_config/cfg.py:2609
2026-02-26 01:37:08.161 62164 DEBUG oslo_service.service [-] oslo_policy.policy_default_rule = default log_opt_values /usr/lib/python3/dist-packages/oslo_config/cfg.py:2609
2026-02-26 01:37:08.161 62164 DEBUG oslo_service.service [-] oslo_policy.policy_dirs = ['policy.d'] log_opt_values /usr/lib/python3/dist-packages/oslo_config/cfg.py:2609
2026-02-26 01:37:08.161 62164 DEBUG oslo_service.service [-] oslo_policy.policy_file = policy.yaml log_opt_values /usr/lib/python3/dist-packages/oslo_config/cfg.py:2609
2026-02-26 01:37:08.161 62164 DEBUG oslo_service.service [-] oslo_policy.remote_content_type = application/x-www-form-urlencoded log_opt_values /usr/lib/python3/dist-packages/oslo_config/cfg.py:2609
2026-02-26 01:37:08.161 62164 DEBUG oslo_service.service [-] oslo_policy.remote_ssl_ca_crt_file = None log_opt_values /usr/lib/python3/dist-packages/oslo_config/cfg.py:2609
2026-02-26 01:37:08.164 62164 DEBUG oslo_service.service [-] oslo_policy.remote_ssl_client_crt_file = None log_opt_values /usr/lib/python3/dist-packages/oslo_config/cfg.py:2609
2026-02-26 01:37:08.165 62164 DEBUG oslo_service.service [-] oslo_policy.remote_ssl_client_key_file = None log_opt_values /usr/lib/python3/dist-packages/oslo_config/cfg.py:2609
2026-02-26 01:37:08.165 62164 DEBUG oslo_service.service [-] oslo_policy.remote_ssl_verify_server_crt = False log_opt_values /usr/lib/python3/dist-packages/oslo_config/cfg.py:2609
2026-02-26 01:37:08.165 62164 DEBUG oslo_service.service [-] trustee.auth_section = None log_opt_values /usr/lib/python3/dist-packages/oslo_config/cfg.py:2609
2026-02-26 01:37:08.166 62164 WARNING oslo_config.cfg [-] Deprecated: Option "auth_plugin" from group "trustee" is deprecated. Use option "auth_type" from group "trustee".
2026-02-26 01:37:08.166 62164 DEBUG oslo_service.service [-] trustee.auth_type = password log_opt_values /usr/lib/python3/dist-packages/oslo_config/cfg.py:2609
2026-02-26 01:37:08.166 62164 DEBUG oslo_service.service [-] oslo_versionedobjects.fatal_exception_format_errors = False log_opt_values /usr/lib/python3/dist-packages/oslo_config/cfg.py:2609
2026-02-26 01:37:08.166 62164 DEBUG oslo_service.service [-] oslo_messaging_rabbit.amqp_auto_delete = False log_opt_values /usr/lib/python3/dist-packages/oslo_config/cfg.py:2609
2026-02-26 01:37:08.166 62164 DEBUG oslo_service.service [-] oslo_messaging_rabbit.amqp_durable_queues = False log_opt_values /usr/lib/python3/dist-packages/oslo_config/cfg.py:2609
2026-02-26 01:37:08.167 62164 DEBUG oslo_service.service [-] oslo_messaging_rabbit.conn_pool_min_size = 2 log_opt_values /usr/lib/python3/dist-packages/oslo_config/cfg.py:2609
2026-02-26 01:37:08.168 62164 DEBUG oslo_service.service [-] oslo_messaging_rabbit.conn_pool_ttl = 1200 log_opt_values /usr/lib/python3/dist-packages/oslo_config/cfg.py:2609
2026-02-26 01:37:08.168 62164 DEBUG oslo_service.service [-] oslo_messaging_rabbit.direct_mandatory_flag = True log_opt_values /usr/lib/python3/dist-packages/oslo_config/cfg.py:2609
2026-02-26 01:37:08.168 62164 DEBUG oslo_service.service [-] oslo_messaging_rabbit.enable_cancel_on_failover = False log_opt_values /usr/lib/python3/dist-packages/oslo_config/cfg.py:2609
2026-02-26 01:37:08.168 62164 DEBUG oslo_service.service [-] oslo_messaging_rabbit.heartbeat_in_pthread = False log_opt_values /usr/lib/python3/dist-packages/oslo_config/cfg.py:2609
2026-02-26 01:37:08.169 62164 DEBUG oslo_service.service [-] oslo_messaging_rabbit.heartbeat_rate = 2 log_opt_values /usr/lib/python3/dist-packages/oslo_config/cfg.py:2609
2026-02-26 01:37:08.170 62164 DEBUG oslo_service.service [-] oslo_messaging_rabbit.heartbeat_timeout_threshold = 60 log_opt_values /usr/lib/python3/dist-packages/oslo_config/cfg.py:2609
2026-02-26 01:37:08.170 62164 DEBUG oslo_service.service [-] oslo_messaging_rabbit.kombu_compression = None log_opt_values /usr/lib/python3/dist-packages/oslo_config/cfg.py:2609
2026-02-26 01:37:08.171 62164 DEBUG oslo_service.service [-] oslo_messaging_rabbit.kombu_failover_strategy = round-robin log_opt_values /usr/lib/python3/dist-packages/oslo_config/cfg.py:2609
2026-02-26 01:37:08.171 62164 DEBUG oslo_service.service [-] oslo_messaging_rabbit.kombu_missing_consumer_retry_timeout = 60 log_opt_values /usr/lib/python3/dist-packages/oslo_config/cfg.py:2609
2026-02-26 01:37:08.171 62164 DEBUG oslo_service.service [-] oslo_messaging_rabbit.kombu_reconnect_delay = 1.0 log_opt_values /usr/lib/python3/dist-packages/oslo_config/cfg.py:2609
2026-02-26 01:37:08.171 62164 DEBUG oslo_service.service [-] oslo_messaging_rabbit.rabbit_ha_queues = False log_opt_values /usr/lib/python3/dist-packages/oslo_config/cfg.py:2609
2026-02-26 01:37:08.171 62164 DEBUG oslo_service.service [-] oslo_messaging_rabbit.rabbit_interval_max = 30 log_opt_values /usr/lib/python3/dist-packages/oslo_config/cfg.py:2609
2026-02-26 01:37:08.171 62164 DEBUG oslo_service.service [-] oslo_messaging_rabbit.rabbit_login_method = AMQPLAIN log_opt_values /usr/lib/python3/dist-packages/oslo_config/cfg.py:2609
2026-02-26 01:37:08.171 62164 DEBUG oslo_service.service [-] oslo_messaging_rabbit.rabbit_qos_prefetch_count = 0 log_opt_values /usr/lib/python3/dist-packages/oslo_config/cfg.py:2609
2026-02-26 01:37:08.171 62164 DEBUG oslo_service.service [-] oslo_messaging_rabbit.rabbit_quorum_queue = False log_opt_values /usr/lib/python3/dist-packages/oslo_config/cfg.py:2609
2026-02-26 01:37:08.172 62164 DEBUG oslo_service.service [-] oslo_messaging_rabbit.rabbit_retry_backoff = 2 log_opt_values /usr/lib/python3/dist-packages/oslo_config/cfg.py:2609
2026-02-26 01:37:08.172 62164 DEBUG oslo_service.service [-] oslo_messaging_rabbit.rabbit_retry_interval = 1 log_opt_values /usr/lib/python3/dist-packages/oslo_config/cfg.py:2609
2026-02-26 01:37:08.172 62164 DEBUG oslo_service.service [-] oslo_messaging_rabbit.rabbit_transient_queues_ttl = 1800 log_opt_values /usr/lib/python3/dist-packages/oslo_config/cfg.py:2609
2026-02-26 01:37:08.172 62164 DEBUG oslo_service.service [-] oslo_messaging_rabbit.rpc_conn_pool_size = 30 log_opt_values /usr/lib/python3/dist-packages/oslo_config/cfg.py:2609
2026-02-26 01:37:08.172 62164 DEBUG oslo_service.service [-] oslo_messaging_rabbit.ssl = False log_opt_values /usr/lib/python3/dist-packages/oslo_config/cfg.py:2609
2026-02-26 01:37:08.172 62164 DEBUG oslo_service.service [-] oslo_messaging_rabbit.ssl_ca_file = log_opt_values /usr/lib/python3/dist-packages/oslo_config/cfg.py:2609
2026-02-26 01:37:08.172 62164 DEBUG oslo_service.service [-] oslo_messaging_rabbit.ssl_cert_file = log_opt_values /usr/lib/python3/dist-packages/oslo_config/cfg.py:2609
2026-02-26 01:37:08.172 62164 DEBUG oslo_service.service [-] oslo_messaging_rabbit.ssl_key_file = log_opt_values /usr/lib/python3/dist-packages/oslo_config/cfg.py:2609
2026-02-26 01:37:08.173 62164 DEBUG oslo_service.service [-] oslo_messaging_rabbit.ssl_version = log_opt_values /usr/lib/python3/dist-packages/oslo_config/cfg.py:2609
2026-02-26 01:37:08.173 62164 DEBUG oslo_service.service [-] oslo_messaging_notifications.driver = [] log_opt_values /usr/lib/python3/dist-packages/oslo_config/cfg.py:2609
2026-02-26 01:37:08.173 62164 DEBUG oslo_service.service [-] oslo_messaging_notifications.retry = -1 log_opt_values /usr/lib/python3/dist-packages/oslo_config/cfg.py:2609
2026-02-26 01:37:08.173 62164 DEBUG oslo_service.service [-] oslo_messaging_notifications.topics = ['notifications'] log_opt_values /usr/lib/python3/dist-packages/oslo_config/cfg.py:2609
2026-02-26 01:37:08.173 62164 DEBUG oslo_service.service [-] oslo_messaging_notifications.transport_url = **** log_opt_values /usr/lib/python3/dist-packages/oslo_config/cfg.py:2609
2026-02-26 01:37:08.174 62405 DEBUG oslo_db.sqlalchemy.engines [req-9e68fdac-cace-4db1-bdff-a9cd34a20a4f - - - - -] MySQL server mode set to STRICT_TRANS_TABLES,STRICT_ALL_TABLES,NO_ZERO_IN_DATE,NO_ZERO_DATE,ERROR_FOR_DIVISION_BY_ZERO,TRADITIONAL,NO_ENGINE_SUBSTITUTION _check_effective_sql_mode /usr/lib/python3/dist-packages/oslo_db/sqlalchemy/engines.py:314
2026-02-26 01:37:08.177 62164 DEBUG oslo_service.service [-] cache.backend = dogpile.cache.null log_opt_values /usr/lib/python3/dist-packages/oslo_config/cfg.py:2609
2026-02-26 01:37:08.177 62164 DEBUG oslo_service.service [-] cache.backend_argument = **** log_opt_values /usr/lib/python3/dist-packages/oslo_config/cfg.py:2609
2026-02-26 01:37:08.177 62164 DEBUG oslo_service.service [-] cache.config_prefix = cache.oslo log_opt_values /usr/lib/python3/dist-packages/oslo_config/cfg.py:2609
2026-02-26 01:37:08.177 62164 DEBUG oslo_service.service [-] cache.debug_cache_backend = False log_opt_values /usr/lib/python3/dist-packages/oslo_config/cfg.py:2609
2026-02-26 01:37:08.177 62164 DEBUG oslo_service.service [-] cache.enabled = False log_opt_values /usr/lib/python3/dist-packages/oslo_config/cfg.py:2609
2026-02-26 01:37:08.177 62164 DEBUG oslo_service.service [-] cache.expiration_time = 600 log_opt_values /usr/lib/python3/dist-packages/oslo_config/cfg.py:2609
2026-02-26 01:37:08.178 62164 DEBUG oslo_service.service [-] cache.memcache_dead_retry = 300 log_opt_values /usr/lib/python3/dist-packages/oslo_config/cfg.py:2609
2026-02-26 01:37:08.178 62164 DEBUG oslo_service.service [-] cache.memcache_pool_connection_get_timeout = 10 log_opt_values /usr/lib/python3/dist-packages/oslo_config/cfg.py:2609
2026-02-26 01:37:08.178 62164 DEBUG oslo_service.service [-] cache.memcache_pool_flush_on_reconnect = False log_opt_values /usr/lib/python3/dist-packages/oslo_config/cfg.py:2609
2026-02-26 01:37:08.178 62164 DEBUG oslo_service.service [-] cache.memcache_pool_maxsize = 10 log_opt_values /usr/lib/python3/dist-packages/oslo_config/cfg.py:2609
2026-02-26 01:37:08.178 62164 DEBUG oslo_service.service [-] cache.memcache_pool_unused_timeout = 60 log_opt_values /usr/lib/python3/dist-packages/oslo_config/cfg.py:2609
2026-02-26 01:37:08.178 62164 DEBUG oslo_service.service [-] cache.memcache_servers = ['localhost:11211'] log_opt_values /usr/lib/python3/dist-packages/oslo_config/cfg.py:2609
2026-02-26 01:37:08.178 62164 DEBUG oslo_service.service [-] cache.memcache_socket_timeout = 1.0 log_opt_values /usr/lib/python3/dist-packages/oslo_config/cfg.py:2609
2026-02-26 01:37:08.182 62164 DEBUG oslo_service.service [-] cache.proxies = [] log_opt_values /usr/lib/python3/dist-packages/oslo_config/cfg.py:2609
2026-02-26 01:37:08.182 62164 DEBUG oslo_service.service [-] cache.tls_allowed_ciphers = None log_opt_values /usr/lib/python3/dist-packages/oslo_config/cfg.py:2609
2026-02-26 01:37:08.182 62164 DEBUG oslo_service.service [-] cache.tls_cafile = None log_opt_values /usr/lib/python3/dist-packages/oslo_config/cfg.py:2609
2026-02-26 01:37:08.182 62164 DEBUG oslo_service.service [-] cache.tls_certfile = None log_opt_values /usr/lib/python3/dist-packages/oslo_config/cfg.py:2609
2026-02-26 01:37:08.182 62164 DEBUG oslo_service.service [-] cache.tls_enabled = False log_opt_values /usr/lib/python3/dist-packages/oslo_config/cfg.py:2609
2026-02-26 01:37:08.182 62164 DEBUG oslo_service.service [-] cache.tls_keyfile = None log_opt_values /usr/lib/python3/dist-packages/oslo_config/cfg.py:2609
2026-02-26 01:37:08.183 62164 DEBUG oslo_service.service [-] constraint_validation_cache.caching = True log_opt_values /usr/lib/python3/dist-packages/oslo_config/cfg.py:2609
2026-02-26 01:37:08.183 62164 DEBUG oslo_service.service [-] constraint_validation_cache.expiration_time = 60 log_opt_values /usr/lib/python3/dist-packages/oslo_config/cfg.py:2609
2026-02-26 01:37:08.183 62164 DEBUG oslo_service.service [-] service_extension_cache.caching = True log_opt_values /usr/lib/python3/dist-packages/oslo_config/cfg.py:2609
2026-02-26 01:37:08.183 62164 DEBUG oslo_service.service [-] service_extension_cache.expiration_time = 3600 log_opt_values /usr/lib/python3/dist-packages/oslo_config/cfg.py:2609
2026-02-26 01:37:08.183 62164 DEBUG oslo_service.service [-] resource_finder_cache.caching = True log_opt_values /usr/lib/python3/dist-packages/oslo_config/cfg.py:2609
2026-02-26 01:37:08.183 62164 DEBUG oslo_service.service [-] resource_finder_cache.expiration_time = 3600 log_opt_values /usr/lib/python3/dist-packages/oslo_config/cfg.py:2609
2026-02-26 01:37:08.183 62164 DEBUG oslo_service.service [-] yaql.limit_iterators = 200 log_opt_values /usr/lib/python3/dist-packages/oslo_config/cfg.py:2609
2026-02-26 01:37:08.183 62164 DEBUG oslo_service.service [-] yaql.memory_quota = 10000 log_opt_values /usr/lib/python3/dist-packages/oslo_config/cfg.py:2609
2026-02-26 01:37:08.184 62164 DEBUG oslo_service.service [-] ******************************************************************************** log_opt_values /usr/lib/python3/dist-packages/oslo_config/cfg.py:2613
2026-02-26 01:37:08.318 62406 DEBUG oslo_db.sqlalchemy.engines [req-5efea7b5-3482-41eb-a4f5-88cbaa95d59b - - - - -] MySQL server mode set to STRICT_TRANS_TABLES,STRICT_ALL_TABLES,NO_ZERO_IN_DATE,NO_ZERO_DATE,ERROR_FOR_DIVISION_BY_ZERO,TRADITIONAL,NO_ENGINE_SUBSTITUTION _check_effective_sql_mode /usr/lib/python3/dist-packages/oslo_db/sqlalchemy/engines.py:314
2026-02-26 01:37:08.322 62408 DEBUG oslo_db.sqlalchemy.engines [req-6f90c1ff-f0a4-46e4-8031-120919f289bd - - - - -] MySQL server mode set to STRICT_TRANS_TABLES,STRICT_ALL_TABLES,NO_ZERO_IN_DATE,NO_ZERO_DATE,ERROR_FOR_DIVISION_BY_ZERO,TRADITIONAL,NO_ENGINE_SUBSTITUTION _check_effective_sql_mode /usr/lib/python3/dist-packages/oslo_db/sqlalchemy/engines.py:314
2026-02-26 01:37:08.397 62407 DEBUG oslo_db.sqlalchemy.engines [req-7be83418-1cb5-4318-9eb4-f0d3a8491bab - - - - -] MySQL server mode set to STRICT_TRANS_TABLES,STRICT_ALL_TABLES,NO_ZERO_IN_DATE,NO_ZERO_DATE,ERROR_FOR_DIVISION_BY_ZERO,TRADITIONAL,NO_ENGINE_SUBSTITUTION _check_effective_sql_mode /usr/lib/python3/dist-packages/oslo_db/sqlalchemy/engines.py:314
2026-02-26 01:37:08.446 62405 DEBUG heat.engine.service [req-9e68fdac-cace-4db1-bdff-a9cd34a20a4f - - - - -] Service 000e69f9-13ae-4032-9ebd-1382a0a46f5b was aborted service_manage_cleanup /usr/lib/python3/dist-packages/heat/engine/service.py:2391
2026-02-26 01:37:08.486 62405 DEBUG heat.engine.service [req-9e68fdac-cace-4db1-bdff-a9cd34a20a4f - - - - -] Service 0a0de858-3806-4374-bb55-d54bcfb79468 was aborted service_manage_cleanup /usr/lib/python3/dist-packages/heat/engine/service.py:2391
2026-02-26 01:37:08.527 62406 DEBUG heat.engine.service [req-5efea7b5-3482-41eb-a4f5-88cbaa95d59b - - - - -] Service 55339d86-8a95-493e-997f-74f6c6c5ad21 was aborted service_manage_cleanup /usr/lib/python3/dist-packages/heat/engine/service.py:2391
2026-02-26 01:37:08.526 62405 DEBUG heat.engine.service [req-9e68fdac-cace-4db1-bdff-a9cd34a20a4f - - - - -] Service 55339d86-8a95-493e-997f-74f6c6c5ad21 was aborted service_manage_cleanup /usr/lib/python3/dist-packages/heat/engine/service.py:2391
2026-02-26 01:37:08.560 62406 DEBUG heat.engine.service [req-5efea7b5-3482-41eb-a4f5-88cbaa95d59b - - - - -] Service 5a6fb94a-e883-4e64-8404-1916afba4929 was aborted service_manage_cleanup /usr/lib/python3/dist-packages/heat/engine/service.py:2391
2026-02-26 01:37:08.559 62405 DEBUG heat.engine.service [req-9e68fdac-cace-4db1-bdff-a9cd34a20a4f - - - - -] Service 5a6fb94a-e883-4e64-8404-1916afba4929 was aborted service_manage_cleanup /usr/lib/python3/dist-packages/heat/engine/service.py:2391
2026-02-26 01:37:08.587 62406 DEBUG heat.engine.service [req-5efea7b5-3482-41eb-a4f5-88cbaa95d59b - - - - -] Service 6e35c990-16a7-4fdb-a17d-0dfbc74a592f was aborted service_manage_cleanup /usr/lib/python3/dist-packages/heat/engine/service.py:2391
2026-02-26 01:37:08.624 62406 DEBUG heat.engine.service [req-5efea7b5-3482-41eb-a4f5-88cbaa95d59b - - - - -] Service 70451408-c034-4bbc-a376-d717c959a31b was aborted service_manage_cleanup /usr/lib/python3/dist-packages/heat/engine/service.py:2391
2026-02-26 01:37:08.621 62405 DEBUG heat.engine.service [req-9e68fdac-cace-4db1-bdff-a9cd34a20a4f - - - - -] Service 6e35c990-16a7-4fdb-a17d-0dfbc74a592f was aborted service_manage_cleanup /usr/lib/python3/dist-packages/heat/engine/service.py:2391
2026-02-26 01:37:08.670 62405 DEBUG heat.engine.service [req-9e68fdac-cace-4db1-bdff-a9cd34a20a4f - - - - -] Service 70451408-c034-4bbc-a376-d717c959a31b was aborted service_manage_cleanup /usr/lib/python3/dist-packages/heat/engine/service.py:2391
2026-02-26 01:37:08.690 62408 DEBUG heat.engine.service [req-6f90c1ff-f0a4-46e4-8031-120919f289bd - - - - -] Service 70451408-c034-4bbc-a376-d717c959a31b was aborted service_manage_cleanup /usr/lib/python3/dist-packages/heat/engine/service.py:2391
2026-02-26 01:37:08.717 62407 DEBUG heat.engine.service [req-7be83418-1cb5-4318-9eb4-f0d3a8491bab - - - - -] Service 70451408-c034-4bbc-a376-d717c959a31b was aborted service_manage_cleanup /usr/lib/python3/dist-packages/heat/engine/service.py:2391
2026-02-26 01:37:08.985 62406 DEBUG heat.engine.service [req-5efea7b5-3482-41eb-a4f5-88cbaa95d59b - - - - -] Service 81b5f5d7-78b9-4ff9-975a-56713dcddb58 was aborted service_manage_cleanup /usr/lib/python3/dist-packages/heat/engine/service.py:2391
2026-02-26 01:37:08.990 62408 DEBUG heat.engine.service [req-6f90c1ff-f0a4-46e4-8031-120919f289bd - - - - -] Service 81b5f5d7-78b9-4ff9-975a-56713dcddb58 was aborted service_manage_cleanup /usr/lib/python3/dist-packages/heat/engine/service.py:2391
2026-02-26 01:37:08.993 62405 DEBUG heat.engine.service [req-9e68fdac-cace-4db1-bdff-a9cd34a20a4f - - - - -] Service 81b5f5d7-78b9-4ff9-975a-56713dcddb58 was aborted service_manage_cleanup /usr/lib/python3/dist-packages/heat/engine/service.py:2391
2026-02-26 01:37:08.994 62407 DEBUG heat.engine.service [req-7be83418-1cb5-4318-9eb4-f0d3a8491bab - - - - -] Service 81b5f5d7-78b9-4ff9-975a-56713dcddb58 was aborted service_manage_cleanup /usr/lib/python3/dist-packages/heat/engine/service.py:2391
2026-02-26 01:37:09.010 62408 DEBUG heat.engine.service [req-6f90c1ff-f0a4-46e4-8031-120919f289bd - - - - -] Service 9ac15665-d89c-41c3-96f4-adf7c6f4c02d was aborted service_manage_cleanup /usr/lib/python3/dist-packages/heat/engine/service.py:2391
2026-02-26 01:37:09.014 62406 DEBUG heat.engine.service [req-5efea7b5-3482-41eb-a4f5-88cbaa95d59b - - - - -] Service 9ac15665-d89c-41c3-96f4-adf7c6f4c02d was aborted service_manage_cleanup /usr/lib/python3/dist-packages/heat/engine/service.py:2391
2026-02-26 01:37:09.020 62407 DEBUG heat.engine.service [req-7be83418-1cb5-4318-9eb4-f0d3a8491bab - - - - -] Service 9ac15665-d89c-41c3-96f4-adf7c6f4c02d was aborted service_manage_cleanup /usr/lib/python3/dist-packages/heat/engine/service.py:2391
2026-02-26 01:37:09.029 62405 DEBUG heat.engine.service [req-9e68fdac-cace-4db1-bdff-a9cd34a20a4f - - - - -] Service 9ac15665-d89c-41c3-96f4-adf7c6f4c02d was aborted service_manage_cleanup /usr/lib/python3/dist-packages/heat/engine/service.py:2391
2026-02-26 01:37:09.035 62408 DEBUG heat.engine.service [req-6f90c1ff-f0a4-46e4-8031-120919f289bd - - - - -] Service cf5893a7-d750-45a6-ae0a-0e9310942630 was aborted service_manage_cleanup /usr/lib/python3/dist-packages/heat/engine/service.py:2391
2026-02-26 01:37:09.036 62405 DEBUG heat.engine.service [req-9e68fdac-cace-4db1-bdff-a9cd34a20a4f - - - - -] Service cf5893a7-d750-45a6-ae0a-0e9310942630 was aborted service_manage_cleanup /usr/lib/python3/dist-packages/heat/engine/service.py:2391
2026-02-26 01:37:09.036 62407 DEBUG heat.engine.service [req-7be83418-1cb5-4318-9eb4-f0d3a8491bab - - - - -] Service cf5893a7-d750-45a6-ae0a-0e9310942630 was aborted service_manage_cleanup /usr/lib/python3/dist-packages/heat/engine/service.py:2391
2026-02-26 01:37:09.046 62406 DEBUG heat.engine.service [req-5efea7b5-3482-41eb-a4f5-88cbaa95d59b - - - - -] Service cf5893a7-d750-45a6-ae0a-0e9310942630 was aborted service_manage_cleanup /usr/lib/python3/dist-packages/heat/engine/service.py:2391
2026-02-26 01:37:09.054 62405 DEBUG heat.engine.service [req-9e68fdac-cace-4db1-bdff-a9cd34a20a4f - - - - -] Service d0dc1744-9ec2-4469-a1f2-1446b8f64240 was aborted service_manage_cleanup /usr/lib/python3/dist-packages/heat/engine/service.py:2391
2026-02-26 01:37:09.063 62408 DEBUG heat.engine.service [req-6f90c1ff-f0a4-46e4-8031-120919f289bd - - - - -] Service d0dc1744-9ec2-4469-a1f2-1446b8f64240 was aborted service_manage_cleanup /usr/lib/python3/dist-packages/heat/engine/service.py:2391
2026-02-26 01:37:09.065 62407 DEBUG heat.engine.service [req-7be83418-1cb5-4318-9eb4-f0d3a8491bab - - - - -] Service d0dc1744-9ec2-4469-a1f2-1446b8f64240 was aborted service_manage_cleanup /usr/lib/python3/dist-packages/heat/engine/service.py:2391
2026-02-26 01:37:09.073 62406 DEBUG heat.engine.service [req-5efea7b5-3482-41eb-a4f5-88cbaa95d59b - - - - -] Service d0dc1744-9ec2-4469-a1f2-1446b8f64240 was aborted service_manage_cleanup /usr/lib/python3/dist-packages/heat/engine/service.py:2391
2026-02-26 01:37:09.076 62405 DEBUG heat.engine.service [req-9e68fdac-cace-4db1-bdff-a9cd34a20a4f - - - - -] Service d8faa792-7c4f-4ae5-8d4d-4392ed0ca681 was aborted service_manage_cleanup /usr/lib/python3/dist-packages/heat/engine/service.py:2391
2026-02-26 01:37:09.088 62408 DEBUG heat.engine.service [req-6f90c1ff-f0a4-46e4-8031-120919f289bd - - - - -] Service d8faa792-7c4f-4ae5-8d4d-4392ed0ca681 was aborted service_manage_cleanup /usr/lib/python3/dist-packages/heat/engine/service.py:2391
2026-02-26 01:37:09.105 62405 DEBUG heat.engine.service [req-9e68fdac-cace-4db1-bdff-a9cd34a20a4f - - - - -] Service fea3dd9d-9f51-41d7-ad82-6f0cc7841658 was aborted service_manage_cleanup /usr/lib/python3/dist-packages/heat/engine/service.py:2391
2026-02-26 01:37:09.108 62407 DEBUG heat.engine.service [req-7be83418-1cb5-4318-9eb4-f0d3a8491bab - - - - -] Service d8faa792-7c4f-4ae5-8d4d-4392ed0ca681 was aborted service_manage_cleanup /usr/lib/python3/dist-packages/heat/engine/service.py:2391
2026-02-26 01:37:09.108 62406 DEBUG heat.engine.service [req-5efea7b5-3482-41eb-a4f5-88cbaa95d59b - - - - -] Service d8faa792-7c4f-4ae5-8d4d-4392ed0ca681 was aborted service_manage_cleanup /usr/lib/python3/dist-packages/heat/engine/service.py:2391
2026-02-26 01:37:09.111 62408 DEBUG heat.engine.service [req-6f90c1ff-f0a4-46e4-8031-120919f289bd - - - - -] Service fea3dd9d-9f51-41d7-ad82-6f0cc7841658 was aborted service_manage_cleanup /usr/lib/python3/dist-packages/heat/engine/service.py:2391
2026-02-26 01:37:09.130 62406 DEBUG heat.engine.service [req-5efea7b5-3482-41eb-a4f5-88cbaa95d59b - - - - -] Service fea3dd9d-9f51-41d7-ad82-6f0cc7841658 was aborted service_manage_cleanup /usr/lib/python3/dist-packages/heat/engine/service.py:2391
2026-02-26 01:37:09.134 62407 DEBUG heat.engine.service [req-7be83418-1cb5-4318-9eb4-f0d3a8491bab - - - - -] Service fea3dd9d-9f51-41d7-ad82-6f0cc7841658 was aborted service_manage_cleanup /usr/lib/python3/dist-packages/heat/engine/service.py:2391
2026-02-26 01:37:09.215 62405 DEBUG heat.engine.service [req-7b93dd01-7c33-4955-b43a-d9c923a2b69e - - - - -] Service a91d09e4-4d81-4360-8289-b176df35f7c5 is started service_manage_report /usr/lib/python3/dist-packages/heat/engine/service.py:2363
2026-02-26 01:37:09.227 62408 DEBUG heat.engine.service [req-eddd8686-5d0f-4b3e-9afe-03d11b492748 - - - - -] Service 7b68f7c7-f1bf-47bd-9315-4592759c2e92 is started service_manage_report /usr/lib/python3/dist-packages/heat/engine/service.py:2363
2026-02-26 01:37:09.228 62407 DEBUG heat.engine.service [req-811fb56e-9532-4bab-97d5-ca79f99487cd - - - - -] Service abc1bde2-0835-4f7f-8795-5e2c8b82f46b is started service_manage_report /usr/lib/python3/dist-packages/heat/engine/service.py:2363
2026-02-26 01:37:09.249 62406 DEBUG heat.engine.service [req-1d5e5366-f482-4dbb-bf95-5098b6edba86 - - - - -] Service 9a17c55b-bbd0-49e6-a8c4-0746f28c4ff3 is started service_manage_report /usr/lib/python3/dist-packages/heat/engine/service.py:2363
2026-02-26 01:37:09.258 62405 DEBUG heat.engine.service [req-7b93dd01-7c33-4955-b43a-d9c923a2b69e - - - - -] Service a91d09e4-4d81-4360-8289-b176df35f7c5 is updated service_manage_report /usr/lib/python3/dist-packages/heat/engine/service.py:2370
2026-02-26 01:37:09.285 62407 DEBUG heat.engine.service [req-811fb56e-9532-4bab-97d5-ca79f99487cd - - - - -] Service abc1bde2-0835-4f7f-8795-5e2c8b82f46b is updated service_manage_report /usr/lib/python3/dist-packages/heat/engine/service.py:2370
2026-02-26 01:37:09.337 62406 DEBUG heat.engine.service [req-1d5e5366-f482-4dbb-bf95-5098b6edba86 - - - - -] Service 9a17c55b-bbd0-49e6-a8c4-0746f28c4ff3 is updated service_manage_report /usr/lib/python3/dist-packages/heat/engine/service.py:2370
2026-02-26 01:37:09.354 62408 DEBUG heat.engine.service [req-eddd8686-5d0f-4b3e-9afe-03d11b492748 - - - - -] Service 7b68f7c7-f1bf-47bd-9315-4592759c2e92 is updated service_manage_report /usr/lib/python3/dist-packages/heat/engine/service.py:2370
2026-02-26 01:38:09.163 62405 DEBUG heat.engine.service [req-c5665647-ab1d-46ed-8689-45b530e57585 - - - - -] Service a91d09e4-4d81-4360-8289-b176df35f7c5 is updated service_manage_report /usr/lib/python3/dist-packages/heat/engine/service.py:2370
2026-02-26 01:38:09.167 62408 DEBUG heat.engine.service [req-5f90ee67-e5f2-4375-8c79-bdaadbdab47b - - - - -] Service 7b68f7c7-f1bf-47bd-9315-4592759c2e92 is updated service_manage_report /usr/lib/python3/dist-packages/heat/engine/service.py:2370
2026-02-26 01:38:09.174 62407 DEBUG heat.engine.service [req-ea8c779c-f005-4046-b828-421fb57f5205 - - - - -] Service abc1bde2-0835-4f7f-8795-5e2c8b82f46b is updated service_manage_report /usr/lib/python3/dist-packages/heat/engine/service.py:2370
2026-02-26 01:38:09.187 62406 DEBUG heat.engine.service [req-35803c13-1ffc-4699-9500-32ea38a4f87b - - - - -] Service 9a17c55b-bbd0-49e6-a8c4-0746f28c4ff3 is updated service_manage_report /usr/lib/python3/dist-packages/heat/engine/service.py:2370
2026-02-26 01:38:53.816 62407 DEBUG heat.engine.service [-] Attempting to stop engine service... _stop_rpc_server /usr/lib/python3/dist-packages/heat/engine/service.py:437
2026-02-26 01:38:53.816 62405 DEBUG heat.engine.service [-] Attempting to stop engine service... _stop_rpc_server /usr/lib/python3/dist-packages/heat/engine/service.py:437
2026-02-26 01:38:53.816 62406 DEBUG heat.engine.service [-] Attempting to stop engine service... _stop_rpc_server /usr/lib/python3/dist-packages/heat/engine/service.py:437
2026-02-26 01:38:53.817 62408 DEBUG heat.engine.service [-] Attempting to stop engine service... _stop_rpc_server /usr/lib/python3/dist-packages/heat/engine/service.py:437
2026-02-26 01:38:53.819 62164 INFO oslo_service.service [-] Caught SIGTERM, stopping children
2026-02-26 01:38:53.819 62164 DEBUG oslo_concurrency.lockutils [-] Acquired lock "singleton_lock" lock /usr/lib/python3/dist-packages/oslo_concurrency/lockutils.py:294
2026-02-26 01:38:53.819 62164 DEBUG oslo_concurrency.lockutils [-] Releasing lock "singleton_lock" lock /usr/lib/python3/dist-packages/oslo_concurrency/lockutils.py:312
2026-02-26 01:38:53.819 62164 DEBUG oslo_service.service [-] Stop services. stop /usr/lib/python3/dist-packages/oslo_service/service.py:695
2026-02-26 01:38:53.820 62164 INFO heat.engine.service [-] All threads were gone, terminating engine
2026-02-26 01:38:53.820 62164 DEBUG oslo_service.service [-] Killing children. stop /usr/lib/python3/dist-packages/oslo_service/service.py:700
2026-02-26 01:38:53.820 62164 INFO oslo_service.service [-] Waiting on 4 children to exit
2026-02-26 01:38:53.834 62164 INFO oslo_service.service [-] Child 62405 killed by signal 15
2026-02-26 01:38:53.834 62164 INFO oslo_service.service [-] Child 62406 killed by signal 15
2026-02-26 01:38:53.838 62164 INFO oslo_service.service [-] Child 62408 killed by signal 15
2026-02-26 01:38:53.839 62164 INFO oslo_service.service [-] Child 62407 killed by signal 15
2026-02-26 01:38:55.773 65103 DEBUG oslo_concurrency.lockutils [-] Lock "context-manager" acquired by "neutron_lib.db.api._create_context_manager" :: waited 0.000s inner /usr/lib/python3/dist-packages/oslo_concurrency/lockutils.py:386
2026-02-26 01:38:55.773 65103 DEBUG oslo_concurrency.lockutils [-] Lock "context-manager" "released" by "neutron_lib.db.api._create_context_manager" :: held 0.001s inner /usr/lib/python3/dist-packages/oslo_concurrency/lockutils.py:400
2026-02-26 01:38:58.608 65103 WARNING heat.engine.environment [-] OS::Aodh::Alarm is DEPRECATED. Theshold alarm relies on ceilometer-api and has been deprecated in aodh since Ocata. Use OS::Aodh::GnocchiAggregationByResourcesAlarm instead.
2026-02-26 01:38:58.608 65103 WARNING heat.engine.environment [-] OS::Aodh::CombinationAlarm is HIDDEN. OS::Aodh::CombinationAlarm is deprecated and has been removed from Aodh, use OS::Aodh::CompositeAlarm instead.
2026-02-26 01:38:58.608 65103 WARNING heat.engine.environment [-] OS::Designate::Domain is HIDDEN. This resource has been removed, use OS::Designate::Zone instead.
2026-02-26 01:38:58.609 65103 WARNING heat.engine.environment [-] OS::Designate::Record is HIDDEN. This resource has been removed, use OS::Designate::RecordSet instead.
2026-02-26 01:38:58.609 65103 WARNING heat.engine.environment [-] OS::Glance::Image is DEPRECATED. Creating a Glance Image based on an existing URL location requires the Glance v1 API, which is deprecated.
2026-02-26 01:38:58.609 65103 WARNING heat.engine.environment [-] OS::Heat::HARestarter is HIDDEN. The HARestarter resource type has been removed. Existing stacks containing HARestarter resources can still be used, but the HARestarter resource will be a placeholder that does nothing.
2026-02-26 01:38:58.609 65103 WARNING heat.engine.environment [-] OS::Heat::SoftwareDeployments is HIDDEN. Please use OS::Heat::SoftwareDeploymentGroup instead.
2026-02-26 01:38:58.609 65103 WARNING heat.engine.environment [-] OS::Heat::StructuredDeployments is HIDDEN. Please use OS::Heat::StructuredDeploymentGroup instead.
2026-02-26 01:38:58.610 65103 WARNING heat.engine.environment [-] OS::Magnum::Bay is HIDDEN. Please use OS::Magnum::Cluster instead.
2026-02-26 01:38:58.610 65103 WARNING heat.engine.environment [-] OS::Magnum::BayModel is HIDDEN. Please use OS::Magnum::ClusterTemplate instead.
2026-02-26 01:38:58.610 65103 WARNING heat.engine.environment [-] OS::Neutron::ExtraRoute is UNSUPPORTED. Use this resource at your own risk.
2026-02-26 01:38:58.611 65103 WARNING heat.engine.environment [-] OS::Neutron::HealthMonitor is HIDDEN. Use LBaaS V2 instead.
2026-02-26 01:38:58.611 65103 WARNING heat.engine.environment [-] OS::Neutron::Pool is HIDDEN. Use LBaaS V2 instead.
2026-02-26 01:38:58.611 65103 WARNING heat.engine.environment [-] OS::Neutron::PoolMember is HIDDEN. Use LBaaS V2 instead.
2026-02-26 01:38:58.611 65103 WARNING heat.engine.environment [-] OS::Neutron::LoadBalancer is HIDDEN. Use LBaaS V2 instead.
2026-02-26 01:38:58.611 65103 WARNING heat.engine.environment [-] OS::Neutron::RouterGateway is HIDDEN. Use the `external_gateway_info` property in the router resource to set up the gateway.
2026-02-26 01:38:58.612 65103 WARNING heat.engine.environment [-] OS::Nova::FloatingIP is HIDDEN. Please use OS::Neutron::FloatingIP instead.
2026-02-26 01:38:58.612 65103 WARNING heat.engine.environment [-] OS::Nova::FloatingIPAssociation is HIDDEN. Please use OS::Neutron::FloatingIPAssociation instead.
2026-02-26 01:38:58.615 65103 INFO heat.engine.environment [-] Loading /etc/heat/environment.d/default.yaml
2026-02-26 01:38:58.616 65103 INFO heat.engine.environment [-] Registered: [Plugin](User:False) AWS::AutoScaling::AutoScalingGroup ->
2026-02-26 01:38:58.616 65103 INFO heat.engine.environment [-] Registered: [Plugin](User:False) AWS::AutoScaling::LaunchConfiguration ->
2026-02-26 01:38:58.616 65103 INFO heat.engine.environment [-] Registered: [Plugin](User:False) AWS::AutoScaling::ScalingPolicy ->
2026-02-26 01:38:58.616 65103 INFO heat.engine.environment [-] Registered: [Plugin](User:False) AWS::CloudFormation::Stack ->
2026-02-26 01:38:58.617 65103 INFO heat.engine.environment [-] Registered: [Plugin](User:False) AWS::CloudFormation::WaitCondition ->
2026-02-26 01:38:58.617 65103 INFO heat.engine.environment [-] Registered: [Plugin](User:False) AWS::CloudFormation::WaitConditionHandle ->
2026-02-26 01:38:58.617 65103 INFO heat.engine.environment [-] Registered: [Plugin](User:False) AWS::EC2::EIP ->
2026-02-26 01:38:58.617 65103 INFO heat.engine.environment [-] Registered: [Plugin](User:False) AWS::EC2::EIPAssociation ->
2026-02-26 01:38:58.617 65103 INFO heat.engine.environment [-] Registered: [Plugin](User:False) AWS::EC2::Instance ->
2026-02-26 01:38:58.617 65103 INFO heat.engine.environment [-] Registered: [Plugin](User:False) AWS::EC2::InternetGateway ->
2026-02-26 01:38:58.617 65103 INFO heat.engine.environment [-] Registered: [Plugin](User:False) AWS::EC2::VPCGatewayAttachment ->
2026-02-26 01:38:58.617 65103 INFO heat.engine.environment [-] Registered: [Plugin](User:False) AWS::EC2::NetworkInterface ->
2026-02-26 01:38:58.617 65103 INFO heat.engine.environment [-] Registered: [Plugin](User:False) AWS::EC2::RouteTable ->
2026-02-26 01:38:58.618 65103 INFO heat.engine.environment [-] Registered: [Plugin](User:False) AWS::EC2::SubnetRouteTableAssociation ->
2026-02-26 01:38:58.618 65103 INFO heat.engine.environment [-] Registered: [Plugin](User:False) AWS::EC2::SecurityGroup ->
2026-02-26 01:38:58.618 65103 INFO heat.engine.environment [-] Registered: [Plugin](User:False) AWS::EC2::Subnet ->
2026-02-26 01:38:58.618 65103 INFO heat.engine.environment [-] Registered: [Plugin](User:False) AWS::EC2::Volume ->
2026-02-26 01:38:58.618 65103 INFO heat.engine.environment [-] Registered: [Plugin](User:False) AWS::EC2::VolumeAttachment ->
2026-02-26 01:38:58.618 65103 INFO heat.engine.environment [-] Registered: [Plugin](User:False) AWS::EC2::VPC ->
2026-02-26 01:38:58.618 65103 INFO heat.engine.environment [-] Registered: [Plugin](User:False) AWS::IAM::User ->
2026-02-26 01:38:58.618 65103 INFO heat.engine.environment [-] Registered: [Plugin](User:False) AWS::IAM::AccessKey ->
2026-02-26 01:38:58.618 65103 INFO heat.engine.environment [-] Registered: [Plugin](User:False) AWS::ElasticLoadBalancing::LoadBalancer ->
2026-02-26 01:38:58.618 65103 INFO heat.engine.environment [-] Registered: [Plugin](User:False) AWS::S3::Bucket ->
2026-02-26 01:38:58.618 65103 INFO heat.engine.environment [-] Registered: [Plugin](User:False) OS::Aodh::Alarm ->
2026-02-26 01:38:58.619 65103 INFO heat.engine.environment [-] Registered: [Plugin](User:False) OS::Aodh::CombinationAlarm ->
2026-02-26 01:38:58.619 65103 INFO heat.engine.environment [-] Registered: [Plugin](User:False) OS::Aodh::EventAlarm ->
2026-02-26 01:38:58.619 65103 INFO heat.engine.environment [-] Registered: [Plugin](User:False) OS::Aodh::LBMemberHealthAlarm ->
2026-02-26 01:38:58.619 65103 INFO heat.engine.environment [-] Registered: [Plugin](User:False) OS::Aodh::CompositeAlarm ->
2026-02-26 01:38:58.619 65103 INFO heat.engine.environment [-] Registered: [Plugin](User:False) OS::Aodh::GnocchiResourcesAlarm ->
2026-02-26 01:38:58.619 65103 INFO heat.engine.environment [-] Registered: [Plugin](User:False) OS::Aodh::GnocchiAggregationByMetricsAlarm ->
2026-02-26 01:38:58.619 65103 INFO heat.engine.environment [-] Registered: [Plugin](User:False) OS::Aodh::GnocchiAggregationByResourcesAlarm ->
2026-02-26 01:38:58.619 65103 INFO heat.engine.environment [-] Registered: [Plugin](User:False) OS::Barbican::GenericContainer ->
2026-02-26 01:38:58.619 65103 INFO heat.engine.environment [-] Registered: [Plugin](User:False) OS::Barbican::CertificateContainer ->
2026-02-26 01:38:58.619 65103 INFO heat.engine.environment [-] Registered: [Plugin](User:False) OS::Barbican::RSAContainer ->
2026-02-26 01:38:58.620 65103 INFO heat.engine.environment [-] Registered: [Plugin](User:False) OS::Barbican::Order ->
2026-02-26 01:38:58.620 65103 INFO heat.engine.environment [-] Registered: [Plugin](User:False) OS::Barbican::Secret ->
2026-02-26 01:38:58.620 65103 INFO heat.engine.environment [-] Registered: [Plugin](User:False) OS::Blazar::Host ->
2026-02-26 01:38:58.620 65103 INFO heat.engine.environment [-] Registered: [Plugin](User:False) OS::Blazar::Lease ->
2026-02-26 01:38:58.620 65103 INFO heat.engine.environment [-] Registered: [Plugin](User:False) OS::Cinder::EncryptedVolumeType ->
2026-02-26 01:38:58.620 65103 INFO heat.engine.environment [-] Registered: [Plugin](User:False) OS::Cinder::QoSSpecs ->
2026-02-26 01:38:58.620 65103 INFO heat.engine.environment [-] Registered: [Plugin](User:False) OS::Cinder::QoSAssociation ->
2026-02-26 01:38:58.620 65103 INFO heat.engine.environment [-] Registered: [Plugin](User:False) OS::Cinder::Quota ->
2026-02-26 01:38:58.620 65103 INFO heat.engine.environment [-] Registered: [Plugin](User:False) OS::Cinder::Volume ->
2026-02-26 01:38:58.620 65103 INFO heat.engine.environment [-] Registered: [Plugin](User:False) OS::Cinder::VolumeAttachment ->
2026-02-26 01:38:58.621 65103 INFO heat.engine.environment [-] Registered: [Plugin](User:False) OS::Cinder::VolumeType ->
2026-02-26 01:38:58.621 65103 INFO heat.engine.environment [-] Registered: [Plugin](User:False) OS::Designate::Domain ->
2026-02-26 01:38:58.621 65103 INFO heat.engine.environment [-] Registered: [Plugin](User:False) OS::Designate::Record ->
2026-02-26 01:38:58.621 65103 INFO heat.engine.environment [-] Registered: [Plugin](User:False) OS::Designate::RecordSet ->
2026-02-26 01:38:58.621 65103 INFO heat.engine.environment [-] Registered: [Plugin](User:False) OS::Designate::Zone ->
2026-02-26 01:38:58.621 65103 INFO heat.engine.environment [-] Registered: [Plugin](User:False) OS::Glance::Image ->
2026-02-26 01:38:58.621 65103 INFO heat.engine.environment [-] Registered: [Plugin](User:False) OS::Glance::WebImage ->
2026-02-26 01:38:58.621 65103 INFO heat.engine.environment [-] Registered: [Plugin](User:False) OS::Heat::AccessPolicy ->
2026-02-26 01:38:58.622 65103 INFO heat.engine.environment [-] Registered: [Plugin](User:False) OS::Heat::AutoScalingGroup ->
2026-02-26 01:38:58.622 65103 INFO heat.engine.environment [-] Registered: [Plugin](User:False) OS::Heat::CloudConfig ->
2026-02-26 01:38:58.622 65103 INFO heat.engine.environment [-] Registered: [Plugin](User:False) OS::Heat::Delay ->
2026-02-26 01:38:58.622 65103 INFO heat.engine.environment [-] Registered: [Plugin](User:False) OS::Heat::DeployedServer ->
2026-02-26 01:38:58.622 65103 INFO heat.engine.environment [-] Registered: [Plugin](User:False) OS::Heat::HARestarter ->
2026-02-26 01:38:58.622 65103 INFO heat.engine.environment [-] Registered: [Plugin](User:False) OS::Heat::InstanceGroup ->
2026-02-26 01:38:58.622 65103 INFO heat.engine.environment [-] Registered: [Plugin](User:False) OS::Heat::MultipartMime ->
2026-02-26 01:38:58.622 65103 INFO heat.engine.environment [-] Registered: [Plugin](User:False) OS::Heat::None ->
2026-02-26 01:38:58.622 65103 INFO heat.engine.environment [-] Registered: [Plugin](User:False) OS::Heat::RandomString ->
2026-02-26 01:38:58.622 65103 INFO heat.engine.environment [-] Registered: [Plugin](User:False) OS::Heat::Stack ->
2026-02-26 01:38:58.623 65103 INFO heat.engine.environment [-] Registered: [Plugin](User:False) OS::Heat::ResourceChain ->
2026-02-26 01:38:58.623 65103 INFO heat.engine.environment [-] Registered: [Plugin](User:False) OS::Heat::ResourceGroup ->
2026-02-26 01:38:58.623 65103 INFO heat.engine.environment [-] Registered: [Plugin](User:False) OS::Heat::ScalingPolicy ->
2026-02-26 01:38:58.623 65103 INFO heat.engine.environment [-] Registered: [Plugin](User:False) OS::Heat::SoftwareComponent ->
2026-02-26 01:38:58.623 65103 INFO heat.engine.environment [-] Registered: [Plugin](User:False) OS::Heat::SoftwareConfig ->
2026-02-26 01:38:58.623 65103 INFO heat.engine.environment [-] Registered: [Plugin](User:False) OS::Heat::SoftwareDeployment ->
2026-02-26 01:38:58.623 65103 INFO heat.engine.environment [-] Registered: [Plugin](User:False) OS::Heat::SoftwareDeploymentGroup ->
2026-02-26 01:38:58.623 65103 INFO heat.engine.environment [-] Registered: [Plugin](User:False) OS::Heat::SoftwareDeployments ->
2026-02-26 01:38:58.623 65103 INFO heat.engine.environment [-] Registered: [Plugin](User:False) OS::Heat::StructuredConfig ->
2026-02-26 01:38:58.623 65103 INFO heat.engine.environment [-] Registered: [Plugin](User:False) OS::Heat::StructuredDeployment ->
2026-02-26 01:38:58.624 65103 INFO heat.engine.environment [-] Registered: [Plugin](User:False) OS::Heat::StructuredDeploymentGroup ->
2026-02-26 01:38:58.624 65103 INFO heat.engine.environment [-] Registered: [Plugin](User:False) OS::Heat::StructuredDeployments ->
2026-02-26 01:38:58.624 65103 INFO heat.engine.environment [-] Registered: [Plugin](User:False) OS::Heat::SwiftSignal ->
2026-02-26 01:38:58.624 65103 INFO heat.engine.environment [-] Registered: [Plugin](User:False) OS::Heat::SwiftSignalHandle ->
2026-02-26 01:38:58.624 65103 INFO heat.engine.environment [-] Registered: [Plugin](User:False) OS::Heat::TestResource ->
2026-02-26 01:38:58.624 65103 INFO heat.engine.environment [-] Registered: [Plugin](User:False) OS::Heat::Value ->
2026-02-26 01:38:58.624 65103 INFO heat.engine.environment [-] Registered: [Plugin](User:False) OS::Heat::WaitCondition ->
2026-02-26 01:38:58.625 65103 INFO heat.engine.environment [-] Registered: [Plugin](User:False) OS::Heat::WaitConditionHandle ->
2026-02-26 01:38:58.625 65103 INFO heat.engine.environment [-] Registered: [Plugin](User:False) OS::Heat::UpdateWaitConditionHandle ->
2026-02-26 01:38:58.625 65103 INFO heat.engine.environment [-] Registered: [Plugin](User:False) OS::Ironic::Port ->
2026-02-26 01:38:58.625 65103 INFO heat.engine.environment [-] Registered: [Plugin](User:False) OS::Keystone::Domain ->
2026-02-26 01:38:58.625 65103 INFO heat.engine.environment [-] Registered: [Plugin](User:False) OS::Keystone::Endpoint ->
2026-02-26 01:38:58.625 65103 INFO heat.engine.environment [-] Registered: [Plugin](User:False) OS::Keystone::Group ->
2026-02-26 01:38:58.625 65103 INFO heat.engine.environment [-] Registered: [Plugin](User:False) OS::Keystone::Project ->
2026-02-26 01:38:58.625 65103 INFO heat.engine.environment [-] Registered: [Plugin](User:False) OS::Keystone::Region ->
2026-02-26 01:38:58.625 65103 INFO heat.engine.environment [-] Registered: [Plugin](User:False) OS::Keystone::Role ->
2026-02-26 01:38:58.625 65103 INFO heat.engine.environment [-] Registered: [Plugin](User:False) OS::Keystone::UserRoleAssignment ->
2026-02-26 01:38:58.626 65103 INFO heat.engine.environment [-] Registered: [Plugin](User:False) OS::Keystone::GroupRoleAssignment ->
2026-02-26 01:38:58.626 65103 INFO heat.engine.environment [-] Registered: [Plugin](User:False) OS::Keystone::Service ->
2026-02-26 01:38:58.626 65103 INFO heat.engine.environment [-] Registered: [Plugin](User:False) OS::Keystone::User ->
2026-02-26 01:38:58.626 65103 INFO heat.engine.environment [-] Registered: [Plugin](User:False) OS::Magnum::Bay ->
2026-02-26 01:38:58.626 65103 INFO heat.engine.environment [-] Registered: [Plugin](User:False) OS::Magnum::BayModel ->
2026-02-26 01:38:58.626 65103 INFO heat.engine.environment [-] Registered: [Plugin](User:False) OS::Magnum::Cluster ->
2026-02-26 01:38:58.626 65103 INFO heat.engine.environment [-] Registered: [Plugin](User:False) OS::Magnum::ClusterTemplate ->
2026-02-26 01:38:58.626 65103 INFO heat.engine.environment [-] Registered: [Plugin](User:False) OS::Manila::SecurityService ->
2026-02-26 01:38:58.626 65103 INFO heat.engine.environment [-] Registered: [Plugin](User:False) OS::Manila::Share ->
2026-02-26 01:38:58.626 65103 INFO heat.engine.environment [-] Registered: [Plugin](User:False) OS::Manila::ShareNetwork ->
2026-02-26 01:38:58.626 65103 INFO heat.engine.environment [-] Registered: [Plugin](User:False) OS::Manila::ShareType ->
2026-02-26 01:38:58.627 65103 INFO heat.engine.environment [-] Registered: [Plugin](User:False) OS::Mistral::CronTrigger ->
2026-02-26 01:38:58.627 65103 INFO heat.engine.environment [-] Registered: [Plugin](User:False) OS::Mistral::ExternalResource ->
2026-02-26 01:38:58.627 65103 INFO heat.engine.environment [-] Registered: [Plugin](User:False) OS::Mistral::Workflow ->
2026-02-26 01:38:58.627 65103 INFO heat.engine.environment [-] Registered: [Plugin](User:False) OS::Monasca::AlarmDefinition ->
2026-02-26 01:38:58.627 65103 INFO heat.engine.environment [-] Registered: [Plugin](User:False) OS::Monasca::Notification ->
2026-02-26 01:38:58.627 65103 INFO heat.engine.environment [-] Registered: [Plugin](User:False) OS::Neutron::AddressScope ->
2026-02-26 01:38:58.627 65103 INFO heat.engine.environment [-] Registered: [Plugin](User:False) OS::Neutron::ExtraRoute ->
2026-02-26 01:38:58.627 65103 INFO heat.engine.environment [-] Registered: [Plugin](User:False) OS::Neutron::ExtraRouteSet ->
2026-02-26 01:38:58.628 65103 INFO heat.engine.environment [-] Registered: [Plugin](User:False) OS::Neutron::Firewall ->
2026-02-26 01:38:58.628 65103 INFO heat.engine.environment [-] Registered: [Plugin](User:False) OS::Neutron::FirewallPolicy ->
2026-02-26 01:38:58.628 65103 INFO heat.engine.environment [-] Registered: [Plugin](User:False) OS::Neutron::FirewallRule ->
2026-02-26 01:38:58.628 65103 INFO heat.engine.environment [-] Registered: [Plugin](User:False) OS::Neutron::FloatingIP ->
2026-02-26 01:38:58.628 65103 INFO heat.engine.environment [-] Registered: [Plugin](User:False) OS::Neutron::FloatingIPAssociation ->
2026-02-26 01:38:58.628 65103 INFO heat.engine.environment [-] Registered: [Plugin](User:False) OS::Neutron::L2Gateway ->
2026-02-26 01:38:58.628 65103 INFO heat.engine.environment [-] Registered: [Plugin](User:False) OS::Neutron::L2GatewayConnection ->
2026-02-26 01:38:58.628 65103 INFO heat.engine.environment [-] Registered: [Plugin](User:False) OS::Neutron::LBaaS::HealthMonitor ->
2026-02-26 01:38:58.628 65103 INFO heat.engine.environment [-] Registered: [Plugin](User:False) OS::Neutron::LBaaS::L7Policy ->
2026-02-26 01:38:58.628 65103 INFO heat.engine.environment [-] Registered: [Plugin](User:False) OS::Neutron::LBaaS::L7Rule ->
2026-02-26 01:38:58.628 65103 INFO heat.engine.environment [-] Registered: [Plugin](User:False) OS::Neutron::LBaaS::Listener ->
2026-02-26 01:38:58.629 65103 INFO heat.engine.environment [-] Registered: [Plugin](User:False) OS::Neutron::LBaaS::LoadBalancer ->
2026-02-26 01:38:58.629 65103 INFO heat.engine.environment [-] Registered: [Plugin](User:False) OS::Neutron::LBaaS::Pool ->
2026-02-26 01:38:58.629 65103 INFO heat.engine.environment [-] Registered: [Plugin](User:False) OS::Neutron::LBaaS::PoolMember ->
2026-02-26 01:38:58.629 65103 INFO heat.engine.environment [-] Registered: [Plugin](User:False) OS::Neutron::HealthMonitor ->
2026-02-26 01:38:58.629 65103 INFO heat.engine.environment [-] Registered: [Plugin](User:False) OS::Neutron::Pool ->
2026-02-26 01:38:58.629 65103 INFO heat.engine.environment [-] Registered: [Plugin](User:False) OS::Neutron::PoolMember ->
2026-02-26 01:38:58.629 65103 INFO heat.engine.environment [-] Registered: [Plugin](User:False) OS::Neutron::LoadBalancer ->
2026-02-26 01:38:58.629 65103 INFO heat.engine.environment [-] Registered: [Plugin](User:False) OS::Neutron::MeteringLabel ->
