2026-02-26 01:50:28.206 7 DEBUG oslo_service.service [-] ml2_type_gre.tunnel_id_ranges = [] log_opt_values /var/lib/kolla/venv/lib/python3.6/site-packages/oslo_config/cfg.py:2611
2026-02-26 01:50:28.206 7 DEBUG oslo_service.service [-] ml2_type_vlan.network_vlan_ranges = [] log_opt_values /var/lib/kolla/venv/lib/python3.6/site-packages/oslo_config/cfg.py:2611
2026-02-26 01:50:28.206 7 DEBUG oslo_service.service [-] ml2_type_vxlan.vni_ranges = [] log_opt_values /var/lib/kolla/venv/lib/python3.6/site-packages/oslo_config/cfg.py:2611
2026-02-26 01:50:28.206 7 DEBUG oslo_service.service [-] ml2_type_vxlan.vxlan_group = None log_opt_values /var/lib/kolla/venv/lib/python3.6/site-packages/oslo_config/cfg.py:2611
2026-02-26 01:50:28.206 7 DEBUG oslo_service.service [-] database.backend = sqlalchemy log_opt_values /var/lib/kolla/venv/lib/python3.6/site-packages/oslo_config/cfg.py:2611
2026-02-26 01:50:28.206 7 DEBUG oslo_service.service [-] database.connection = **** log_opt_values /var/lib/kolla/venv/lib/python3.6/site-packages/oslo_config/cfg.py:2611
2026-02-26 01:50:28.206 7 DEBUG oslo_service.service [-] database.connection_debug = 0 log_opt_values /var/lib/kolla/venv/lib/python3.6/site-packages/oslo_config/cfg.py:2611
2026-02-26 01:50:28.206 7 DEBUG oslo_service.service [-] database.connection_parameters = log_opt_values /var/lib/kolla/venv/lib/python3.6/site-packages/oslo_config/cfg.py:2611
2026-02-26 01:50:28.206 7 DEBUG oslo_service.service [-] database.connection_recycle_time = 10 log_opt_values /var/lib/kolla/venv/lib/python3.6/site-packages/oslo_config/cfg.py:2611
2026-02-26 01:50:28.206 7 DEBUG oslo_service.service [-] database.connection_trace = False log_opt_values /var/lib/kolla/venv/lib/python3.6/site-packages/oslo_config/cfg.py:2611
2026-02-26 01:50:28.206 7 DEBUG oslo_service.service [-] database.db_inc_retry_interval = True log_opt_values /var/lib/kolla/venv/lib/python3.6/site-packages/oslo_config/cfg.py:2611
2026-02-26 01:50:28.206 7 DEBUG oslo_service.service [-] database.db_max_retries = 20 log_opt_values /var/lib/kolla/venv/lib/python3.6/site-packages/oslo_config/cfg.py:2611
2026-02-26 01:50:28.206 7 DEBUG oslo_service.service [-] database.db_max_retry_interval = 10 log_opt_values /var/lib/kolla/venv/lib/python3.6/site-packages/oslo_config/cfg.py:2611
2026-02-26 01:50:28.206 7 DEBUG oslo_service.service [-] database.db_retry_interval = 1 log_opt_values /var/lib/kolla/venv/lib/python3.6/site-packages/oslo_config/cfg.py:2611
2026-02-26 01:50:28.207 7 DEBUG oslo_service.service [-] database.max_overflow = 50 log_opt_values /var/lib/kolla/venv/lib/python3.6/site-packages/oslo_config/cfg.py:2611
2026-02-26 01:50:28.207 7 DEBUG oslo_service.service [-] database.max_pool_size = 1 log_opt_values /var/lib/kolla/venv/lib/python3.6/site-packages/oslo_config/cfg.py:2611
2026-02-26 01:50:28.207 7 DEBUG oslo_service.service [-] database.max_retries = -1 log_opt_values /var/lib/kolla/venv/lib/python3.6/site-packages/oslo_config/cfg.py:2611
2026-02-26 01:50:28.207 7 DEBUG oslo_service.service [-] database.mysql_enable_ndb = False log_opt_values /var/lib/kolla/venv/lib/python3.6/site-packages/oslo_config/cfg.py:2611
2026-02-26 01:50:28.207 7 DEBUG oslo_service.service [-] database.mysql_sql_mode = TRADITIONAL log_opt_values /var/lib/kolla/venv/lib/python3.6/site-packages/oslo_config/cfg.py:2611
2026-02-26 01:50:28.207 7 DEBUG oslo_service.service [-] database.pool_timeout = None log_opt_values /var/lib/kolla/venv/lib/python3.6/site-packages/oslo_config/cfg.py:2611
2026-02-26 01:50:28.207 7 DEBUG oslo_service.service [-] database.retry_interval = 10 log_opt_values /var/lib/kolla/venv/lib/python3.6/site-packages/oslo_config/cfg.py:2611
2026-02-26 01:50:28.207 7 DEBUG oslo_service.service [-] database.slave_connection = **** log_opt_values /var/lib/kolla/venv/lib/python3.6/site-packages/oslo_config/cfg.py:2611
2026-02-26 01:50:28.207 7 DEBUG oslo_service.service [-] database.sqlite_synchronous = True log_opt_values /var/lib/kolla/venv/lib/python3.6/site-packages/oslo_config/cfg.py:2611
2026-02-26 01:50:28.207 7 DEBUG oslo_service.service [-] database.use_db_reconnect = False log_opt_values /var/lib/kolla/venv/lib/python3.6/site-packages/oslo_config/cfg.py:2611
2026-02-26 01:50:28.207 7 DEBUG oslo_service.service [-] ******************************************************************************** log_opt_values /var/lib/kolla/venv/lib/python3.6/site-packages/oslo_config/cfg.py:2613
2026-02-26 01:50:30.017 22 DEBUG neutron.wsgi [-] (22) accepted ('10.0.0.19', 38040) server /var/lib/kolla/venv/lib/python3.6/site-packages/eventlet/wsgi.py:1004
2026-02-26 01:50:30.023 22 INFO neutron.wsgi [-] 10.0.0.19 "GET / HTTP/1.1" status: 200 len: 227 time: 0.0047367
2026-02-26 01:50:31.980 23 DEBUG neutron.api.rpc.handlers.dhcp_rpc [req-e9042ec8-52dd-4258-92e7-dd7a9620c45e - - - - -] get_active_networks_info from cn-jenkins-deploy-platform-ansible-os-5401-1 get_active_networks_info /var/lib/kolla/venv/lib/python3.6/site-packages/neutron/api/rpc/handlers/dhcp_rpc.py:159
2026-02-26 01:50:32.003 26 DEBUG neutron_lib.callbacks.manager [req-caa34119-aec7-4602-b714-230027254d57 - - - - -] Publish callbacks ['neutron.services.segments.db._update_segment_host_mapping_for_agent-8753460400755', 'neutron.services.l3_router.l3_router_plugin.DVRResourceOperationHandler.create_fip_agent_gw_ports-3868419'] for agent (188c8364-7d1b-477d-8b17-3b5b3a925377), after_create _notify_loop /var/lib/kolla/venv/lib/python3.6/site-packages/neutron_lib/callbacks/manager.py:177
2026-02-26 01:50:32.015 23 DEBUG neutron.scheduler.dhcp_agent_scheduler [req-e9042ec8-52dd-4258-92e7-dd7a9620c45e - - - - -] No non-hosted networks auto_schedule_networks /var/lib/kolla/venv/lib/python3.6/site-packages/neutron/scheduler/dhcp_agent_scheduler.py:60
2026-02-26 01:50:49.624 27 DEBUG neutron_lib.callbacks.manager [req-783c429c-ba58-4de9-891f-2e1c271f5dc4 - - - - -] Publish callbacks ['neutron.services.segments.db._update_segment_host_mapping_for_agent-8753460400755', 'neutron.services.l3_router.l3_router_plugin.DVRResourceOperationHandler.create_fip_agent_gw_ports-3868419'] for agent (20d1ef78-fb03-4763-a16e-a7dd1614e0e2), after_create _notify_loop /var/lib/kolla/venv/lib/python3.6/site-packages/neutron_lib/callbacks/manager.py:177
2026-02-26 01:51:00.066 22 DEBUG neutron.wsgi [-] (22) accepted ('10.0.0.19', 44876) server /var/lib/kolla/venv/lib/python3.6/site-packages/eventlet/wsgi.py:1004
2026-02-26 01:51:00.069 22 INFO neutron.wsgi [-] 10.0.0.19 "GET / HTTP/1.1" status: 200 len: 227 time: 0.0028238
2026-02-26 01:51:01.990 28 DEBUG neutron_lib.callbacks.manager [req-c933ee0a-f0c2-4c53-ac13-093816077aa9 - - - - -] Publish callbacks ['neutron.services.segments.db._update_segment_host_mapping_for_agent-8753460400755', 'neutron.plugins.ml2.plugin.Ml2Plugin._retry_binding_revived_agents--9223372036853439856'] for agent (188c8364-7d1b-477d-8b17-3b5b3a925377), after_update _notify_loop /var/lib/kolla/venv/lib/python3.6/site-packages/neutron_lib/callbacks/manager.py:177
2026-02-26 01:51:19.162 29 DEBUG neutron.db.agents_db [req-955983c7-5aa7-4ace-a46a-199ffd27e99f - - - - -] Agent healthcheck: found 2 active agents agent_health_check /var/lib/kolla/venv/lib/python3.6/site-packages/neutron/db/agents_db.py:318
2026-02-26 01:51:19.591 23 DEBUG neutron_lib.callbacks.manager [req-783c429c-ba58-4de9-891f-2e1c271f5dc4 - - - - -] Publish callbacks ['neutron.services.segments.db._update_segment_host_mapping_for_agent-8753460400755', 'neutron.plugins.ml2.plugin.Ml2Plugin._retry_binding_revived_agents--9223372036853439856'] for agent (20d1ef78-fb03-4763-a16e-a7dd1614e0e2), after_update _notify_loop /var/lib/kolla/venv/lib/python3.6/site-packages/neutron_lib/callbacks/manager.py:177
2026-02-26 01:51:30.109 22 DEBUG neutron.wsgi [-] (22) accepted ('10.0.0.19', 38472) server /var/lib/kolla/venv/lib/python3.6/site-packages/eventlet/wsgi.py:1004
2026-02-26 01:51:30.113 22 INFO neutron.wsgi [-] 10.0.0.19 "GET / HTTP/1.1" status: 200 len: 227 time: 0.0025833
2026-02-26 01:51:31.987 24 DEBUG neutron_lib.callbacks.manager [req-245d191e-01cc-4174-a574-f52622cfa31c - - - - -] Publish callbacks ['neutron.services.segments.db._update_segment_host_mapping_for_agent-8753460400755', 'neutron.plugins.ml2.plugin.Ml2Plugin._retry_binding_revived_agents--9223372036853439856'] for agent (188c8364-7d1b-477d-8b17-3b5b3a925377), after_update _notify_loop /var/lib/kolla/venv/lib/python3.6/site-packages/neutron_lib/callbacks/manager.py:177
2026-02-26 01:51:49.604 25 DEBUG neutron_lib.callbacks.manager [req-783c429c-ba58-4de9-891f-2e1c271f5dc4 - - - - -] Publish callbacks ['neutron.services.segments.db._update_segment_host_mapping_for_agent-8753460400755', 'neutron.plugins.ml2.plugin.Ml2Plugin._retry_binding_revived_agents--9223372036853439856'] for agent (20d1ef78-fb03-4763-a16e-a7dd1614e0e2), after_update _notify_loop /var/lib/kolla/venv/lib/python3.6/site-packages/neutron_lib/callbacks/manager.py:177
2026-02-26 01:51:56.162 29 DEBUG neutron.db.agents_db [req-955983c7-5aa7-4ace-a46a-199ffd27e99f - - - - -] Agent healthcheck: found 2 active agents agent_health_check /var/lib/kolla/venv/lib/python3.6/site-packages/neutron/db/agents_db.py:318
2026-02-26 01:52:00.153 22 DEBUG neutron.wsgi [-] (22) accepted ('10.0.0.19', 54292) server /var/lib/kolla/venv/lib/python3.6/site-packages/eventlet/wsgi.py:1004
2026-02-26 01:52:00.157 22 INFO neutron.wsgi [-] 10.0.0.19 "GET / HTTP/1.1" status: 200 len: 227 time: 0.0031579
2026-02-26 01:52:01.982 26 DEBUG neutron_lib.callbacks.manager [req-3f2e8b5c-22f7-4dea-9349-db9114730eba - - - - -] Publish callbacks ['neutron.services.segments.db._update_segment_host_mapping_for_agent-8753460400755', 'neutron.plugins.ml2.plugin.Ml2Plugin._retry_binding_revived_agents--9223372036853439856'] for agent (188c8364-7d1b-477d-8b17-3b5b3a925377), after_update _notify_loop /var/lib/kolla/venv/lib/python3.6/site-packages/neutron_lib/callbacks/manager.py:177
2026-02-26 01:52:19.591 27 DEBUG neutron_lib.callbacks.manager [req-783c429c-ba58-4de9-891f-2e1c271f5dc4 - - - - -] Publish callbacks ['neutron.services.segments.db._update_segment_host_mapping_for_agent-8753460400755', 'neutron.plugins.ml2.plugin.Ml2Plugin._retry_binding_revived_agents--9223372036853439856'] for agent (20d1ef78-fb03-4763-a16e-a7dd1614e0e2), after_update _notify_loop /var/lib/kolla/venv/lib/python3.6/site-packages/neutron_lib/callbacks/manager.py:177
2026-02-26 01:52:30.199 22 DEBUG neutron.wsgi [-] (22) accepted ('10.0.0.19', 35680) server /var/lib/kolla/venv/lib/python3.6/site-packages/eventlet/wsgi.py:1004
2026-02-26 01:52:30.202 22 INFO neutron.wsgi [-] 10.0.0.19 "GET / HTTP/1.1" status: 200 len: 227 time: 0.0025132
2026-02-26 01:52:31.976 28 DEBUG neutron_lib.callbacks.manager [req-d3f82d7c-2f37-4893-8195-1e7bd74bb6d6 - - - - -] Publish callbacks ['neutron.services.segments.db._update_segment_host_mapping_for_agent-8753460400755', 'neutron.plugins.ml2.plugin.Ml2Plugin._retry_binding_revived_agents--9223372036853439856'] for agent (188c8364-7d1b-477d-8b17-3b5b3a925377), after_update _notify_loop /var/lib/kolla/venv/lib/python3.6/site-packages/neutron_lib/callbacks/manager.py:177
2026-02-26 01:52:33.161 29 DEBUG neutron.db.agents_db [req-955983c7-5aa7-4ace-a46a-199ffd27e99f - - - - -] Agent healthcheck: found 2 active agents agent_health_check /var/lib/kolla/venv/lib/python3.6/site-packages/neutron/db/agents_db.py:318
2026-02-26 01:52:49.593 23 DEBUG neutron_lib.callbacks.manager [req-783c429c-ba58-4de9-891f-2e1c271f5dc4 - - - - -] Publish callbacks ['neutron.services.segments.db._update_segment_host_mapping_for_agent-8753460400755', 'neutron.plugins.ml2.plugin.Ml2Plugin._retry_binding_revived_agents--9223372036853439856'] for agent (20d1ef78-fb03-4763-a16e-a7dd1614e0e2), after_update _notify_loop /var/lib/kolla/venv/lib/python3.6/site-packages/neutron_lib/callbacks/manager.py:177
2026-02-26 01:53:00.242 22 DEBUG neutron.wsgi [-] (22) accepted ('10.0.0.19', 46194) server /var/lib/kolla/venv/lib/python3.6/site-packages/eventlet/wsgi.py:1004
2026-02-26 01:53:00.245 22 INFO neutron.wsgi [-] 10.0.0.19 "GET / HTTP/1.1" status: 200 len: 227 time: 0.0027709
2026-02-26 01:53:01.983 24 DEBUG neutron_lib.callbacks.manager [req-035e4113-101d-4ba8-86de-8eb013ed4abc - - - - -] Publish callbacks ['neutron.services.segments.db._update_segment_host_mapping_for_agent-8753460400755', 'neutron.plugins.ml2.plugin.Ml2Plugin._retry_binding_revived_agents--9223372036853439856'] for agent (188c8364-7d1b-477d-8b17-3b5b3a925377), after_update _notify_loop /var/lib/kolla/venv/lib/python3.6/site-packages/neutron_lib/callbacks/manager.py:177
2026-02-26 01:53:10.159 29 DEBUG neutron.db.agents_db [req-955983c7-5aa7-4ace-a46a-199ffd27e99f - - - - -] Agent healthcheck: found 2 active agents agent_health_check /var/lib/kolla/venv/lib/python3.6/site-packages/neutron/db/agents_db.py:318
2026-02-26 01:53:19.594 25 DEBUG neutron_lib.callbacks.manager [req-783c429c-ba58-4de9-891f-2e1c271f5dc4 - - - - -] Publish callbacks ['neutron.services.segments.db._update_segment_host_mapping_for_agent-8753460400755', 'neutron.plugins.ml2.plugin.Ml2Plugin._retry_binding_revived_agents--9223372036853439856'] for agent (20d1ef78-fb03-4763-a16e-a7dd1614e0e2), after_update _notify_loop /var/lib/kolla/venv/lib/python3.6/site-packages/neutron_lib/callbacks/manager.py:177
2026-02-26 01:53:30.286 22 DEBUG neutron.wsgi [-] (22) accepted ('10.0.0.19', 54786) server /var/lib/kolla/venv/lib/python3.6/site-packages/eventlet/wsgi.py:1004
2026-02-26 01:53:30.291 22 INFO neutron.wsgi [-] 10.0.0.19 "GET / HTTP/1.1" status: 200 len: 227 time: 0.0034144
2026-02-26 01:53:31.978 26 DEBUG neutron_lib.callbacks.manager [req-3ad684f9-c480-4a2b-9052-a848cfd0de6d - - - - -] Publish callbacks ['neutron.services.segments.db._update_segment_host_mapping_for_agent-8753460400755', 'neutron.plugins.ml2.plugin.Ml2Plugin._retry_binding_revived_agents--9223372036853439856'] for agent (188c8364-7d1b-477d-8b17-3b5b3a925377), after_update _notify_loop /var/lib/kolla/venv/lib/python3.6/site-packages/neutron_lib/callbacks/manager.py:177
2026-02-26 01:53:47.156 29 DEBUG neutron.db.agents_db [req-955983c7-5aa7-4ace-a46a-199ffd27e99f - - - - -] Agent healthcheck: found 2 active agents agent_health_check /var/lib/kolla/venv/lib/python3.6/site-packages/neutron/db/agents_db.py:318
2026-02-26 01:53:49.596 27 DEBUG neutron_lib.callbacks.manager [req-783c429c-ba58-4de9-891f-2e1c271f5dc4 - - - - -] Publish callbacks ['neutron.services.segments.db._update_segment_host_mapping_for_agent-8753460400755', 'neutron.plugins.ml2.plugin.Ml2Plugin._retry_binding_revived_agents--9223372036853439856'] for agent (20d1ef78-fb03-4763-a16e-a7dd1614e0e2), after_update _notify_loop /var/lib/kolla/venv/lib/python3.6/site-packages/neutron_lib/callbacks/manager.py:177
2026-02-26 01:54:00.334 22 DEBUG neutron.wsgi [-] (22) accepted ('10.0.0.19', 56648) server /var/lib/kolla/venv/lib/python3.6/site-packages/eventlet/wsgi.py:1004
2026-02-26 01:54:00.338 22 INFO neutron.wsgi [-] 10.0.0.19 "GET / HTTP/1.1" status: 200 len: 227 time: 0.0028036
2026-02-26 01:54:01.985 28 DEBUG neutron_lib.callbacks.manager [req-af932fa6-5216-44b4-95ea-72622989c137 - - - - -] Publish callbacks ['neutron.services.segments.db._update_segment_host_mapping_for_agent-8753460400755', 'neutron.plugins.ml2.plugin.Ml2Plugin._retry_binding_revived_agents--9223372036853439856'] for agent (188c8364-7d1b-477d-8b17-3b5b3a925377), after_update _notify_loop /var/lib/kolla/venv/lib/python3.6/site-packages/neutron_lib/callbacks/manager.py:177
2026-02-26 01:54:19.599 23 DEBUG neutron_lib.callbacks.manager [req-783c429c-ba58-4de9-891f-2e1c271f5dc4 - - - - -] Publish callbacks ['neutron.services.segments.db._update_segment_host_mapping_for_agent-8753460400755', 'neutron.plugins.ml2.plugin.Ml2Plugin._retry_binding_revived_agents--9223372036853439856'] for agent (20d1ef78-fb03-4763-a16e-a7dd1614e0e2), after_update _notify_loop /var/lib/kolla/venv/lib/python3.6/site-packages/neutron_lib/callbacks/manager.py:177
2026-02-26 01:54:24.154 29 DEBUG neutron.db.agents_db [req-955983c7-5aa7-4ace-a46a-199ffd27e99f - - - - -] Agent healthcheck: found 2 active agents agent_health_check /var/lib/kolla/venv/lib/python3.6/site-packages/neutron/db/agents_db.py:318
2026-02-26 01:54:30.378 22 DEBUG neutron.wsgi [-] (22) accepted ('10.0.0.19', 49314) server /var/lib/kolla/venv/lib/python3.6/site-packages/eventlet/wsgi.py:1004
2026-02-26 01:54:30.381 22 INFO neutron.wsgi [-] 10.0.0.19 "GET / HTTP/1.1" status: 200 len: 227 time: 0.0024908
2026-02-26 01:54:31.979 24 DEBUG neutron_lib.callbacks.manager [req-a01f6dfc-9ea5-4116-a514-2679cc4f04fe - - - - -] Publish callbacks ['neutron.services.segments.db._update_segment_host_mapping_for_agent-8753460400755', 'neutron.plugins.ml2.plugin.Ml2Plugin._retry_binding_revived_agents--9223372036853439856'] for agent (188c8364-7d1b-477d-8b17-3b5b3a925377), after_update _notify_loop /var/lib/kolla/venv/lib/python3.6/site-packages/neutron_lib/callbacks/manager.py:177
2026-02-26 01:54:49.600 25 DEBUG neutron_lib.callbacks.manager [req-783c429c-ba58-4de9-891f-2e1c271f5dc4 - - - - -] Publish callbacks ['neutron.services.segments.db._update_segment_host_mapping_for_agent-8753460400755', 'neutron.plugins.ml2.plugin.Ml2Plugin._retry_binding_revived_agents--9223372036853439856'] for agent (20d1ef78-fb03-4763-a16e-a7dd1614e0e2), after_update _notify_loop /var/lib/kolla/venv/lib/python3.6/site-packages/neutron_lib/callbacks/manager.py:177
2026-02-26 01:55:00.422 22 DEBUG neutron.wsgi [-] (22) accepted ('10.0.0.19', 37516) server /var/lib/kolla/venv/lib/python3.6/site-packages/eventlet/wsgi.py:1004
2026-02-26 01:55:00.426 22 INFO neutron.wsgi [-] 10.0.0.19 "GET / HTTP/1.1" status: 200 len: 227 time: 0.0040491
2026-02-26 01:55:01.153 29 DEBUG neutron.db.agents_db [req-955983c7-5aa7-4ace-a46a-199ffd27e99f - - - - -] Agent healthcheck: found 2 active agents agent_health_check /var/lib/kolla/venv/lib/python3.6/site-packages/neutron/db/agents_db.py:318
2026-02-26 01:55:01.985 26 DEBUG neutron_lib.callbacks.manager [req-6826b05c-ca92-4b16-adf9-29bf7e8068d2 - - - - -] Publish callbacks ['neutron.services.segments.db._update_segment_host_mapping_for_agent-8753460400755', 'neutron.plugins.ml2.plugin.Ml2Plugin._retry_binding_revived_agents--9223372036853439856'] for agent (188c8364-7d1b-477d-8b17-3b5b3a925377), after_update _notify_loop /var/lib/kolla/venv/lib/python3.6/site-packages/neutron_lib/callbacks/manager.py:177
2026-02-26 01:55:19.603 27 DEBUG neutron_lib.callbacks.manager [req-783c429c-ba58-4de9-891f-2e1c271f5dc4 - - - - -] Publish callbacks ['neutron.services.segments.db._update_segment_host_mapping_for_agent-8753460400755', 'neutron.plugins.ml2.plugin.Ml2Plugin._retry_binding_revived_agents--9223372036853439856'] for agent (20d1ef78-fb03-4763-a16e-a7dd1614e0e2), after_update _notify_loop /var/lib/kolla/venv/lib/python3.6/site-packages/neutron_lib/callbacks/manager.py:177
2026-02-26 01:55:30.466 22 DEBUG neutron.wsgi [-] (22) accepted ('10.0.0.19', 36172) server /var/lib/kolla/venv/lib/python3.6/site-packages/eventlet/wsgi.py:1004
2026-02-26 01:55:30.469 22 INFO neutron.wsgi [-] 10.0.0.19 "GET / HTTP/1.1" status: 200 len: 227 time: 0.0025406
2026-02-26 01:55:31.990 28 DEBUG neutron_lib.callbacks.manager [req-0253e42d-e264-4687-87cb-f3c88eb947c4 - - - - -] Publish callbacks ['neutron.services.segments.db._update_segment_host_mapping_for_agent-8753460400755', 'neutron.plugins.ml2.plugin.Ml2Plugin._retry_binding_revived_agents--9223372036853439856'] for agent (188c8364-7d1b-477d-8b17-3b5b3a925377), after_update _notify_loop /var/lib/kolla/venv/lib/python3.6/site-packages/neutron_lib/callbacks/manager.py:177
2026-02-26 01:55:38.154 29 DEBUG neutron.db.agents_db [req-955983c7-5aa7-4ace-a46a-199ffd27e99f - - - - -] Agent healthcheck: found 2 active agents agent_health_check /var/lib/kolla/venv/lib/python3.6/site-packages/neutron/db/agents_db.py:318
2026-02-26 01:55:49.607 23 DEBUG neutron_lib.callbacks.manager [req-783c429c-ba58-4de9-891f-2e1c271f5dc4 - - - - -] Publish callbacks ['neutron.services.segments.db._update_segment_host_mapping_for_agent-8753460400755', 'neutron.plugins.ml2.plugin.Ml2Plugin._retry_binding_revived_agents--9223372036853439856'] for agent (20d1ef78-fb03-4763-a16e-a7dd1614e0e2), after_update _notify_loop /var/lib/kolla/venv/lib/python3.6/site-packages/neutron_lib/callbacks/manager.py:177
2026-02-26 01:56:00.510 22 DEBUG neutron.wsgi [-] (22) accepted ('10.0.0.19', 37038) server /var/lib/kolla/venv/lib/python3.6/site-packages/eventlet/wsgi.py:1004
2026-02-26 01:56:00.513 22 INFO neutron.wsgi [-] 10.0.0.19 "GET / HTTP/1.1" status: 200 len: 227 time: 0.0025756
2026-02-26 01:56:02.004 24 DEBUG neutron_lib.callbacks.manager [req-d27bc2df-2b7a-460c-a102-20e3a5ad6cc0 - - - - -] Publish callbacks ['neutron.services.segments.db._update_segment_host_mapping_for_agent-8753460400755', 'neutron.plugins.ml2.plugin.Ml2Plugin._retry_binding_revived_agents--9223372036853439856'] for agent (188c8364-7d1b-477d-8b17-3b5b3a925377), after_update _notify_loop /var/lib/kolla/venv/lib/python3.6/site-packages/neutron_lib/callbacks/manager.py:177
2026-02-26 01:56:15.153 29 DEBUG neutron.db.agents_db [req-955983c7-5aa7-4ace-a46a-199ffd27e99f - - - - -] Agent healthcheck: found 2 active agents agent_health_check /var/lib/kolla/venv/lib/python3.6/site-packages/neutron/db/agents_db.py:318
2026-02-26 01:56:19.608 25 DEBUG neutron_lib.callbacks.manager [req-783c429c-ba58-4de9-891f-2e1c271f5dc4 - - - - -] Publish callbacks ['neutron.services.segments.db._update_segment_host_mapping_for_agent-8753460400755', 'neutron.plugins.ml2.plugin.Ml2Plugin._retry_binding_revived_agents--9223372036853439856'] for agent (20d1ef78-fb03-4763-a16e-a7dd1614e0e2), after_update _notify_loop /var/lib/kolla/venv/lib/python3.6/site-packages/neutron_lib/callbacks/manager.py:177
2026-02-26 01:56:30.552 22 DEBUG neutron.wsgi [-] (22) accepted ('10.0.0.19', 45432) server /var/lib/kolla/venv/lib/python3.6/site-packages/eventlet/wsgi.py:1004
2026-02-26 01:56:30.555 22 INFO neutron.wsgi [-] 10.0.0.19 "GET / HTTP/1.1" status: 200 len: 227 time: 0.0023575
2026-02-26 01:56:31.999 26 DEBUG neutron_lib.callbacks.manager [req-53285488-37fa-4647-a7eb-467cccc282b4 - - - - -] Publish callbacks ['neutron.services.segments.db._update_segment_host_mapping_for_agent-8753460400755', 'neutron.plugins.ml2.plugin.Ml2Plugin._retry_binding_revived_agents--9223372036853439856'] for agent (188c8364-7d1b-477d-8b17-3b5b3a925377), after_update _notify_loop /var/lib/kolla/venv/lib/python3.6/site-packages/neutron_lib/callbacks/manager.py:177
2026-02-26 01:56:49.652 27 DEBUG neutron_lib.callbacks.manager [req-783c429c-ba58-4de9-891f-2e1c271f5dc4 - - - - -] Publish callbacks ['neutron.services.segments.db._update_segment_host_mapping_for_agent-8753460400755', 'neutron.plugins.ml2.plugin.Ml2Plugin._retry_binding_revived_agents--9223372036853439856'] for agent (20d1ef78-fb03-4763-a16e-a7dd1614e0e2), after_update _notify_loop /var/lib/kolla/venv/lib/python3.6/site-packages/neutron_lib/callbacks/manager.py:177
2026-02-26 01:56:52.150 29 DEBUG neutron.db.agents_db [req-955983c7-5aa7-4ace-a46a-199ffd27e99f - - - - -] Agent healthcheck: found 2 active agents agent_health_check /var/lib/kolla/venv/lib/python3.6/site-packages/neutron/db/agents_db.py:318
2026-02-26 01:57:00.596 22 DEBUG neutron.wsgi [-] (22) accepted ('10.0.0.19', 60884) server /var/lib/kolla/venv/lib/python3.6/site-packages/eventlet/wsgi.py:1004
2026-02-26 01:57:00.600 22 INFO neutron.wsgi [-] 10.0.0.19 "GET / HTTP/1.1" status: 200 len: 227 time: 0.0029812
2026-02-26 01:57:02.004 28 DEBUG neutron_lib.callbacks.manager [req-2ee621f6-a8d1-47f0-aafc-59a28fa7c4a4 - - - - -] Publish callbacks ['neutron.services.segments.db._update_segment_host_mapping_for_agent-8753460400755', 'neutron.plugins.ml2.plugin.Ml2Plugin._retry_binding_revived_agents--9223372036853439856'] for agent (188c8364-7d1b-477d-8b17-3b5b3a925377), after_update _notify_loop /var/lib/kolla/venv/lib/python3.6/site-packages/neutron_lib/callbacks/manager.py:177
2026-02-26 01:57:19.613 23 DEBUG neutron_lib.callbacks.manager [req-783c429c-ba58-4de9-891f-2e1c271f5dc4 - - - - -] Publish callbacks ['neutron.services.segments.db._update_segment_host_mapping_for_agent-8753460400755', 'neutron.plugins.ml2.plugin.Ml2Plugin._retry_binding_revived_agents--9223372036853439856'] for agent (20d1ef78-fb03-4763-a16e-a7dd1614e0e2), after_update _notify_loop /var/lib/kolla/venv/lib/python3.6/site-packages/neutron_lib/callbacks/manager.py:177
2026-02-26 01:57:29.147 29 DEBUG neutron.db.agents_db [req-955983c7-5aa7-4ace-a46a-199ffd27e99f - - - - -] Agent healthcheck: found 2 active agents agent_health_check /var/lib/kolla/venv/lib/python3.6/site-packages/neutron/db/agents_db.py:318
2026-02-26 01:57:30.640 22 DEBUG neutron.wsgi [-] (22) accepted ('10.0.0.19', 47270) server /var/lib/kolla/venv/lib/python3.6/site-packages/eventlet/wsgi.py:1004
2026-02-26 01:57:30.644 22 INFO neutron.wsgi [-] 10.0.0.19 "GET / HTTP/1.1" status: 200 len: 227 time: 0.0027533
2026-02-26 01:57:31.999 24 DEBUG neutron_lib.callbacks.manager [req-147f32cd-a245-4268-9fc5-d7bf67738359 - - - - -] Publish callbacks ['neutron.services.segments.db._update_segment_host_mapping_for_agent-8753460400755', 'neutron.plugins.ml2.plugin.Ml2Plugin._retry_binding_revived_agents--9223372036853439856'] for agent (188c8364-7d1b-477d-8b17-3b5b3a925377), after_update _notify_loop /var/lib/kolla/venv/lib/python3.6/site-packages/neutron_lib/callbacks/manager.py:177
2026-02-26 01:57:49.615 25 DEBUG neutron_lib.callbacks.manager [req-783c429c-ba58-4de9-891f-2e1c271f5dc4 - - - - -] Publish callbacks ['neutron.services.segments.db._update_segment_host_mapping_for_agent-8753460400755', 'neutron.plugins.ml2.plugin.Ml2Plugin._retry_binding_revived_agents--9223372036853439856'] for agent (20d1ef78-fb03-4763-a16e-a7dd1614e0e2), after_update _notify_loop /var/lib/kolla/venv/lib/python3.6/site-packages/neutron_lib/callbacks/manager.py:177
2026-02-26 01:58:00.691 22 DEBUG neutron.wsgi [-] (22) accepted ('10.0.0.19', 56968) server /var/lib/kolla/venv/lib/python3.6/site-packages/eventlet/wsgi.py:1004
2026-02-26 01:58:00.695 22 INFO neutron.wsgi [-] 10.0.0.19 "GET / HTTP/1.1" status: 200 len: 227 time: 0.0025539
2026-02-26 01:58:02.010 26 DEBUG neutron_lib.callbacks.manager [req-25282141-3346-4928-b10c-0a8786f8817e - - - - -] Publish callbacks ['neutron.services.segments.db._update_segment_host_mapping_for_agent-8753460400755', 'neutron.plugins.ml2.plugin.Ml2Plugin._retry_binding_revived_agents--9223372036853439856'] for agent (188c8364-7d1b-477d-8b17-3b5b3a925377), after_update _notify_loop /var/lib/kolla/venv/lib/python3.6/site-packages/neutron_lib/callbacks/manager.py:177
2026-02-26 01:58:06.145 29 DEBUG neutron.db.agents_db [req-955983c7-5aa7-4ace-a46a-199ffd27e99f - - - - -] Agent healthcheck: found 2 active agents agent_health_check /var/lib/kolla/venv/lib/python3.6/site-packages/neutron/db/agents_db.py:318
2026-02-26 01:58:19.616 27 DEBUG neutron_lib.callbacks.manager [req-783c429c-ba58-4de9-891f-2e1c271f5dc4 - - - - -] Publish callbacks ['neutron.services.segments.db._update_segment_host_mapping_for_agent-8753460400755', 'neutron.plugins.ml2.plugin.Ml2Plugin._retry_binding_revived_agents--9223372036853439856'] for agent (20d1ef78-fb03-4763-a16e-a7dd1614e0e2), after_update _notify_loop /var/lib/kolla/venv/lib/python3.6/site-packages/neutron_lib/callbacks/manager.py:177
2026-02-26 01:58:30.736 22 DEBUG neutron.wsgi [-] (22) accepted ('10.0.0.19', 53536) server /var/lib/kolla/venv/lib/python3.6/site-packages/eventlet/wsgi.py:1004
2026-02-26 01:58:30.739 22 INFO neutron.wsgi [-] 10.0.0.19 "GET / HTTP/1.1" status: 200 len: 227 time: 0.0024292
2026-02-26 01:58:32.005 28 DEBUG neutron_lib.callbacks.manager [req-546fc2cf-d79f-4956-9570-34f48d64d489 - - - - -] Publish callbacks ['neutron.services.segments.db._update_segment_host_mapping_for_agent-8753460400755', 'neutron.plugins.ml2.plugin.Ml2Plugin._retry_binding_revived_agents--9223372036853439856'] for agent (188c8364-7d1b-477d-8b17-3b5b3a925377), after_update _notify_loop /var/lib/kolla/venv/lib/python3.6/site-packages/neutron_lib/callbacks/manager.py:177
2026-02-26 01:58:43.146 29 DEBUG neutron.db.agents_db [req-955983c7-5aa7-4ace-a46a-199ffd27e99f - - - - -] Agent healthcheck: found 2 active agents agent_health_check /var/lib/kolla/venv/lib/python3.6/site-packages/neutron/db/agents_db.py:318
2026-02-26 01:58:49.620 23 DEBUG neutron_lib.callbacks.manager [req-783c429c-ba58-4de9-891f-2e1c271f5dc4 - - - - -] Publish callbacks ['neutron.services.segments.db._update_segment_host_mapping_for_agent-8753460400755', 'neutron.plugins.ml2.plugin.Ml2Plugin._retry_binding_revived_agents--9223372036853439856'] for agent (20d1ef78-fb03-4763-a16e-a7dd1614e0e2), after_update _notify_loop /var/lib/kolla/venv/lib/python3.6/site-packages/neutron_lib/callbacks/manager.py:177
2026-02-26 01:59:00.781 22 DEBUG neutron.wsgi [-] (22) accepted ('10.0.0.19', 50472) server /var/lib/kolla/venv/lib/python3.6/site-packages/eventlet/wsgi.py:1004
2026-02-26 01:59:00.785 22 INFO neutron.wsgi [-] 10.0.0.19 "GET / HTTP/1.1" status: 200 len: 227 time: 0.0036144
2026-02-26 01:59:02.010 24 DEBUG neutron_lib.callbacks.manager [req-edae13db-8406-4910-9139-0b6f81d759f0 - - - - -] Publish callbacks ['neutron.services.segments.db._update_segment_host_mapping_for_agent-8753460400755', 'neutron.plugins.ml2.plugin.Ml2Plugin._retry_binding_revived_agents--9223372036853439856'] for agent (188c8364-7d1b-477d-8b17-3b5b3a925377), after_update _notify_loop /var/lib/kolla/venv/lib/python3.6/site-packages/neutron_lib/callbacks/manager.py:177
2026-02-26 01:59:17.427 7 INFO oslo_service.service [-] Caught SIGTERM, stopping children
2026-02-26 01:59:17.428 7 DEBUG oslo_concurrency.lockutils [-] Acquired lock "singleton_lock" lock /var/lib/kolla/venv/lib/python3.6/site-packages/oslo_concurrency/lockutils.py:294
2026-02-26 01:59:17.428 7 DEBUG oslo_concurrency.lockutils [-] Releasing lock "singleton_lock" lock /var/lib/kolla/venv/lib/python3.6/site-packages/oslo_concurrency/lockutils.py:312
2026-02-26 01:59:17.428 7 DEBUG oslo_service.service [-] Stop services. stop /var/lib/kolla/venv/lib/python3.6/site-packages/oslo_service/service.py:695
2026-02-26 01:59:17.428 7 DEBUG neutron.service [-] calling RpcWorker stop() stop /var/lib/kolla/venv/lib/python3.6/site-packages/neutron/service.py:138
2026-02-26 01:59:17.428 7 DEBUG neutron.service [-] calling RpcWorker stop() stop /var/lib/kolla/venv/lib/python3.6/site-packages/neutron/service.py:138
2026-02-26 01:59:17.429 7 DEBUG oslo_service.service [-] Killing children. stop /var/lib/kolla/venv/lib/python3.6/site-packages/oslo_service/service.py:700
2026-02-26 01:59:17.429 7 INFO oslo_service.service [-] Waiting on 8 children to exit
2026-02-26 01:59:17.429 24 DEBUG neutron.service [-] calling RpcWorker stop() stop /var/lib/kolla/venv/lib/python3.6/site-packages/neutron/service.py:138
2026-02-26 01:59:17.429 25 DEBUG neutron.service [-] calling RpcWorker stop() stop /var/lib/kolla/venv/lib/python3.6/site-packages/neutron/service.py:138
2026-02-26 01:59:17.429 29 DEBUG neutron.service [-] calling RpcWorker stop() stop /var/lib/kolla/venv/lib/python3.6/site-packages/neutron/service.py:138
2026-02-26 01:59:17.430 29 DEBUG neutron.service [-] calling stop on stop /var/lib/kolla/venv/lib/python3.6/site-packages/neutron/service.py:141
2026-02-26 01:59:17.432 22 INFO neutron.wsgi [-] (22) wsgi exited, is_accepting=True
2026-02-26 01:59:17.430 24 DEBUG neutron.service [-] calling stop on stop /var/lib/kolla/venv/lib/python3.6/site-packages/neutron/service.py:141
2026-02-26 01:59:17.430 25 DEBUG neutron.service [-] calling stop on stop /var/lib/kolla/venv/lib/python3.6/site-packages/neutron/service.py:141
2026-02-26 01:59:17.432 22 DEBUG oslo_concurrency.lockutils [req-a8a9e4bc-a755-4ca2-84e2-46c5fe0bca6f - - - - -] Acquired lock "singleton_lock" lock /var/lib/kolla/venv/lib/python3.6/site-packages/oslo_concurrency/lockutils.py:294
2026-02-26 01:59:17.433 22 DEBUG oslo_concurrency.lockutils [req-a8a9e4bc-a755-4ca2-84e2-46c5fe0bca6f - - - - -] Releasing lock "singleton_lock" lock /var/lib/kolla/venv/lib/python3.6/site-packages/oslo_concurrency/lockutils.py:312
2026-02-26 01:59:17.433 28 DEBUG neutron.service [-] calling RpcWorker stop() stop /var/lib/kolla/venv/lib/python3.6/site-packages/neutron/service.py:138
2026-02-26 01:59:17.433 28 DEBUG neutron.service [-] calling stop on stop /var/lib/kolla/venv/lib/python3.6/site-packages/neutron/service.py:141
2026-02-26 01:59:17.437 23 DEBUG neutron.service [-] calling RpcWorker stop() stop /var/lib/kolla/venv/lib/python3.6/site-packages/neutron/service.py:138
2026-02-26 01:59:17.437 7 INFO oslo_service.service [-] Child 22 exited with status 0
2026-02-26 01:59:17.437 23 DEBUG neutron.service [-] calling stop on stop /var/lib/kolla/venv/lib/python3.6/site-packages/neutron/service.py:141
2026-02-26 01:59:17.438 27 DEBUG neutron.service [-] calling RpcWorker stop() stop /var/lib/kolla/venv/lib/python3.6/site-packages/neutron/service.py:138
2026-02-26 01:59:17.438 27 DEBUG neutron.service [-] calling stop on stop /var/lib/kolla/venv/lib/python3.6/site-packages/neutron/service.py:141
2026-02-26 01:59:17.453 26 DEBUG neutron.service [-] calling RpcWorker stop() stop /var/lib/kolla/venv/lib/python3.6/site-packages/neutron/service.py:138
2026-02-26 01:59:17.453 26 DEBUG neutron.service [-] calling stop on stop /var/lib/kolla/venv/lib/python3.6/site-packages/neutron/service.py:141
2026-02-26 01:59:18.148 23 DEBUG neutron.service [-] calling stop on stop /var/lib/kolla/venv/lib/python3.6/site-packages/neutron/service.py:141
2026-02-26 01:59:18.160 24 DEBUG neutron.service [-] calling stop on stop /var/lib/kolla/venv/lib/python3.6/site-packages/neutron/service.py:141
2026-02-26 01:59:18.162 27 DEBUG oslo_concurrency.lockutils [req-a8a9e4bc-a755-4ca2-84e2-46c5fe0bca6f - - - - -] Acquired lock "singleton_lock" lock /var/lib/kolla/venv/lib/python3.6/site-packages/oslo_concurrency/lockutils.py:294
2026-02-26 01:59:18.162 26 DEBUG oslo_concurrency.lockutils [req-a8a9e4bc-a755-4ca2-84e2-46c5fe0bca6f - - - - -] Acquired lock "singleton_lock" lock /var/lib/kolla/venv/lib/python3.6/site-packages/oslo_concurrency/lockutils.py:294
2026-02-26 01:59:18.162 26 DEBUG oslo_concurrency.lockutils [req-a8a9e4bc-a755-4ca2-84e2-46c5fe0bca6f - - - - -] Releasing lock "singleton_lock" lock /var/lib/kolla/venv/lib/python3.6/site-packages/oslo_concurrency/lockutils.py:312
2026-02-26 01:59:18.162 27 DEBUG oslo_concurrency.lockutils [req-a8a9e4bc-a755-4ca2-84e2-46c5fe0bca6f - - - - -] Releasing lock "singleton_lock" lock /var/lib/kolla/venv/lib/python3.6/site-packages/oslo_concurrency/lockutils.py:312
2026-02-26 01:59:18.162 26 DEBUG neutron.service [req-a8a9e4bc-a755-4ca2-84e2-46c5fe0bca6f - - - - -] calling RpcWorker wait() _wait /var/lib/kolla/venv/lib/python3.6/site-packages/neutron/service.py:128
2026-02-26 01:59:18.162 27 DEBUG neutron.service [req-a8a9e4bc-a755-4ca2-84e2-46c5fe0bca6f - - - - -] calling RpcWorker wait() _wait /var/lib/kolla/venv/lib/python3.6/site-packages/neutron/service.py:128
2026-02-26 01:59:18.163 26 DEBUG neutron.service [req-a8a9e4bc-a755-4ca2-84e2-46c5fe0bca6f - - - - -] calling wait on _wait /var/lib/kolla/venv/lib/python3.6/site-packages/neutron/service.py:131
2026-02-26 01:59:18.163 27 DEBUG neutron.service [req-a8a9e4bc-a755-4ca2-84e2-46c5fe0bca6f - - - - -] calling wait on _wait /var/lib/kolla/venv/lib/python3.6/site-packages/neutron/service.py:131
2026-02-26 01:59:18.172 26 WARNING amqp [req-a8a9e4bc-a755-4ca2-84e2-46c5fe0bca6f - - - - -] Received method (60, 30) during closing channel 1. This method will be ignored
2026-02-26 01:59:18.172 26 DEBUG neutron.service [req-a8a9e4bc-a755-4ca2-84e2-46c5fe0bca6f - - - - -] returning from RpcWorker wait() _wait /var/lib/kolla/venv/lib/python3.6/site-packages/neutron/service.py:135
2026-02-26 01:59:18.174 27 WARNING amqp [req-a8a9e4bc-a755-4ca2-84e2-46c5fe0bca6f - - - - -] Received method (60, 30) during closing channel 1. This method will be ignored
2026-02-26 01:59:18.175 27 DEBUG neutron.service [req-a8a9e4bc-a755-4ca2-84e2-46c5fe0bca6f - - - - -] returning from RpcWorker wait() _wait /var/lib/kolla/venv/lib/python3.6/site-packages/neutron/service.py:135
2026-02-26 01:59:18.178 7 INFO oslo_service.service [-] Child 27 exited with status 0
2026-02-26 01:59:18.179 7 INFO oslo_service.service [-] Child 26 exited with status 0
2026-02-26 01:59:18.171 23 DEBUG neutron.service [-] calling stop on stop /var/lib/kolla/venv/lib/python3.6/site-packages/neutron/service.py:141
2026-02-26 01:59:18.187 25 DEBUG neutron.service [-] calling stop on stop /var/lib/kolla/venv/lib/python3.6/site-packages/neutron/service.py:141
2026-02-26 01:59:18.187 29 DEBUG oslo_concurrency.lockutils [req-a8a9e4bc-a755-4ca2-84e2-46c5fe0bca6f - - - - -] Acquired lock "singleton_lock" lock /var/lib/kolla/venv/lib/python3.6/site-packages/oslo_concurrency/lockutils.py:294
2026-02-26 01:59:18.188 29 DEBUG oslo_concurrency.lockutils [req-a8a9e4bc-a755-4ca2-84e2-46c5fe0bca6f - - - - -] Releasing lock "singleton_lock" lock /var/lib/kolla/venv/lib/python3.6/site-packages/oslo_concurrency/lockutils.py:312
2026-02-26 01:59:18.189 29 DEBUG neutron.service [req-a8a9e4bc-a755-4ca2-84e2-46c5fe0bca6f - - - - -] calling RpcWorker wait() _wait /var/lib/kolla/venv/lib/python3.6/site-packages/neutron/service.py:128
2026-02-26 01:59:18.189 24 DEBUG neutron.service [-] calling stop on stop /var/lib/kolla/venv/lib/python3.6/site-packages/neutron/service.py:141
2026-02-26 01:59:18.189 29 DEBUG neutron.service [req-a8a9e4bc-a755-4ca2-84e2-46c5fe0bca6f - - - - -] calling wait on _wait /var/lib/kolla/venv/lib/python3.6/site-packages/neutron/service.py:131
2026-02-26 01:59:18.195 29 WARNING amqp [req-a8a9e4bc-a755-4ca2-84e2-46c5fe0bca6f - - - - -] Received method (60, 30) during closing channel 1. This method will be ignored
2026-02-26 01:59:18.195 25 DEBUG neutron.service [-] calling stop on stop /var/lib/kolla/venv/lib/python3.6/site-packages/neutron/service.py:141
2026-02-26 01:59:18.196 29 DEBUG neutron.service [req-a8a9e4bc-a755-4ca2-84e2-46c5fe0bca6f - - - - -] returning from RpcWorker wait() _wait /var/lib/kolla/venv/lib/python3.6/site-packages/neutron/service.py:135
2026-02-26 01:59:18.201 7 INFO oslo_service.service [-] Child 29 exited with status 0
2026-02-26 01:59:18.204 25 DEBUG neutron.service [-] calling stop on stop /var/lib/kolla/venv/lib/python3.6/site-packages/neutron/service.py:141
2026-02-26 01:59:18.217 25 DEBUG oslo_concurrency.lockutils [req-a8a9e4bc-a755-4ca2-84e2-46c5fe0bca6f - - - - -] Acquired lock "singleton_lock" lock /var/lib/kolla/venv/lib/python3.6/site-packages/oslo_concurrency/lockutils.py:294
2026-02-26 01:59:18.217 25 DEBUG oslo_concurrency.lockutils [req-a8a9e4bc-a755-4ca2-84e2-46c5fe0bca6f - - - - -] Releasing lock "singleton_lock" lock /var/lib/kolla/venv/lib/python3.6/site-packages/oslo_concurrency/lockutils.py:312
2026-02-26 01:59:18.217 25 DEBUG neutron.service [req-a8a9e4bc-a755-4ca2-84e2-46c5fe0bca6f - - - - -] calling RpcWorker wait() _wait /var/lib/kolla/venv/lib/python3.6/site-packages/neutron/service.py:128
2026-02-26 01:59:18.218 25 DEBUG neutron.service [req-a8a9e4bc-a755-4ca2-84e2-46c5fe0bca6f - - - - -] calling wait on _wait /var/lib/kolla/venv/lib/python3.6/site-packages/neutron/service.py:131
2026-02-26 01:59:18.223 25 WARNING amqp [req-a8a9e4bc-a755-4ca2-84e2-46c5fe0bca6f - - - - -] Received method (60, 30) during closing channel 1. This method will be ignored
2026-02-26 01:59:18.224 25 DEBUG neutron.service [req-a8a9e4bc-a755-4ca2-84e2-46c5fe0bca6f - - - - -] calling wait on _wait /var/lib/kolla/venv/lib/python3.6/site-packages/neutron/service.py:131
2026-02-26 01:59:18.230 25 WARNING amqp [req-a8a9e4bc-a755-4ca2-84e2-46c5fe0bca6f - - - - -] Received method (60, 30) during closing channel 1. This method will be ignored
2026-02-26 01:59:18.231 25 DEBUG neutron.service [req-a8a9e4bc-a755-4ca2-84e2-46c5fe0bca6f - - - - -] calling wait on _wait /var/lib/kolla/venv/lib/python3.6/site-packages/neutron/service.py:131
2026-02-26 01:59:18.236 25 WARNING amqp [req-a8a9e4bc-a755-4ca2-84e2-46c5fe0bca6f - - - - -] Received method (60, 30) during closing channel 1. This method will be ignored
2026-02-26 01:59:18.237 25 DEBUG neutron.service [req-a8a9e4bc-a755-4ca2-84e2-46c5fe0bca6f - - - - -] calling wait on _wait /var/lib/kolla/venv/lib/python3.6/site-packages/neutron/service.py:131
2026-02-26 01:59:18.243 25 WARNING amqp [req-a8a9e4bc-a755-4ca2-84e2-46c5fe0bca6f - - - - -] Received method (60, 30) during closing channel 1. This method will be ignored
2026-02-26 01:59:18.244 25 DEBUG neutron.service [req-a8a9e4bc-a755-4ca2-84e2-46c5fe0bca6f - - - - -] returning from RpcWorker wait() _wait /var/lib/kolla/venv/lib/python3.6/site-packages/neutron/service.py:135
2026-02-26 01:59:18.249 7 INFO oslo_service.service [-] Child 25 exited with status 0
2026-02-26 01:59:19.616 28 DEBUG oslo_concurrency.lockutils [req-a8a9e4bc-a755-4ca2-84e2-46c5fe0bca6f - - - - -] Acquired lock "singleton_lock" lock /var/lib/kolla/venv/lib/python3.6/site-packages/oslo_concurrency/lockutils.py:294
2026-02-26 01:59:19.616 28 DEBUG oslo_concurrency.lockutils [req-a8a9e4bc-a755-4ca2-84e2-46c5fe0bca6f - - - - -] Releasing lock "singleton_lock" lock /var/lib/kolla/venv/lib/python3.6/site-packages/oslo_concurrency/lockutils.py:312
2026-02-26 01:59:19.617 28 DEBUG neutron.service [req-a8a9e4bc-a755-4ca2-84e2-46c5fe0bca6f - - - - -] calling RpcWorker wait() _wait /var/lib/kolla/venv/lib/python3.6/site-packages/neutron/service.py:128
2026-02-26 01:59:19.617 28 DEBUG neutron.service [req-a8a9e4bc-a755-4ca2-84e2-46c5fe0bca6f - - - - -] calling wait on _wait /var/lib/kolla/venv/lib/python3.6/site-packages/neutron/service.py:131
2026-02-26 01:59:19.621 28 DEBUG neutron_lib.callbacks.manager [req-783c429c-ba58-4de9-891f-2e1c271f5dc4 - - - - -] Publish callbacks ['neutron.services.segments.db._update_segment_host_mapping_for_agent-8753460400755', 'neutron.plugins.ml2.plugin.Ml2Plugin._retry_binding_revived_agents--9223372036853439856'] for agent (20d1ef78-fb03-4763-a16e-a7dd1614e0e2), after_update _notify_loop /var/lib/kolla/venv/lib/python3.6/site-packages/neutron_lib/callbacks/manager.py:177
2026-02-26 01:59:19.629 28 WARNING amqp [req-a8a9e4bc-a755-4ca2-84e2-46c5fe0bca6f - - - - -] Received method (60, 30) during closing channel 1. This method will be ignored
2026-02-26 01:59:19.631 28 DEBUG neutron.service [req-a8a9e4bc-a755-4ca2-84e2-46c5fe0bca6f - - - - -] returning from RpcWorker wait() _wait /var/lib/kolla/venv/lib/python3.6/site-packages/neutron/service.py:135
2026-02-26 01:59:19.635 7 INFO oslo_service.service [-] Child 28 exited with status 0
2026-02-26 01:59:20.206 24 DEBUG neutron.service [-] calling stop on stop /var/lib/kolla/venv/lib/python3.6/site-packages/neutron/service.py:141
2026-02-26 01:59:22.816 23 DEBUG neutron.service [-] calling stop on stop /var/lib/kolla/venv/lib/python3.6/site-packages/neutron/service.py:141
2026-02-26 01:59:23.202 23 DEBUG oslo_concurrency.lockutils [req-a8a9e4bc-a755-4ca2-84e2-46c5fe0bca6f - - - - -] Acquired lock "singleton_lock" lock /var/lib/kolla/venv/lib/python3.6/site-packages/oslo_concurrency/lockutils.py:294
2026-02-26 01:59:23.202 23 DEBUG oslo_concurrency.lockutils [req-a8a9e4bc-a755-4ca2-84e2-46c5fe0bca6f - - - - -] Releasing lock "singleton_lock" lock /var/lib/kolla/venv/lib/python3.6/site-packages/oslo_concurrency/lockutils.py:312
2026-02-26 01:59:23.202 23 DEBUG neutron.service [req-a8a9e4bc-a755-4ca2-84e2-46c5fe0bca6f - - - - -] calling RpcWorker wait() _wait /var/lib/kolla/venv/lib/python3.6/site-packages/neutron/service.py:128
2026-02-26 01:59:23.202 23 DEBUG neutron.service [req-a8a9e4bc-a755-4ca2-84e2-46c5fe0bca6f - - - - -] calling wait on _wait /var/lib/kolla/venv/lib/python3.6/site-packages/neutron/service.py:131
2026-02-26 01:59:23.208 23 WARNING amqp [req-a8a9e4bc-a755-4ca2-84e2-46c5fe0bca6f - - - - -] Received method (60, 30) during closing channel 1. This method will be ignored
2026-02-26 01:59:23.210 23 DEBUG neutron.service [req-a8a9e4bc-a755-4ca2-84e2-46c5fe0bca6f - - - - -] calling wait on _wait /var/lib/kolla/venv/lib/python3.6/site-packages/neutron/service.py:131
2026-02-26 01:59:23.214 23 WARNING amqp [req-a8a9e4bc-a755-4ca2-84e2-46c5fe0bca6f - - - - -] Received method (60, 30) during closing channel 1. This method will be ignored
2026-02-26 01:59:23.215 23 DEBUG neutron.service [req-a8a9e4bc-a755-4ca2-84e2-46c5fe0bca6f - - - - -] calling wait on _wait /var/lib/kolla/venv/lib/python3.6/site-packages/neutron/service.py:131
2026-02-26 01:59:23.219 24 DEBUG oslo_concurrency.lockutils [req-a8a9e4bc-a755-4ca2-84e2-46c5fe0bca6f - - - - -] Acquired lock "singleton_lock" lock /var/lib/kolla/venv/lib/python3.6/site-packages/oslo_concurrency/lockutils.py:294
2026-02-26 01:59:23.219 24 DEBUG oslo_concurrency.lockutils [req-a8a9e4bc-a755-4ca2-84e2-46c5fe0bca6f - - - - -] Releasing lock "singleton_lock" lock /var/lib/kolla/venv/lib/python3.6/site-packages/oslo_concurrency/lockutils.py:312
2026-02-26 01:59:23.220 23 WARNING amqp [req-a8a9e4bc-a755-4ca2-84e2-46c5fe0bca6f - - - - -] Received method (60, 30) during closing channel 1. This method will be ignored
2026-02-26 01:59:23.220 24 DEBUG neutron.service [req-a8a9e4bc-a755-4ca2-84e2-46c5fe0bca6f - - - - -] calling RpcWorker wait() _wait /var/lib/kolla/venv/lib/python3.6/site-packages/neutron/service.py:128
2026-02-26 01:59:23.221 23 DEBUG neutron.service [req-a8a9e4bc-a755-4ca2-84e2-46c5fe0bca6f - - - - -] calling wait on _wait /var/lib/kolla/venv/lib/python3.6/site-packages/neutron/service.py:131
2026-02-26 01:59:23.220 24 DEBUG neutron.service [req-a8a9e4bc-a755-4ca2-84e2-46c5fe0bca6f - - - - -] calling wait on _wait /var/lib/kolla/venv/lib/python3.6/site-packages/neutron/service.py:131
2026-02-26 01:59:23.225 23 WARNING amqp [req-a8a9e4bc-a755-4ca2-84e2-46c5fe0bca6f - - - - -] Received method (60, 30) during closing channel 1. This method will be ignored
2026-02-26 01:59:23.226 23 DEBUG neutron.service [req-a8a9e4bc-a755-4ca2-84e2-46c5fe0bca6f - - - - -] returning from RpcWorker wait() _wait /var/lib/kolla/venv/lib/python3.6/site-packages/neutron/service.py:135
2026-02-26 01:59:23.227 24 WARNING amqp [req-a8a9e4bc-a755-4ca2-84e2-46c5fe0bca6f - - - - -] Received method (60, 30) during closing channel 1. This method will be ignored
2026-02-26 01:59:23.228 24 DEBUG neutron.service [req-a8a9e4bc-a755-4ca2-84e2-46c5fe0bca6f - - - - -] calling wait on _wait /var/lib/kolla/venv/lib/python3.6/site-packages/neutron/service.py:131
2026-02-26 01:59:23.233 24 WARNING amqp [req-a8a9e4bc-a755-4ca2-84e2-46c5fe0bca6f - - - - -] Received method (60, 30) during closing channel 1. This method will be ignored
2026-02-26 01:59:23.234 24 DEBUG neutron.service [req-a8a9e4bc-a755-4ca2-84e2-46c5fe0bca6f - - - - -] calling wait on _wait /var/lib/kolla/venv/lib/python3.6/site-packages/neutron/service.py:131
2026-02-26 01:59:23.235 7 INFO oslo_service.service [-] Child 23 exited with status 0
2026-02-26 01:59:23.238 24 WARNING amqp [req-a8a9e4bc-a755-4ca2-84e2-46c5fe0bca6f - - - - -] Received method (60, 30) during closing channel 1. This method will be ignored
2026-02-26 01:59:23.239 24 DEBUG neutron.service [req-a8a9e4bc-a755-4ca2-84e2-46c5fe0bca6f - - - - -] calling wait on _wait /var/lib/kolla/venv/lib/python3.6/site-packages/neutron/service.py:131
2026-02-26 01:59:23.244 24 WARNING amqp [req-a8a9e4bc-a755-4ca2-84e2-46c5fe0bca6f - - - - -] Received method (60, 30) during closing channel 1. This method will be ignored
2026-02-26 01:59:23.245 24 DEBUG neutron.service [req-a8a9e4bc-a755-4ca2-84e2-46c5fe0bca6f - - - - -] returning from RpcWorker wait() _wait /var/lib/kolla/venv/lib/python3.6/site-packages/neutron/service.py:135
2026-02-26 01:59:23.250 7 INFO oslo_service.service [-] Child 24 exited with status 0
2026-02-26 01:59:23.250 7 INFO oslo_service.service [-] Wait called after thread killed. Cleaning up.
2026-02-26 01:59:23.251 7 DEBUG oslo_service.service [-] Stop services. stop /var/lib/kolla/venv/lib/python3.6/site-packages/oslo_service/service.py:695
2026-02-26 01:59:23.251 7 DEBUG oslo_service.service [-] Killing children. stop /var/lib/kolla/venv/lib/python3.6/site-packages/oslo_service/service.py:700
2026-02-26 01:59:27.067 7 INFO neutron.common.config [-] Logging enabled!
2026-02-26 01:59:27.067 7 INFO neutron.common.config [-] /var/lib/kolla/venv/bin/neutron-server version 20.5.1.dev23
2026-02-26 01:59:27.067 7 DEBUG neutron.common.config [-] command line: /var/lib/kolla/venv/bin/neutron-server --config-file /etc/neutron/neutron.conf --config-file /etc/neutron/ContrailPlugin.ini --config-file /etc/neutron/api-paste.ini setup_logging /var/lib/kolla/venv/lib/python3.6/site-packages/neutron/common/config.py:115
2026-02-26 01:59:27.071 7 INFO neutron.common.config [-] Logging enabled!
2026-02-26 01:59:27.072 7 INFO neutron.common.config [-] /var/lib/kolla/venv/bin/neutron-server version 20.5.1.dev23
2026-02-26 01:59:27.072 7 DEBUG neutron.common.config [-] command line: /var/lib/kolla/venv/bin/neutron-server --config-file /etc/neutron/neutron.conf --config-file /etc/neutron/ContrailPlugin.ini --config-file /etc/neutron/api-paste.ini setup_logging /var/lib/kolla/venv/lib/python3.6/site-packages/neutron/common/config.py:115
2026-02-26 01:59:27.072 7 DEBUG neutron.common.config [-] ******************************************************************************** log_opt_values /var/lib/kolla/venv/lib/python3.6/site-packages/oslo_config/cfg.py:2589
2026-02-26 01:59:27.072 7 DEBUG neutron.common.config [-] Configuration options gathered from: log_opt_values /var/lib/kolla/venv/lib/python3.6/site-packages/oslo_config/cfg.py:2590
