2026-02-23 00:41:32.288 164615 DEBUG oslo_service.service [req-d832783f-7958-4848-afe9-87a70b48fa04 - - - - -] config_file = ['/etc/nova/nova.conf'] log_opt_values /usr/lib/python3/dist-packages/oslo_config/cfg.py:2602
2026-02-23 00:41:32.289 164615 DEBUG oslo_service.service [req-d832783f-7958-4848-afe9-87a70b48fa04 - - - - -] config_source = [] log_opt_values /usr/lib/python3/dist-packages/oslo_config/cfg.py:2602
2026-02-23 00:41:32.284 164923 INFO nova.service [-] Starting scheduler node (version 25.2.1)
2026-02-23 00:41:32.289 164615 DEBUG oslo_service.service [req-d832783f-7958-4848-afe9-87a70b48fa04 - - - - -] console_host = juju-771dc9-0-lxd-7 log_opt_values /usr/lib/python3/dist-packages/oslo_config/cfg.py:2602
2026-02-23 00:41:32.289 164922 DEBUG oslo_db.sqlalchemy.engines [req-72b62013-0d02-462b-a84d-5fddae8eee71 - - - - -] MySQL server mode set to STRICT_TRANS_TABLES,STRICT_ALL_TABLES,NO_ZERO_IN_DATE,NO_ZERO_DATE,ERROR_FOR_DIVISION_BY_ZERO,TRADITIONAL,NO_ENGINE_SUBSTITUTION _check_effective_sql_mode /usr/lib/python3/dist-packages/oslo_db/sqlalchemy/engines.py:314
2026-02-23 00:41:32.290 164615 DEBUG oslo_service.service [req-d832783f-7958-4848-afe9-87a70b48fa04 - - - - -] control_exchange = nova log_opt_values /usr/lib/python3/dist-packages/oslo_config/cfg.py:2602
2026-02-23 00:41:32.290 164615 DEBUG oslo_service.service [req-d832783f-7958-4848-afe9-87a70b48fa04 - - - - -] cpu_allocation_ratio = 2.0 log_opt_values /usr/lib/python3/dist-packages/oslo_config/cfg.py:2602
2026-02-23 00:41:32.290 164615 DEBUG oslo_service.service [req-d832783f-7958-4848-afe9-87a70b48fa04 - - - - -] daemon = False log_opt_values /usr/lib/python3/dist-packages/oslo_config/cfg.py:2602
2026-02-23 00:41:32.291 164615 DEBUG oslo_service.service [req-d832783f-7958-4848-afe9-87a70b48fa04 - - - - -] debug = True log_opt_values /usr/lib/python3/dist-packages/oslo_config/cfg.py:2602
2026-02-23 00:41:32.291 164615 DEBUG oslo_service.service [req-d832783f-7958-4848-afe9-87a70b48fa04 - - - - -] default_access_ip_network_name = None log_opt_values /usr/lib/python3/dist-packages/oslo_config/cfg.py:2602
2026-02-23 00:41:32.291 164615 DEBUG oslo_service.service [req-d832783f-7958-4848-afe9-87a70b48fa04 - - - - -] default_availability_zone = nova log_opt_values /usr/lib/python3/dist-packages/oslo_config/cfg.py:2602
2026-02-23 00:41:32.291 164615 DEBUG oslo_service.service [req-d832783f-7958-4848-afe9-87a70b48fa04 - - - - -] default_ephemeral_format = None log_opt_values /usr/lib/python3/dist-packages/oslo_config/cfg.py:2602
2026-02-23 00:41:32.291 164615 DEBUG oslo_service.service [req-d832783f-7958-4848-afe9-87a70b48fa04 - - - - -] default_log_levels = ['amqp=WARN', 'amqplib=WARN', 'boto=WARN', 'qpid=WARN', 'sqlalchemy=WARN', 'suds=INFO', 'oslo.messaging=INFO', 'oslo_messaging=DEBUG', 'iso8601=WARN', 'requests.packages.urllib3.connectionpool=WARN', 'urllib3.connectionpool=WARN', 'websocket=WARN', 'requests.packages.urllib3.util.retry=WARN', 'urllib3.util.retry=WARN', 'keystonemiddleware=WARN', 'routes.middleware=WARN', 'stevedore=WARN', 'taskflow=WARN', 'keystoneauth=WARN', 'oslo.cache=INFO', 'dogpile.core.dogpile=INFO', 'glanceclient=WARN', 'oslo.privsep.daemon=INFO'] log_opt_values /usr/lib/python3/dist-packages/oslo_config/cfg.py:2602
2026-02-23 00:41:32.292 164615 DEBUG oslo_service.service [req-d832783f-7958-4848-afe9-87a70b48fa04 - - - - -] default_schedule_zone = None log_opt_values /usr/lib/python3/dist-packages/oslo_config/cfg.py:2602
2026-02-23 00:41:32.292 164615 DEBUG oslo_service.service [req-d832783f-7958-4848-afe9-87a70b48fa04 - - - - -] disk_allocation_ratio = 1.0 log_opt_values /usr/lib/python3/dist-packages/oslo_config/cfg.py:2602
2026-02-23 00:41:32.292 164615 DEBUG oslo_service.service [req-d832783f-7958-4848-afe9-87a70b48fa04 - - - - -] enable_new_services = True log_opt_values /usr/lib/python3/dist-packages/oslo_config/cfg.py:2602
2026-02-23 00:41:32.292 164615 DEBUG oslo_service.service [req-d832783f-7958-4848-afe9-87a70b48fa04 - - - - -] enabled_apis = ['osapi_compute', 'metadata'] log_opt_values /usr/lib/python3/dist-packages/oslo_config/cfg.py:2602
2026-02-23 00:41:32.293 164615 DEBUG oslo_service.service [req-d832783f-7958-4848-afe9-87a70b48fa04 - - - - -] enabled_ssl_apis = [] log_opt_values /usr/lib/python3/dist-packages/oslo_config/cfg.py:2602
2026-02-23 00:41:32.297 164615 DEBUG oslo_service.service [req-d832783f-7958-4848-afe9-87a70b48fa04 - - - - -] fatal_deprecations = False log_opt_values /usr/lib/python3/dist-packages/oslo_config/cfg.py:2602
2026-02-23 00:41:32.298 164921 DEBUG oslo_db.sqlalchemy.engines [req-777475d7-c6f7-4040-8ea1-4258f3ad6023 - - - - -] MySQL server mode set to STRICT_TRANS_TABLES,STRICT_ALL_TABLES,NO_ZERO_IN_DATE,NO_ZERO_DATE,ERROR_FOR_DIVISION_BY_ZERO,TRADITIONAL,NO_ENGINE_SUBSTITUTION _check_effective_sql_mode /usr/lib/python3/dist-packages/oslo_db/sqlalchemy/engines.py:314
2026-02-23 00:41:32.298 164615 DEBUG oslo_service.service [req-d832783f-7958-4848-afe9-87a70b48fa04 - - - - -] flat_injected = False log_opt_values /usr/lib/python3/dist-packages/oslo_config/cfg.py:2602
2026-02-23 00:41:32.299 164924 DEBUG oslo_db.sqlalchemy.engines [req-acecd014-b642-4579-8817-dd455c8072e1 - - - - -] MySQL server mode set to STRICT_TRANS_TABLES,STRICT_ALL_TABLES,NO_ZERO_IN_DATE,NO_ZERO_DATE,ERROR_FOR_DIVISION_BY_ZERO,TRADITIONAL,NO_ENGINE_SUBSTITUTION _check_effective_sql_mode /usr/lib/python3/dist-packages/oslo_db/sqlalchemy/engines.py:314
2026-02-23 00:41:32.301 164923 DEBUG oslo_db.sqlalchemy.engines [req-5e83add8-42fe-4f18-9bb8-d0b2dbcedd32 - - - - -] MySQL server mode set to STRICT_TRANS_TABLES,STRICT_ALL_TABLES,NO_ZERO_IN_DATE,NO_ZERO_DATE,ERROR_FOR_DIVISION_BY_ZERO,TRADITIONAL,NO_ENGINE_SUBSTITUTION _check_effective_sql_mode /usr/lib/python3/dist-packages/oslo_db/sqlalchemy/engines.py:314
2026-02-23 00:41:32.300 164615 DEBUG oslo_service.service [req-d832783f-7958-4848-afe9-87a70b48fa04 - - - - -] force_config_drive = False log_opt_values /usr/lib/python3/dist-packages/oslo_config/cfg.py:2602
2026-02-23 00:41:32.302 164615 DEBUG oslo_service.service [req-d832783f-7958-4848-afe9-87a70b48fa04 - - - - -] force_raw_images = True log_opt_values /usr/lib/python3/dist-packages/oslo_config/cfg.py:2602
2026-02-23 00:41:32.302 164615 DEBUG oslo_service.service [req-d832783f-7958-4848-afe9-87a70b48fa04 - - - - -] graceful_shutdown_timeout = 60 log_opt_values /usr/lib/python3/dist-packages/oslo_config/cfg.py:2602
2026-02-23 00:41:32.303 164615 DEBUG oslo_service.service [req-d832783f-7958-4848-afe9-87a70b48fa04 - - - - -] heal_instance_info_cache_interval = 60 log_opt_values /usr/lib/python3/dist-packages/oslo_config/cfg.py:2602
2026-02-23 00:41:32.304 164615 DEBUG oslo_service.service [req-d832783f-7958-4848-afe9-87a70b48fa04 - - - - -] host = juju-771dc9-0-lxd-7 log_opt_values /usr/lib/python3/dist-packages/oslo_config/cfg.py:2602
2026-02-23 00:41:32.307 164615 DEBUG oslo_service.service [req-d832783f-7958-4848-afe9-87a70b48fa04 - - - - -] initial_cpu_allocation_ratio = 16.0 log_opt_values /usr/lib/python3/dist-packages/oslo_config/cfg.py:2602
2026-02-23 00:41:32.308 164615 DEBUG oslo_service.service [req-d832783f-7958-4848-afe9-87a70b48fa04 - - - - -] initial_disk_allocation_ratio = 1.0 log_opt_values /usr/lib/python3/dist-packages/oslo_config/cfg.py:2602
2026-02-23 00:41:32.308 164615 DEBUG oslo_service.service [req-d832783f-7958-4848-afe9-87a70b48fa04 - - - - -] initial_ram_allocation_ratio = 1.5 log_opt_values /usr/lib/python3/dist-packages/oslo_config/cfg.py:2602
2026-02-23 00:41:32.309 164615 DEBUG oslo_service.service [req-d832783f-7958-4848-afe9-87a70b48fa04 - - - - -] injected_network_template = /usr/lib/python3/dist-packages/nova/virt/interfaces.template log_opt_values /usr/lib/python3/dist-packages/oslo_config/cfg.py:2602
2026-02-23 00:41:32.309 164922 DEBUG nova.service [req-72b62013-0d02-462b-a84d-5fddae8eee71 - - - - -] Creating RPC server for service scheduler start /usr/lib/python3/dist-packages/nova/service.py:182
2026-02-23 00:41:32.309 164615 DEBUG oslo_service.service [req-d832783f-7958-4848-afe9-87a70b48fa04 - - - - -] instance_build_timeout = 0 log_opt_values /usr/lib/python3/dist-packages/oslo_config/cfg.py:2602
2026-02-23 00:41:32.309 164615 DEBUG oslo_service.service [req-d832783f-7958-4848-afe9-87a70b48fa04 - - - - -] instance_delete_interval = 300 log_opt_values /usr/lib/python3/dist-packages/oslo_config/cfg.py:2602
2026-02-23 00:41:32.309 164615 DEBUG oslo_service.service [req-d832783f-7958-4848-afe9-87a70b48fa04 - - - - -] instance_format = [instance: %(uuid)s] log_opt_values /usr/lib/python3/dist-packages/oslo_config/cfg.py:2602
2026-02-23 00:41:32.309 164615 DEBUG oslo_service.service [req-d832783f-7958-4848-afe9-87a70b48fa04 - - - - -] instance_name_template = instance-%08x log_opt_values /usr/lib/python3/dist-packages/oslo_config/cfg.py:2602
2026-02-23 00:41:32.310 164615 DEBUG oslo_service.service [req-d832783f-7958-4848-afe9-87a70b48fa04 - - - - -] instance_usage_audit = False log_opt_values /usr/lib/python3/dist-packages/oslo_config/cfg.py:2602
2026-02-23 00:41:32.310 164615 DEBUG oslo_service.service [req-d832783f-7958-4848-afe9-87a70b48fa04 - - - - -] instance_usage_audit_period = month log_opt_values /usr/lib/python3/dist-packages/oslo_config/cfg.py:2602
2026-02-23 00:41:32.310 164615 DEBUG oslo_service.service [req-d832783f-7958-4848-afe9-87a70b48fa04 - - - - -] instance_uuid_format = [instance: %(uuid)s] log_opt_values /usr/lib/python3/dist-packages/oslo_config/cfg.py:2602
2026-02-23 00:41:32.310 164615 DEBUG oslo_service.service [req-d832783f-7958-4848-afe9-87a70b48fa04 - - - - -] instances_path = /var/lib/nova/instances log_opt_values /usr/lib/python3/dist-packages/oslo_config/cfg.py:2602
2026-02-23 00:41:32.311 164615 DEBUG oslo_service.service [req-d832783f-7958-4848-afe9-87a70b48fa04 - - - - -] internal_service_availability_zone = internal log_opt_values /usr/lib/python3/dist-packages/oslo_config/cfg.py:2602
2026-02-23 00:41:32.311 164615 DEBUG oslo_service.service [req-d832783f-7958-4848-afe9-87a70b48fa04 - - - - -] key = None log_opt_values /usr/lib/python3/dist-packages/oslo_config/cfg.py:2602
2026-02-23 00:41:32.311 164615 DEBUG oslo_service.service [req-d832783f-7958-4848-afe9-87a70b48fa04 - - - - -] live_migration_retry_count = 30 log_opt_values /usr/lib/python3/dist-packages/oslo_config/cfg.py:2602
2026-02-23 00:41:32.311 164615 DEBUG oslo_service.service [req-d832783f-7958-4848-afe9-87a70b48fa04 - - - - -] log_config_append = None log_opt_values /usr/lib/python3/dist-packages/oslo_config/cfg.py:2602
2026-02-23 00:41:32.311 164615 DEBUG oslo_service.service [req-d832783f-7958-4848-afe9-87a70b48fa04 - - - - -] log_date_format = %Y-%m-%d %H:%M:%S log_opt_values /usr/lib/python3/dist-packages/oslo_config/cfg.py:2602
2026-02-23 00:41:32.312 164615 DEBUG oslo_service.service [req-d832783f-7958-4848-afe9-87a70b48fa04 - - - - -] log_dir = /var/log/nova log_opt_values /usr/lib/python3/dist-packages/oslo_config/cfg.py:2602
2026-02-23 00:41:32.312 164615 DEBUG oslo_service.service [req-d832783f-7958-4848-afe9-87a70b48fa04 - - - - -] log_file = /var/log/nova/nova-scheduler.log log_opt_values /usr/lib/python3/dist-packages/oslo_config/cfg.py:2602
2026-02-23 00:41:32.312 164615 DEBUG oslo_service.service [req-d832783f-7958-4848-afe9-87a70b48fa04 - - - - -] log_options = True log_opt_values /usr/lib/python3/dist-packages/oslo_config/cfg.py:2602
2026-02-23 00:41:32.312 164615 DEBUG oslo_service.service [req-d832783f-7958-4848-afe9-87a70b48fa04 - - - - -] log_rotate_interval = 1 log_opt_values /usr/lib/python3/dist-packages/oslo_config/cfg.py:2602
2026-02-23 00:41:32.313 164615 DEBUG oslo_service.service [req-d832783f-7958-4848-afe9-87a70b48fa04 - - - - -] log_rotate_interval_type = days log_opt_values /usr/lib/python3/dist-packages/oslo_config/cfg.py:2602
2026-02-23 00:41:32.313 164615 DEBUG oslo_service.service [req-d832783f-7958-4848-afe9-87a70b48fa04 - - - - -] log_rotation_type = none log_opt_values /usr/lib/python3/dist-packages/oslo_config/cfg.py:2602
2026-02-23 00:41:32.313 164615 DEBUG oslo_service.service [req-d832783f-7958-4848-afe9-87a70b48fa04 - - - - -] logging_context_format_string = %(asctime)s.%(msecs)03d %(process)d %(levelname)s %(name)s [%(request_id)s %(user_identity)s] %(instance)s%(message)s log_opt_values /usr/lib/python3/dist-packages/oslo_config/cfg.py:2602
2026-02-23 00:41:32.313 164615 DEBUG oslo_service.service [req-d832783f-7958-4848-afe9-87a70b48fa04 - - - - -] logging_debug_format_suffix = %(funcName)s %(pathname)s:%(lineno)d log_opt_values /usr/lib/python3/dist-packages/oslo_config/cfg.py:2602
2026-02-23 00:41:32.313 164924 DEBUG nova.service [req-acecd014-b642-4579-8817-dd455c8072e1 - - - - -] Creating RPC server for service scheduler start /usr/lib/python3/dist-packages/nova/service.py:182
2026-02-23 00:41:32.314 164615 DEBUG oslo_service.service [req-d832783f-7958-4848-afe9-87a70b48fa04 - - - - -] logging_default_format_string = %(asctime)s.%(msecs)03d %(process)d %(levelname)s %(name)s [-] %(instance)s%(message)s log_opt_values /usr/lib/python3/dist-packages/oslo_config/cfg.py:2602
2026-02-23 00:41:32.314 164615 DEBUG oslo_service.service [req-d832783f-7958-4848-afe9-87a70b48fa04 - - - - -] logging_exception_prefix = %(asctime)s.%(msecs)03d %(process)d ERROR %(name)s %(instance)s log_opt_values /usr/lib/python3/dist-packages/oslo_config/cfg.py:2602
2026-02-23 00:41:32.314 164615 DEBUG oslo_service.service [req-d832783f-7958-4848-afe9-87a70b48fa04 - - - - -] logging_user_identity_format = %(user)s %(project)s %(domain)s %(user_domain)s %(project_domain)s log_opt_values /usr/lib/python3/dist-packages/oslo_config/cfg.py:2602
2026-02-23 00:41:32.314 164615 DEBUG oslo_service.service [req-d832783f-7958-4848-afe9-87a70b48fa04 - - - - -] long_rpc_timeout = 1800 log_opt_values /usr/lib/python3/dist-packages/oslo_config/cfg.py:2602
2026-02-23 00:41:32.315 164615 DEBUG oslo_service.service [req-d832783f-7958-4848-afe9-87a70b48fa04 - - - - -] max_concurrent_builds = 10 log_opt_values /usr/lib/python3/dist-packages/oslo_config/cfg.py:2602
2026-02-23 00:41:32.315 164615 DEBUG oslo_service.service [req-d832783f-7958-4848-afe9-87a70b48fa04 - - - - -] max_concurrent_live_migrations = 1 log_opt_values /usr/lib/python3/dist-packages/oslo_config/cfg.py:2602
2026-02-23 00:41:32.316 164615 DEBUG oslo_service.service [req-d832783f-7958-4848-afe9-87a70b48fa04 - - - - -] max_concurrent_snapshots = 5 log_opt_values /usr/lib/python3/dist-packages/oslo_config/cfg.py:2602
2026-02-23 00:41:32.316 164615 DEBUG oslo_service.service [req-d832783f-7958-4848-afe9-87a70b48fa04 - - - - -] max_local_block_devices = 3 log_opt_values /usr/lib/python3/dist-packages/oslo_config/cfg.py:2602
2026-02-23 00:41:32.316 164615 DEBUG oslo_service.service [req-d832783f-7958-4848-afe9-87a70b48fa04 - - - - -] max_logfile_count = 30 log_opt_values /usr/lib/python3/dist-packages/oslo_config/cfg.py:2602
2026-02-23 00:41:32.316 164615 DEBUG oslo_service.service [req-d832783f-7958-4848-afe9-87a70b48fa04 - - - - -] max_logfile_size_mb = 200 log_opt_values /usr/lib/python3/dist-packages/oslo_config/cfg.py:2602
2026-02-23 00:41:32.316 164615 DEBUG oslo_service.service [req-d832783f-7958-4848-afe9-87a70b48fa04 - - - - -] maximum_instance_delete_attempts = 5 log_opt_values /usr/lib/python3/dist-packages/oslo_config/cfg.py:2602
2026-02-23 00:41:32.317 164615 DEBUG oslo_service.service [req-d832783f-7958-4848-afe9-87a70b48fa04 - - - - -] metadata_listen = 0.0.0.0 log_opt_values /usr/lib/python3/dist-packages/oslo_config/cfg.py:2602
2026-02-23 00:41:32.317 164615 DEBUG oslo_service.service [req-d832783f-7958-4848-afe9-87a70b48fa04 - - - - -] metadata_listen_port = 8765 log_opt_values /usr/lib/python3/dist-packages/oslo_config/cfg.py:2602
2026-02-23 00:41:32.318 164615 DEBUG oslo_service.service [req-d832783f-7958-4848-afe9-87a70b48fa04 - - - - -] metadata_workers = None log_opt_values /usr/lib/python3/dist-packages/oslo_config/cfg.py:2602
2026-02-23 00:41:32.319 164615 DEBUG oslo_service.service [req-d832783f-7958-4848-afe9-87a70b48fa04 - - - - -] migrate_max_retries = -1 log_opt_values /usr/lib/python3/dist-packages/oslo_config/cfg.py:2602
2026-02-23 00:41:32.319 164615 DEBUG oslo_service.service [req-d832783f-7958-4848-afe9-87a70b48fa04 - - - - -] mkisofs_cmd = genisoimage log_opt_values /usr/lib/python3/dist-packages/oslo_config/cfg.py:2602
2026-02-23 00:41:32.320 164615 DEBUG oslo_service.service [req-d832783f-7958-4848-afe9-87a70b48fa04 - - - - -] my_block_storage_ip = 252.129.194.254 log_opt_values /usr/lib/python3/dist-packages/oslo_config/cfg.py:2602
2026-02-23 00:41:32.322 164615 DEBUG oslo_service.service [req-d832783f-7958-4848-afe9-87a70b48fa04 - - - - -] my_ip = 252.129.194.254 log_opt_values /usr/lib/python3/dist-packages/oslo_config/cfg.py:2602
2026-02-23 00:41:32.323 164615 DEBUG oslo_service.service [req-d832783f-7958-4848-afe9-87a70b48fa04 - - - - -] network_allocate_retries = 0 log_opt_values /usr/lib/python3/dist-packages/oslo_config/cfg.py:2602
2026-02-23 00:41:32.323 164923 DEBUG nova.service [req-5e83add8-42fe-4f18-9bb8-d0b2dbcedd32 - - - - -] Creating RPC server for service scheduler start /usr/lib/python3/dist-packages/nova/service.py:182
2026-02-23 00:41:32.323 164615 DEBUG oslo_service.service [req-d832783f-7958-4848-afe9-87a70b48fa04 - - - - -] non_inheritable_image_properties = ['cache_in_nova', 'bittorrent'] log_opt_values /usr/lib/python3/dist-packages/oslo_config/cfg.py:2602
2026-02-23 00:41:32.324 164615 DEBUG oslo_service.service [req-d832783f-7958-4848-afe9-87a70b48fa04 - - - - -] osapi_compute_listen = 0.0.0.0 log_opt_values /usr/lib/python3/dist-packages/oslo_config/cfg.py:2602
2026-02-23 00:41:32.325 164615 DEBUG oslo_service.service [req-d832783f-7958-4848-afe9-87a70b48fa04 - - - - -] osapi_compute_listen_port = 8764 log_opt_values /usr/lib/python3/dist-packages/oslo_config/cfg.py:2602
2026-02-23 00:41:32.326 164615 DEBUG oslo_service.service [req-d832783f-7958-4848-afe9-87a70b48fa04 - - - - -] osapi_compute_unique_server_name_scope = log_opt_values /usr/lib/python3/dist-packages/oslo_config/cfg.py:2602
2026-02-23 00:41:32.331 164921 DEBUG nova.service [req-777475d7-c6f7-4040-8ea1-4258f3ad6023 - - - - -] Creating RPC server for service scheduler start /usr/lib/python3/dist-packages/nova/service.py:182
2026-02-23 00:41:32.332 164615 DEBUG oslo_service.service [req-d832783f-7958-4848-afe9-87a70b48fa04 - - - - -] osapi_compute_workers = 4 log_opt_values /usr/lib/python3/dist-packages/oslo_config/cfg.py:2602
2026-02-23 00:41:32.333 164922 DEBUG oslo_messaging._drivers.amqpdriver [-] Listener is running poll /usr/lib/python3/dist-packages/oslo_messaging/_drivers/amqpdriver.py:343
2026-02-23 00:41:32.333 164615 DEBUG oslo_service.service [req-d832783f-7958-4848-afe9-87a70b48fa04 - - - - -] password_length = 12 log_opt_values /usr/lib/python3/dist-packages/oslo_config/cfg.py:2602
2026-02-23 00:41:32.335 164922 DEBUG oslo_messaging._drivers.amqpdriver [-] AMQPListener connection consume poll /usr/lib/python3/dist-packages/oslo_messaging/_drivers/amqpdriver.py:357
2026-02-23 00:41:32.334 164615 DEBUG oslo_service.service [req-d832783f-7958-4848-afe9-87a70b48fa04 - - - - -] periodic_enable = True log_opt_values /usr/lib/python3/dist-packages/oslo_config/cfg.py:2602
2026-02-23 00:41:32.335 164615 DEBUG oslo_service.service [req-d832783f-7958-4848-afe9-87a70b48fa04 - - - - -] periodic_fuzzy_delay = 60 log_opt_values /usr/lib/python3/dist-packages/oslo_config/cfg.py:2602
2026-02-23 00:41:32.335 164924 DEBUG oslo_messaging._drivers.amqpdriver [-] Listener is running poll /usr/lib/python3/dist-packages/oslo_messaging/_drivers/amqpdriver.py:343
2026-02-23 00:41:32.336 164615 DEBUG oslo_service.service [req-d832783f-7958-4848-afe9-87a70b48fa04 - - - - -] pointer_model = usbtablet log_opt_values /usr/lib/python3/dist-packages/oslo_config/cfg.py:2602
2026-02-23 00:41:32.336 164924 DEBUG oslo_messaging._drivers.amqpdriver [-] AMQPListener connection consume poll /usr/lib/python3/dist-packages/oslo_messaging/_drivers/amqpdriver.py:357
2026-02-23 00:41:32.336 164922 DEBUG nova.service [req-72b62013-0d02-462b-a84d-5fddae8eee71 - - - - -] Join ServiceGroup membership for this service scheduler start /usr/lib/python3/dist-packages/nova/service.py:199
2026-02-23 00:41:32.336 164615 DEBUG oslo_service.service [req-d832783f-7958-4848-afe9-87a70b48fa04 - - - - -] preallocate_images = none log_opt_values /usr/lib/python3/dist-packages/oslo_config/cfg.py:2602
2026-02-23 00:41:32.336 164922 DEBUG nova.servicegroup.drivers.db [req-72b62013-0d02-462b-a84d-5fddae8eee71 - - - - -] DB_Driver: join new ServiceGroup member juju-771dc9-0-lxd-7 to the scheduler group, service = join /usr/lib/python3/dist-packages/nova/servicegroup/drivers/db.py:44
2026-02-23 00:41:32.337 164615 DEBUG oslo_service.service [req-d832783f-7958-4848-afe9-87a70b48fa04 - - - - -] publish_errors = False log_opt_values /usr/lib/python3/dist-packages/oslo_config/cfg.py:2602
2026-02-23 00:41:32.336 164924 DEBUG nova.service [req-acecd014-b642-4579-8817-dd455c8072e1 - - - - -] Join ServiceGroup membership for this service scheduler start /usr/lib/python3/dist-packages/nova/service.py:199
2026-02-23 00:41:32.337 164615 DEBUG oslo_service.service [req-d832783f-7958-4848-afe9-87a70b48fa04 - - - - -] pybasedir = /usr/lib/python3/dist-packages log_opt_values /usr/lib/python3/dist-packages/oslo_config/cfg.py:2602
2026-02-23 00:41:32.337 164924 DEBUG nova.servicegroup.drivers.db [req-acecd014-b642-4579-8817-dd455c8072e1 - - - - -] DB_Driver: join new ServiceGroup member juju-771dc9-0-lxd-7 to the scheduler group, service = join /usr/lib/python3/dist-packages/nova/servicegroup/drivers/db.py:44
2026-02-23 00:41:32.337 164615 DEBUG oslo_service.service [req-d832783f-7958-4848-afe9-87a70b48fa04 - - - - -] ram_allocation_ratio = 0.98 log_opt_values /usr/lib/python3/dist-packages/oslo_config/cfg.py:2602
2026-02-23 00:41:32.337 164615 DEBUG oslo_service.service [req-d832783f-7958-4848-afe9-87a70b48fa04 - - - - -] rate_limit_burst = 0 log_opt_values /usr/lib/python3/dist-packages/oslo_config/cfg.py:2602
2026-02-23 00:41:32.337 164615 DEBUG oslo_service.service [req-d832783f-7958-4848-afe9-87a70b48fa04 - - - - -] rate_limit_except_level = CRITICAL log_opt_values /usr/lib/python3/dist-packages/oslo_config/cfg.py:2602
2026-02-23 00:41:32.338 164924 DEBUG oslo_service.periodic_task [req-421de87a-b617-48aa-8f44-0dd2329214c2 - - - - -] Running periodic task SchedulerManager._discover_hosts_in_cells run_periodic_tasks /usr/lib/python3/dist-packages/oslo_service/periodic_task.py:210
2026-02-23 00:41:32.338 164615 DEBUG oslo_service.service [req-d832783f-7958-4848-afe9-87a70b48fa04 - - - - -] rate_limit_interval = 0 log_opt_values /usr/lib/python3/dist-packages/oslo_config/cfg.py:2602
2026-02-23 00:41:32.338 164615 DEBUG oslo_service.service [req-d832783f-7958-4848-afe9-87a70b48fa04 - - - - -] reboot_timeout = 0 log_opt_values /usr/lib/python3/dist-packages/oslo_config/cfg.py:2602
2026-02-23 00:41:32.339 164924 DEBUG oslo_db.sqlalchemy.engines [req-421de87a-b617-48aa-8f44-0dd2329214c2 - - - - -] Parent process 164615 forked (164924) with an open database connection, which is being discarded and recreated. checkout /usr/lib/python3/dist-packages/oslo_db/sqlalchemy/engines.py:413
2026-02-23 00:41:32.339 164615 DEBUG oslo_service.service [req-d832783f-7958-4848-afe9-87a70b48fa04 - - - - -] reclaim_instance_interval = 0 log_opt_values /usr/lib/python3/dist-packages/oslo_config/cfg.py:2602
2026-02-23 00:41:32.339 164615 DEBUG oslo_service.service [req-d832783f-7958-4848-afe9-87a70b48fa04 - - - - -] record = None log_opt_values /usr/lib/python3/dist-packages/oslo_config/cfg.py:2602
2026-02-23 00:41:32.339 164922 DEBUG oslo_messaging._drivers.amqpdriver [-] AMQPListener connection timeout poll /usr/lib/python3/dist-packages/oslo_messaging/_drivers/amqpdriver.py:360
2026-02-23 00:41:32.339 164922 DEBUG oslo_messaging._drivers.amqpdriver [-] Listener is running poll /usr/lib/python3/dist-packages/oslo_messaging/_drivers/amqpdriver.py:343
2026-02-23 00:41:32.339 164615 DEBUG oslo_service.service [req-d832783f-7958-4848-afe9-87a70b48fa04 - - - - -] report_interval = 10 log_opt_values /usr/lib/python3/dist-packages/oslo_config/cfg.py:2602
2026-02-23 00:41:32.339 164922 DEBUG oslo_messaging._drivers.amqpdriver [-] AMQPListener connection consume poll /usr/lib/python3/dist-packages/oslo_messaging/_drivers/amqpdriver.py:357
2026-02-23 00:41:32.339 164615 DEBUG oslo_service.service [req-d832783f-7958-4848-afe9-87a70b48fa04 - - - - -] rescue_timeout = 0 log_opt_values /usr/lib/python3/dist-packages/oslo_config/cfg.py:2602
2026-02-23 00:41:32.340 164615 DEBUG oslo_service.service [req-d832783f-7958-4848-afe9-87a70b48fa04 - - - - -] reserved_host_cpus = 0 log_opt_values /usr/lib/python3/dist-packages/oslo_config/cfg.py:2602
2026-02-23 00:41:32.341 164615 DEBUG oslo_service.service [req-d832783f-7958-4848-afe9-87a70b48fa04 - - - - -] reserved_host_disk_mb = 0 log_opt_values /usr/lib/python3/dist-packages/oslo_config/cfg.py:2602
2026-02-23 00:41:32.341 164615 DEBUG oslo_service.service [req-d832783f-7958-4848-afe9-87a70b48fa04 - - - - -] reserved_host_memory_mb = 512 log_opt_values /usr/lib/python3/dist-packages/oslo_config/cfg.py:2602
2026-02-23 00:41:32.341 164615 DEBUG oslo_service.service [req-d832783f-7958-4848-afe9-87a70b48fa04 - - - - -] reserved_huge_pages = None log_opt_values /usr/lib/python3/dist-packages/oslo_config/cfg.py:2602
2026-02-23 00:41:32.342 164615 DEBUG oslo_service.service [req-d832783f-7958-4848-afe9-87a70b48fa04 - - - - -] resize_confirm_window = 0 log_opt_values /usr/lib/python3/dist-packages/oslo_config/cfg.py:2602
2026-02-23 00:41:32.342 164615 DEBUG oslo_service.service [req-d832783f-7958-4848-afe9-87a70b48fa04 - - - - -] resize_fs_using_block_device = False log_opt_values /usr/lib/python3/dist-packages/oslo_config/cfg.py:2602
2026-02-23 00:41:32.342 164615 DEBUG oslo_service.service [req-d832783f-7958-4848-afe9-87a70b48fa04 - - - - -] resume_guests_state_on_host_boot = False log_opt_values /usr/lib/python3/dist-packages/oslo_config/cfg.py:2602
2026-02-23 00:41:32.342 164615 DEBUG oslo_service.service [req-d832783f-7958-4848-afe9-87a70b48fa04 - - - - -] rootwrap_config = /etc/nova/rootwrap.conf log_opt_values /usr/lib/python3/dist-packages/oslo_config/cfg.py:2602
2026-02-23 00:41:32.342 164615 DEBUG oslo_service.service [req-d832783f-7958-4848-afe9-87a70b48fa04 - - - - -] run_external_periodic_tasks = True log_opt_values /usr/lib/python3/dist-packages/oslo_config/cfg.py:2602
2026-02-23 00:41:32.343 164924 DEBUG oslo_messaging._drivers.amqpdriver [-] AMQPListener connection timeout poll /usr/lib/python3/dist-packages/oslo_messaging/_drivers/amqpdriver.py:360
2026-02-23 00:41:32.343 164615 DEBUG oslo_service.service [req-d832783f-7958-4848-afe9-87a70b48fa04 - - - - -] running_deleted_instance_action = reap log_opt_values /usr/lib/python3/dist-packages/oslo_config/cfg.py:2602
2026-02-23 00:41:32.343 164924 DEBUG oslo_messaging._drivers.amqpdriver [-] Listener is running poll /usr/lib/python3/dist-packages/oslo_messaging/_drivers/amqpdriver.py:343
2026-02-23 00:41:32.343 164924 DEBUG oslo_messaging._drivers.amqpdriver [-] AMQPListener connection consume poll /usr/lib/python3/dist-packages/oslo_messaging/_drivers/amqpdriver.py:357
2026-02-23 00:41:32.343 164615 DEBUG oslo_service.service [req-d832783f-7958-4848-afe9-87a70b48fa04 - - - - -] running_deleted_instance_poll_interval = 1800 log_opt_values /usr/lib/python3/dist-packages/oslo_config/cfg.py:2602
2026-02-23 00:41:32.344 164615 DEBUG oslo_service.service [req-d832783f-7958-4848-afe9-87a70b48fa04 - - - - -] running_deleted_instance_timeout = 0 log_opt_values /usr/lib/python3/dist-packages/oslo_config/cfg.py:2602
2026-02-23 00:41:32.344 164615 DEBUG oslo_service.service [req-d832783f-7958-4848-afe9-87a70b48fa04 - - - - -] scheduler_instance_sync_interval = 120 log_opt_values /usr/lib/python3/dist-packages/oslo_config/cfg.py:2602
2026-02-23 00:41:32.345 164615 DEBUG oslo_service.service [req-d832783f-7958-4848-afe9-87a70b48fa04 - - - - -] service_down_time = 60 log_opt_values /usr/lib/python3/dist-packages/oslo_config/cfg.py:2602
2026-02-23 00:41:32.347 164615 DEBUG oslo_service.service [req-d832783f-7958-4848-afe9-87a70b48fa04 - - - - -] servicegroup_driver = db log_opt_values /usr/lib/python3/dist-packages/oslo_config/cfg.py:2602
2026-02-23 00:41:32.347 164615 DEBUG oslo_service.service [req-d832783f-7958-4848-afe9-87a70b48fa04 - - - - -] shelved_offload_time = 0 log_opt_values /usr/lib/python3/dist-packages/oslo_config/cfg.py:2602
2026-02-23 00:41:32.347 164924 DEBUG oslo_concurrency.lockutils [req-421de87a-b617-48aa-8f44-0dd2329214c2 - - - - -] Lock "0d788a95-dd21-43b6-8b57-6643c3ee5864" acquired by "nova.context.set_target_cell..get_or_set_cached_cell_and_set_connections" :: waited 0.000s inner /usr/lib/python3/dist-packages/oslo_concurrency/lockutils.py:386
2026-02-23 00:41:32.347 164615 DEBUG oslo_service.service [req-d832783f-7958-4848-afe9-87a70b48fa04 - - - - -] shelved_poll_interval = 3600 log_opt_values /usr/lib/python3/dist-packages/oslo_config/cfg.py:2602
2026-02-23 00:41:32.348 164615 DEBUG oslo_service.service [req-d832783f-7958-4848-afe9-87a70b48fa04 - - - - -] shutdown_timeout = 60 log_opt_values /usr/lib/python3/dist-packages/oslo_config/cfg.py:2602
2026-02-23 00:41:32.349 164615 DEBUG oslo_service.service [req-d832783f-7958-4848-afe9-87a70b48fa04 - - - - -] source_is_ipv6 = False log_opt_values /usr/lib/python3/dist-packages/oslo_config/cfg.py:2602
2026-02-23 00:41:32.349 164615 DEBUG oslo_service.service [req-d832783f-7958-4848-afe9-87a70b48fa04 - - - - -] ssl_only = False log_opt_values /usr/lib/python3/dist-packages/oslo_config/cfg.py:2602
2026-02-23 00:41:32.349 164615 DEBUG oslo_service.service [req-d832783f-7958-4848-afe9-87a70b48fa04 - - - - -] state_path = /var/lib/nova log_opt_values /usr/lib/python3/dist-packages/oslo_config/cfg.py:2602
2026-02-23 00:41:32.349 164923 DEBUG oslo_messaging._drivers.amqpdriver [-] Listener is running poll /usr/lib/python3/dist-packages/oslo_messaging/_drivers/amqpdriver.py:343
2026-02-23 00:41:32.349 164924 DEBUG oslo_concurrency.lockutils [req-421de87a-b617-48aa-8f44-0dd2329214c2 - - - - -] Lock "0d788a95-dd21-43b6-8b57-6643c3ee5864" "released" by "nova.context.set_target_cell..get_or_set_cached_cell_and_set_connections" :: held 0.002s inner /usr/lib/python3/dist-packages/oslo_concurrency/lockutils.py:400
2026-02-23 00:41:32.349 164615 DEBUG oslo_service.service [req-d832783f-7958-4848-afe9-87a70b48fa04 - - - - -] sync_power_state_interval = 600 log_opt_values /usr/lib/python3/dist-packages/oslo_config/cfg.py:2602
2026-02-23 00:41:32.349 164923 DEBUG oslo_messaging._drivers.amqpdriver [-] AMQPListener connection consume poll /usr/lib/python3/dist-packages/oslo_messaging/_drivers/amqpdriver.py:357
2026-02-23 00:41:32.349 164615 DEBUG oslo_service.service [req-d832783f-7958-4848-afe9-87a70b48fa04 - - - - -] sync_power_state_pool_size = 1000 log_opt_values /usr/lib/python3/dist-packages/oslo_config/cfg.py:2602
2026-02-23 00:41:32.350 164615 DEBUG oslo_service.service [req-d832783f-7958-4848-afe9-87a70b48fa04 - - - - -] syslog_log_facility = LOG_USER log_opt_values /usr/lib/python3/dist-packages/oslo_config/cfg.py:2602
2026-02-23 00:41:32.350 164615 DEBUG oslo_service.service [req-d832783f-7958-4848-afe9-87a70b48fa04 - - - - -] tempdir = None log_opt_values /usr/lib/python3/dist-packages/oslo_config/cfg.py:2602
2026-02-23 00:41:32.350 164615 DEBUG oslo_service.service [req-d832783f-7958-4848-afe9-87a70b48fa04 - - - - -] timeout_nbd = 10 log_opt_values /usr/lib/python3/dist-packages/oslo_config/cfg.py:2602
2026-02-23 00:41:32.350 164615 DEBUG oslo_service.service [req-d832783f-7958-4848-afe9-87a70b48fa04 - - - - -] transport_url = **** log_opt_values /usr/lib/python3/dist-packages/oslo_config/cfg.py:2602
2026-02-23 00:41:32.350 164923 DEBUG nova.service [req-5e83add8-42fe-4f18-9bb8-d0b2dbcedd32 - - - - -] Join ServiceGroup membership for this service scheduler start /usr/lib/python3/dist-packages/nova/service.py:199
2026-02-23 00:41:32.351 164615 DEBUG oslo_service.service [req-d832783f-7958-4848-afe9-87a70b48fa04 - - - - -] update_resources_interval = 0 log_opt_values /usr/lib/python3/dist-packages/oslo_config/cfg.py:2602
2026-02-23 00:41:32.351 164615 DEBUG oslo_service.service [req-d832783f-7958-4848-afe9-87a70b48fa04 - - - - -] use_cow_images = True log_opt_values /usr/lib/python3/dist-packages/oslo_config/cfg.py:2602
2026-02-23 00:41:32.351 164923 DEBUG nova.servicegroup.drivers.db [req-5e83add8-42fe-4f18-9bb8-d0b2dbcedd32 - - - - -] DB_Driver: join new ServiceGroup member juju-771dc9-0-lxd-7 to the scheduler group, service = join /usr/lib/python3/dist-packages/nova/servicegroup/drivers/db.py:44
2026-02-23 00:41:32.351 164615 DEBUG oslo_service.service [req-d832783f-7958-4848-afe9-87a70b48fa04 - - - - -] use_eventlog = False log_opt_values /usr/lib/python3/dist-packages/oslo_config/cfg.py:2602
2026-02-23 00:41:32.351 164615 DEBUG oslo_service.service [req-d832783f-7958-4848-afe9-87a70b48fa04 - - - - -] use_journal = False log_opt_values /usr/lib/python3/dist-packages/oslo_config/cfg.py:2602
2026-02-23 00:41:32.351 164615 DEBUG oslo_service.service [req-d832783f-7958-4848-afe9-87a70b48fa04 - - - - -] use_json = False log_opt_values /usr/lib/python3/dist-packages/oslo_config/cfg.py:2602
2026-02-23 00:41:32.351 164615 DEBUG oslo_service.service [req-d832783f-7958-4848-afe9-87a70b48fa04 - - - - -] use_rootwrap_daemon = False log_opt_values /usr/lib/python3/dist-packages/oslo_config/cfg.py:2602
2026-02-23 00:41:32.352 164615 DEBUG oslo_service.service [req-d832783f-7958-4848-afe9-87a70b48fa04 - - - - -] use_stderr = False log_opt_values /usr/lib/python3/dist-packages/oslo_config/cfg.py:2602
2026-02-23 00:41:32.352 164615 DEBUG oslo_service.service [req-d832783f-7958-4848-afe9-87a70b48fa04 - - - - -] use_syslog = False log_opt_values /usr/lib/python3/dist-packages/oslo_config/cfg.py:2602
2026-02-23 00:41:32.352 164615 DEBUG oslo_service.service [req-d832783f-7958-4848-afe9-87a70b48fa04 - - - - -] vcpu_pin_set = None log_opt_values /usr/lib/python3/dist-packages/oslo_config/cfg.py:2602
2026-02-23 00:41:32.352 164615 DEBUG oslo_service.service [req-d832783f-7958-4848-afe9-87a70b48fa04 - - - - -] vif_plugging_is_fatal = True log_opt_values /usr/lib/python3/dist-packages/oslo_config/cfg.py:2602
2026-02-23 00:41:32.352 164615 DEBUG oslo_service.service [req-d832783f-7958-4848-afe9-87a70b48fa04 - - - - -] vif_plugging_timeout = 300 log_opt_values /usr/lib/python3/dist-packages/oslo_config/cfg.py:2602
2026-02-23 00:41:32.353 164615 DEBUG oslo_service.service [req-d832783f-7958-4848-afe9-87a70b48fa04 - - - - -] virt_mkfs = [] log_opt_values /usr/lib/python3/dist-packages/oslo_config/cfg.py:2602
2026-02-23 00:41:32.353 164615 DEBUG oslo_service.service [req-d832783f-7958-4848-afe9-87a70b48fa04 - - - - -] volume_usage_poll_interval = 0 log_opt_values /usr/lib/python3/dist-packages/oslo_config/cfg.py:2602
2026-02-23 00:41:32.353 164615 DEBUG oslo_service.service [req-d832783f-7958-4848-afe9-87a70b48fa04 - - - - -] watch_log_file = False log_opt_values /usr/lib/python3/dist-packages/oslo_config/cfg.py:2602
2026-02-23 00:41:32.353 164615 DEBUG oslo_service.service [req-d832783f-7958-4848-afe9-87a70b48fa04 - - - - -] web = /usr/share/spice-html5 log_opt_values /usr/lib/python3/dist-packages/oslo_config/cfg.py:2602
2026-02-23 00:41:32.353 164615 DEBUG oslo_service.service [req-d832783f-7958-4848-afe9-87a70b48fa04 - - - - -] oslo_concurrency.disable_process_locking = False log_opt_values /usr/lib/python3/dist-packages/oslo_config/cfg.py:2609
2026-02-23 00:41:32.354 164615 DEBUG oslo_service.service [req-d832783f-7958-4848-afe9-87a70b48fa04 - - - - -] oslo_concurrency.lock_path = /var/lock/nova log_opt_values /usr/lib/python3/dist-packages/oslo_config/cfg.py:2609
2026-02-23 00:41:32.354 164615 WARNING oslo_config.cfg [req-d832783f-7958-4848-afe9-87a70b48fa04 - - - - -] Deprecated: Option "auth_strategy" from group "api" is deprecated for removal ( The only non-default choice, ``noauth2``, is for internal development and testing purposes only and should not be used in deployments. This option and its middleware, NoAuthMiddleware[V2_18], will be removed in a future release. ). Its value may be silently ignored in the future.
2026-02-23 00:41:32.354 164615 DEBUG oslo_service.service [req-d832783f-7958-4848-afe9-87a70b48fa04 - - - - -] api.auth_strategy = keystone log_opt_values /usr/lib/python3/dist-packages/oslo_config/cfg.py:2609
2026-02-23 00:41:32.354 164615 DEBUG oslo_service.service [req-d832783f-7958-4848-afe9-87a70b48fa04 - - - - -] api.compute_link_prefix = None log_opt_values /usr/lib/python3/dist-packages/oslo_config/cfg.py:2609
2026-02-23 00:41:32.355 164615 DEBUG oslo_service.service [req-d832783f-7958-4848-afe9-87a70b48fa04 - - - - -] api.config_drive_skip_versions = 1.0 2007-01-19 2007-03-01 2007-08-29 2007-10-10 2007-12-15 2008-02-01 2008-09-01 log_opt_values /usr/lib/python3/dist-packages/oslo_config/cfg.py:2609
2026-02-23 00:41:32.355 164615 DEBUG oslo_service.service [req-d832783f-7958-4848-afe9-87a70b48fa04 - - - - -] api.dhcp_domain = novalocal log_opt_values /usr/lib/python3/dist-packages/oslo_config/cfg.py:2609
2026-02-23 00:41:32.355 164923 DEBUG oslo_messaging._drivers.amqpdriver [-] AMQPListener connection timeout poll /usr/lib/python3/dist-packages/oslo_messaging/_drivers/amqpdriver.py:360
2026-02-23 00:41:32.355 164615 DEBUG oslo_service.service [req-d832783f-7958-4848-afe9-87a70b48fa04 - - - - -] api.enable_instance_password = True log_opt_values /usr/lib/python3/dist-packages/oslo_config/cfg.py:2609
2026-02-23 00:41:32.354 164924 DEBUG oslo_db.sqlalchemy.engines [req-421de87a-b617-48aa-8f44-0dd2329214c2 - - - - -] MySQL server mode set to STRICT_TRANS_TABLES,STRICT_ALL_TABLES,NO_ZERO_IN_DATE,NO_ZERO_DATE,ERROR_FOR_DIVISION_BY_ZERO,TRADITIONAL,NO_ENGINE_SUBSTITUTION _check_effective_sql_mode /usr/lib/python3/dist-packages/oslo_db/sqlalchemy/engines.py:314
2026-02-23 00:41:32.355 164923 DEBUG oslo_messaging._drivers.amqpdriver [-] Listener is running poll /usr/lib/python3/dist-packages/oslo_messaging/_drivers/amqpdriver.py:343
2026-02-23 00:41:32.356 164615 DEBUG oslo_service.service [req-d832783f-7958-4848-afe9-87a70b48fa04 - - - - -] api.glance_link_prefix = None log_opt_values /usr/lib/python3/dist-packages/oslo_config/cfg.py:2609
2026-02-23 00:41:32.356 164923 DEBUG oslo_messaging._drivers.amqpdriver [-] AMQPListener connection consume poll /usr/lib/python3/dist-packages/oslo_messaging/_drivers/amqpdriver.py:357
2026-02-23 00:41:32.356 164615 DEBUG oslo_service.service [req-d832783f-7958-4848-afe9-87a70b48fa04 - - - - -] api.instance_list_cells_batch_fixed_size = 100 log_opt_values /usr/lib/python3/dist-packages/oslo_config/cfg.py:2609
2026-02-23 00:41:32.359 164615 DEBUG oslo_service.service [req-d832783f-7958-4848-afe9-87a70b48fa04 - - - - -] api.instance_list_cells_batch_strategy = distributed log_opt_values /usr/lib/python3/dist-packages/oslo_config/cfg.py:2609
2026-02-23 00:41:32.359 164615 DEBUG oslo_service.service [req-d832783f-7958-4848-afe9-87a70b48fa04 - - - - -] api.instance_list_per_project_cells = False log_opt_values /usr/lib/python3/dist-packages/oslo_config/cfg.py:2609
2026-02-23 00:41:32.360 164615 DEBUG oslo_service.service [req-d832783f-7958-4848-afe9-87a70b48fa04 - - - - -] api.list_records_by_skipping_down_cells = True log_opt_values /usr/lib/python3/dist-packages/oslo_config/cfg.py:2609
2026-02-23 00:41:32.360 164615 DEBUG oslo_service.service [req-d832783f-7958-4848-afe9-87a70b48fa04 - - - - -] api.local_metadata_per_cell = False log_opt_values /usr/lib/python3/dist-packages/oslo_config/cfg.py:2609
2026-02-23 00:41:32.360 164615 DEBUG oslo_service.service [req-d832783f-7958-4848-afe9-87a70b48fa04 - - - - -] api.max_limit = 1000 log_opt_values /usr/lib/python3/dist-packages/oslo_config/cfg.py:2609
2026-02-23 00:41:32.361 164615 DEBUG oslo_service.service [req-d832783f-7958-4848-afe9-87a70b48fa04 - - - - -] api.metadata_cache_expiration = 15 log_opt_values /usr/lib/python3/dist-packages/oslo_config/cfg.py:2609
2026-02-23 00:41:32.361 164615 DEBUG oslo_service.service [req-d832783f-7958-4848-afe9-87a70b48fa04 - - - - -] api.neutron_default_tenant_id = default log_opt_values /usr/lib/python3/dist-packages/oslo_config/cfg.py:2609
2026-02-23 00:41:32.361 164615 DEBUG oslo_service.service [req-d832783f-7958-4848-afe9-87a70b48fa04 - - - - -] api.use_forwarded_for = False log_opt_values /usr/lib/python3/dist-packages/oslo_config/cfg.py:2609
2026-02-23 00:41:32.361 164615 DEBUG oslo_service.service [req-d832783f-7958-4848-afe9-87a70b48fa04 - - - - -] api.use_neutron_default_nets = False log_opt_values /usr/lib/python3/dist-packages/oslo_config/cfg.py:2609
2026-02-23 00:41:32.361 164615 DEBUG oslo_service.service [req-d832783f-7958-4848-afe9-87a70b48fa04 - - - - -] api.vendordata_dynamic_connect_timeout = 5 log_opt_values /usr/lib/python3/dist-packages/oslo_config/cfg.py:2609
2026-02-23 00:41:32.361 164615 DEBUG oslo_service.service [req-d832783f-7958-4848-afe9-87a70b48fa04 - - - - -] api.vendordata_dynamic_failure_fatal = False log_opt_values /usr/lib/python3/dist-packages/oslo_config/cfg.py:2609
2026-02-23 00:41:32.362 164615 DEBUG oslo_service.service [req-d832783f-7958-4848-afe9-87a70b48fa04 - - - - -] api.vendordata_dynamic_read_timeout = 5 log_opt_values /usr/lib/python3/dist-packages/oslo_config/cfg.py:2609
2026-02-23 00:41:32.362 164615 DEBUG oslo_service.service [req-d832783f-7958-4848-afe9-87a70b48fa04 - - - - -] api.vendordata_dynamic_ssl_certfile = log_opt_values /usr/lib/python3/dist-packages/oslo_config/cfg.py:2609
2026-02-23 00:41:32.362 164615 DEBUG oslo_service.service [req-d832783f-7958-4848-afe9-87a70b48fa04 - - - - -] api.vendordata_dynamic_targets = [] log_opt_values /usr/lib/python3/dist-packages/oslo_config/cfg.py:2609
2026-02-23 00:41:32.362 164615 DEBUG oslo_service.service [req-d832783f-7958-4848-afe9-87a70b48fa04 - - - - -] api.vendordata_jsonfile_path = None log_opt_values /usr/lib/python3/dist-packages/oslo_config/cfg.py:2609
2026-02-23 00:41:32.362 164615 DEBUG oslo_service.service [req-d832783f-7958-4848-afe9-87a70b48fa04 - - - - -] api.vendordata_providers = ['StaticJSON'] log_opt_values /usr/lib/python3/dist-packages/oslo_config/cfg.py:2609
2026-02-23 00:41:32.363 164615 DEBUG oslo_service.service [req-d832783f-7958-4848-afe9-87a70b48fa04 - - - - -] cache.backend = dogpile.cache.null log_opt_values /usr/lib/python3/dist-packages/oslo_config/cfg.py:2609
2026-02-23 00:41:32.363 164615 DEBUG oslo_service.service [req-d832783f-7958-4848-afe9-87a70b48fa04 - - - - -] cache.backend_argument = **** log_opt_values /usr/lib/python3/dist-packages/oslo_config/cfg.py:2609
2026-02-23 00:41:32.363 164615 DEBUG oslo_service.service [req-d832783f-7958-4848-afe9-87a70b48fa04 - - - - -] cache.config_prefix = cache.oslo log_opt_values /usr/lib/python3/dist-packages/oslo_config/cfg.py:2609
2026-02-23 00:41:32.363 164615 DEBUG oslo_service.service [req-d832783f-7958-4848-afe9-87a70b48fa04 - - - - -] cache.debug_cache_backend = False log_opt_values /usr/lib/python3/dist-packages/oslo_config/cfg.py:2609
2026-02-23 00:41:32.363 164615 DEBUG oslo_service.service [req-d832783f-7958-4848-afe9-87a70b48fa04 - - - - -] cache.enabled = False log_opt_values /usr/lib/python3/dist-packages/oslo_config/cfg.py:2609
2026-02-23 00:41:32.364 164615 DEBUG oslo_service.service [req-d832783f-7958-4848-afe9-87a70b48fa04 - - - - -] cache.expiration_time = 600 log_opt_values /usr/lib/python3/dist-packages/oslo_config/cfg.py:2609
2026-02-23 00:41:32.364 164615 DEBUG oslo_service.service [req-d832783f-7958-4848-afe9-87a70b48fa04 - - - - -] cache.memcache_dead_retry = 300 log_opt_values /usr/lib/python3/dist-packages/oslo_config/cfg.py:2609
2026-02-23 00:41:32.364 164615 DEBUG oslo_service.service [req-d832783f-7958-4848-afe9-87a70b48fa04 - - - - -] cache.memcache_pool_connection_get_timeout = 10 log_opt_values /usr/lib/python3/dist-packages/oslo_config/cfg.py:2609
2026-02-23 00:41:32.364 164615 DEBUG oslo_service.service [req-d832783f-7958-4848-afe9-87a70b48fa04 - - - - -] cache.memcache_pool_flush_on_reconnect = False log_opt_values /usr/lib/python3/dist-packages/oslo_config/cfg.py:2609
2026-02-23 00:41:32.364 164615 DEBUG oslo_service.service [req-d832783f-7958-4848-afe9-87a70b48fa04 - - - - -] cache.memcache_pool_maxsize = 10 log_opt_values /usr/lib/python3/dist-packages/oslo_config/cfg.py:2609
2026-02-23 00:41:32.365 164615 DEBUG oslo_service.service [req-d832783f-7958-4848-afe9-87a70b48fa04 - - - - -] cache.memcache_pool_unused_timeout = 60 log_opt_values /usr/lib/python3/dist-packages/oslo_config/cfg.py:2609
2026-02-23 00:41:32.365 164615 DEBUG oslo_service.service [req-d832783f-7958-4848-afe9-87a70b48fa04 - - - - -] cache.memcache_servers = ['localhost:11211'] log_opt_values /usr/lib/python3/dist-packages/oslo_config/cfg.py:2609
2026-02-23 00:41:32.365 164615 DEBUG oslo_service.service [req-d832783f-7958-4848-afe9-87a70b48fa04 - - - - -] cache.memcache_socket_timeout = 1.0 log_opt_values /usr/lib/python3/dist-packages/oslo_config/cfg.py:2609
2026-02-23 00:41:32.365 164615 DEBUG oslo_service.service [req-d832783f-7958-4848-afe9-87a70b48fa04 - - - - -] cache.proxies = [] log_opt_values /usr/lib/python3/dist-packages/oslo_config/cfg.py:2609
2026-02-23 00:41:32.365 164615 DEBUG oslo_service.service [req-d832783f-7958-4848-afe9-87a70b48fa04 - - - - -] cache.tls_allowed_ciphers = None log_opt_values /usr/lib/python3/dist-packages/oslo_config/cfg.py:2609
2026-02-23 00:41:32.365 164615 DEBUG oslo_service.service [req-d832783f-7958-4848-afe9-87a70b48fa04 - - - - -] cache.tls_cafile = None log_opt_values /usr/lib/python3/dist-packages/oslo_config/cfg.py:2609
2026-02-23 00:41:32.366 164615 DEBUG oslo_service.service [req-d832783f-7958-4848-afe9-87a70b48fa04 - - - - -] cache.tls_certfile = None log_opt_values /usr/lib/python3/dist-packages/oslo_config/cfg.py:2609
2026-02-23 00:41:32.366 164615 DEBUG oslo_service.service [req-d832783f-7958-4848-afe9-87a70b48fa04 - - - - -] cache.tls_enabled = False log_opt_values /usr/lib/python3/dist-packages/oslo_config/cfg.py:2609
2026-02-23 00:41:32.366 164615 DEBUG oslo_service.service [req-d832783f-7958-4848-afe9-87a70b48fa04 - - - - -] cache.tls_keyfile = None log_opt_values /usr/lib/python3/dist-packages/oslo_config/cfg.py:2609
2026-02-23 00:41:32.366 164615 DEBUG oslo_service.service [req-d832783f-7958-4848-afe9-87a70b48fa04 - - - - -] cinder.auth_section = None log_opt_values /usr/lib/python3/dist-packages/oslo_config/cfg.py:2609
2026-02-23 00:41:32.366 164615 DEBUG oslo_service.service [req-d832783f-7958-4848-afe9-87a70b48fa04 - - - - -] cinder.auth_type = None log_opt_values /usr/lib/python3/dist-packages/oslo_config/cfg.py:2609
2026-02-23 00:41:32.366 164921 DEBUG oslo_messaging._drivers.amqpdriver [-] Listener is running poll /usr/lib/python3/dist-packages/oslo_messaging/_drivers/amqpdriver.py:343
2026-02-23 00:41:32.366 164615 DEBUG oslo_service.service [req-d832783f-7958-4848-afe9-87a70b48fa04 - - - - -] cinder.cafile = None log_opt_values /usr/lib/python3/dist-packages/oslo_config/cfg.py:2609
2026-02-23 00:41:32.367 164921 DEBUG oslo_messaging._drivers.amqpdriver [-] AMQPListener connection consume poll /usr/lib/python3/dist-packages/oslo_messaging/_drivers/amqpdriver.py:357
2026-02-23 00:41:32.367 164615 DEBUG oslo_service.service [req-d832783f-7958-4848-afe9-87a70b48fa04 - - - - -] cinder.catalog_info = volumev3::publicURL log_opt_values /usr/lib/python3/dist-packages/oslo_config/cfg.py:2609
2026-02-23 00:41:32.367 164615 DEBUG oslo_service.service [req-d832783f-7958-4848-afe9-87a70b48fa04 - - - - -] cinder.certfile = None log_opt_values /usr/lib/python3/dist-packages/oslo_config/cfg.py:2609
2026-02-23 00:41:32.367 164615 DEBUG oslo_service.service [req-d832783f-7958-4848-afe9-87a70b48fa04 - - - - -] cinder.collect_timing = False log_opt_values /usr/lib/python3/dist-packages/oslo_config/cfg.py:2609
2026-02-23 00:41:32.367 164615 DEBUG oslo_service.service [req-d832783f-7958-4848-afe9-87a70b48fa04 - - - - -] cinder.cross_az_attach = True log_opt_values /usr/lib/python3/dist-packages/oslo_config/cfg.py:2609
2026-02-23 00:41:32.367 164615 DEBUG oslo_service.service [req-d832783f-7958-4848-afe9-87a70b48fa04 - - - - -] cinder.debug = False log_opt_values /usr/lib/python3/dist-packages/oslo_config/cfg.py:2609
2026-02-23 00:41:32.367 164615 DEBUG oslo_service.service [req-d832783f-7958-4848-afe9-87a70b48fa04 - - - - -] cinder.endpoint_template = None log_opt_values /usr/lib/python3/dist-packages/oslo_config/cfg.py:2609
2026-02-23 00:41:32.368 164615 DEBUG oslo_service.service [req-d832783f-7958-4848-afe9-87a70b48fa04 - - - - -] cinder.http_retries = 3 log_opt_values /usr/lib/python3/dist-packages/oslo_config/cfg.py:2609
2026-02-23 00:41:32.367 164921 DEBUG nova.service [req-777475d7-c6f7-4040-8ea1-4258f3ad6023 - - - - -] Join ServiceGroup membership for this service scheduler start /usr/lib/python3/dist-packages/nova/service.py:199
2026-02-23 00:41:32.368 164615 DEBUG oslo_service.service [req-d832783f-7958-4848-afe9-87a70b48fa04 - - - - -] cinder.insecure = False log_opt_values /usr/lib/python3/dist-packages/oslo_config/cfg.py:2609
2026-02-23 00:41:32.368 164615 DEBUG oslo_service.service [req-d832783f-7958-4848-afe9-87a70b48fa04 - - - - -] cinder.keyfile = None log_opt_values /usr/lib/python3/dist-packages/oslo_config/cfg.py:2609
2026-02-23 00:41:32.368 164921 DEBUG nova.servicegroup.drivers.db [req-777475d7-c6f7-4040-8ea1-4258f3ad6023 - - - - -] DB_Driver: join new ServiceGroup member juju-771dc9-0-lxd-7 to the scheduler group, service = join /usr/lib/python3/dist-packages/nova/servicegroup/drivers/db.py:44
