2026-02-23 00:38:55.715 131175 DEBUG oslo_service.service [req-b6bc9955-95b8-4661-b7b2-006fba74f1f3 - - - - -] pointer_model = usbtablet log_opt_values /usr/lib/python3/dist-packages/oslo_config/cfg.py:2602
2026-02-23 00:38:55.715 131175 DEBUG oslo_service.service [req-b6bc9955-95b8-4661-b7b2-006fba74f1f3 - - - - -] preallocate_images = none log_opt_values /usr/lib/python3/dist-packages/oslo_config/cfg.py:2602
2026-02-23 00:38:55.715 131175 DEBUG oslo_service.service [req-b6bc9955-95b8-4661-b7b2-006fba74f1f3 - - - - -] publish_errors = False log_opt_values /usr/lib/python3/dist-packages/oslo_config/cfg.py:2602
2026-02-23 00:38:55.715 131175 DEBUG oslo_service.service [req-b6bc9955-95b8-4661-b7b2-006fba74f1f3 - - - - -] pybasedir = /usr/lib/python3/dist-packages log_opt_values /usr/lib/python3/dist-packages/oslo_config/cfg.py:2602
2026-02-23 00:38:55.715 132433 DEBUG oslo_db.sqlalchemy.engines [req-a5044387-19e4-40ad-a9c9-99709ba0166d - - - - -] MySQL server mode set to STRICT_TRANS_TABLES,STRICT_ALL_TABLES,NO_ZERO_IN_DATE,NO_ZERO_DATE,ERROR_FOR_DIVISION_BY_ZERO,TRADITIONAL,NO_ENGINE_SUBSTITUTION _check_effective_sql_mode /usr/lib/python3/dist-packages/oslo_db/sqlalchemy/engines.py:314
2026-02-23 00:38:55.716 131175 DEBUG oslo_service.service [req-b6bc9955-95b8-4661-b7b2-006fba74f1f3 - - - - -] ram_allocation_ratio = 0.98 log_opt_values /usr/lib/python3/dist-packages/oslo_config/cfg.py:2602
2026-02-23 00:38:55.716 131175 DEBUG oslo_service.service [req-b6bc9955-95b8-4661-b7b2-006fba74f1f3 - - - - -] rate_limit_burst = 0 log_opt_values /usr/lib/python3/dist-packages/oslo_config/cfg.py:2602
2026-02-23 00:38:55.716 131175 DEBUG oslo_service.service [req-b6bc9955-95b8-4661-b7b2-006fba74f1f3 - - - - -] rate_limit_except_level = CRITICAL log_opt_values /usr/lib/python3/dist-packages/oslo_config/cfg.py:2602
2026-02-23 00:38:55.716 131175 DEBUG oslo_service.service [req-b6bc9955-95b8-4661-b7b2-006fba74f1f3 - - - - -] rate_limit_interval = 0 log_opt_values /usr/lib/python3/dist-packages/oslo_config/cfg.py:2602
2026-02-23 00:38:55.717 131175 DEBUG oslo_service.service [req-b6bc9955-95b8-4661-b7b2-006fba74f1f3 - - - - -] reboot_timeout = 0 log_opt_values /usr/lib/python3/dist-packages/oslo_config/cfg.py:2602
2026-02-23 00:38:55.717 131175 DEBUG oslo_service.service [req-b6bc9955-95b8-4661-b7b2-006fba74f1f3 - - - - -] reclaim_instance_interval = 0 log_opt_values /usr/lib/python3/dist-packages/oslo_config/cfg.py:2602
2026-02-23 00:38:55.717 131175 DEBUG oslo_service.service [req-b6bc9955-95b8-4661-b7b2-006fba74f1f3 - - - - -] record = None log_opt_values /usr/lib/python3/dist-packages/oslo_config/cfg.py:2602
2026-02-23 00:38:55.717 131175 DEBUG oslo_service.service [req-b6bc9955-95b8-4661-b7b2-006fba74f1f3 - - - - -] report_interval = 10 log_opt_values /usr/lib/python3/dist-packages/oslo_config/cfg.py:2602
2026-02-23 00:38:55.717 131175 DEBUG oslo_service.service [req-b6bc9955-95b8-4661-b7b2-006fba74f1f3 - - - - -] rescue_timeout = 0 log_opt_values /usr/lib/python3/dist-packages/oslo_config/cfg.py:2602
2026-02-23 00:38:55.718 131175 DEBUG oslo_service.service [req-b6bc9955-95b8-4661-b7b2-006fba74f1f3 - - - - -] reserved_host_cpus = 0 log_opt_values /usr/lib/python3/dist-packages/oslo_config/cfg.py:2602
2026-02-23 00:38:55.718 131175 DEBUG oslo_service.service [req-b6bc9955-95b8-4661-b7b2-006fba74f1f3 - - - - -] reserved_host_disk_mb = 0 log_opt_values /usr/lib/python3/dist-packages/oslo_config/cfg.py:2602
2026-02-23 00:38:55.718 131175 DEBUG oslo_service.service [req-b6bc9955-95b8-4661-b7b2-006fba74f1f3 - - - - -] reserved_host_memory_mb = 512 log_opt_values /usr/lib/python3/dist-packages/oslo_config/cfg.py:2602
2026-02-23 00:38:55.718 131175 DEBUG oslo_service.service [req-b6bc9955-95b8-4661-b7b2-006fba74f1f3 - - - - -] reserved_huge_pages = None log_opt_values /usr/lib/python3/dist-packages/oslo_config/cfg.py:2602
2026-02-23 00:38:55.718 132427 DEBUG oslo_db.sqlalchemy.engines [req-d75f4e86-117d-4b91-b805-364764a7f2f5 - - - - -] MySQL server mode set to STRICT_TRANS_TABLES,STRICT_ALL_TABLES,NO_ZERO_IN_DATE,NO_ZERO_DATE,ERROR_FOR_DIVISION_BY_ZERO,TRADITIONAL,NO_ENGINE_SUBSTITUTION _check_effective_sql_mode /usr/lib/python3/dist-packages/oslo_db/sqlalchemy/engines.py:314
2026-02-23 00:38:55.719 131175 DEBUG oslo_service.service [req-b6bc9955-95b8-4661-b7b2-006fba74f1f3 - - - - -] resize_confirm_window = 0 log_opt_values /usr/lib/python3/dist-packages/oslo_config/cfg.py:2602
2026-02-23 00:38:55.719 131175 DEBUG oslo_service.service [req-b6bc9955-95b8-4661-b7b2-006fba74f1f3 - - - - -] resize_fs_using_block_device = False log_opt_values /usr/lib/python3/dist-packages/oslo_config/cfg.py:2602
2026-02-23 00:38:55.719 131175 DEBUG oslo_service.service [req-b6bc9955-95b8-4661-b7b2-006fba74f1f3 - - - - -] resume_guests_state_on_host_boot = False log_opt_values /usr/lib/python3/dist-packages/oslo_config/cfg.py:2602
2026-02-23 00:38:55.719 131175 DEBUG oslo_service.service [req-b6bc9955-95b8-4661-b7b2-006fba74f1f3 - - - - -] rootwrap_config = /etc/nova/rootwrap.conf log_opt_values /usr/lib/python3/dist-packages/oslo_config/cfg.py:2602
2026-02-23 00:38:55.720 131175 DEBUG oslo_service.service [req-b6bc9955-95b8-4661-b7b2-006fba74f1f3 - - - - -] rpc_response_timeout = 60 log_opt_values /usr/lib/python3/dist-packages/oslo_config/cfg.py:2602
2026-02-23 00:38:55.720 131175 DEBUG oslo_service.service [req-b6bc9955-95b8-4661-b7b2-006fba74f1f3 - - - - -] run_external_periodic_tasks = True log_opt_values /usr/lib/python3/dist-packages/oslo_config/cfg.py:2602
2026-02-23 00:38:55.720 131175 DEBUG oslo_service.service [req-b6bc9955-95b8-4661-b7b2-006fba74f1f3 - - - - -] running_deleted_instance_action = reap log_opt_values /usr/lib/python3/dist-packages/oslo_config/cfg.py:2602
2026-02-23 00:38:55.720 131175 DEBUG oslo_service.service [req-b6bc9955-95b8-4661-b7b2-006fba74f1f3 - - - - -] running_deleted_instance_poll_interval = 1800 log_opt_values /usr/lib/python3/dist-packages/oslo_config/cfg.py:2602
2026-02-23 00:38:55.721 131175 DEBUG oslo_service.service [req-b6bc9955-95b8-4661-b7b2-006fba74f1f3 - - - - -] running_deleted_instance_timeout = 0 log_opt_values /usr/lib/python3/dist-packages/oslo_config/cfg.py:2602
2026-02-23 00:38:55.721 131175 DEBUG oslo_service.service [req-b6bc9955-95b8-4661-b7b2-006fba74f1f3 - - - - -] scheduler_instance_sync_interval = 120 log_opt_values /usr/lib/python3/dist-packages/oslo_config/cfg.py:2602
2026-02-23 00:38:55.721 131175 DEBUG oslo_service.service [req-b6bc9955-95b8-4661-b7b2-006fba74f1f3 - - - - -] service_down_time = 60 log_opt_values /usr/lib/python3/dist-packages/oslo_config/cfg.py:2602
2026-02-23 00:38:55.721 131175 DEBUG oslo_service.service [req-b6bc9955-95b8-4661-b7b2-006fba74f1f3 - - - - -] servicegroup_driver = db log_opt_values /usr/lib/python3/dist-packages/oslo_config/cfg.py:2602
2026-02-23 00:38:55.722 131175 DEBUG oslo_service.service [req-b6bc9955-95b8-4661-b7b2-006fba74f1f3 - - - - -] shelved_offload_time = 0 log_opt_values /usr/lib/python3/dist-packages/oslo_config/cfg.py:2602
2026-02-23 00:38:55.722 131175 DEBUG oslo_service.service [req-b6bc9955-95b8-4661-b7b2-006fba74f1f3 - - - - -] shelved_poll_interval = 3600 log_opt_values /usr/lib/python3/dist-packages/oslo_config/cfg.py:2602
2026-02-23 00:38:55.722 131175 DEBUG oslo_service.service [req-b6bc9955-95b8-4661-b7b2-006fba74f1f3 - - - - -] shutdown_timeout = 60 log_opt_values /usr/lib/python3/dist-packages/oslo_config/cfg.py:2602
2026-02-23 00:38:55.722 131175 DEBUG oslo_service.service [req-b6bc9955-95b8-4661-b7b2-006fba74f1f3 - - - - -] source_is_ipv6 = False log_opt_values /usr/lib/python3/dist-packages/oslo_config/cfg.py:2602
2026-02-23 00:38:55.723 131175 DEBUG oslo_service.service [req-b6bc9955-95b8-4661-b7b2-006fba74f1f3 - - - - -] ssl_only = False log_opt_values /usr/lib/python3/dist-packages/oslo_config/cfg.py:2602
2026-02-23 00:38:55.724 131175 DEBUG oslo_service.service [req-b6bc9955-95b8-4661-b7b2-006fba74f1f3 - - - - -] state_path = /var/lib/nova log_opt_values /usr/lib/python3/dist-packages/oslo_config/cfg.py:2602
2026-02-23 00:38:55.724 131175 DEBUG oslo_service.service [req-b6bc9955-95b8-4661-b7b2-006fba74f1f3 - - - - -] sync_power_state_interval = 600 log_opt_values /usr/lib/python3/dist-packages/oslo_config/cfg.py:2602
2026-02-23 00:38:55.726 131175 DEBUG oslo_service.service [req-b6bc9955-95b8-4661-b7b2-006fba74f1f3 - - - - -] sync_power_state_pool_size = 1000 log_opt_values /usr/lib/python3/dist-packages/oslo_config/cfg.py:2602
2026-02-23 00:38:55.726 131175 DEBUG oslo_service.service [req-b6bc9955-95b8-4661-b7b2-006fba74f1f3 - - - - -] syslog_log_facility = LOG_USER log_opt_values /usr/lib/python3/dist-packages/oslo_config/cfg.py:2602
2026-02-23 00:38:55.726 131175 DEBUG oslo_service.service [req-b6bc9955-95b8-4661-b7b2-006fba74f1f3 - - - - -] tempdir = None log_opt_values /usr/lib/python3/dist-packages/oslo_config/cfg.py:2602
2026-02-23 00:38:55.727 131175 DEBUG oslo_service.service [req-b6bc9955-95b8-4661-b7b2-006fba74f1f3 - - - - -] timeout_nbd = 10 log_opt_values /usr/lib/python3/dist-packages/oslo_config/cfg.py:2602
2026-02-23 00:38:55.727 131175 DEBUG oslo_service.service [req-b6bc9955-95b8-4661-b7b2-006fba74f1f3 - - - - -] transport_url = **** log_opt_values /usr/lib/python3/dist-packages/oslo_config/cfg.py:2602
2026-02-23 00:38:55.727 131175 DEBUG oslo_service.service [req-b6bc9955-95b8-4661-b7b2-006fba74f1f3 - - - - -] update_resources_interval = 0 log_opt_values /usr/lib/python3/dist-packages/oslo_config/cfg.py:2602
2026-02-23 00:38:55.728 131175 DEBUG oslo_service.service [req-b6bc9955-95b8-4661-b7b2-006fba74f1f3 - - - - -] use_cow_images = True log_opt_values /usr/lib/python3/dist-packages/oslo_config/cfg.py:2602
2026-02-23 00:38:55.728 131175 DEBUG oslo_service.service [req-b6bc9955-95b8-4661-b7b2-006fba74f1f3 - - - - -] use_eventlog = False log_opt_values /usr/lib/python3/dist-packages/oslo_config/cfg.py:2602
2026-02-23 00:38:55.729 131175 DEBUG oslo_service.service [req-b6bc9955-95b8-4661-b7b2-006fba74f1f3 - - - - -] use_journal = False log_opt_values /usr/lib/python3/dist-packages/oslo_config/cfg.py:2602
2026-02-23 00:38:55.730 131175 DEBUG oslo_service.service [req-b6bc9955-95b8-4661-b7b2-006fba74f1f3 - - - - -] use_json = False log_opt_values /usr/lib/python3/dist-packages/oslo_config/cfg.py:2602
2026-02-23 00:38:55.730 131175 DEBUG oslo_service.service [req-b6bc9955-95b8-4661-b7b2-006fba74f1f3 - - - - -] use_rootwrap_daemon = False log_opt_values /usr/lib/python3/dist-packages/oslo_config/cfg.py:2602
2026-02-23 00:38:55.731 131175 DEBUG oslo_service.service [req-b6bc9955-95b8-4661-b7b2-006fba74f1f3 - - - - -] use_stderr = False log_opt_values /usr/lib/python3/dist-packages/oslo_config/cfg.py:2602
2026-02-23 00:38:55.731 131175 DEBUG oslo_service.service [req-b6bc9955-95b8-4661-b7b2-006fba74f1f3 - - - - -] use_syslog = False log_opt_values /usr/lib/python3/dist-packages/oslo_config/cfg.py:2602
2026-02-23 00:38:55.732 131175 DEBUG oslo_service.service [req-b6bc9955-95b8-4661-b7b2-006fba74f1f3 - - - - -] vcpu_pin_set = None log_opt_values /usr/lib/python3/dist-packages/oslo_config/cfg.py:2602
2026-02-23 00:38:55.733 131175 DEBUG oslo_service.service [req-b6bc9955-95b8-4661-b7b2-006fba74f1f3 - - - - -] vif_plugging_is_fatal = True log_opt_values /usr/lib/python3/dist-packages/oslo_config/cfg.py:2602
2026-02-23 00:38:55.733 131175 DEBUG oslo_service.service [req-b6bc9955-95b8-4661-b7b2-006fba74f1f3 - - - - -] vif_plugging_timeout = 300 log_opt_values /usr/lib/python3/dist-packages/oslo_config/cfg.py:2602
2026-02-23 00:38:55.733 131175 DEBUG oslo_service.service [req-b6bc9955-95b8-4661-b7b2-006fba74f1f3 - - - - -] virt_mkfs = [] log_opt_values /usr/lib/python3/dist-packages/oslo_config/cfg.py:2602
2026-02-23 00:38:55.733 131175 DEBUG oslo_service.service [req-b6bc9955-95b8-4661-b7b2-006fba74f1f3 - - - - -] volume_usage_poll_interval = 0 log_opt_values /usr/lib/python3/dist-packages/oslo_config/cfg.py:2602
2026-02-23 00:38:55.734 131175 DEBUG oslo_service.service [req-b6bc9955-95b8-4661-b7b2-006fba74f1f3 - - - - -] watch_log_file = False log_opt_values /usr/lib/python3/dist-packages/oslo_config/cfg.py:2602
2026-02-23 00:38:55.733 132421 DEBUG nova.service [req-331865bb-f9bb-4ecb-9970-9161bf151a70 - - - - -] Creating RPC server for service conductor start /usr/lib/python3/dist-packages/nova/service.py:182
2026-02-23 00:38:55.734 131175 DEBUG oslo_service.service [req-b6bc9955-95b8-4661-b7b2-006fba74f1f3 - - - - -] web = /usr/share/spice-html5 log_opt_values /usr/lib/python3/dist-packages/oslo_config/cfg.py:2602
2026-02-23 00:38:55.734 131175 DEBUG oslo_service.service [req-b6bc9955-95b8-4661-b7b2-006fba74f1f3 - - - - -] oslo_concurrency.disable_process_locking = False log_opt_values /usr/lib/python3/dist-packages/oslo_config/cfg.py:2609
2026-02-23 00:38:55.735 131175 DEBUG oslo_service.service [req-b6bc9955-95b8-4661-b7b2-006fba74f1f3 - - - - -] oslo_concurrency.lock_path = /var/lock/nova log_opt_values /usr/lib/python3/dist-packages/oslo_config/cfg.py:2609
2026-02-23 00:38:55.735 131175 DEBUG oslo_service.service [req-b6bc9955-95b8-4661-b7b2-006fba74f1f3 - - - - -] oslo_messaging_metrics.metrics_buffer_size = 1000 log_opt_values /usr/lib/python3/dist-packages/oslo_config/cfg.py:2609
2026-02-23 00:38:55.735 132427 DEBUG nova.service [req-d75f4e86-117d-4b91-b805-364764a7f2f5 - - - - -] Creating RPC server for service conductor start /usr/lib/python3/dist-packages/nova/service.py:182
2026-02-23 00:38:55.735 131175 DEBUG oslo_service.service [req-b6bc9955-95b8-4661-b7b2-006fba74f1f3 - - - - -] oslo_messaging_metrics.metrics_enabled = False log_opt_values /usr/lib/python3/dist-packages/oslo_config/cfg.py:2609
2026-02-23 00:38:55.736 131175 DEBUG oslo_service.service [req-b6bc9955-95b8-4661-b7b2-006fba74f1f3 - - - - -] oslo_messaging_metrics.metrics_process_name = log_opt_values /usr/lib/python3/dist-packages/oslo_config/cfg.py:2609
2026-02-23 00:38:55.736 132426 DEBUG nova.service [req-7da6d1f5-bbde-49e2-a3fd-23207c7e055d - - - - -] Creating RPC server for service conductor start /usr/lib/python3/dist-packages/nova/service.py:182
2026-02-23 00:38:55.736 131175 DEBUG oslo_service.service [req-b6bc9955-95b8-4661-b7b2-006fba74f1f3 - - - - -] oslo_messaging_metrics.metrics_socket_file = /var/tmp/metrics_collector.sock log_opt_values /usr/lib/python3/dist-packages/oslo_config/cfg.py:2609
2026-02-23 00:38:55.736 131175 DEBUG oslo_service.service [req-b6bc9955-95b8-4661-b7b2-006fba74f1f3 - - - - -] oslo_messaging_metrics.metrics_thread_stop_timeout = 10 log_opt_values /usr/lib/python3/dist-packages/oslo_config/cfg.py:2609
2026-02-23 00:38:55.736 131175 WARNING oslo_config.cfg [req-b6bc9955-95b8-4661-b7b2-006fba74f1f3 - - - - -] Deprecated: Option "auth_strategy" from group "api" is deprecated for removal ( The only non-default choice, ``noauth2``, is for internal development and testing purposes only and should not be used in deployments. This option and its middleware, NoAuthMiddleware[V2_18], will be removed in a future release. ). Its value may be silently ignored in the future.
2026-02-23 00:38:55.737 131175 DEBUG oslo_service.service [req-b6bc9955-95b8-4661-b7b2-006fba74f1f3 - - - - -] api.auth_strategy = keystone log_opt_values /usr/lib/python3/dist-packages/oslo_config/cfg.py:2609
2026-02-23 00:38:55.737 131175 DEBUG oslo_service.service [req-b6bc9955-95b8-4661-b7b2-006fba74f1f3 - - - - -] api.compute_link_prefix = None log_opt_values /usr/lib/python3/dist-packages/oslo_config/cfg.py:2609
2026-02-23 00:38:55.737 131175 DEBUG oslo_service.service [req-b6bc9955-95b8-4661-b7b2-006fba74f1f3 - - - - -] api.config_drive_skip_versions = 1.0 2007-01-19 2007-03-01 2007-08-29 2007-10-10 2007-12-15 2008-02-01 2008-09-01 log_opt_values /usr/lib/python3/dist-packages/oslo_config/cfg.py:2609
2026-02-23 00:38:55.738 131175 DEBUG oslo_service.service [req-b6bc9955-95b8-4661-b7b2-006fba74f1f3 - - - - -] api.dhcp_domain = novalocal log_opt_values /usr/lib/python3/dist-packages/oslo_config/cfg.py:2609
2026-02-23 00:38:55.738 131175 DEBUG oslo_service.service [req-b6bc9955-95b8-4661-b7b2-006fba74f1f3 - - - - -] api.enable_instance_password = True log_opt_values /usr/lib/python3/dist-packages/oslo_config/cfg.py:2609
2026-02-23 00:38:55.738 131175 DEBUG oslo_service.service [req-b6bc9955-95b8-4661-b7b2-006fba74f1f3 - - - - -] api.glance_link_prefix = None log_opt_values /usr/lib/python3/dist-packages/oslo_config/cfg.py:2609
2026-02-23 00:38:55.739 131175 DEBUG oslo_service.service [req-b6bc9955-95b8-4661-b7b2-006fba74f1f3 - - - - -] api.instance_list_cells_batch_fixed_size = 100 log_opt_values /usr/lib/python3/dist-packages/oslo_config/cfg.py:2609
2026-02-23 00:38:55.739 131175 DEBUG oslo_service.service [req-b6bc9955-95b8-4661-b7b2-006fba74f1f3 - - - - -] api.instance_list_cells_batch_strategy = distributed log_opt_values /usr/lib/python3/dist-packages/oslo_config/cfg.py:2609
2026-02-23 00:38:55.739 131175 DEBUG oslo_service.service [req-b6bc9955-95b8-4661-b7b2-006fba74f1f3 - - - - -] api.instance_list_per_project_cells = False log_opt_values /usr/lib/python3/dist-packages/oslo_config/cfg.py:2609
2026-02-23 00:38:55.740 131175 DEBUG oslo_service.service [req-b6bc9955-95b8-4661-b7b2-006fba74f1f3 - - - - -] api.list_records_by_skipping_down_cells = True log_opt_values /usr/lib/python3/dist-packages/oslo_config/cfg.py:2609
2026-02-23 00:38:55.741 131175 DEBUG oslo_service.service [req-b6bc9955-95b8-4661-b7b2-006fba74f1f3 - - - - -] api.local_metadata_per_cell = False log_opt_values /usr/lib/python3/dist-packages/oslo_config/cfg.py:2609
2026-02-23 00:38:55.741 131175 DEBUG oslo_service.service [req-b6bc9955-95b8-4661-b7b2-006fba74f1f3 - - - - -] api.max_limit = 1000 log_opt_values /usr/lib/python3/dist-packages/oslo_config/cfg.py:2609
2026-02-23 00:38:55.742 131175 DEBUG oslo_service.service [req-b6bc9955-95b8-4661-b7b2-006fba74f1f3 - - - - -] api.metadata_cache_expiration = 15 log_opt_values /usr/lib/python3/dist-packages/oslo_config/cfg.py:2609
2026-02-23 00:38:55.742 131175 DEBUG oslo_service.service [req-b6bc9955-95b8-4661-b7b2-006fba74f1f3 - - - - -] api.neutron_default_tenant_id = default log_opt_values /usr/lib/python3/dist-packages/oslo_config/cfg.py:2609
2026-02-23 00:38:55.742 131175 DEBUG oslo_service.service [req-b6bc9955-95b8-4661-b7b2-006fba74f1f3 - - - - -] api.use_forwarded_for = False log_opt_values /usr/lib/python3/dist-packages/oslo_config/cfg.py:2609
2026-02-23 00:38:55.744 131175 DEBUG oslo_service.service [req-b6bc9955-95b8-4661-b7b2-006fba74f1f3 - - - - -] api.use_neutron_default_nets = False log_opt_values /usr/lib/python3/dist-packages/oslo_config/cfg.py:2609
2026-02-23 00:38:55.744 131175 DEBUG oslo_service.service [req-b6bc9955-95b8-4661-b7b2-006fba74f1f3 - - - - -] api.vendordata_dynamic_connect_timeout = 5 log_opt_values /usr/lib/python3/dist-packages/oslo_config/cfg.py:2609
2026-02-23 00:38:55.744 131175 DEBUG oslo_service.service [req-b6bc9955-95b8-4661-b7b2-006fba74f1f3 - - - - -] api.vendordata_dynamic_failure_fatal = False log_opt_values /usr/lib/python3/dist-packages/oslo_config/cfg.py:2609
2026-02-23 00:38:55.745 131175 DEBUG oslo_service.service [req-b6bc9955-95b8-4661-b7b2-006fba74f1f3 - - - - -] api.vendordata_dynamic_read_timeout = 5 log_opt_values /usr/lib/python3/dist-packages/oslo_config/cfg.py:2609
2026-02-23 00:38:55.746 131175 DEBUG oslo_service.service [req-b6bc9955-95b8-4661-b7b2-006fba74f1f3 - - - - -] api.vendordata_dynamic_ssl_certfile = log_opt_values /usr/lib/python3/dist-packages/oslo_config/cfg.py:2609
2026-02-23 00:38:55.746 131175 DEBUG oslo_service.service [req-b6bc9955-95b8-4661-b7b2-006fba74f1f3 - - - - -] api.vendordata_dynamic_targets = [] log_opt_values /usr/lib/python3/dist-packages/oslo_config/cfg.py:2609
2026-02-23 00:38:55.746 131175 DEBUG oslo_service.service [req-b6bc9955-95b8-4661-b7b2-006fba74f1f3 - - - - -] api.vendordata_jsonfile_path = None log_opt_values /usr/lib/python3/dist-packages/oslo_config/cfg.py:2609
2026-02-23 00:38:55.747 131175 DEBUG oslo_service.service [req-b6bc9955-95b8-4661-b7b2-006fba74f1f3 - - - - -] api.vendordata_providers = ['StaticJSON'] log_opt_values /usr/lib/python3/dist-packages/oslo_config/cfg.py:2609
2026-02-23 00:38:55.747 131175 DEBUG oslo_service.service [req-b6bc9955-95b8-4661-b7b2-006fba74f1f3 - - - - -] cache.backend = dogpile.cache.null log_opt_values /usr/lib/python3/dist-packages/oslo_config/cfg.py:2609
2026-02-23 00:38:55.747 131175 DEBUG oslo_service.service [req-b6bc9955-95b8-4661-b7b2-006fba74f1f3 - - - - -] cache.backend_argument = **** log_opt_values /usr/lib/python3/dist-packages/oslo_config/cfg.py:2609
2026-02-23 00:38:55.749 131175 DEBUG oslo_service.service [req-b6bc9955-95b8-4661-b7b2-006fba74f1f3 - - - - -] cache.config_prefix = cache.oslo log_opt_values /usr/lib/python3/dist-packages/oslo_config/cfg.py:2609
2026-02-23 00:38:55.750 131175 DEBUG oslo_service.service [req-b6bc9955-95b8-4661-b7b2-006fba74f1f3 - - - - -] cache.debug_cache_backend = False log_opt_values /usr/lib/python3/dist-packages/oslo_config/cfg.py:2609
2026-02-23 00:38:55.750 131175 DEBUG oslo_service.service [req-b6bc9955-95b8-4661-b7b2-006fba74f1f3 - - - - -] cache.enabled = False log_opt_values /usr/lib/python3/dist-packages/oslo_config/cfg.py:2609
2026-02-23 00:38:55.751 131175 DEBUG oslo_service.service [req-b6bc9955-95b8-4661-b7b2-006fba74f1f3 - - - - -] cache.expiration_time = 600 log_opt_values /usr/lib/python3/dist-packages/oslo_config/cfg.py:2609
2026-02-23 00:38:55.751 131175 DEBUG oslo_service.service [req-b6bc9955-95b8-4661-b7b2-006fba74f1f3 - - - - -] cache.memcache_dead_retry = 300 log_opt_values /usr/lib/python3/dist-packages/oslo_config/cfg.py:2609
2026-02-23 00:38:55.752 131175 DEBUG oslo_service.service [req-b6bc9955-95b8-4661-b7b2-006fba74f1f3 - - - - -] cache.memcache_pool_connection_get_timeout = 10 log_opt_values /usr/lib/python3/dist-packages/oslo_config/cfg.py:2609
2026-02-23 00:38:55.752 131175 DEBUG oslo_service.service [req-b6bc9955-95b8-4661-b7b2-006fba74f1f3 - - - - -] cache.memcache_pool_flush_on_reconnect = False log_opt_values /usr/lib/python3/dist-packages/oslo_config/cfg.py:2609
2026-02-23 00:38:55.752 131175 DEBUG oslo_service.service [req-b6bc9955-95b8-4661-b7b2-006fba74f1f3 - - - - -] cache.memcache_pool_maxsize = 10 log_opt_values /usr/lib/python3/dist-packages/oslo_config/cfg.py:2609
2026-02-23 00:38:55.752 131175 DEBUG oslo_service.service [req-b6bc9955-95b8-4661-b7b2-006fba74f1f3 - - - - -] cache.memcache_pool_unused_timeout = 60 log_opt_values /usr/lib/python3/dist-packages/oslo_config/cfg.py:2609
2026-02-23 00:38:55.753 131175 DEBUG oslo_service.service [req-b6bc9955-95b8-4661-b7b2-006fba74f1f3 - - - - -] cache.memcache_servers = ['localhost:11211'] log_opt_values /usr/lib/python3/dist-packages/oslo_config/cfg.py:2609
2026-02-23 00:38:55.753 131175 DEBUG oslo_service.service [req-b6bc9955-95b8-4661-b7b2-006fba74f1f3 - - - - -] cache.memcache_socket_timeout = 1.0 log_opt_values /usr/lib/python3/dist-packages/oslo_config/cfg.py:2609
2026-02-23 00:38:55.753 131175 DEBUG oslo_service.service [req-b6bc9955-95b8-4661-b7b2-006fba74f1f3 - - - - -] cache.proxies = [] log_opt_values /usr/lib/python3/dist-packages/oslo_config/cfg.py:2609
2026-02-23 00:38:55.753 131175 DEBUG oslo_service.service [req-b6bc9955-95b8-4661-b7b2-006fba74f1f3 - - - - -] cache.tls_allowed_ciphers = None log_opt_values /usr/lib/python3/dist-packages/oslo_config/cfg.py:2609
2026-02-23 00:38:55.753 131175 DEBUG oslo_service.service [req-b6bc9955-95b8-4661-b7b2-006fba74f1f3 - - - - -] cache.tls_cafile = None log_opt_values /usr/lib/python3/dist-packages/oslo_config/cfg.py:2609
2026-02-23 00:38:55.754 131175 DEBUG oslo_service.service [req-b6bc9955-95b8-4661-b7b2-006fba74f1f3 - - - - -] cache.tls_certfile = None log_opt_values /usr/lib/python3/dist-packages/oslo_config/cfg.py:2609
2026-02-23 00:38:55.754 131175 DEBUG oslo_service.service [req-b6bc9955-95b8-4661-b7b2-006fba74f1f3 - - - - -] cache.tls_enabled = False log_opt_values /usr/lib/python3/dist-packages/oslo_config/cfg.py:2609
2026-02-23 00:38:55.755 131175 DEBUG oslo_service.service [req-b6bc9955-95b8-4661-b7b2-006fba74f1f3 - - - - -] cache.tls_keyfile = None log_opt_values /usr/lib/python3/dist-packages/oslo_config/cfg.py:2609
2026-02-23 00:38:55.755 131175 DEBUG oslo_service.service [req-b6bc9955-95b8-4661-b7b2-006fba74f1f3 - - - - -] cinder.auth_section = None log_opt_values /usr/lib/python3/dist-packages/oslo_config/cfg.py:2609
2026-02-23 00:38:55.755 131175 DEBUG oslo_service.service [req-b6bc9955-95b8-4661-b7b2-006fba74f1f3 - - - - -] cinder.auth_type = None log_opt_values /usr/lib/python3/dist-packages/oslo_config/cfg.py:2609
2026-02-23 00:38:55.756 131175 DEBUG oslo_service.service [req-b6bc9955-95b8-4661-b7b2-006fba74f1f3 - - - - -] cinder.cafile = None log_opt_values /usr/lib/python3/dist-packages/oslo_config/cfg.py:2609
2026-02-23 00:38:55.756 131175 DEBUG oslo_service.service [req-b6bc9955-95b8-4661-b7b2-006fba74f1f3 - - - - -] cinder.catalog_info = volumev3::publicURL log_opt_values /usr/lib/python3/dist-packages/oslo_config/cfg.py:2609
2026-02-23 00:38:55.756 131175 DEBUG oslo_service.service [req-b6bc9955-95b8-4661-b7b2-006fba74f1f3 - - - - -] cinder.certfile = None log_opt_values /usr/lib/python3/dist-packages/oslo_config/cfg.py:2609
2026-02-23 00:38:55.757 131175 DEBUG oslo_service.service [req-b6bc9955-95b8-4661-b7b2-006fba74f1f3 - - - - -] cinder.collect_timing = False log_opt_values /usr/lib/python3/dist-packages/oslo_config/cfg.py:2609
2026-02-23 00:38:55.757 131175 DEBUG oslo_service.service [req-b6bc9955-95b8-4661-b7b2-006fba74f1f3 - - - - -] cinder.cross_az_attach = True log_opt_values /usr/lib/python3/dist-packages/oslo_config/cfg.py:2609
2026-02-23 00:38:55.757 131175 DEBUG oslo_service.service [req-b6bc9955-95b8-4661-b7b2-006fba74f1f3 - - - - -] cinder.debug = False log_opt_values /usr/lib/python3/dist-packages/oslo_config/cfg.py:2609
2026-02-23 00:38:55.757 131175 DEBUG oslo_service.service [req-b6bc9955-95b8-4661-b7b2-006fba74f1f3 - - - - -] cinder.endpoint_template = None log_opt_values /usr/lib/python3/dist-packages/oslo_config/cfg.py:2609
2026-02-23 00:38:55.758 131175 DEBUG oslo_service.service [req-b6bc9955-95b8-4661-b7b2-006fba74f1f3 - - - - -] cinder.http_retries = 3 log_opt_values /usr/lib/python3/dist-packages/oslo_config/cfg.py:2609
2026-02-23 00:38:55.758 131175 DEBUG oslo_service.service [req-b6bc9955-95b8-4661-b7b2-006fba74f1f3 - - - - -] cinder.insecure = False log_opt_values /usr/lib/python3/dist-packages/oslo_config/cfg.py:2609
2026-02-23 00:38:55.758 131175 DEBUG oslo_service.service [req-b6bc9955-95b8-4661-b7b2-006fba74f1f3 - - - - -] cinder.keyfile = None log_opt_values /usr/lib/python3/dist-packages/oslo_config/cfg.py:2609
2026-02-23 00:38:55.758 131175 DEBUG oslo_service.service [req-b6bc9955-95b8-4661-b7b2-006fba74f1f3 - - - - -] cinder.os_region_name = None log_opt_values /usr/lib/python3/dist-packages/oslo_config/cfg.py:2609
2026-02-23 00:38:55.758 132433 DEBUG nova.service [req-a5044387-19e4-40ad-a9c9-99709ba0166d - - - - -] Creating RPC server for service conductor start /usr/lib/python3/dist-packages/nova/service.py:182
2026-02-23 00:38:55.758 131175 DEBUG oslo_service.service [req-b6bc9955-95b8-4661-b7b2-006fba74f1f3 - - - - -] cinder.split_loggers = False log_opt_values /usr/lib/python3/dist-packages/oslo_config/cfg.py:2609
2026-02-23 00:38:55.759 131175 DEBUG oslo_service.service [req-b6bc9955-95b8-4661-b7b2-006fba74f1f3 - - - - -] cinder.timeout = None log_opt_values /usr/lib/python3/dist-packages/oslo_config/cfg.py:2609
2026-02-23 00:38:55.760 131175 DEBUG oslo_service.service [req-b6bc9955-95b8-4661-b7b2-006fba74f1f3 - - - - -] compute.consecutive_build_service_disable_threshold = 10 log_opt_values /usr/lib/python3/dist-packages/oslo_config/cfg.py:2609
2026-02-23 00:38:55.760 131175 DEBUG oslo_service.service [req-b6bc9955-95b8-4661-b7b2-006fba74f1f3 - - - - -] compute.cpu_dedicated_set = None log_opt_values /usr/lib/python3/dist-packages/oslo_config/cfg.py:2609
2026-02-23 00:38:55.760 131175 DEBUG oslo_service.service [req-b6bc9955-95b8-4661-b7b2-006fba74f1f3 - - - - -] compute.cpu_shared_set = None log_opt_values /usr/lib/python3/dist-packages/oslo_config/cfg.py:2609
2026-02-23 00:38:55.761 131175 DEBUG oslo_service.service [req-b6bc9955-95b8-4661-b7b2-006fba74f1f3 - - - - -] compute.image_type_exclude_list = [] log_opt_values /usr/lib/python3/dist-packages/oslo_config/cfg.py:2609
2026-02-23 00:38:55.761 131175 DEBUG oslo_service.service [req-b6bc9955-95b8-4661-b7b2-006fba74f1f3 - - - - -] compute.live_migration_wait_for_vif_plug = True log_opt_values /usr/lib/python3/dist-packages/oslo_config/cfg.py:2609
2026-02-23 00:38:55.761 131175 DEBUG oslo_service.service [req-b6bc9955-95b8-4661-b7b2-006fba74f1f3 - - - - -] compute.max_concurrent_disk_ops = 0 log_opt_values /usr/lib/python3/dist-packages/oslo_config/cfg.py:2609
2026-02-23 00:38:55.761 131175 DEBUG oslo_service.service [req-b6bc9955-95b8-4661-b7b2-006fba74f1f3 - - - - -] compute.max_disk_devices_to_attach = -1 log_opt_values /usr/lib/python3/dist-packages/oslo_config/cfg.py:2609
2026-02-23 00:38:55.762 131175 DEBUG oslo_service.service [req-b6bc9955-95b8-4661-b7b2-006fba74f1f3 - - - - -] compute.packing_host_numa_cells_allocation_strategy = True log_opt_values /usr/lib/python3/dist-packages/oslo_config/cfg.py:2609
2026-02-23 00:38:55.762 131175 DEBUG oslo_service.service [req-b6bc9955-95b8-4661-b7b2-006fba74f1f3 - - - - -] compute.provider_config_location = /etc/nova/provider_config/ log_opt_values /usr/lib/python3/dist-packages/oslo_config/cfg.py:2609
2026-02-23 00:38:55.762 131175 DEBUG oslo_service.service [req-b6bc9955-95b8-4661-b7b2-006fba74f1f3 - - - - -] compute.resource_provider_association_refresh = 300 log_opt_values /usr/lib/python3/dist-packages/oslo_config/cfg.py:2609
2026-02-23 00:38:55.762 131175 DEBUG oslo_service.service [req-b6bc9955-95b8-4661-b7b2-006fba74f1f3 - - - - -] compute.shutdown_retry_interval = 10 log_opt_values /usr/lib/python3/dist-packages/oslo_config/cfg.py:2609
2026-02-23 00:38:55.763 131175 DEBUG oslo_service.service [req-b6bc9955-95b8-4661-b7b2-006fba74f1f3 - - - - -] compute.vmdk_allowed_types = ['streamOptimized', 'monolithicSparse'] log_opt_values /usr/lib/python3/dist-packages/oslo_config/cfg.py:2609
2026-02-23 00:38:55.763 131175 DEBUG oslo_service.service [req-b6bc9955-95b8-4661-b7b2-006fba74f1f3 - - - - -] conductor.workers = 4 log_opt_values /usr/lib/python3/dist-packages/oslo_config/cfg.py:2609
2026-02-23 00:38:55.763 131175 DEBUG oslo_service.service [req-b6bc9955-95b8-4661-b7b2-006fba74f1f3 - - - - -] console.allowed_origins = [] log_opt_values /usr/lib/python3/dist-packages/oslo_config/cfg.py:2609
2026-02-23 00:38:55.764 131175 DEBUG oslo_service.service [req-b6bc9955-95b8-4661-b7b2-006fba74f1f3 - - - - -] console.ssl_ciphers = None log_opt_values /usr/lib/python3/dist-packages/oslo_config/cfg.py:2609
2026-02-23 00:38:55.764 131175 DEBUG oslo_service.service [req-b6bc9955-95b8-4661-b7b2-006fba74f1f3 - - - - -] console.ssl_minimum_version = default log_opt_values /usr/lib/python3/dist-packages/oslo_config/cfg.py:2609
2026-02-23 00:38:55.764 131175 DEBUG oslo_service.service [req-b6bc9955-95b8-4661-b7b2-006fba74f1f3 - - - - -] consoleauth.token_ttl = 600 log_opt_values /usr/lib/python3/dist-packages/oslo_config/cfg.py:2609
2026-02-23 00:38:55.765 131175 DEBUG oslo_service.service [req-b6bc9955-95b8-4661-b7b2-006fba74f1f3 - - - - -] cyborg.cafile = None log_opt_values /usr/lib/python3/dist-packages/oslo_config/cfg.py:2609
2026-02-23 00:38:55.766 131175 DEBUG oslo_service.service [req-b6bc9955-95b8-4661-b7b2-006fba74f1f3 - - - - -] cyborg.certfile = None log_opt_values /usr/lib/python3/dist-packages/oslo_config/cfg.py:2609
2026-02-23 00:38:55.766 131175 DEBUG oslo_service.service [req-b6bc9955-95b8-4661-b7b2-006fba74f1f3 - - - - -] cyborg.collect_timing = False log_opt_values /usr/lib/python3/dist-packages/oslo_config/cfg.py:2609
2026-02-23 00:38:55.766 131175 DEBUG oslo_service.service [req-b6bc9955-95b8-4661-b7b2-006fba74f1f3 - - - - -] cyborg.connect_retries = None log_opt_values /usr/lib/python3/dist-packages/oslo_config/cfg.py:2609
2026-02-23 00:38:55.766 131175 DEBUG oslo_service.service [req-b6bc9955-95b8-4661-b7b2-006fba74f1f3 - - - - -] cyborg.connect_retry_delay = None log_opt_values /usr/lib/python3/dist-packages/oslo_config/cfg.py:2609
2026-02-23 00:38:55.767 131175 DEBUG oslo_service.service [req-b6bc9955-95b8-4661-b7b2-006fba74f1f3 - - - - -] cyborg.endpoint_override = None log_opt_values /usr/lib/python3/dist-packages/oslo_config/cfg.py:2609
2026-02-23 00:38:55.767 131175 DEBUG oslo_service.service [req-b6bc9955-95b8-4661-b7b2-006fba74f1f3 - - - - -] cyborg.insecure = False log_opt_values /usr/lib/python3/dist-packages/oslo_config/cfg.py:2609
2026-02-23 00:38:55.767 131175 DEBUG oslo_service.service [req-b6bc9955-95b8-4661-b7b2-006fba74f1f3 - - - - -] cyborg.keyfile = None log_opt_values /usr/lib/python3/dist-packages/oslo_config/cfg.py:2609
2026-02-23 00:38:55.767 132427 DEBUG oslo_messaging._drivers.amqpdriver [-] Listener is running poll /usr/lib/python3/dist-packages/oslo_messaging/_drivers/amqpdriver.py:343
2026-02-23 00:38:55.767 131175 DEBUG oslo_service.service [req-b6bc9955-95b8-4661-b7b2-006fba74f1f3 - - - - -] cyborg.max_version = None log_opt_values /usr/lib/python3/dist-packages/oslo_config/cfg.py:2609
2026-02-23 00:38:55.768 132427 DEBUG oslo_messaging._drivers.amqpdriver [-] AMQPListener connection consume poll /usr/lib/python3/dist-packages/oslo_messaging/_drivers/amqpdriver.py:357
2026-02-23 00:38:55.768 131175 DEBUG oslo_service.service [req-b6bc9955-95b8-4661-b7b2-006fba74f1f3 - - - - -] cyborg.min_version = None log_opt_values /usr/lib/python3/dist-packages/oslo_config/cfg.py:2609
2026-02-23 00:38:55.768 132427 DEBUG nova.service [req-d75f4e86-117d-4b91-b805-364764a7f2f5 - - - - -] Join ServiceGroup membership for this service conductor start /usr/lib/python3/dist-packages/nova/service.py:199
2026-02-23 00:38:55.769 132427 DEBUG nova.servicegroup.drivers.db [req-d75f4e86-117d-4b91-b805-364764a7f2f5 - - - - -] DB_Driver: join new ServiceGroup member juju-771dc9-0-lxd-7 to the conductor group, service = join /usr/lib/python3/dist-packages/nova/servicegroup/drivers/db.py:44
2026-02-23 00:38:55.769 131175 DEBUG oslo_service.service [req-b6bc9955-95b8-4661-b7b2-006fba74f1f3 - - - - -] cyborg.region_name = None log_opt_values /usr/lib/python3/dist-packages/oslo_config/cfg.py:2609
2026-02-23 00:38:55.770 131175 DEBUG oslo_service.service [req-b6bc9955-95b8-4661-b7b2-006fba74f1f3 - - - - -] cyborg.service_name = None log_opt_values /usr/lib/python3/dist-packages/oslo_config/cfg.py:2609
2026-02-23 00:38:55.771 131175 DEBUG oslo_service.service [req-b6bc9955-95b8-4661-b7b2-006fba74f1f3 - - - - -] cyborg.service_type = accelerator log_opt_values /usr/lib/python3/dist-packages/oslo_config/cfg.py:2609
2026-02-23 00:38:55.771 131175 DEBUG oslo_service.service [req-b6bc9955-95b8-4661-b7b2-006fba74f1f3 - - - - -] cyborg.split_loggers = False log_opt_values /usr/lib/python3/dist-packages/oslo_config/cfg.py:2609
2026-02-23 00:38:55.771 131175 DEBUG oslo_service.service [req-b6bc9955-95b8-4661-b7b2-006fba74f1f3 - - - - -] cyborg.status_code_retries = None log_opt_values /usr/lib/python3/dist-packages/oslo_config/cfg.py:2609
2026-02-23 00:38:55.772 131175 DEBUG oslo_service.service [req-b6bc9955-95b8-4661-b7b2-006fba74f1f3 - - - - -] cyborg.status_code_retry_delay = None log_opt_values /usr/lib/python3/dist-packages/oslo_config/cfg.py:2609
2026-02-23 00:38:55.772 131175 DEBUG oslo_service.service [req-b6bc9955-95b8-4661-b7b2-006fba74f1f3 - - - - -] cyborg.timeout = None log_opt_values /usr/lib/python3/dist-packages/oslo_config/cfg.py:2609
2026-02-23 00:38:55.772 131175 DEBUG oslo_service.service [req-b6bc9955-95b8-4661-b7b2-006fba74f1f3 - - - - -] cyborg.valid_interfaces = ['internal', 'public'] log_opt_values /usr/lib/python3/dist-packages/oslo_config/cfg.py:2609
2026-02-23 00:38:55.772 131175 DEBUG oslo_service.service [req-b6bc9955-95b8-4661-b7b2-006fba74f1f3 - - - - -] cyborg.version = None log_opt_values /usr/lib/python3/dist-packages/oslo_config/cfg.py:2609
2026-02-23 00:38:55.772 131175 DEBUG oslo_service.service [req-b6bc9955-95b8-4661-b7b2-006fba74f1f3 - - - - -] database.backend = sqlalchemy log_opt_values /usr/lib/python3/dist-packages/oslo_config/cfg.py:2609
2026-02-23 00:38:55.773 131175 DEBUG oslo_service.service [req-b6bc9955-95b8-4661-b7b2-006fba74f1f3 - - - - -] database.connection = **** log_opt_values /usr/lib/python3/dist-packages/oslo_config/cfg.py:2609
2026-02-23 00:38:55.773 131175 DEBUG oslo_service.service [req-b6bc9955-95b8-4661-b7b2-006fba74f1f3 - - - - -] database.connection_debug = 0 log_opt_values /usr/lib/python3/dist-packages/oslo_config/cfg.py:2609
2026-02-23 00:38:55.773 132426 DEBUG oslo_messaging._drivers.amqpdriver [-] Listener is running poll /usr/lib/python3/dist-packages/oslo_messaging/_drivers/amqpdriver.py:343
2026-02-23 00:38:55.773 131175 DEBUG oslo_service.service [req-b6bc9955-95b8-4661-b7b2-006fba74f1f3 - - - - -] database.connection_parameters = log_opt_values /usr/lib/python3/dist-packages/oslo_config/cfg.py:2609
2026-02-23 00:38:55.773 131175 DEBUG oslo_service.service [req-b6bc9955-95b8-4661-b7b2-006fba74f1f3 - - - - -] database.connection_recycle_time = 3600 log_opt_values /usr/lib/python3/dist-packages/oslo_config/cfg.py:2609
2026-02-23 00:38:55.774 131175 DEBUG oslo_service.service [req-b6bc9955-95b8-4661-b7b2-006fba74f1f3 - - - - -] database.connection_trace = False log_opt_values /usr/lib/python3/dist-packages/oslo_config/cfg.py:2609
2026-02-23 00:38:55.774 132427 DEBUG oslo_messaging._drivers.amqpdriver [-] AMQPListener connection timeout poll /usr/lib/python3/dist-packages/oslo_messaging/_drivers/amqpdriver.py:360
2026-02-23 00:38:55.774 132427 DEBUG oslo_messaging._drivers.amqpdriver [-] Listener is running poll /usr/lib/python3/dist-packages/oslo_messaging/_drivers/amqpdriver.py:343
2026-02-23 00:38:55.774 131175 DEBUG oslo_service.service [req-b6bc9955-95b8-4661-b7b2-006fba74f1f3 - - - - -] database.db_inc_retry_interval = True log_opt_values /usr/lib/python3/dist-packages/oslo_config/cfg.py:2609
2026-02-23 00:38:55.774 131175 DEBUG oslo_service.service [req-b6bc9955-95b8-4661-b7b2-006fba74f1f3 - - - - -] database.db_max_retries = 20 log_opt_values /usr/lib/python3/dist-packages/oslo_config/cfg.py:2609
2026-02-23 00:38:55.774 132427 DEBUG oslo_messaging._drivers.amqpdriver [-] AMQPListener connection consume poll /usr/lib/python3/dist-packages/oslo_messaging/_drivers/amqpdriver.py:357
2026-02-23 00:38:55.774 131175 DEBUG oslo_service.service [req-b6bc9955-95b8-4661-b7b2-006fba74f1f3 - - - - -] database.db_max_retry_interval = 10 log_opt_values /usr/lib/python3/dist-packages/oslo_config/cfg.py:2609
2026-02-23 00:38:55.774 131175 DEBUG oslo_service.service [req-b6bc9955-95b8-4661-b7b2-006fba74f1f3 - - - - -] database.db_retry_interval = 1 log_opt_values /usr/lib/python3/dist-packages/oslo_config/cfg.py:2609
2026-02-23 00:38:55.774 131175 DEBUG oslo_service.service [req-b6bc9955-95b8-4661-b7b2-006fba74f1f3 - - - - -] database.max_overflow = 50 log_opt_values /usr/lib/python3/dist-packages/oslo_config/cfg.py:2609
2026-02-23 00:38:55.773 132426 DEBUG oslo_messaging._drivers.amqpdriver [-] AMQPListener connection consume poll /usr/lib/python3/dist-packages/oslo_messaging/_drivers/amqpdriver.py:357
2026-02-23 00:38:55.775 131175 DEBUG oslo_service.service [req-b6bc9955-95b8-4661-b7b2-006fba74f1f3 - - - - -] database.max_pool_size = 4 log_opt_values /usr/lib/python3/dist-packages/oslo_config/cfg.py:2609
2026-02-23 00:38:55.775 131175 DEBUG oslo_service.service [req-b6bc9955-95b8-4661-b7b2-006fba74f1f3 - - - - -] database.max_retries = 10 log_opt_values /usr/lib/python3/dist-packages/oslo_config/cfg.py:2609
2026-02-23 00:38:55.775 131175 DEBUG oslo_service.service [req-b6bc9955-95b8-4661-b7b2-006fba74f1f3 - - - - -] database.mysql_enable_ndb = False log_opt_values /usr/lib/python3/dist-packages/oslo_config/cfg.py:2609
2026-02-23 00:38:55.775 131175 DEBUG oslo_service.service [req-b6bc9955-95b8-4661-b7b2-006fba74f1f3 - - - - -] database.mysql_sql_mode = TRADITIONAL log_opt_values /usr/lib/python3/dist-packages/oslo_config/cfg.py:2609
2026-02-23 00:38:55.775 131175 DEBUG oslo_service.service [req-b6bc9955-95b8-4661-b7b2-006fba74f1f3 - - - - -] database.pool_timeout = None log_opt_values /usr/lib/python3/dist-packages/oslo_config/cfg.py:2609
2026-02-23 00:38:55.775 131175 DEBUG oslo_service.service [req-b6bc9955-95b8-4661-b7b2-006fba74f1f3 - - - - -] database.retry_interval = 10 log_opt_values /usr/lib/python3/dist-packages/oslo_config/cfg.py:2609
2026-02-23 00:38:55.775 132421 DEBUG oslo_messaging._drivers.amqpdriver [-] Listener is running poll /usr/lib/python3/dist-packages/oslo_messaging/_drivers/amqpdriver.py:343
2026-02-23 00:38:55.776 131175 DEBUG oslo_service.service [req-b6bc9955-95b8-4661-b7b2-006fba74f1f3 - - - - -] database.slave_connection = **** log_opt_values /usr/lib/python3/dist-packages/oslo_config/cfg.py:2609
2026-02-23 00:38:55.776 131175 DEBUG oslo_service.service [req-b6bc9955-95b8-4661-b7b2-006fba74f1f3 - - - - -] database.sqlite_synchronous = True log_opt_values /usr/lib/python3/dist-packages/oslo_config/cfg.py:2609
2026-02-23 00:38:55.776 131175 DEBUG oslo_service.service [req-b6bc9955-95b8-4661-b7b2-006fba74f1f3 - - - - -] database.use_db_reconnect = False log_opt_values /usr/lib/python3/dist-packages/oslo_config/cfg.py:2609
2026-02-23 00:38:55.776 132421 DEBUG oslo_messaging._drivers.amqpdriver [-] AMQPListener connection consume poll /usr/lib/python3/dist-packages/oslo_messaging/_drivers/amqpdriver.py:357
2026-02-23 00:38:55.776 131175 DEBUG oslo_service.service [req-b6bc9955-95b8-4661-b7b2-006fba74f1f3 - - - - -] api_database.backend = sqlalchemy log_opt_values /usr/lib/python3/dist-packages/oslo_config/cfg.py:2609
2026-02-23 00:38:55.776 131175 DEBUG oslo_service.service [req-b6bc9955-95b8-4661-b7b2-006fba74f1f3 - - - - -] api_database.connection = **** log_opt_values /usr/lib/python3/dist-packages/oslo_config/cfg.py:2609
2026-02-23 00:38:55.776 131175 DEBUG oslo_service.service [req-b6bc9955-95b8-4661-b7b2-006fba74f1f3 - - - - -] api_database.connection_debug = 0 log_opt_values /usr/lib/python3/dist-packages/oslo_config/cfg.py:2609
2026-02-23 00:38:55.776 132426 DEBUG nova.service [req-7da6d1f5-bbde-49e2-a3fd-23207c7e055d - - - - -] Join ServiceGroup membership for this service conductor start /usr/lib/python3/dist-packages/nova/service.py:199
2026-02-23 00:38:55.777 131175 DEBUG oslo_service.service [req-b6bc9955-95b8-4661-b7b2-006fba74f1f3 - - - - -] api_database.connection_parameters = log_opt_values /usr/lib/python3/dist-packages/oslo_config/cfg.py:2609
2026-02-23 00:38:55.777 131175 DEBUG oslo_service.service [req-b6bc9955-95b8-4661-b7b2-006fba74f1f3 - - - - -] api_database.connection_recycle_time = 3600 log_opt_values /usr/lib/python3/dist-packages/oslo_config/cfg.py:2609
2026-02-23 00:38:55.777 131175 DEBUG oslo_service.service [req-b6bc9955-95b8-4661-b7b2-006fba74f1f3 - - - - -] api_database.connection_trace = False log_opt_values /usr/lib/python3/dist-packages/oslo_config/cfg.py:2609
2026-02-23 00:38:55.777 132421 DEBUG nova.service [req-331865bb-f9bb-4ecb-9970-9161bf151a70 - - - - -] Join ServiceGroup membership for this service conductor start /usr/lib/python3/dist-packages/nova/service.py:199
2026-02-23 00:38:55.777 131175 DEBUG oslo_service.service [req-b6bc9955-95b8-4661-b7b2-006fba74f1f3 - - - - -] api_database.db_inc_retry_interval = True log_opt_values /usr/lib/python3/dist-packages/oslo_config/cfg.py:2609
2026-02-23 00:38:55.778 132421 DEBUG nova.servicegroup.drivers.db [req-331865bb-f9bb-4ecb-9970-9161bf151a70 - - - - -] DB_Driver: join new ServiceGroup member juju-771dc9-0-lxd-7 to the conductor group, service = join /usr/lib/python3/dist-packages/nova/servicegroup/drivers/db.py:44
2026-02-23 00:38:55.778 131175 DEBUG oslo_service.service [req-b6bc9955-95b8-4661-b7b2-006fba74f1f3 - - - - -] api_database.db_max_retries = 20 log_opt_values /usr/lib/python3/dist-packages/oslo_config/cfg.py:2609
2026-02-23 00:38:55.778 131175 DEBUG oslo_service.service [req-b6bc9955-95b8-4661-b7b2-006fba74f1f3 - - - - -] api_database.db_max_retry_interval = 10 log_opt_values /usr/lib/python3/dist-packages/oslo_config/cfg.py:2609
2026-02-23 00:38:55.778 131175 DEBUG oslo_service.service [req-b6bc9955-95b8-4661-b7b2-006fba74f1f3 - - - - -] api_database.db_retry_interval = 1 log_opt_values /usr/lib/python3/dist-packages/oslo_config/cfg.py:2609
2026-02-23 00:38:55.778 131175 DEBUG oslo_service.service [req-b6bc9955-95b8-4661-b7b2-006fba74f1f3 - - - - -] api_database.max_overflow = 50 log_opt_values /usr/lib/python3/dist-packages/oslo_config/cfg.py:2609
2026-02-23 00:38:55.778 131175 DEBUG oslo_service.service [req-b6bc9955-95b8-4661-b7b2-006fba74f1f3 - - - - -] api_database.max_pool_size = 4 log_opt_values /usr/lib/python3/dist-packages/oslo_config/cfg.py:2609
2026-02-23 00:38:55.778 132426 DEBUG nova.servicegroup.drivers.db [req-7da6d1f5-bbde-49e2-a3fd-23207c7e055d - - - - -] DB_Driver: join new ServiceGroup member juju-771dc9-0-lxd-7 to the conductor group, service = join /usr/lib/python3/dist-packages/nova/servicegroup/drivers/db.py:44
2026-02-23 00:38:55.779 131175 DEBUG oslo_service.service [req-b6bc9955-95b8-4661-b7b2-006fba74f1f3 - - - - -] api_database.max_retries = 10 log_opt_values /usr/lib/python3/dist-packages/oslo_config/cfg.py:2609
2026-02-23 00:38:55.779 131175 DEBUG oslo_service.service [req-b6bc9955-95b8-4661-b7b2-006fba74f1f3 - - - - -] api_database.mysql_enable_ndb = False log_opt_values /usr/lib/python3/dist-packages/oslo_config/cfg.py:2609
2026-02-23 00:38:55.779 131175 DEBUG oslo_service.service [req-b6bc9955-95b8-4661-b7b2-006fba74f1f3 - - - - -] api_database.mysql_sql_mode = TRADITIONAL log_opt_values /usr/lib/python3/dist-packages/oslo_config/cfg.py:2609
2026-02-23 00:38:55.779 131175 DEBUG oslo_service.service [req-b6bc9955-95b8-4661-b7b2-006fba74f1f3 - - - - -] api_database.pool_timeout = None log_opt_values /usr/lib/python3/dist-packages/oslo_config/cfg.py:2609
2026-02-23 00:38:55.780 131175 DEBUG oslo_service.service [req-b6bc9955-95b8-4661-b7b2-006fba74f1f3 - - - - -] api_database.retry_interval = 10 log_opt_values /usr/lib/python3/dist-packages/oslo_config/cfg.py:2609
2026-02-23 00:38:55.780 131175 DEBUG oslo_service.service [req-b6bc9955-95b8-4661-b7b2-006fba74f1f3 - - - - -] api_database.slave_connection = **** log_opt_values /usr/lib/python3/dist-packages/oslo_config/cfg.py:2609
2026-02-23 00:38:55.780 132421 DEBUG oslo_messaging._drivers.amqpdriver [-] AMQPListener connection timeout poll /usr/lib/python3/dist-packages/oslo_messaging/_drivers/amqpdriver.py:360
2026-02-23 00:38:55.780 131175 DEBUG oslo_service.service [req-b6bc9955-95b8-4661-b7b2-006fba74f1f3 - - - - -] api_database.sqlite_synchronous = True log_opt_values /usr/lib/python3/dist-packages/oslo_config/cfg.py:2609
2026-02-23 00:38:55.780 132421 DEBUG oslo_messaging._drivers.amqpdriver [-] Listener is running poll /usr/lib/python3/dist-packages/oslo_messaging/_drivers/amqpdriver.py:343
2026-02-23 00:38:55.780 131175 DEBUG oslo_service.service [req-b6bc9955-95b8-4661-b7b2-006fba74f1f3 - - - - -] devices.enabled_mdev_types = [] log_opt_values /usr/lib/python3/dist-packages/oslo_config/cfg.py:2609
2026-02-23 00:38:55.780 132421 DEBUG oslo_messaging._drivers.amqpdriver [-] AMQPListener connection consume poll /usr/lib/python3/dist-packages/oslo_messaging/_drivers/amqpdriver.py:357
2026-02-23 00:38:55.780 131175 DEBUG oslo_service.service [req-b6bc9955-95b8-4661-b7b2-006fba74f1f3 - - - - -] ephemeral_storage_encryption.cipher = aes-xts-plain64 log_opt_values /usr/lib/python3/dist-packages/oslo_config/cfg.py:2609
2026-02-23 00:38:55.781 131175 DEBUG oslo_service.service [req-b6bc9955-95b8-4661-b7b2-006fba74f1f3 - - - - -] ephemeral_storage_encryption.enabled = False log_opt_values /usr/lib/python3/dist-packages/oslo_config/cfg.py:2609
2026-02-23 00:38:55.781 131175 DEBUG oslo_service.service [req-b6bc9955-95b8-4661-b7b2-006fba74f1f3 - - - - -] ephemeral_storage_encryption.key_size = 512 log_opt_values /usr/lib/python3/dist-packages/oslo_config/cfg.py:2609
2026-02-23 00:38:55.781 131175 WARNING oslo_config.cfg [req-b6bc9955-95b8-4661-b7b2-006fba74f1f3 - - - - -] Deprecated: Option "api_servers" from group "glance" is deprecated for removal ( Support for image service configuration via standard keystoneauth1 Adapter options was added in the 17.0.0 Queens release. The api_servers option was retained temporarily to allow consumers time to cut over to a real load balancing solution. ). Its value may be silently ignored in the future.
2026-02-23 00:38:55.782 131175 DEBUG oslo_service.service [req-b6bc9955-95b8-4661-b7b2-006fba74f1f3 - - - - -] glance.api_servers = ['http://252.129.63.1:9292'] log_opt_values /usr/lib/python3/dist-packages/oslo_config/cfg.py:2609
2026-02-23 00:38:55.782 132426 DEBUG oslo_messaging._drivers.amqpdriver [-] AMQPListener connection timeout poll /usr/lib/python3/dist-packages/oslo_messaging/_drivers/amqpdriver.py:360
2026-02-23 00:38:55.782 131175 DEBUG oslo_service.service [req-b6bc9955-95b8-4661-b7b2-006fba74f1f3 - - - - -] glance.cafile = None log_opt_values /usr/lib/python3/dist-packages/oslo_config/cfg.py:2609
2026-02-23 00:38:55.782 132426 DEBUG oslo_messaging._drivers.amqpdriver [-] Listener is running poll /usr/lib/python3/dist-packages/oslo_messaging/_drivers/amqpdriver.py:343
2026-02-23 00:38:55.782 132426 DEBUG oslo_messaging._drivers.amqpdriver [-] AMQPListener connection consume poll /usr/lib/python3/dist-packages/oslo_messaging/_drivers/amqpdriver.py:357
2026-02-23 00:38:55.782 131175 DEBUG oslo_service.service [req-b6bc9955-95b8-4661-b7b2-006fba74f1f3 - - - - -] glance.certfile = None log_opt_values /usr/lib/python3/dist-packages/oslo_config/cfg.py:2609
