2026-02-23 01:32:46.780 64676 DEBUG oslo_service.service [-] clients_heat.ca_file = None log_opt_values /usr/lib/python3/dist-packages/oslo_config/cfg.py:2609
2026-02-23 01:32:46.780 64676 DEBUG oslo_service.service [-] clients_heat.cert_file = None log_opt_values /usr/lib/python3/dist-packages/oslo_config/cfg.py:2609
2026-02-23 01:32:46.780 64676 DEBUG oslo_service.service [-] clients_heat.endpoint_type = None log_opt_values /usr/lib/python3/dist-packages/oslo_config/cfg.py:2609
2026-02-23 01:32:46.780 64676 DEBUG oslo_service.service [-] clients_heat.insecure = None log_opt_values /usr/lib/python3/dist-packages/oslo_config/cfg.py:2609
2026-02-23 01:32:46.780 64676 DEBUG oslo_service.service [-] clients_heat.key_file = None log_opt_values /usr/lib/python3/dist-packages/oslo_config/cfg.py:2609
2026-02-23 01:32:46.781 64676 DEBUG oslo_service.service [-] clients_heat.url = log_opt_values /usr/lib/python3/dist-packages/oslo_config/cfg.py:2609
2026-02-23 01:32:46.781 64676 DEBUG oslo_service.service [-] clients_keystone.auth_uri = http://252.129.65.31:5050 log_opt_values /usr/lib/python3/dist-packages/oslo_config/cfg.py:2609
2026-02-23 01:32:46.781 64676 DEBUG oslo_service.service [-] clients_keystone.ca_file = None log_opt_values /usr/lib/python3/dist-packages/oslo_config/cfg.py:2609
2026-02-23 01:32:46.781 64676 DEBUG oslo_service.service [-] clients_keystone.cert_file = None log_opt_values /usr/lib/python3/dist-packages/oslo_config/cfg.py:2609
2026-02-23 01:32:46.781 64676 DEBUG oslo_service.service [-] clients_keystone.endpoint_type = None log_opt_values /usr/lib/python3/dist-packages/oslo_config/cfg.py:2609
2026-02-23 01:32:46.781 64676 DEBUG oslo_service.service [-] clients_keystone.insecure = None log_opt_values /usr/lib/python3/dist-packages/oslo_config/cfg.py:2609
2026-02-23 01:32:46.781 64676 DEBUG oslo_service.service [-] clients_keystone.key_file = None log_opt_values /usr/lib/python3/dist-packages/oslo_config/cfg.py:2609
2026-02-23 01:32:46.781 64676 DEBUG oslo_service.service [-] clients_magnum.ca_file = None log_opt_values /usr/lib/python3/dist-packages/oslo_config/cfg.py:2609
2026-02-23 01:32:46.782 64676 DEBUG oslo_service.service [-] clients_magnum.cert_file = None log_opt_values /usr/lib/python3/dist-packages/oslo_config/cfg.py:2609
2026-02-23 01:32:46.782 64676 DEBUG oslo_service.service [-] clients_magnum.endpoint_type = None log_opt_values /usr/lib/python3/dist-packages/oslo_config/cfg.py:2609
2026-02-23 01:32:46.782 64676 DEBUG oslo_service.service [-] clients_magnum.insecure = None log_opt_values /usr/lib/python3/dist-packages/oslo_config/cfg.py:2609
2026-02-23 01:32:46.784 64676 DEBUG oslo_service.service [-] clients_magnum.key_file = None log_opt_values /usr/lib/python3/dist-packages/oslo_config/cfg.py:2609
2026-02-23 01:32:46.784 64676 DEBUG oslo_service.service [-] clients_manila.ca_file = None log_opt_values /usr/lib/python3/dist-packages/oslo_config/cfg.py:2609
2026-02-23 01:32:46.784 64676 DEBUG oslo_service.service [-] clients_manila.cert_file = None log_opt_values /usr/lib/python3/dist-packages/oslo_config/cfg.py:2609
2026-02-23 01:32:46.784 64676 DEBUG oslo_service.service [-] clients_manila.endpoint_type = None log_opt_values /usr/lib/python3/dist-packages/oslo_config/cfg.py:2609
2026-02-23 01:32:46.784 64676 DEBUG oslo_service.service [-] clients_manila.insecure = None log_opt_values /usr/lib/python3/dist-packages/oslo_config/cfg.py:2609
2026-02-23 01:32:46.784 64676 DEBUG oslo_service.service [-] clients_manila.key_file = None log_opt_values /usr/lib/python3/dist-packages/oslo_config/cfg.py:2609
2026-02-23 01:32:46.785 64676 DEBUG oslo_service.service [-] clients_mistral.ca_file = None log_opt_values /usr/lib/python3/dist-packages/oslo_config/cfg.py:2609
2026-02-23 01:32:46.785 64676 DEBUG oslo_service.service [-] clients_mistral.cert_file = None log_opt_values /usr/lib/python3/dist-packages/oslo_config/cfg.py:2609
2026-02-23 01:32:46.785 64676 DEBUG oslo_service.service [-] clients_mistral.endpoint_type = None log_opt_values /usr/lib/python3/dist-packages/oslo_config/cfg.py:2609
2026-02-23 01:32:46.785 64676 DEBUG oslo_service.service [-] clients_mistral.insecure = None log_opt_values /usr/lib/python3/dist-packages/oslo_config/cfg.py:2609
2026-02-23 01:32:46.785 64676 DEBUG oslo_service.service [-] clients_mistral.key_file = None log_opt_values /usr/lib/python3/dist-packages/oslo_config/cfg.py:2609
2026-02-23 01:32:46.785 64676 DEBUG oslo_service.service [-] clients_monasca.ca_file = None log_opt_values /usr/lib/python3/dist-packages/oslo_config/cfg.py:2609
2026-02-23 01:32:46.785 64676 DEBUG oslo_service.service [-] clients_monasca.cert_file = None log_opt_values /usr/lib/python3/dist-packages/oslo_config/cfg.py:2609
2026-02-23 01:32:46.785 64915 INFO heat.engine.worker [-] Starting engine_worker (1.4) in engine 74e76834-2959-494e-a063-aa6dce899963.
2026-02-23 01:32:46.785 64676 DEBUG oslo_service.service [-] clients_monasca.endpoint_type = None log_opt_values /usr/lib/python3/dist-packages/oslo_config/cfg.py:2609
2026-02-23 01:32:46.785 64676 DEBUG oslo_service.service [-] clients_monasca.insecure = None log_opt_values /usr/lib/python3/dist-packages/oslo_config/cfg.py:2609
2026-02-23 01:32:46.785 64676 DEBUG oslo_service.service [-] clients_monasca.key_file = None log_opt_values /usr/lib/python3/dist-packages/oslo_config/cfg.py:2609
2026-02-23 01:32:46.786 64676 DEBUG oslo_service.service [-] clients_neutron.ca_file = None log_opt_values /usr/lib/python3/dist-packages/oslo_config/cfg.py:2609
2026-02-23 01:32:46.786 64676 DEBUG oslo_service.service [-] clients_neutron.cert_file = None log_opt_values /usr/lib/python3/dist-packages/oslo_config/cfg.py:2609
2026-02-23 01:32:46.786 64676 DEBUG oslo_service.service [-] clients_neutron.endpoint_type = None log_opt_values /usr/lib/python3/dist-packages/oslo_config/cfg.py:2609
2026-02-23 01:32:46.786 64676 DEBUG oslo_service.service [-] clients_neutron.insecure = None log_opt_values /usr/lib/python3/dist-packages/oslo_config/cfg.py:2609
2026-02-23 01:32:46.786 64676 DEBUG oslo_service.service [-] clients_neutron.key_file = None log_opt_values /usr/lib/python3/dist-packages/oslo_config/cfg.py:2609
2026-02-23 01:32:46.786 64676 DEBUG oslo_service.service [-] clients_nova.ca_file = None log_opt_values /usr/lib/python3/dist-packages/oslo_config/cfg.py:2609
2026-02-23 01:32:46.786 64676 DEBUG oslo_service.service [-] clients_nova.cert_file = None log_opt_values /usr/lib/python3/dist-packages/oslo_config/cfg.py:2609
2026-02-23 01:32:46.786 64676 DEBUG oslo_service.service [-] clients_nova.endpoint_type = None log_opt_values /usr/lib/python3/dist-packages/oslo_config/cfg.py:2609
2026-02-23 01:32:46.786 64676 DEBUG oslo_service.service [-] clients_nova.http_log_debug = False log_opt_values /usr/lib/python3/dist-packages/oslo_config/cfg.py:2609
2026-02-23 01:32:46.787 64676 DEBUG oslo_service.service [-] clients_nova.insecure = None log_opt_values /usr/lib/python3/dist-packages/oslo_config/cfg.py:2609
2026-02-23 01:32:46.787 64676 DEBUG oslo_service.service [-] clients_nova.key_file = None log_opt_values /usr/lib/python3/dist-packages/oslo_config/cfg.py:2609
2026-02-23 01:32:46.787 64676 DEBUG oslo_service.service [-] clients_octavia.ca_file = None log_opt_values /usr/lib/python3/dist-packages/oslo_config/cfg.py:2609
2026-02-23 01:32:46.787 64676 DEBUG oslo_service.service [-] clients_octavia.cert_file = None log_opt_values /usr/lib/python3/dist-packages/oslo_config/cfg.py:2609
2026-02-23 01:32:46.787 64676 DEBUG oslo_service.service [-] clients_octavia.endpoint_type = None log_opt_values /usr/lib/python3/dist-packages/oslo_config/cfg.py:2609
2026-02-23 01:32:46.787 64676 DEBUG oslo_service.service [-] clients_octavia.insecure = None log_opt_values /usr/lib/python3/dist-packages/oslo_config/cfg.py:2609
2026-02-23 01:32:46.787 64676 DEBUG oslo_service.service [-] clients_octavia.key_file = None log_opt_values /usr/lib/python3/dist-packages/oslo_config/cfg.py:2609
2026-02-23 01:32:46.787 64676 DEBUG oslo_service.service [-] clients_sahara.ca_file = None log_opt_values /usr/lib/python3/dist-packages/oslo_config/cfg.py:2609
2026-02-23 01:32:46.787 64676 DEBUG oslo_service.service [-] clients_sahara.cert_file = None log_opt_values /usr/lib/python3/dist-packages/oslo_config/cfg.py:2609
2026-02-23 01:32:46.788 64676 DEBUG oslo_service.service [-] clients_sahara.endpoint_type = None log_opt_values /usr/lib/python3/dist-packages/oslo_config/cfg.py:2609
2026-02-23 01:32:46.787 64916 INFO heat.engine.worker [-] Starting engine_worker (1.4) in engine 5c8026d1-9e8b-4c5a-8b29-7f00660fdf09.
2026-02-23 01:32:46.788 64676 DEBUG oslo_service.service [-] clients_sahara.insecure = None log_opt_values /usr/lib/python3/dist-packages/oslo_config/cfg.py:2609
2026-02-23 01:32:46.788 64676 DEBUG oslo_service.service [-] clients_sahara.key_file = None log_opt_values /usr/lib/python3/dist-packages/oslo_config/cfg.py:2609
2026-02-23 01:32:46.788 64676 DEBUG oslo_service.service [-] clients_senlin.ca_file = None log_opt_values /usr/lib/python3/dist-packages/oslo_config/cfg.py:2609
2026-02-23 01:32:46.788 64676 DEBUG oslo_service.service [-] clients_senlin.cert_file = None log_opt_values /usr/lib/python3/dist-packages/oslo_config/cfg.py:2609
2026-02-23 01:32:46.788 64676 DEBUG oslo_service.service [-] clients_senlin.endpoint_type = None log_opt_values /usr/lib/python3/dist-packages/oslo_config/cfg.py:2609
2026-02-23 01:32:46.788 64676 DEBUG oslo_service.service [-] clients_senlin.insecure = None log_opt_values /usr/lib/python3/dist-packages/oslo_config/cfg.py:2609
2026-02-23 01:32:46.788 64676 DEBUG oslo_service.service [-] clients_senlin.key_file = None log_opt_values /usr/lib/python3/dist-packages/oslo_config/cfg.py:2609
2026-02-23 01:32:46.788 64676 DEBUG oslo_service.service [-] clients_swift.ca_file = None log_opt_values /usr/lib/python3/dist-packages/oslo_config/cfg.py:2609
2026-02-23 01:32:46.789 64676 DEBUG oslo_service.service [-] clients_swift.cert_file = None log_opt_values /usr/lib/python3/dist-packages/oslo_config/cfg.py:2609
2026-02-23 01:32:46.789 64676 DEBUG oslo_service.service [-] clients_swift.endpoint_type = None log_opt_values /usr/lib/python3/dist-packages/oslo_config/cfg.py:2609
2026-02-23 01:32:46.789 64676 DEBUG oslo_service.service [-] clients_swift.insecure = None log_opt_values /usr/lib/python3/dist-packages/oslo_config/cfg.py:2609
2026-02-23 01:32:46.789 64676 DEBUG oslo_service.service [-] clients_swift.key_file = None log_opt_values /usr/lib/python3/dist-packages/oslo_config/cfg.py:2609
2026-02-23 01:32:46.789 64676 DEBUG oslo_service.service [-] clients_trove.ca_file = None log_opt_values /usr/lib/python3/dist-packages/oslo_config/cfg.py:2609
2026-02-23 01:32:46.789 64676 DEBUG oslo_service.service [-] clients_trove.cert_file = None log_opt_values /usr/lib/python3/dist-packages/oslo_config/cfg.py:2609
2026-02-23 01:32:46.789 64676 DEBUG oslo_service.service [-] clients_trove.endpoint_type = None log_opt_values /usr/lib/python3/dist-packages/oslo_config/cfg.py:2609
2026-02-23 01:32:46.790 64676 DEBUG oslo_service.service [-] clients_trove.insecure = None log_opt_values /usr/lib/python3/dist-packages/oslo_config/cfg.py:2609
2026-02-23 01:32:46.791 64676 DEBUG oslo_service.service [-] clients_trove.key_file = None log_opt_values /usr/lib/python3/dist-packages/oslo_config/cfg.py:2609
2026-02-23 01:32:46.791 64676 DEBUG oslo_service.service [-] clients_vitrage.ca_file = None log_opt_values /usr/lib/python3/dist-packages/oslo_config/cfg.py:2609
2026-02-23 01:32:46.791 64676 DEBUG oslo_service.service [-] clients_vitrage.cert_file = None log_opt_values /usr/lib/python3/dist-packages/oslo_config/cfg.py:2609
2026-02-23 01:32:46.791 64676 DEBUG oslo_service.service [-] clients_vitrage.endpoint_type = None log_opt_values /usr/lib/python3/dist-packages/oslo_config/cfg.py:2609
2026-02-23 01:32:46.791 64676 DEBUG oslo_service.service [-] clients_vitrage.insecure = None log_opt_values /usr/lib/python3/dist-packages/oslo_config/cfg.py:2609
2026-02-23 01:32:46.791 64676 DEBUG oslo_service.service [-] clients_vitrage.key_file = None log_opt_values /usr/lib/python3/dist-packages/oslo_config/cfg.py:2609
2026-02-23 01:32:46.791 64676 DEBUG oslo_service.service [-] clients_zaqar.ca_file = None log_opt_values /usr/lib/python3/dist-packages/oslo_config/cfg.py:2609
2026-02-23 01:32:46.792 64676 DEBUG oslo_service.service [-] clients_zaqar.cert_file = None log_opt_values /usr/lib/python3/dist-packages/oslo_config/cfg.py:2609
2026-02-23 01:32:46.792 64676 DEBUG oslo_service.service [-] clients_zaqar.endpoint_type = None log_opt_values /usr/lib/python3/dist-packages/oslo_config/cfg.py:2609
2026-02-23 01:32:46.792 64676 DEBUG oslo_service.service [-] clients_zaqar.insecure = None log_opt_values /usr/lib/python3/dist-packages/oslo_config/cfg.py:2609
2026-02-23 01:32:46.792 64676 DEBUG oslo_service.service [-] clients_zaqar.key_file = None log_opt_values /usr/lib/python3/dist-packages/oslo_config/cfg.py:2609
2026-02-23 01:32:46.792 64676 DEBUG oslo_service.service [-] database.backend = sqlalchemy log_opt_values /usr/lib/python3/dist-packages/oslo_config/cfg.py:2609
2026-02-23 01:32:46.792 64676 DEBUG oslo_service.service [-] database.connection = **** log_opt_values /usr/lib/python3/dist-packages/oslo_config/cfg.py:2609
2026-02-23 01:32:46.792 64676 DEBUG oslo_service.service [-] database.connection_debug = 0 log_opt_values /usr/lib/python3/dist-packages/oslo_config/cfg.py:2609
2026-02-23 01:32:46.793 64676 DEBUG oslo_service.service [-] database.connection_parameters = log_opt_values /usr/lib/python3/dist-packages/oslo_config/cfg.py:2609
2026-02-23 01:32:46.793 64676 DEBUG oslo_service.service [-] database.connection_recycle_time = 3600 log_opt_values /usr/lib/python3/dist-packages/oslo_config/cfg.py:2609
2026-02-23 01:32:46.793 64676 DEBUG oslo_service.service [-] database.connection_trace = False log_opt_values /usr/lib/python3/dist-packages/oslo_config/cfg.py:2609
2026-02-23 01:32:46.793 64676 DEBUG oslo_service.service [-] database.db_inc_retry_interval = True log_opt_values /usr/lib/python3/dist-packages/oslo_config/cfg.py:2609
2026-02-23 01:32:46.793 64676 DEBUG oslo_service.service [-] database.db_max_retries = 20 log_opt_values /usr/lib/python3/dist-packages/oslo_config/cfg.py:2609
2026-02-23 01:32:46.793 64676 DEBUG oslo_service.service [-] database.db_max_retry_interval = 10 log_opt_values /usr/lib/python3/dist-packages/oslo_config/cfg.py:2609
2026-02-23 01:32:46.793 64676 DEBUG oslo_service.service [-] database.db_retry_interval = 1 log_opt_values /usr/lib/python3/dist-packages/oslo_config/cfg.py:2609
2026-02-23 01:32:46.793 64676 DEBUG oslo_service.service [-] database.max_overflow = 50 log_opt_values /usr/lib/python3/dist-packages/oslo_config/cfg.py:2609
2026-02-23 01:32:46.793 64676 DEBUG oslo_service.service [-] database.max_pool_size = 5 log_opt_values /usr/lib/python3/dist-packages/oslo_config/cfg.py:2609
2026-02-23 01:32:46.794 64676 DEBUG oslo_service.service [-] database.max_retries = 10 log_opt_values /usr/lib/python3/dist-packages/oslo_config/cfg.py:2609
2026-02-23 01:32:46.794 64676 DEBUG oslo_service.service [-] database.mysql_enable_ndb = False log_opt_values /usr/lib/python3/dist-packages/oslo_config/cfg.py:2609
2026-02-23 01:32:46.794 64676 DEBUG oslo_service.service [-] database.mysql_sql_mode = TRADITIONAL log_opt_values /usr/lib/python3/dist-packages/oslo_config/cfg.py:2609
2026-02-23 01:32:46.794 64676 DEBUG oslo_service.service [-] database.pool_timeout = None log_opt_values /usr/lib/python3/dist-packages/oslo_config/cfg.py:2609
2026-02-23 01:32:46.794 64676 DEBUG oslo_service.service [-] database.retry_interval = 10 log_opt_values /usr/lib/python3/dist-packages/oslo_config/cfg.py:2609
2026-02-23 01:32:46.794 64676 DEBUG oslo_service.service [-] database.slave_connection = **** log_opt_values /usr/lib/python3/dist-packages/oslo_config/cfg.py:2609
2026-02-23 01:32:46.794 64676 DEBUG oslo_service.service [-] database.sqlite_synchronous = True log_opt_values /usr/lib/python3/dist-packages/oslo_config/cfg.py:2609
2026-02-23 01:32:46.794 64676 DEBUG oslo_service.service [-] database.use_db_reconnect = False log_opt_values /usr/lib/python3/dist-packages/oslo_config/cfg.py:2609
2026-02-23 01:32:46.795 64676 DEBUG oslo_service.service [-] oslo_messaging_metrics.metrics_buffer_size = 1000 log_opt_values /usr/lib/python3/dist-packages/oslo_config/cfg.py:2609
2026-02-23 01:32:46.795 64676 DEBUG oslo_service.service [-] oslo_messaging_metrics.metrics_enabled = False log_opt_values /usr/lib/python3/dist-packages/oslo_config/cfg.py:2609
2026-02-23 01:32:46.795 64676 DEBUG oslo_service.service [-] oslo_messaging_metrics.metrics_process_name = log_opt_values /usr/lib/python3/dist-packages/oslo_config/cfg.py:2609
2026-02-23 01:32:46.795 64676 DEBUG oslo_service.service [-] oslo_messaging_metrics.metrics_socket_file = /var/tmp/metrics_collector.sock log_opt_values /usr/lib/python3/dist-packages/oslo_config/cfg.py:2609
2026-02-23 01:32:46.795 64676 DEBUG oslo_service.service [-] oslo_messaging_metrics.metrics_thread_stop_timeout = 10 log_opt_values /usr/lib/python3/dist-packages/oslo_config/cfg.py:2609
2026-02-23 01:32:46.795 64676 DEBUG oslo_service.service [-] oslo_policy.enforce_new_defaults = False log_opt_values /usr/lib/python3/dist-packages/oslo_config/cfg.py:2609
2026-02-23 01:32:46.795 64676 DEBUG oslo_service.service [-] oslo_policy.enforce_scope = False log_opt_values /usr/lib/python3/dist-packages/oslo_config/cfg.py:2609
2026-02-23 01:32:46.795 64676 DEBUG oslo_service.service [-] oslo_policy.policy_default_rule = default log_opt_values /usr/lib/python3/dist-packages/oslo_config/cfg.py:2609
2026-02-23 01:32:46.796 64676 DEBUG oslo_service.service [-] oslo_policy.policy_dirs = ['policy.d'] log_opt_values /usr/lib/python3/dist-packages/oslo_config/cfg.py:2609
2026-02-23 01:32:46.797 64676 DEBUG oslo_service.service [-] oslo_policy.policy_file = policy.yaml log_opt_values /usr/lib/python3/dist-packages/oslo_config/cfg.py:2609
2026-02-23 01:32:46.797 64676 DEBUG oslo_service.service [-] oslo_policy.remote_content_type = application/x-www-form-urlencoded log_opt_values /usr/lib/python3/dist-packages/oslo_config/cfg.py:2609
2026-02-23 01:32:46.797 64676 DEBUG oslo_service.service [-] oslo_policy.remote_ssl_ca_crt_file = None log_opt_values /usr/lib/python3/dist-packages/oslo_config/cfg.py:2609
2026-02-23 01:32:46.797 64676 DEBUG oslo_service.service [-] oslo_policy.remote_ssl_client_crt_file = None log_opt_values /usr/lib/python3/dist-packages/oslo_config/cfg.py:2609
2026-02-23 01:32:46.798 64676 DEBUG oslo_service.service [-] oslo_policy.remote_ssl_client_key_file = None log_opt_values /usr/lib/python3/dist-packages/oslo_config/cfg.py:2609
2026-02-23 01:32:46.798 64676 DEBUG oslo_service.service [-] oslo_policy.remote_ssl_verify_server_crt = False log_opt_values /usr/lib/python3/dist-packages/oslo_config/cfg.py:2609
2026-02-23 01:32:46.798 64676 DEBUG oslo_service.service [-] trustee.auth_section = None log_opt_values /usr/lib/python3/dist-packages/oslo_config/cfg.py:2609
2026-02-23 01:32:46.798 64676 WARNING oslo_config.cfg [-] Deprecated: Option "auth_plugin" from group "trustee" is deprecated. Use option "auth_type" from group "trustee".
2026-02-23 01:32:46.798 64676 DEBUG oslo_service.service [-] trustee.auth_type = password log_opt_values /usr/lib/python3/dist-packages/oslo_config/cfg.py:2609
2026-02-23 01:32:46.798 64676 DEBUG oslo_service.service [-] oslo_versionedobjects.fatal_exception_format_errors = False log_opt_values /usr/lib/python3/dist-packages/oslo_config/cfg.py:2609
2026-02-23 01:32:46.799 64676 DEBUG oslo_service.service [-] oslo_messaging_rabbit.amqp_auto_delete = False log_opt_values /usr/lib/python3/dist-packages/oslo_config/cfg.py:2609
2026-02-23 01:32:46.799 64676 DEBUG oslo_service.service [-] oslo_messaging_rabbit.amqp_durable_queues = False log_opt_values /usr/lib/python3/dist-packages/oslo_config/cfg.py:2609
2026-02-23 01:32:46.799 64676 DEBUG oslo_service.service [-] oslo_messaging_rabbit.conn_pool_min_size = 2 log_opt_values /usr/lib/python3/dist-packages/oslo_config/cfg.py:2609
2026-02-23 01:32:46.799 64917 INFO heat.engine.worker [-] Starting engine_worker (1.4) in engine e3e21617-600d-4085-b20b-f05daedde36d.
2026-02-23 01:32:46.799 64676 DEBUG oslo_service.service [-] oslo_messaging_rabbit.conn_pool_ttl = 1200 log_opt_values /usr/lib/python3/dist-packages/oslo_config/cfg.py:2609
2026-02-23 01:32:46.799 64676 DEBUG oslo_service.service [-] oslo_messaging_rabbit.direct_mandatory_flag = True log_opt_values /usr/lib/python3/dist-packages/oslo_config/cfg.py:2609
2026-02-23 01:32:46.799 64676 DEBUG oslo_service.service [-] oslo_messaging_rabbit.enable_cancel_on_failover = False log_opt_values /usr/lib/python3/dist-packages/oslo_config/cfg.py:2609
2026-02-23 01:32:46.799 64676 DEBUG oslo_service.service [-] oslo_messaging_rabbit.heartbeat_in_pthread = False log_opt_values /usr/lib/python3/dist-packages/oslo_config/cfg.py:2609
2026-02-23 01:32:46.799 64676 DEBUG oslo_service.service [-] oslo_messaging_rabbit.heartbeat_rate = 2 log_opt_values /usr/lib/python3/dist-packages/oslo_config/cfg.py:2609
2026-02-23 01:32:46.800 64676 DEBUG oslo_service.service [-] oslo_messaging_rabbit.heartbeat_timeout_threshold = 60 log_opt_values /usr/lib/python3/dist-packages/oslo_config/cfg.py:2609
2026-02-23 01:32:46.800 64676 DEBUG oslo_service.service [-] oslo_messaging_rabbit.kombu_compression = None log_opt_values /usr/lib/python3/dist-packages/oslo_config/cfg.py:2609
2026-02-23 01:32:46.800 64676 DEBUG oslo_service.service [-] oslo_messaging_rabbit.kombu_failover_strategy = round-robin log_opt_values /usr/lib/python3/dist-packages/oslo_config/cfg.py:2609
2026-02-23 01:32:46.800 64676 DEBUG oslo_service.service [-] oslo_messaging_rabbit.kombu_missing_consumer_retry_timeout = 60 log_opt_values /usr/lib/python3/dist-packages/oslo_config/cfg.py:2609
2026-02-23 01:32:46.800 64676 DEBUG oslo_service.service [-] oslo_messaging_rabbit.kombu_reconnect_delay = 1.0 log_opt_values /usr/lib/python3/dist-packages/oslo_config/cfg.py:2609
2026-02-23 01:32:46.800 64676 DEBUG oslo_service.service [-] oslo_messaging_rabbit.rabbit_ha_queues = False log_opt_values /usr/lib/python3/dist-packages/oslo_config/cfg.py:2609
2026-02-23 01:32:46.800 64676 DEBUG oslo_service.service [-] oslo_messaging_rabbit.rabbit_interval_max = 30 log_opt_values /usr/lib/python3/dist-packages/oslo_config/cfg.py:2609
2026-02-23 01:32:46.800 64676 DEBUG oslo_service.service [-] oslo_messaging_rabbit.rabbit_login_method = AMQPLAIN log_opt_values /usr/lib/python3/dist-packages/oslo_config/cfg.py:2609
2026-02-23 01:32:46.801 64676 DEBUG oslo_service.service [-] oslo_messaging_rabbit.rabbit_qos_prefetch_count = 0 log_opt_values /usr/lib/python3/dist-packages/oslo_config/cfg.py:2609
2026-02-23 01:32:46.801 64676 DEBUG oslo_service.service [-] oslo_messaging_rabbit.rabbit_quorum_queue = False log_opt_values /usr/lib/python3/dist-packages/oslo_config/cfg.py:2609
2026-02-23 01:32:46.801 64676 DEBUG oslo_service.service [-] oslo_messaging_rabbit.rabbit_retry_backoff = 2 log_opt_values /usr/lib/python3/dist-packages/oslo_config/cfg.py:2609
2026-02-23 01:32:46.801 64676 DEBUG oslo_service.service [-] oslo_messaging_rabbit.rabbit_retry_interval = 1 log_opt_values /usr/lib/python3/dist-packages/oslo_config/cfg.py:2609
2026-02-23 01:32:46.801 64676 DEBUG oslo_service.service [-] oslo_messaging_rabbit.rabbit_transient_queues_ttl = 1800 log_opt_values /usr/lib/python3/dist-packages/oslo_config/cfg.py:2609
2026-02-23 01:32:46.801 64676 DEBUG oslo_service.service [-] oslo_messaging_rabbit.rpc_conn_pool_size = 30 log_opt_values /usr/lib/python3/dist-packages/oslo_config/cfg.py:2609
2026-02-23 01:32:46.801 64676 DEBUG oslo_service.service [-] oslo_messaging_rabbit.ssl = False log_opt_values /usr/lib/python3/dist-packages/oslo_config/cfg.py:2609
2026-02-23 01:32:46.801 64676 DEBUG oslo_service.service [-] oslo_messaging_rabbit.ssl_ca_file = log_opt_values /usr/lib/python3/dist-packages/oslo_config/cfg.py:2609
2026-02-23 01:32:46.801 64676 DEBUG oslo_service.service [-] oslo_messaging_rabbit.ssl_cert_file = log_opt_values /usr/lib/python3/dist-packages/oslo_config/cfg.py:2609
2026-02-23 01:32:46.802 64676 DEBUG oslo_service.service [-] oslo_messaging_rabbit.ssl_key_file = log_opt_values /usr/lib/python3/dist-packages/oslo_config/cfg.py:2609
2026-02-23 01:32:46.802 64676 DEBUG oslo_service.service [-] oslo_messaging_rabbit.ssl_version = log_opt_values /usr/lib/python3/dist-packages/oslo_config/cfg.py:2609
2026-02-23 01:32:46.802 64676 DEBUG oslo_service.service [-] oslo_messaging_notifications.driver = [] log_opt_values /usr/lib/python3/dist-packages/oslo_config/cfg.py:2609
2026-02-23 01:32:46.802 64676 DEBUG oslo_service.service [-] oslo_messaging_notifications.retry = -1 log_opt_values /usr/lib/python3/dist-packages/oslo_config/cfg.py:2609
2026-02-23 01:32:46.802 64676 DEBUG oslo_service.service [-] oslo_messaging_notifications.topics = ['notifications'] log_opt_values /usr/lib/python3/dist-packages/oslo_config/cfg.py:2609
2026-02-23 01:32:46.802 64676 DEBUG oslo_service.service [-] oslo_messaging_notifications.transport_url = **** log_opt_values /usr/lib/python3/dist-packages/oslo_config/cfg.py:2609
2026-02-23 01:32:46.802 64676 DEBUG oslo_service.service [-] cache.backend = dogpile.cache.null log_opt_values /usr/lib/python3/dist-packages/oslo_config/cfg.py:2609
2026-02-23 01:32:46.803 64676 DEBUG oslo_service.service [-] cache.backend_argument = **** log_opt_values /usr/lib/python3/dist-packages/oslo_config/cfg.py:2609
2026-02-23 01:32:46.803 64676 DEBUG oslo_service.service [-] cache.config_prefix = cache.oslo log_opt_values /usr/lib/python3/dist-packages/oslo_config/cfg.py:2609
2026-02-23 01:32:46.804 64676 DEBUG oslo_service.service [-] cache.debug_cache_backend = False log_opt_values /usr/lib/python3/dist-packages/oslo_config/cfg.py:2609
2026-02-23 01:32:46.805 64676 DEBUG oslo_service.service [-] cache.enabled = False log_opt_values /usr/lib/python3/dist-packages/oslo_config/cfg.py:2609
2026-02-23 01:32:46.805 64676 DEBUG oslo_service.service [-] cache.expiration_time = 600 log_opt_values /usr/lib/python3/dist-packages/oslo_config/cfg.py:2609
2026-02-23 01:32:46.805 64676 DEBUG oslo_service.service [-] cache.memcache_dead_retry = 300 log_opt_values /usr/lib/python3/dist-packages/oslo_config/cfg.py:2609
2026-02-23 01:32:46.805 64676 DEBUG oslo_service.service [-] cache.memcache_pool_connection_get_timeout = 10 log_opt_values /usr/lib/python3/dist-packages/oslo_config/cfg.py:2609
2026-02-23 01:32:46.805 64676 DEBUG oslo_service.service [-] cache.memcache_pool_flush_on_reconnect = False log_opt_values /usr/lib/python3/dist-packages/oslo_config/cfg.py:2609
2026-02-23 01:32:46.805 64676 DEBUG oslo_service.service [-] cache.memcache_pool_maxsize = 10 log_opt_values /usr/lib/python3/dist-packages/oslo_config/cfg.py:2609
2026-02-23 01:32:46.805 64676 DEBUG oslo_service.service [-] cache.memcache_pool_unused_timeout = 60 log_opt_values /usr/lib/python3/dist-packages/oslo_config/cfg.py:2609
2026-02-23 01:32:46.806 64676 DEBUG oslo_service.service [-] cache.memcache_servers = ['localhost:11211'] log_opt_values /usr/lib/python3/dist-packages/oslo_config/cfg.py:2609
2026-02-23 01:32:46.806 64676 DEBUG oslo_service.service [-] cache.memcache_socket_timeout = 1.0 log_opt_values /usr/lib/python3/dist-packages/oslo_config/cfg.py:2609
2026-02-23 01:32:46.806 64676 DEBUG oslo_service.service [-] cache.proxies = [] log_opt_values /usr/lib/python3/dist-packages/oslo_config/cfg.py:2609
2026-02-23 01:32:46.806 64676 DEBUG oslo_service.service [-] cache.tls_allowed_ciphers = None log_opt_values /usr/lib/python3/dist-packages/oslo_config/cfg.py:2609
2026-02-23 01:32:46.806 64676 DEBUG oslo_service.service [-] cache.tls_cafile = None log_opt_values /usr/lib/python3/dist-packages/oslo_config/cfg.py:2609
2026-02-23 01:32:46.806 64676 DEBUG oslo_service.service [-] cache.tls_certfile = None log_opt_values /usr/lib/python3/dist-packages/oslo_config/cfg.py:2609
2026-02-23 01:32:46.806 64676 DEBUG oslo_service.service [-] cache.tls_enabled = False log_opt_values /usr/lib/python3/dist-packages/oslo_config/cfg.py:2609
2026-02-23 01:32:46.806 64676 DEBUG oslo_service.service [-] cache.tls_keyfile = None log_opt_values /usr/lib/python3/dist-packages/oslo_config/cfg.py:2609
2026-02-23 01:32:46.806 64676 DEBUG oslo_service.service [-] constraint_validation_cache.caching = True log_opt_values /usr/lib/python3/dist-packages/oslo_config/cfg.py:2609
2026-02-23 01:32:46.807 64676 DEBUG oslo_service.service [-] constraint_validation_cache.expiration_time = 60 log_opt_values /usr/lib/python3/dist-packages/oslo_config/cfg.py:2609
2026-02-23 01:32:46.807 64676 DEBUG oslo_service.service [-] service_extension_cache.caching = True log_opt_values /usr/lib/python3/dist-packages/oslo_config/cfg.py:2609
2026-02-23 01:32:46.807 64676 DEBUG oslo_service.service [-] service_extension_cache.expiration_time = 3600 log_opt_values /usr/lib/python3/dist-packages/oslo_config/cfg.py:2609
2026-02-23 01:32:46.807 64676 DEBUG oslo_service.service [-] resource_finder_cache.caching = True log_opt_values /usr/lib/python3/dist-packages/oslo_config/cfg.py:2609
2026-02-23 01:32:46.807 64676 DEBUG oslo_service.service [-] resource_finder_cache.expiration_time = 3600 log_opt_values /usr/lib/python3/dist-packages/oslo_config/cfg.py:2609
2026-02-23 01:32:46.807 64676 DEBUG oslo_service.service [-] yaql.limit_iterators = 200 log_opt_values /usr/lib/python3/dist-packages/oslo_config/cfg.py:2609
2026-02-23 01:32:46.807 64676 DEBUG oslo_service.service [-] yaql.memory_quota = 10000 log_opt_values /usr/lib/python3/dist-packages/oslo_config/cfg.py:2609
2026-02-23 01:32:46.807 64676 DEBUG oslo_service.service [-] ******************************************************************************** log_opt_values /usr/lib/python3/dist-packages/oslo_config/cfg.py:2613
2026-02-23 01:32:46.817 64918 INFO heat.engine.worker [-] Starting engine_worker (1.4) in engine c5d9c67d-e8bd-4e28-b064-c4cd5789cb7f.
2026-02-23 01:32:46.885 64916 DEBUG oslo_db.sqlalchemy.engines [req-8f95ac53-7911-48f6-a091-a54402d2b17c - - - - -] MySQL server mode set to STRICT_TRANS_TABLES,STRICT_ALL_TABLES,NO_ZERO_IN_DATE,NO_ZERO_DATE,ERROR_FOR_DIVISION_BY_ZERO,TRADITIONAL,NO_ENGINE_SUBSTITUTION _check_effective_sql_mode /usr/lib/python3/dist-packages/oslo_db/sqlalchemy/engines.py:314
2026-02-23 01:32:46.900 64917 DEBUG oslo_db.sqlalchemy.engines [req-bf67c6bc-891d-45db-ba21-b0715e811a2f - - - - -] MySQL server mode set to STRICT_TRANS_TABLES,STRICT_ALL_TABLES,NO_ZERO_IN_DATE,NO_ZERO_DATE,ERROR_FOR_DIVISION_BY_ZERO,TRADITIONAL,NO_ENGINE_SUBSTITUTION _check_effective_sql_mode /usr/lib/python3/dist-packages/oslo_db/sqlalchemy/engines.py:314
2026-02-23 01:32:46.915 64915 DEBUG oslo_db.sqlalchemy.engines [req-5c77b81b-0974-4147-a28d-47788b16a28c - - - - -] MySQL server mode set to STRICT_TRANS_TABLES,STRICT_ALL_TABLES,NO_ZERO_IN_DATE,NO_ZERO_DATE,ERROR_FOR_DIVISION_BY_ZERO,TRADITIONAL,NO_ENGINE_SUBSTITUTION _check_effective_sql_mode /usr/lib/python3/dist-packages/oslo_db/sqlalchemy/engines.py:314
2026-02-23 01:32:46.938 64918 DEBUG oslo_db.sqlalchemy.engines [req-d53f348d-3ff9-43d4-9d49-1239573fdfe8 - - - - -] MySQL server mode set to STRICT_TRANS_TABLES,STRICT_ALL_TABLES,NO_ZERO_IN_DATE,NO_ZERO_DATE,ERROR_FOR_DIVISION_BY_ZERO,TRADITIONAL,NO_ENGINE_SUBSTITUTION _check_effective_sql_mode /usr/lib/python3/dist-packages/oslo_db/sqlalchemy/engines.py:314
2026-02-23 01:32:46.961 64916 DEBUG heat.engine.service [req-adce24c0-3cbe-4207-b1e1-43599a472847 - - - - -] Service 3baed6a5-c435-4852-93d7-a5891c72b39f is started service_manage_report /usr/lib/python3/dist-packages/heat/engine/service.py:2363
2026-02-23 01:32:46.982 64916 DEBUG heat.engine.service [req-adce24c0-3cbe-4207-b1e1-43599a472847 - - - - -] Service 3baed6a5-c435-4852-93d7-a5891c72b39f is updated service_manage_report /usr/lib/python3/dist-packages/heat/engine/service.py:2370
2026-02-23 01:32:47.033 64917 DEBUG heat.engine.service [req-d16a676d-6059-49ec-8838-98d0ad3e68d8 - - - - -] Service 9ec7cd35-e0ba-45ea-a543-2bcaacc2b7d1 is started service_manage_report /usr/lib/python3/dist-packages/heat/engine/service.py:2363
2026-02-23 01:32:47.070 64917 DEBUG heat.engine.service [req-d16a676d-6059-49ec-8838-98d0ad3e68d8 - - - - -] Service 9ec7cd35-e0ba-45ea-a543-2bcaacc2b7d1 is updated service_manage_report /usr/lib/python3/dist-packages/heat/engine/service.py:2370
2026-02-23 01:32:47.076 64918 DEBUG heat.engine.service [req-fa3940b0-80cb-4431-9f79-3b8ec345f580 - - - - -] Service cbba74db-dc50-48dc-a5fc-10b88b84eee4 is started service_manage_report /usr/lib/python3/dist-packages/heat/engine/service.py:2363
2026-02-23 01:32:47.081 64915 DEBUG heat.engine.service [req-d86bb912-270e-47a6-999d-8af11679f029 - - - - -] Service 4d5a4505-606b-4e3e-9f27-894c31045dd3 is started service_manage_report /usr/lib/python3/dist-packages/heat/engine/service.py:2363
2026-02-23 01:32:47.105 64918 DEBUG heat.engine.service [req-fa3940b0-80cb-4431-9f79-3b8ec345f580 - - - - -] Service cbba74db-dc50-48dc-a5fc-10b88b84eee4 is updated service_manage_report /usr/lib/python3/dist-packages/heat/engine/service.py:2370
2026-02-23 01:32:47.106 64915 DEBUG heat.engine.service [req-d86bb912-270e-47a6-999d-8af11679f029 - - - - -] Service 4d5a4505-606b-4e3e-9f27-894c31045dd3 is updated service_manage_report /usr/lib/python3/dist-packages/heat/engine/service.py:2370
2026-02-23 01:33:46.957 64916 DEBUG heat.engine.service [req-f8dbce19-1a2d-47f7-830c-5ea69118af31 - - - - -] Service 3baed6a5-c435-4852-93d7-a5891c72b39f is updated service_manage_report /usr/lib/python3/dist-packages/heat/engine/service.py:2370
2026-02-23 01:33:47.018 64917 DEBUG heat.engine.service [req-2025460d-5842-4421-9eee-fe925a7e1139 - - - - -] Service 9ec7cd35-e0ba-45ea-a543-2bcaacc2b7d1 is updated service_manage_report /usr/lib/python3/dist-packages/heat/engine/service.py:2370
2026-02-23 01:33:47.043 64915 DEBUG heat.engine.service [req-25791973-cd05-4c7d-8131-1eb784f12ca6 - - - - -] Service 4d5a4505-606b-4e3e-9f27-894c31045dd3 is updated service_manage_report /usr/lib/python3/dist-packages/heat/engine/service.py:2370
2026-02-23 01:33:47.063 64918 DEBUG heat.engine.service [req-10bf9128-deaa-4d94-9d83-1e5efb884734 - - - - -] Service cbba74db-dc50-48dc-a5fc-10b88b84eee4 is updated service_manage_report /usr/lib/python3/dist-packages/heat/engine/service.py:2370
2026-02-23 01:34:47.040 64916 DEBUG heat.engine.service [req-4a2af2fb-e08f-434c-8882-ec0666801ff7 - - - - -] Service 3baed6a5-c435-4852-93d7-a5891c72b39f is updated service_manage_report /usr/lib/python3/dist-packages/heat/engine/service.py:2370
2026-02-23 01:34:47.084 64917 DEBUG heat.engine.service [req-03decd58-56e5-423f-bd2a-f2075774a3fb - - - - -] Service 9ec7cd35-e0ba-45ea-a543-2bcaacc2b7d1 is updated service_manage_report /usr/lib/python3/dist-packages/heat/engine/service.py:2370
2026-02-23 01:34:47.093 64915 DEBUG heat.engine.service [req-e81bf809-3de2-4638-9a51-1e0834cce243 - - - - -] Service 4d5a4505-606b-4e3e-9f27-894c31045dd3 is updated service_manage_report /usr/lib/python3/dist-packages/heat/engine/service.py:2370
2026-02-23 01:34:47.099 64918 DEBUG heat.engine.service [req-8b18e34d-3d69-4e98-992a-078959a0eacc - - - - -] Service cbba74db-dc50-48dc-a5fc-10b88b84eee4 is updated service_manage_report /usr/lib/python3/dist-packages/heat/engine/service.py:2370
2026-02-23 01:35:46.963 64916 DEBUG heat.engine.service [req-910b2e05-7ca8-4bca-b597-72ed6edcc743 - - - - -] Service 3baed6a5-c435-4852-93d7-a5891c72b39f is updated service_manage_report /usr/lib/python3/dist-packages/heat/engine/service.py:2370
2026-02-23 01:35:47.010 64917 DEBUG heat.engine.service [req-63459f0c-f491-452c-9b64-c4a9a68421c2 - - - - -] Service 9ec7cd35-e0ba-45ea-a543-2bcaacc2b7d1 is updated service_manage_report /usr/lib/python3/dist-packages/heat/engine/service.py:2370
2026-02-23 01:35:47.038 64915 DEBUG heat.engine.service [req-370599d0-ea81-4b60-9550-cbe544de5f4c - - - - -] Service 4d5a4505-606b-4e3e-9f27-894c31045dd3 is updated service_manage_report /usr/lib/python3/dist-packages/heat/engine/service.py:2370
2026-02-23 01:35:47.062 64918 DEBUG heat.engine.service [req-661b126f-0a8a-4954-a4bc-99c39e6c380b - - - - -] Service cbba74db-dc50-48dc-a5fc-10b88b84eee4 is updated service_manage_report /usr/lib/python3/dist-packages/heat/engine/service.py:2370
2026-02-23 01:36:46.966 64916 DEBUG heat.engine.service [req-5027d41e-0a93-4814-a42c-140a0bdb78c9 - - - - -] Service 3baed6a5-c435-4852-93d7-a5891c72b39f is updated service_manage_report /usr/lib/python3/dist-packages/heat/engine/service.py:2370
2026-02-23 01:36:47.015 64917 DEBUG heat.engine.service [req-1e8d773d-e8fd-47cf-838a-c163b736c337 - - - - -] Service 9ec7cd35-e0ba-45ea-a543-2bcaacc2b7d1 is updated service_manage_report /usr/lib/python3/dist-packages/heat/engine/service.py:2370
2026-02-23 01:36:47.042 64915 DEBUG heat.engine.service [req-308bd42f-5db2-4d6b-af8b-70ed8a1422df - - - - -] Service 4d5a4505-606b-4e3e-9f27-894c31045dd3 is updated service_manage_report /usr/lib/python3/dist-packages/heat/engine/service.py:2370
2026-02-23 01:36:47.064 64918 DEBUG heat.engine.service [req-09c3bda1-698b-422d-9d6e-9a083bf581dc - - - - -] Service cbba74db-dc50-48dc-a5fc-10b88b84eee4 is updated service_manage_report /usr/lib/python3/dist-packages/heat/engine/service.py:2370
2026-02-23 01:37:46.973 64916 DEBUG heat.engine.service [req-3729fc60-3e35-432a-9fd8-1f47d6cf37df - - - - -] Service 3baed6a5-c435-4852-93d7-a5891c72b39f is updated service_manage_report /usr/lib/python3/dist-packages/heat/engine/service.py:2370
2026-02-23 01:37:47.021 64917 DEBUG heat.engine.service [req-d94525f0-854d-489b-97e7-1672aca7d54e - - - - -] Service 9ec7cd35-e0ba-45ea-a543-2bcaacc2b7d1 is updated service_manage_report /usr/lib/python3/dist-packages/heat/engine/service.py:2370
2026-02-23 01:37:47.046 64915 DEBUG heat.engine.service [req-2eeb2279-f73f-46e9-8e9b-373a167edc59 - - - - -] Service 4d5a4505-606b-4e3e-9f27-894c31045dd3 is updated service_manage_report /usr/lib/python3/dist-packages/heat/engine/service.py:2370
2026-02-23 01:37:47.069 64918 DEBUG heat.engine.service [req-b257d7c2-8c82-418f-871e-a12b68d6ad91 - - - - -] Service cbba74db-dc50-48dc-a5fc-10b88b84eee4 is updated service_manage_report /usr/lib/python3/dist-packages/heat/engine/service.py:2370
2026-02-23 01:38:46.974 64916 DEBUG heat.engine.service [req-c8fd2abd-f29f-4213-bcbb-442fb05c3ebe - - - - -] Service 3baed6a5-c435-4852-93d7-a5891c72b39f is updated service_manage_report /usr/lib/python3/dist-packages/heat/engine/service.py:2370
2026-02-23 01:38:47.016 64917 DEBUG heat.engine.service [req-aa63bacc-c36d-456a-b274-6ba8e9873452 - - - - -] Service 9ec7cd35-e0ba-45ea-a543-2bcaacc2b7d1 is updated service_manage_report /usr/lib/python3/dist-packages/heat/engine/service.py:2370
2026-02-23 01:38:47.053 64915 DEBUG heat.engine.service [req-f3ddc1f4-a283-47cb-a2df-5e3356b8ef98 - - - - -] Service 4d5a4505-606b-4e3e-9f27-894c31045dd3 is updated service_manage_report /usr/lib/python3/dist-packages/heat/engine/service.py:2370
2026-02-23 01:38:47.073 64918 DEBUG heat.engine.service [req-5204d5e2-f4ee-434b-a885-bc8dd511b452 - - - - -] Service cbba74db-dc50-48dc-a5fc-10b88b84eee4 is updated service_manage_report /usr/lib/python3/dist-packages/heat/engine/service.py:2370
2026-02-23 01:39:46.969 64916 DEBUG heat.engine.service [req-2d0f4ded-0bb5-47b5-b3bd-114ee4180eca - - - - -] Service 3baed6a5-c435-4852-93d7-a5891c72b39f is updated service_manage_report /usr/lib/python3/dist-packages/heat/engine/service.py:2370
2026-02-23 01:39:47.021 64917 DEBUG heat.engine.service [req-cab4506c-e6b8-4d43-9e0e-837b4108d4ef - - - - -] Service 9ec7cd35-e0ba-45ea-a543-2bcaacc2b7d1 is updated service_manage_report /usr/lib/python3/dist-packages/heat/engine/service.py:2370
2026-02-23 01:39:47.050 64915 DEBUG heat.engine.service [req-db3c029a-03c2-437a-9f21-02962d86a96d - - - - -] Service 4d5a4505-606b-4e3e-9f27-894c31045dd3 is updated service_manage_report /usr/lib/python3/dist-packages/heat/engine/service.py:2370
2026-02-23 01:39:47.077 64918 DEBUG heat.engine.service [req-a7cac130-34dc-4217-892e-d29f1795b5b7 - - - - -] Service cbba74db-dc50-48dc-a5fc-10b88b84eee4 is updated service_manage_report /usr/lib/python3/dist-packages/heat/engine/service.py:2370
2026-02-23 01:40:46.972 64916 DEBUG heat.engine.service [req-3a01357b-ca10-40dc-99ab-997695cc960c - - - - -] Service 3baed6a5-c435-4852-93d7-a5891c72b39f is updated service_manage_report /usr/lib/python3/dist-packages/heat/engine/service.py:2370
2026-02-23 01:40:47.025 64917 DEBUG heat.engine.service [req-c22141f0-5f0f-4909-9434-8a82486297fb - - - - -] Service 9ec7cd35-e0ba-45ea-a543-2bcaacc2b7d1 is updated service_manage_report /usr/lib/python3/dist-packages/heat/engine/service.py:2370
2026-02-23 01:40:47.043 64915 DEBUG heat.engine.service [req-13191b1c-6a3c-4898-8e53-4e62426fe3a1 - - - - -] Service 4d5a4505-606b-4e3e-9f27-894c31045dd3 is updated service_manage_report /usr/lib/python3/dist-packages/heat/engine/service.py:2370
2026-02-23 01:40:47.080 64918 DEBUG heat.engine.service [req-7c5f50d1-ab50-4d52-94f2-5a37fe89d135 - - - - -] Service cbba74db-dc50-48dc-a5fc-10b88b84eee4 is updated service_manage_report /usr/lib/python3/dist-packages/heat/engine/service.py:2370
2026-02-23 01:41:46.977 64916 DEBUG heat.engine.service [req-7cf79f40-4ab7-4879-9303-a7e0b3bf1f1b - - - - -] Service 3baed6a5-c435-4852-93d7-a5891c72b39f is updated service_manage_report /usr/lib/python3/dist-packages/heat/engine/service.py:2370
2026-02-23 01:41:47.034 64917 DEBUG heat.engine.service [req-70c31997-527c-4824-aa9b-1ef7fd90b7af - - - - -] Service 9ec7cd35-e0ba-45ea-a543-2bcaacc2b7d1 is updated service_manage_report /usr/lib/python3/dist-packages/heat/engine/service.py:2370
2026-02-23 01:41:47.048 64915 DEBUG heat.engine.service [req-cd7afa2e-1727-4f99-ab0a-cca517aa31be - - - - -] Service 4d5a4505-606b-4e3e-9f27-894c31045dd3 is updated service_manage_report /usr/lib/python3/dist-packages/heat/engine/service.py:2370
2026-02-23 01:41:47.083 64918 DEBUG heat.engine.service [req-a1621fad-cbae-4d9e-833d-1e173cd6c0c4 - - - - -] Service cbba74db-dc50-48dc-a5fc-10b88b84eee4 is updated service_manage_report /usr/lib/python3/dist-packages/heat/engine/service.py:2370
2026-02-23 01:42:46.983 64916 DEBUG heat.engine.service [req-3227536e-607c-44dc-9961-aee754a3ab6d - - - - -] Service 3baed6a5-c435-4852-93d7-a5891c72b39f is updated service_manage_report /usr/lib/python3/dist-packages/heat/engine/service.py:2370
2026-02-23 01:42:47.030 64917 DEBUG heat.engine.service [req-55b5f4fd-f2cc-48de-91d3-c1648803387a - - - - -] Service 9ec7cd35-e0ba-45ea-a543-2bcaacc2b7d1 is updated service_manage_report /usr/lib/python3/dist-packages/heat/engine/service.py:2370
2026-02-23 01:42:47.051 64915 DEBUG heat.engine.service [req-2298f56e-5098-4da6-9ea4-0a2d5393bbe4 - - - - -] Service 4d5a4505-606b-4e3e-9f27-894c31045dd3 is updated service_manage_report /usr/lib/python3/dist-packages/heat/engine/service.py:2370
2026-02-23 01:42:47.086 64918 DEBUG heat.engine.service [req-14c5878f-d4ce-49d2-893e-c062c7199f5e - - - - -] Service cbba74db-dc50-48dc-a5fc-10b88b84eee4 is updated service_manage_report /usr/lib/python3/dist-packages/heat/engine/service.py:2370
2026-02-23 01:43:46.987 64916 DEBUG heat.engine.service [req-c2587174-35bb-41ea-a9fe-822c027a3c3c - - - - -] Service 3baed6a5-c435-4852-93d7-a5891c72b39f is updated service_manage_report /usr/lib/python3/dist-packages/heat/engine/service.py:2370
2026-02-23 01:43:47.024 64917 DEBUG heat.engine.service [req-a7b3e069-1dc4-4448-ab65-25037511388e - - - - -] Service 9ec7cd35-e0ba-45ea-a543-2bcaacc2b7d1 is updated service_manage_report /usr/lib/python3/dist-packages/heat/engine/service.py:2370
2026-02-23 01:43:47.054 64915 DEBUG heat.engine.service [req-e1de7218-9f95-4006-8bd0-9b2272303b8b - - - - -] Service 4d5a4505-606b-4e3e-9f27-894c31045dd3 is updated service_manage_report /usr/lib/python3/dist-packages/heat/engine/service.py:2370
2026-02-23 01:43:47.095 64918 DEBUG heat.engine.service [req-ef2ed2e0-0a19-4ac6-8b88-90c4452b9126 - - - - -] Service cbba74db-dc50-48dc-a5fc-10b88b84eee4 is updated service_manage_report /usr/lib/python3/dist-packages/heat/engine/service.py:2370
2026-02-23 01:44:46.993 64916 DEBUG heat.engine.service [req-0c7b6c7c-b1df-4149-bf9b-28b68ef39ab5 - - - - -] Service 3baed6a5-c435-4852-93d7-a5891c72b39f is updated service_manage_report /usr/lib/python3/dist-packages/heat/engine/service.py:2370
2026-02-23 01:44:47.027 64917 DEBUG heat.engine.service [req-95f61133-7e00-42b0-880d-6d8629831304 - - - - -] Service 9ec7cd35-e0ba-45ea-a543-2bcaacc2b7d1 is updated service_manage_report /usr/lib/python3/dist-packages/heat/engine/service.py:2370
2026-02-23 01:44:47.058 64915 DEBUG heat.engine.service [req-05dc6f0c-c51e-404b-bcb0-57af09409174 - - - - -] Service 4d5a4505-606b-4e3e-9f27-894c31045dd3 is updated service_manage_report /usr/lib/python3/dist-packages/heat/engine/service.py:2370
2026-02-23 01:44:47.091 64918 DEBUG heat.engine.service [req-e7fe711b-dd9f-41c7-b5a3-a79cdec72817 - - - - -] Service cbba74db-dc50-48dc-a5fc-10b88b84eee4 is updated service_manage_report /usr/lib/python3/dist-packages/heat/engine/service.py:2370
2026-02-23 01:45:46.992 64916 DEBUG heat.engine.service [req-3f053daa-c83f-4355-9bd6-4bc00bc9cf53 - - - - -] Service 3baed6a5-c435-4852-93d7-a5891c72b39f is updated service_manage_report /usr/lib/python3/dist-packages/heat/engine/service.py:2370
2026-02-23 01:45:47.031 64917 DEBUG heat.engine.service [req-b0022644-a44b-42d8-84ba-ea1154d28035 - - - - -] Service 9ec7cd35-e0ba-45ea-a543-2bcaacc2b7d1 is updated service_manage_report /usr/lib/python3/dist-packages/heat/engine/service.py:2370
2026-02-23 01:45:47.069 64915 DEBUG heat.engine.service [req-0b2a4bfd-cfe0-4cb1-ae51-0eed218023e8 - - - - -] Service 4d5a4505-606b-4e3e-9f27-894c31045dd3 is updated service_manage_report /usr/lib/python3/dist-packages/heat/engine/service.py:2370
2026-02-23 01:45:47.100 64918 DEBUG heat.engine.service [req-895c757c-2a32-433b-8074-83321b270a03 - - - - -] Service cbba74db-dc50-48dc-a5fc-10b88b84eee4 is updated service_manage_report /usr/lib/python3/dist-packages/heat/engine/service.py:2370
2026-02-23 01:46:46.988 64916 DEBUG heat.engine.service [req-91c3cdd6-be9d-4667-b01f-a163d9cd77ef - - - - -] Service 3baed6a5-c435-4852-93d7-a5891c72b39f is updated service_manage_report /usr/lib/python3/dist-packages/heat/engine/service.py:2370
2026-02-23 01:46:47.039 64917 DEBUG heat.engine.service [req-fbb7a45a-184a-4151-90a0-04d17ea44b08 - - - - -] Service 9ec7cd35-e0ba-45ea-a543-2bcaacc2b7d1 is updated service_manage_report /usr/lib/python3/dist-packages/heat/engine/service.py:2370
2026-02-23 01:46:47.063 64915 DEBUG heat.engine.service [req-09657483-efed-49a2-8515-103e61757967 - - - - -] Service 4d5a4505-606b-4e3e-9f27-894c31045dd3 is updated service_manage_report /usr/lib/python3/dist-packages/heat/engine/service.py:2370
2026-02-23 01:46:47.096 64918 DEBUG heat.engine.service [req-c85b4bc5-21b3-41d6-9241-049e4950cec1 - - - - -] Service cbba74db-dc50-48dc-a5fc-10b88b84eee4 is updated service_manage_report /usr/lib/python3/dist-packages/heat/engine/service.py:2370
2026-02-23 01:47:46.982 64916 DEBUG heat.engine.service [req-30087d2c-e12e-4143-a560-76f48971c90e - - - - -] Service 3baed6a5-c435-4852-93d7-a5891c72b39f is updated service_manage_report /usr/lib/python3/dist-packages/heat/engine/service.py:2370
2026-02-23 01:47:47.035 64917 DEBUG heat.engine.service [req-0325dfce-1267-45c7-ad54-15a115bfb78a - - - - -] Service 9ec7cd35-e0ba-45ea-a543-2bcaacc2b7d1 is updated service_manage_report /usr/lib/python3/dist-packages/heat/engine/service.py:2370
2026-02-23 01:47:47.069 64915 DEBUG heat.engine.service [req-8e584a57-3031-460e-8245-a570e375d587 - - - - -] Service 4d5a4505-606b-4e3e-9f27-894c31045dd3 is updated service_manage_report /usr/lib/python3/dist-packages/heat/engine/service.py:2370
2026-02-23 01:47:47.091 64918 DEBUG heat.engine.service [req-02d03832-c567-48d0-9d0e-c12cb95527fd - - - - -] Service cbba74db-dc50-48dc-a5fc-10b88b84eee4 is updated service_manage_report /usr/lib/python3/dist-packages/heat/engine/service.py:2370
2026-02-23 01:48:46.989 64916 DEBUG heat.engine.service [req-42b58770-f244-4bcf-8ec9-c6cda237e6a7 - - - - -] Service 3baed6a5-c435-4852-93d7-a5891c72b39f is updated service_manage_report /usr/lib/python3/dist-packages/heat/engine/service.py:2370
2026-02-23 01:48:47.030 64917 DEBUG heat.engine.service [req-2fe33098-5cff-4633-b602-16bd127142a1 - - - - -] Service 9ec7cd35-e0ba-45ea-a543-2bcaacc2b7d1 is updated service_manage_report /usr/lib/python3/dist-packages/heat/engine/service.py:2370
2026-02-23 01:48:47.076 64915 DEBUG heat.engine.service [req-c8357b8f-a28b-4d96-a82e-8ca27770dfa6 - - - - -] Service 4d5a4505-606b-4e3e-9f27-894c31045dd3 is updated service_manage_report /usr/lib/python3/dist-packages/heat/engine/service.py:2370
2026-02-23 01:48:47.096 64918 DEBUG heat.engine.service [req-88711f62-26b7-485f-ad04-fef331400988 - - - - -] Service cbba74db-dc50-48dc-a5fc-10b88b84eee4 is updated service_manage_report /usr/lib/python3/dist-packages/heat/engine/service.py:2370
2026-02-23 01:49:46.987 64916 DEBUG heat.engine.service [req-19adba05-7472-4514-8d4f-881dfd191dcb - - - - -] Service 3baed6a5-c435-4852-93d7-a5891c72b39f is updated service_manage_report /usr/lib/python3/dist-packages/heat/engine/service.py:2370
2026-02-23 01:49:47.036 64917 DEBUG heat.engine.service [req-06f536ec-9946-4fe1-8853-9b1556c82867 - - - - -] Service 9ec7cd35-e0ba-45ea-a543-2bcaacc2b7d1 is updated service_manage_report /usr/lib/python3/dist-packages/heat/engine/service.py:2370
