2026-02-23 02:03:22.553 7 DEBUG oslo_service.service [-] ml2_type_gre.tunnel_id_ranges = [] log_opt_values /var/lib/kolla/venv/lib/python3.6/site-packages/oslo_config/cfg.py:2611
2026-02-23 02:03:22.553 7 DEBUG oslo_service.service [-] ml2_type_vlan.network_vlan_ranges = [] log_opt_values /var/lib/kolla/venv/lib/python3.6/site-packages/oslo_config/cfg.py:2611
2026-02-23 02:03:22.553 7 DEBUG oslo_service.service [-] ml2_type_vxlan.vni_ranges = [] log_opt_values /var/lib/kolla/venv/lib/python3.6/site-packages/oslo_config/cfg.py:2611
2026-02-23 02:03:22.553 7 DEBUG oslo_service.service [-] ml2_type_vxlan.vxlan_group = None log_opt_values /var/lib/kolla/venv/lib/python3.6/site-packages/oslo_config/cfg.py:2611
2026-02-23 02:03:22.553 7 DEBUG oslo_service.service [-] database.backend = sqlalchemy log_opt_values /var/lib/kolla/venv/lib/python3.6/site-packages/oslo_config/cfg.py:2611
2026-02-23 02:03:22.553 7 DEBUG oslo_service.service [-] database.connection = **** log_opt_values /var/lib/kolla/venv/lib/python3.6/site-packages/oslo_config/cfg.py:2611
2026-02-23 02:03:22.553 7 DEBUG oslo_service.service [-] database.connection_debug = 0 log_opt_values /var/lib/kolla/venv/lib/python3.6/site-packages/oslo_config/cfg.py:2611
2026-02-23 02:03:22.554 7 DEBUG oslo_service.service [-] database.connection_parameters = log_opt_values /var/lib/kolla/venv/lib/python3.6/site-packages/oslo_config/cfg.py:2611
2026-02-23 02:03:22.554 7 DEBUG oslo_service.service [-] database.connection_recycle_time = 10 log_opt_values /var/lib/kolla/venv/lib/python3.6/site-packages/oslo_config/cfg.py:2611
2026-02-23 02:03:22.554 7 DEBUG oslo_service.service [-] database.connection_trace = False log_opt_values /var/lib/kolla/venv/lib/python3.6/site-packages/oslo_config/cfg.py:2611
2026-02-23 02:03:22.554 7 DEBUG oslo_service.service [-] database.db_inc_retry_interval = True log_opt_values /var/lib/kolla/venv/lib/python3.6/site-packages/oslo_config/cfg.py:2611
2026-02-23 02:03:22.554 7 DEBUG oslo_service.service [-] database.db_max_retries = 20 log_opt_values /var/lib/kolla/venv/lib/python3.6/site-packages/oslo_config/cfg.py:2611
2026-02-23 02:03:22.554 7 DEBUG oslo_service.service [-] database.db_max_retry_interval = 10 log_opt_values /var/lib/kolla/venv/lib/python3.6/site-packages/oslo_config/cfg.py:2611
2026-02-23 02:03:22.554 7 DEBUG oslo_service.service [-] database.db_retry_interval = 1 log_opt_values /var/lib/kolla/venv/lib/python3.6/site-packages/oslo_config/cfg.py:2611
2026-02-23 02:03:22.554 7 DEBUG oslo_service.service [-] database.max_overflow = 50 log_opt_values /var/lib/kolla/venv/lib/python3.6/site-packages/oslo_config/cfg.py:2611
2026-02-23 02:03:22.554 7 DEBUG oslo_service.service [-] database.max_pool_size = 1 log_opt_values /var/lib/kolla/venv/lib/python3.6/site-packages/oslo_config/cfg.py:2611
2026-02-23 02:03:22.554 7 DEBUG oslo_service.service [-] database.max_retries = -1 log_opt_values /var/lib/kolla/venv/lib/python3.6/site-packages/oslo_config/cfg.py:2611
2026-02-23 02:03:22.554 7 DEBUG oslo_service.service [-] database.mysql_enable_ndb = False log_opt_values /var/lib/kolla/venv/lib/python3.6/site-packages/oslo_config/cfg.py:2611
2026-02-23 02:03:22.554 7 DEBUG oslo_service.service [-] database.mysql_sql_mode = TRADITIONAL log_opt_values /var/lib/kolla/venv/lib/python3.6/site-packages/oslo_config/cfg.py:2611
2026-02-23 02:03:22.554 7 DEBUG oslo_service.service [-] database.pool_timeout = None log_opt_values /var/lib/kolla/venv/lib/python3.6/site-packages/oslo_config/cfg.py:2611
2026-02-23 02:03:22.554 7 DEBUG oslo_service.service [-] database.retry_interval = 10 log_opt_values /var/lib/kolla/venv/lib/python3.6/site-packages/oslo_config/cfg.py:2611
2026-02-23 02:03:22.554 7 DEBUG oslo_service.service [-] database.slave_connection = **** log_opt_values /var/lib/kolla/venv/lib/python3.6/site-packages/oslo_config/cfg.py:2611
2026-02-23 02:03:22.554 7 DEBUG oslo_service.service [-] database.sqlite_synchronous = True log_opt_values /var/lib/kolla/venv/lib/python3.6/site-packages/oslo_config/cfg.py:2611
2026-02-23 02:03:22.554 7 DEBUG oslo_service.service [-] database.use_db_reconnect = False log_opt_values /var/lib/kolla/venv/lib/python3.6/site-packages/oslo_config/cfg.py:2611
2026-02-23 02:03:22.554 7 DEBUG oslo_service.service [-] ******************************************************************************** log_opt_values /var/lib/kolla/venv/lib/python3.6/site-packages/oslo_config/cfg.py:2613
2026-02-23 02:03:24.220 22 DEBUG neutron.wsgi [-] (22) accepted ('10.0.0.130', 54984) server /var/lib/kolla/venv/lib/python3.6/site-packages/eventlet/wsgi.py:1004
2026-02-23 02:03:24.226 22 INFO neutron.wsgi [-] 10.0.0.130 "GET / HTTP/1.1" status: 200 len: 228 time: 0.0045528
2026-02-23 02:03:26.058 24 DEBUG neutron.api.rpc.handlers.dhcp_rpc [req-683b5def-0f2c-47f8-91b6-724fc068919e - - - - -] get_active_networks_info from cn-jenkins-deploy-platform-ansible-os-5386-1 get_active_networks_info /var/lib/kolla/venv/lib/python3.6/site-packages/neutron/api/rpc/handlers/dhcp_rpc.py:159
2026-02-23 02:03:26.082 26 DEBUG neutron_lib.callbacks.manager [req-412e6248-22d3-40bc-acdd-6209b59099ae - - - - -] Publish callbacks ['neutron.services.segments.db._update_segment_host_mapping_for_agent-8737758084672', 'neutron.services.l3_router.l3_router_plugin.DVRResourceOperationHandler.create_fip_agent_gw_ports-1647549'] for agent (308afbf2-b025-4e92-bd0f-e08a47741133), after_create _notify_loop /var/lib/kolla/venv/lib/python3.6/site-packages/neutron_lib/callbacks/manager.py:177
2026-02-23 02:03:26.100 24 DEBUG neutron.scheduler.dhcp_agent_scheduler [req-683b5def-0f2c-47f8-91b6-724fc068919e - - - - -] No non-hosted networks auto_schedule_networks /var/lib/kolla/venv/lib/python3.6/site-packages/neutron/scheduler/dhcp_agent_scheduler.py:60
2026-02-23 02:03:45.648 28 DEBUG neutron_lib.callbacks.manager [req-b5f4c3bc-3160-4cc0-9d58-9542d9f8ca8c - - - - -] Publish callbacks ['neutron.services.segments.db._update_segment_host_mapping_for_agent-8737758084672', 'neutron.services.l3_router.l3_router_plugin.DVRResourceOperationHandler.create_fip_agent_gw_ports-1647549'] for agent (032dad67-f4ac-4374-ad5c-6cb6566d127c), after_create _notify_loop /var/lib/kolla/venv/lib/python3.6/site-packages/neutron_lib/callbacks/manager.py:177
2026-02-23 02:03:54.272 22 DEBUG neutron.wsgi [-] (22) accepted ('10.0.0.130', 49504) server /var/lib/kolla/venv/lib/python3.6/site-packages/eventlet/wsgi.py:1004
2026-02-23 02:03:54.279 22 INFO neutron.wsgi [-] 10.0.0.130 "GET / HTTP/1.1" status: 200 len: 228 time: 0.0042639
2026-02-23 02:03:56.057 24 DEBUG neutron_lib.callbacks.manager [req-c490e564-69fb-4c35-860a-a996d5ad7ac5 - - - - -] Publish callbacks ['neutron.services.segments.db._update_segment_host_mapping_for_agent-8737758084672', 'neutron.plugins.ml2.plugin.Ml2Plugin._retry_binding_revived_agents--9223372036821980424'] for agent (308afbf2-b025-4e92-bd0f-e08a47741133), after_update _notify_loop /var/lib/kolla/venv/lib/python3.6/site-packages/neutron_lib/callbacks/manager.py:177
2026-02-23 02:04:15.634 23 DEBUG neutron_lib.callbacks.manager [req-b5f4c3bc-3160-4cc0-9d58-9542d9f8ca8c - - - - -] Publish callbacks ['neutron.services.segments.db._update_segment_host_mapping_for_agent-8737758084672', 'neutron.plugins.ml2.plugin.Ml2Plugin._retry_binding_revived_agents--9223372036821980424'] for agent (032dad67-f4ac-4374-ad5c-6cb6566d127c), after_update _notify_loop /var/lib/kolla/venv/lib/python3.6/site-packages/neutron_lib/callbacks/manager.py:177
2026-02-23 02:04:24.325 22 DEBUG neutron.wsgi [-] (22) accepted ('10.0.0.130', 46266) server /var/lib/kolla/venv/lib/python3.6/site-packages/eventlet/wsgi.py:1004
2026-02-23 02:04:24.329 22 INFO neutron.wsgi [-] 10.0.0.130 "GET / HTTP/1.1" status: 200 len: 228 time: 0.0027077
2026-02-23 02:04:25.516 29 DEBUG neutron.db.agents_db [req-840e5cb4-7b94-4c0a-892e-00cce4685d41 - - - - -] Agent healthcheck: found 2 active agents agent_health_check /var/lib/kolla/venv/lib/python3.6/site-packages/neutron/db/agents_db.py:318
2026-02-23 02:04:26.069 25 DEBUG neutron_lib.callbacks.manager [req-8c69688a-7e4d-452f-ac55-0307d9201f20 - - - - -] Publish callbacks ['neutron.services.segments.db._update_segment_host_mapping_for_agent-8737758084672', 'neutron.plugins.ml2.plugin.Ml2Plugin._retry_binding_revived_agents--9223372036821980424'] for agent (308afbf2-b025-4e92-bd0f-e08a47741133), after_update _notify_loop /var/lib/kolla/venv/lib/python3.6/site-packages/neutron_lib/callbacks/manager.py:177
2026-02-23 02:04:45.639 27 DEBUG neutron_lib.callbacks.manager [req-b5f4c3bc-3160-4cc0-9d58-9542d9f8ca8c - - - - -] Publish callbacks ['neutron.services.segments.db._update_segment_host_mapping_for_agent-8737758084672', 'neutron.plugins.ml2.plugin.Ml2Plugin._retry_binding_revived_agents--9223372036821980424'] for agent (032dad67-f4ac-4374-ad5c-6cb6566d127c), after_update _notify_loop /var/lib/kolla/venv/lib/python3.6/site-packages/neutron_lib/callbacks/manager.py:177
2026-02-23 02:04:54.373 22 DEBUG neutron.wsgi [-] (22) accepted ('10.0.0.130', 55282) server /var/lib/kolla/venv/lib/python3.6/site-packages/eventlet/wsgi.py:1004
2026-02-23 02:04:54.377 22 INFO neutron.wsgi [-] 10.0.0.130 "GET / HTTP/1.1" status: 200 len: 228 time: 0.0025473
2026-02-23 02:04:56.053 26 DEBUG neutron_lib.callbacks.manager [req-0aa4bb4d-c6b6-4484-813b-fab8d37c3ce8 - - - - -] Publish callbacks ['neutron.services.segments.db._update_segment_host_mapping_for_agent-8737758084672', 'neutron.plugins.ml2.plugin.Ml2Plugin._retry_binding_revived_agents--9223372036821980424'] for agent (308afbf2-b025-4e92-bd0f-e08a47741133), after_update _notify_loop /var/lib/kolla/venv/lib/python3.6/site-packages/neutron_lib/callbacks/manager.py:177
2026-02-23 02:05:02.515 29 DEBUG neutron.db.agents_db [req-840e5cb4-7b94-4c0a-892e-00cce4685d41 - - - - -] Agent healthcheck: found 2 active agents agent_health_check /var/lib/kolla/venv/lib/python3.6/site-packages/neutron/db/agents_db.py:318
2026-02-23 02:05:15.627 28 DEBUG neutron_lib.callbacks.manager [req-b5f4c3bc-3160-4cc0-9d58-9542d9f8ca8c - - - - -] Publish callbacks ['neutron.services.segments.db._update_segment_host_mapping_for_agent-8737758084672', 'neutron.plugins.ml2.plugin.Ml2Plugin._retry_binding_revived_agents--9223372036821980424'] for agent (032dad67-f4ac-4374-ad5c-6cb6566d127c), after_update _notify_loop /var/lib/kolla/venv/lib/python3.6/site-packages/neutron_lib/callbacks/manager.py:177
2026-02-23 02:05:24.421 22 DEBUG neutron.wsgi [-] (22) accepted ('10.0.0.130', 46960) server /var/lib/kolla/venv/lib/python3.6/site-packages/eventlet/wsgi.py:1004
2026-02-23 02:05:24.424 22 INFO neutron.wsgi [-] 10.0.0.130 "GET / HTTP/1.1" status: 200 len: 228 time: 0.0025382
2026-02-23 02:05:26.050 24 DEBUG neutron_lib.callbacks.manager [req-1bcf311c-a7ba-4532-b675-9eb9a20726de - - - - -] Publish callbacks ['neutron.services.segments.db._update_segment_host_mapping_for_agent-8737758084672', 'neutron.plugins.ml2.plugin.Ml2Plugin._retry_binding_revived_agents--9223372036821980424'] for agent (308afbf2-b025-4e92-bd0f-e08a47741133), after_update _notify_loop /var/lib/kolla/venv/lib/python3.6/site-packages/neutron_lib/callbacks/manager.py:177
2026-02-23 02:05:39.513 29 DEBUG neutron.db.agents_db [req-840e5cb4-7b94-4c0a-892e-00cce4685d41 - - - - -] Agent healthcheck: found 2 active agents agent_health_check /var/lib/kolla/venv/lib/python3.6/site-packages/neutron/db/agents_db.py:318
2026-02-23 02:05:45.626 23 DEBUG neutron_lib.callbacks.manager [req-b5f4c3bc-3160-4cc0-9d58-9542d9f8ca8c - - - - -] Publish callbacks ['neutron.services.segments.db._update_segment_host_mapping_for_agent-8737758084672', 'neutron.plugins.ml2.plugin.Ml2Plugin._retry_binding_revived_agents--9223372036821980424'] for agent (032dad67-f4ac-4374-ad5c-6cb6566d127c), after_update _notify_loop /var/lib/kolla/venv/lib/python3.6/site-packages/neutron_lib/callbacks/manager.py:177
2026-02-23 02:05:54.464 22 DEBUG neutron.wsgi [-] (22) accepted ('10.0.0.130', 52540) server /var/lib/kolla/venv/lib/python3.6/site-packages/eventlet/wsgi.py:1004
2026-02-23 02:05:54.470 22 INFO neutron.wsgi [-] 10.0.0.130 "GET / HTTP/1.1" status: 200 len: 228 time: 0.0049801
2026-02-23 02:05:56.049 25 DEBUG neutron_lib.callbacks.manager [req-0e1b27c9-ab9e-4b26-86e2-85adfea41aad - - - - -] Publish callbacks ['neutron.services.segments.db._update_segment_host_mapping_for_agent-8737758084672', 'neutron.plugins.ml2.plugin.Ml2Plugin._retry_binding_revived_agents--9223372036821980424'] for agent (308afbf2-b025-4e92-bd0f-e08a47741133), after_update _notify_loop /var/lib/kolla/venv/lib/python3.6/site-packages/neutron_lib/callbacks/manager.py:177
2026-02-23 02:06:15.629 27 DEBUG neutron_lib.callbacks.manager [req-b5f4c3bc-3160-4cc0-9d58-9542d9f8ca8c - - - - -] Publish callbacks ['neutron.services.segments.db._update_segment_host_mapping_for_agent-8737758084672', 'neutron.plugins.ml2.plugin.Ml2Plugin._retry_binding_revived_agents--9223372036821980424'] for agent (032dad67-f4ac-4374-ad5c-6cb6566d127c), after_update _notify_loop /var/lib/kolla/venv/lib/python3.6/site-packages/neutron_lib/callbacks/manager.py:177
2026-02-23 02:06:16.509 29 DEBUG neutron.db.agents_db [req-840e5cb4-7b94-4c0a-892e-00cce4685d41 - - - - -] Agent healthcheck: found 2 active agents agent_health_check /var/lib/kolla/venv/lib/python3.6/site-packages/neutron/db/agents_db.py:318
2026-02-23 02:06:24.510 22 DEBUG neutron.wsgi [-] (22) accepted ('10.0.0.130', 35934) server /var/lib/kolla/venv/lib/python3.6/site-packages/eventlet/wsgi.py:1004
2026-02-23 02:06:24.514 22 INFO neutron.wsgi [-] 10.0.0.130 "GET / HTTP/1.1" status: 200 len: 228 time: 0.0025451
2026-02-23 02:06:26.056 26 DEBUG neutron_lib.callbacks.manager [req-e4a8367c-de50-4f29-9a8d-c3d0341a733d - - - - -] Publish callbacks ['neutron.services.segments.db._update_segment_host_mapping_for_agent-8737758084672', 'neutron.plugins.ml2.plugin.Ml2Plugin._retry_binding_revived_agents--9223372036821980424'] for agent (308afbf2-b025-4e92-bd0f-e08a47741133), after_update _notify_loop /var/lib/kolla/venv/lib/python3.6/site-packages/neutron_lib/callbacks/manager.py:177
2026-02-23 02:06:45.632 28 DEBUG neutron_lib.callbacks.manager [req-b5f4c3bc-3160-4cc0-9d58-9542d9f8ca8c - - - - -] Publish callbacks ['neutron.services.segments.db._update_segment_host_mapping_for_agent-8737758084672', 'neutron.plugins.ml2.plugin.Ml2Plugin._retry_binding_revived_agents--9223372036821980424'] for agent (032dad67-f4ac-4374-ad5c-6cb6566d127c), after_update _notify_loop /var/lib/kolla/venv/lib/python3.6/site-packages/neutron_lib/callbacks/manager.py:177
2026-02-23 02:06:53.505 29 DEBUG neutron.db.agents_db [req-840e5cb4-7b94-4c0a-892e-00cce4685d41 - - - - -] Agent healthcheck: found 2 active agents agent_health_check /var/lib/kolla/venv/lib/python3.6/site-packages/neutron/db/agents_db.py:318
2026-02-23 02:06:54.562 22 DEBUG neutron.wsgi [-] (22) accepted ('10.0.0.130', 51188) server /var/lib/kolla/venv/lib/python3.6/site-packages/eventlet/wsgi.py:1004
2026-02-23 02:06:54.565 22 INFO neutron.wsgi [-] 10.0.0.130 "GET / HTTP/1.1" status: 200 len: 228 time: 0.0029562
2026-02-23 02:06:56.051 24 DEBUG neutron_lib.callbacks.manager [req-bfe8267b-9b91-4cbe-aba2-303dafcb6435 - - - - -] Publish callbacks ['neutron.services.segments.db._update_segment_host_mapping_for_agent-8737758084672', 'neutron.plugins.ml2.plugin.Ml2Plugin._retry_binding_revived_agents--9223372036821980424'] for agent (308afbf2-b025-4e92-bd0f-e08a47741133), after_update _notify_loop /var/lib/kolla/venv/lib/python3.6/site-packages/neutron_lib/callbacks/manager.py:177
2026-02-23 02:07:15.634 23 DEBUG neutron_lib.callbacks.manager [req-b5f4c3bc-3160-4cc0-9d58-9542d9f8ca8c - - - - -] Publish callbacks ['neutron.services.segments.db._update_segment_host_mapping_for_agent-8737758084672', 'neutron.plugins.ml2.plugin.Ml2Plugin._retry_binding_revived_agents--9223372036821980424'] for agent (032dad67-f4ac-4374-ad5c-6cb6566d127c), after_update _notify_loop /var/lib/kolla/venv/lib/python3.6/site-packages/neutron_lib/callbacks/manager.py:177
2026-02-23 02:07:24.607 22 DEBUG neutron.wsgi [-] (22) accepted ('10.0.0.130', 40850) server /var/lib/kolla/venv/lib/python3.6/site-packages/eventlet/wsgi.py:1004
2026-02-23 02:07:24.611 22 INFO neutron.wsgi [-] 10.0.0.130 "GET / HTTP/1.1" status: 200 len: 228 time: 0.0029657
2026-02-23 02:07:26.048 25 DEBUG neutron_lib.callbacks.manager [req-6eed5958-5e33-4f85-a14c-8aec3b625977 - - - - -] Publish callbacks ['neutron.services.segments.db._update_segment_host_mapping_for_agent-8737758084672', 'neutron.plugins.ml2.plugin.Ml2Plugin._retry_binding_revived_agents--9223372036821980424'] for agent (308afbf2-b025-4e92-bd0f-e08a47741133), after_update _notify_loop /var/lib/kolla/venv/lib/python3.6/site-packages/neutron_lib/callbacks/manager.py:177
2026-02-23 02:07:30.502 29 DEBUG neutron.db.agents_db [req-840e5cb4-7b94-4c0a-892e-00cce4685d41 - - - - -] Agent healthcheck: found 2 active agents agent_health_check /var/lib/kolla/venv/lib/python3.6/site-packages/neutron/db/agents_db.py:318
2026-02-23 02:07:45.634 27 DEBUG neutron_lib.callbacks.manager [req-b5f4c3bc-3160-4cc0-9d58-9542d9f8ca8c - - - - -] Publish callbacks ['neutron.services.segments.db._update_segment_host_mapping_for_agent-8737758084672', 'neutron.plugins.ml2.plugin.Ml2Plugin._retry_binding_revived_agents--9223372036821980424'] for agent (032dad67-f4ac-4374-ad5c-6cb6566d127c), after_update _notify_loop /var/lib/kolla/venv/lib/python3.6/site-packages/neutron_lib/callbacks/manager.py:177
2026-02-23 02:07:54.655 22 DEBUG neutron.wsgi [-] (22) accepted ('10.0.0.130', 36760) server /var/lib/kolla/venv/lib/python3.6/site-packages/eventlet/wsgi.py:1004
2026-02-23 02:07:54.658 22 INFO neutron.wsgi [-] 10.0.0.130 "GET / HTTP/1.1" status: 200 len: 228 time: 0.0025556
2026-02-23 02:07:56.043 26 DEBUG neutron_lib.callbacks.manager [req-1e23ec35-646c-4817-bb18-18b03dec37f8 - - - - -] Publish callbacks ['neutron.services.segments.db._update_segment_host_mapping_for_agent-8737758084672', 'neutron.plugins.ml2.plugin.Ml2Plugin._retry_binding_revived_agents--9223372036821980424'] for agent (308afbf2-b025-4e92-bd0f-e08a47741133), after_update _notify_loop /var/lib/kolla/venv/lib/python3.6/site-packages/neutron_lib/callbacks/manager.py:177
2026-02-23 02:08:07.513 29 DEBUG neutron.db.agents_db [req-840e5cb4-7b94-4c0a-892e-00cce4685d41 - - - - -] Agent healthcheck: found 2 active agents agent_health_check /var/lib/kolla/venv/lib/python3.6/site-packages/neutron/db/agents_db.py:318
2026-02-23 02:08:15.637 28 DEBUG neutron_lib.callbacks.manager [req-b5f4c3bc-3160-4cc0-9d58-9542d9f8ca8c - - - - -] Publish callbacks ['neutron.services.segments.db._update_segment_host_mapping_for_agent-8737758084672', 'neutron.plugins.ml2.plugin.Ml2Plugin._retry_binding_revived_agents--9223372036821980424'] for agent (032dad67-f4ac-4374-ad5c-6cb6566d127c), after_update _notify_loop /var/lib/kolla/venv/lib/python3.6/site-packages/neutron_lib/callbacks/manager.py:177
2026-02-23 02:08:24.702 22 DEBUG neutron.wsgi [-] (22) accepted ('10.0.0.130', 33528) server /var/lib/kolla/venv/lib/python3.6/site-packages/eventlet/wsgi.py:1004
2026-02-23 02:08:24.705 22 INFO neutron.wsgi [-] 10.0.0.130 "GET / HTTP/1.1" status: 200 len: 228 time: 0.0026925
2026-02-23 02:08:26.049 24 DEBUG neutron_lib.callbacks.manager [req-e23d4406-11e6-44ed-b39d-3b8226dbbdd9 - - - - -] Publish callbacks ['neutron.services.segments.db._update_segment_host_mapping_for_agent-8737758084672', 'neutron.plugins.ml2.plugin.Ml2Plugin._retry_binding_revived_agents--9223372036821980424'] for agent (308afbf2-b025-4e92-bd0f-e08a47741133), after_update _notify_loop /var/lib/kolla/venv/lib/python3.6/site-packages/neutron_lib/callbacks/manager.py:177
2026-02-23 02:08:44.511 29 DEBUG neutron.db.agents_db [req-840e5cb4-7b94-4c0a-892e-00cce4685d41 - - - - -] Agent healthcheck: found 2 active agents agent_health_check /var/lib/kolla/venv/lib/python3.6/site-packages/neutron/db/agents_db.py:318
2026-02-23 02:08:45.642 23 DEBUG neutron_lib.callbacks.manager [req-b5f4c3bc-3160-4cc0-9d58-9542d9f8ca8c - - - - -] Publish callbacks ['neutron.services.segments.db._update_segment_host_mapping_for_agent-8737758084672', 'neutron.plugins.ml2.plugin.Ml2Plugin._retry_binding_revived_agents--9223372036821980424'] for agent (032dad67-f4ac-4374-ad5c-6cb6566d127c), after_update _notify_loop /var/lib/kolla/venv/lib/python3.6/site-packages/neutron_lib/callbacks/manager.py:177
2026-02-23 02:08:54.747 22 DEBUG neutron.wsgi [-] (22) accepted ('10.0.0.130', 51682) server /var/lib/kolla/venv/lib/python3.6/site-packages/eventlet/wsgi.py:1004
2026-02-23 02:08:54.755 22 INFO neutron.wsgi [-] 10.0.0.130 "GET / HTTP/1.1" status: 200 len: 228 time: 0.0025096
2026-02-23 02:08:56.082 25 DEBUG neutron_lib.callbacks.manager [req-6adbc914-b576-4694-b7f3-c7db8e181764 - - - - -] Publish callbacks ['neutron.services.segments.db._update_segment_host_mapping_for_agent-8737758084672', 'neutron.plugins.ml2.plugin.Ml2Plugin._retry_binding_revived_agents--9223372036821980424'] for agent (308afbf2-b025-4e92-bd0f-e08a47741133), after_update _notify_loop /var/lib/kolla/venv/lib/python3.6/site-packages/neutron_lib/callbacks/manager.py:177
2026-02-23 02:09:15.643 27 DEBUG neutron_lib.callbacks.manager [req-b5f4c3bc-3160-4cc0-9d58-9542d9f8ca8c - - - - -] Publish callbacks ['neutron.services.segments.db._update_segment_host_mapping_for_agent-8737758084672', 'neutron.plugins.ml2.plugin.Ml2Plugin._retry_binding_revived_agents--9223372036821980424'] for agent (032dad67-f4ac-4374-ad5c-6cb6566d127c), after_update _notify_loop /var/lib/kolla/venv/lib/python3.6/site-packages/neutron_lib/callbacks/manager.py:177
2026-02-23 02:09:21.512 29 DEBUG neutron.db.agents_db [req-840e5cb4-7b94-4c0a-892e-00cce4685d41 - - - - -] Agent healthcheck: found 2 active agents agent_health_check /var/lib/kolla/venv/lib/python3.6/site-packages/neutron/db/agents_db.py:318
2026-02-23 02:09:24.800 22 DEBUG neutron.wsgi [-] (22) accepted ('10.0.0.130', 53506) server /var/lib/kolla/venv/lib/python3.6/site-packages/eventlet/wsgi.py:1004
2026-02-23 02:09:24.804 22 INFO neutron.wsgi [-] 10.0.0.130 "GET / HTTP/1.1" status: 200 len: 228 time: 0.0035424
2026-02-23 02:09:26.048 26 DEBUG neutron_lib.callbacks.manager [req-27b17f95-d168-41f1-b060-58c5347692ac - - - - -] Publish callbacks ['neutron.services.segments.db._update_segment_host_mapping_for_agent-8737758084672', 'neutron.plugins.ml2.plugin.Ml2Plugin._retry_binding_revived_agents--9223372036821980424'] for agent (308afbf2-b025-4e92-bd0f-e08a47741133), after_update _notify_loop /var/lib/kolla/venv/lib/python3.6/site-packages/neutron_lib/callbacks/manager.py:177
2026-02-23 02:09:45.642 28 DEBUG neutron_lib.callbacks.manager [req-b5f4c3bc-3160-4cc0-9d58-9542d9f8ca8c - - - - -] Publish callbacks ['neutron.services.segments.db._update_segment_host_mapping_for_agent-8737758084672', 'neutron.plugins.ml2.plugin.Ml2Plugin._retry_binding_revived_agents--9223372036821980424'] for agent (032dad67-f4ac-4374-ad5c-6cb6566d127c), after_update _notify_loop /var/lib/kolla/venv/lib/python3.6/site-packages/neutron_lib/callbacks/manager.py:177
2026-02-23 02:09:54.848 22 DEBUG neutron.wsgi [-] (22) accepted ('10.0.0.130', 34446) server /var/lib/kolla/venv/lib/python3.6/site-packages/eventlet/wsgi.py:1004
2026-02-23 02:09:54.854 22 INFO neutron.wsgi [-] 10.0.0.130 "GET / HTTP/1.1" status: 200 len: 228 time: 0.0033257
2026-02-23 02:09:56.051 24 DEBUG neutron_lib.callbacks.manager [req-4cbb8a51-bf2b-4c1c-aa0e-15733702f520 - - - - -] Publish callbacks ['neutron.services.segments.db._update_segment_host_mapping_for_agent-8737758084672', 'neutron.plugins.ml2.plugin.Ml2Plugin._retry_binding_revived_agents--9223372036821980424'] for agent (308afbf2-b025-4e92-bd0f-e08a47741133), after_update _notify_loop /var/lib/kolla/venv/lib/python3.6/site-packages/neutron_lib/callbacks/manager.py:177
2026-02-23 02:09:58.511 29 DEBUG neutron.db.agents_db [req-840e5cb4-7b94-4c0a-892e-00cce4685d41 - - - - -] Agent healthcheck: found 2 active agents agent_health_check /var/lib/kolla/venv/lib/python3.6/site-packages/neutron/db/agents_db.py:318
2026-02-23 02:10:15.648 23 DEBUG neutron_lib.callbacks.manager [req-b5f4c3bc-3160-4cc0-9d58-9542d9f8ca8c - - - - -] Publish callbacks ['neutron.services.segments.db._update_segment_host_mapping_for_agent-8737758084672', 'neutron.plugins.ml2.plugin.Ml2Plugin._retry_binding_revived_agents--9223372036821980424'] for agent (032dad67-f4ac-4374-ad5c-6cb6566d127c), after_update _notify_loop /var/lib/kolla/venv/lib/python3.6/site-packages/neutron_lib/callbacks/manager.py:177
2026-02-23 02:10:24.952 22 DEBUG neutron.wsgi [-] (22) accepted ('10.0.0.130', 54858) server /var/lib/kolla/venv/lib/python3.6/site-packages/eventlet/wsgi.py:1004
2026-02-23 02:10:24.956 22 INFO neutron.wsgi [-] 10.0.0.130 "GET / HTTP/1.1" status: 200 len: 228 time: 0.0025899
2026-02-23 02:10:26.046 25 DEBUG neutron_lib.callbacks.manager [req-f1a9640c-751f-4748-bc9d-2e1f11449f65 - - - - -] Publish callbacks ['neutron.services.segments.db._update_segment_host_mapping_for_agent-8737758084672', 'neutron.plugins.ml2.plugin.Ml2Plugin._retry_binding_revived_agents--9223372036821980424'] for agent (308afbf2-b025-4e92-bd0f-e08a47741133), after_update _notify_loop /var/lib/kolla/venv/lib/python3.6/site-packages/neutron_lib/callbacks/manager.py:177
2026-02-23 02:10:35.510 29 DEBUG neutron.db.agents_db [req-840e5cb4-7b94-4c0a-892e-00cce4685d41 - - - - -] Agent healthcheck: found 2 active agents agent_health_check /var/lib/kolla/venv/lib/python3.6/site-packages/neutron/db/agents_db.py:318
2026-02-23 02:10:45.647 27 DEBUG neutron_lib.callbacks.manager [req-b5f4c3bc-3160-4cc0-9d58-9542d9f8ca8c - - - - -] Publish callbacks ['neutron.services.segments.db._update_segment_host_mapping_for_agent-8737758084672', 'neutron.plugins.ml2.plugin.Ml2Plugin._retry_binding_revived_agents--9223372036821980424'] for agent (032dad67-f4ac-4374-ad5c-6cb6566d127c), after_update _notify_loop /var/lib/kolla/venv/lib/python3.6/site-packages/neutron_lib/callbacks/manager.py:177
2026-02-23 02:10:55.000 22 DEBUG neutron.wsgi [-] (22) accepted ('10.0.0.130', 36404) server /var/lib/kolla/venv/lib/python3.6/site-packages/eventlet/wsgi.py:1004
2026-02-23 02:10:55.004 22 INFO neutron.wsgi [-] 10.0.0.130 "GET / HTTP/1.1" status: 200 len: 228 time: 0.0028398
2026-02-23 02:10:56.056 26 DEBUG neutron_lib.callbacks.manager [req-5ca54e8d-ee8f-4c86-bc00-602db9fa4b34 - - - - -] Publish callbacks ['neutron.services.segments.db._update_segment_host_mapping_for_agent-8737758084672', 'neutron.plugins.ml2.plugin.Ml2Plugin._retry_binding_revived_agents--9223372036821980424'] for agent (308afbf2-b025-4e92-bd0f-e08a47741133), after_update _notify_loop /var/lib/kolla/venv/lib/python3.6/site-packages/neutron_lib/callbacks/manager.py:177
2026-02-23 02:11:12.512 29 DEBUG neutron.db.agents_db [req-840e5cb4-7b94-4c0a-892e-00cce4685d41 - - - - -] Agent healthcheck: found 2 active agents agent_health_check /var/lib/kolla/venv/lib/python3.6/site-packages/neutron/db/agents_db.py:318
2026-02-23 02:11:15.649 28 DEBUG neutron_lib.callbacks.manager [req-b5f4c3bc-3160-4cc0-9d58-9542d9f8ca8c - - - - -] Publish callbacks ['neutron.services.segments.db._update_segment_host_mapping_for_agent-8737758084672', 'neutron.plugins.ml2.plugin.Ml2Plugin._retry_binding_revived_agents--9223372036821980424'] for agent (032dad67-f4ac-4374-ad5c-6cb6566d127c), after_update _notify_loop /var/lib/kolla/venv/lib/python3.6/site-packages/neutron_lib/callbacks/manager.py:177
2026-02-23 02:11:25.047 22 DEBUG neutron.wsgi [-] (22) accepted ('10.0.0.130', 40490) server /var/lib/kolla/venv/lib/python3.6/site-packages/eventlet/wsgi.py:1004
2026-02-23 02:11:25.051 22 INFO neutron.wsgi [-] 10.0.0.130 "GET / HTTP/1.1" status: 200 len: 228 time: 0.0026217
2026-02-23 02:11:26.075 24 DEBUG neutron_lib.callbacks.manager [req-641a5809-8d35-4e1c-848b-dda1869c832b - - - - -] Publish callbacks ['neutron.services.segments.db._update_segment_host_mapping_for_agent-8737758084672', 'neutron.plugins.ml2.plugin.Ml2Plugin._retry_binding_revived_agents--9223372036821980424'] for agent (308afbf2-b025-4e92-bd0f-e08a47741133), after_update _notify_loop /var/lib/kolla/venv/lib/python3.6/site-packages/neutron_lib/callbacks/manager.py:177
2026-02-23 02:11:45.652 23 DEBUG neutron_lib.callbacks.manager [req-b5f4c3bc-3160-4cc0-9d58-9542d9f8ca8c - - - - -] Publish callbacks ['neutron.services.segments.db._update_segment_host_mapping_for_agent-8737758084672', 'neutron.plugins.ml2.plugin.Ml2Plugin._retry_binding_revived_agents--9223372036821980424'] for agent (032dad67-f4ac-4374-ad5c-6cb6566d127c), after_update _notify_loop /var/lib/kolla/venv/lib/python3.6/site-packages/neutron_lib/callbacks/manager.py:177
2026-02-23 02:11:49.511 29 DEBUG neutron.db.agents_db [req-840e5cb4-7b94-4c0a-892e-00cce4685d41 - - - - -] Agent healthcheck: found 2 active agents agent_health_check /var/lib/kolla/venv/lib/python3.6/site-packages/neutron/db/agents_db.py:318
2026-02-23 02:11:55.096 22 DEBUG neutron.wsgi [-] (22) accepted ('10.0.0.130', 40796) server /var/lib/kolla/venv/lib/python3.6/site-packages/eventlet/wsgi.py:1004
2026-02-23 02:11:55.099 22 INFO neutron.wsgi [-] 10.0.0.130 "GET / HTTP/1.1" status: 200 len: 228 time: 0.0026526
2026-02-23 02:11:56.051 25 DEBUG neutron_lib.callbacks.manager [req-5533c22d-6b7c-477c-920a-4d8d15d72a55 - - - - -] Publish callbacks ['neutron.services.segments.db._update_segment_host_mapping_for_agent-8737758084672', 'neutron.plugins.ml2.plugin.Ml2Plugin._retry_binding_revived_agents--9223372036821980424'] for agent (308afbf2-b025-4e92-bd0f-e08a47741133), after_update _notify_loop /var/lib/kolla/venv/lib/python3.6/site-packages/neutron_lib/callbacks/manager.py:177
2026-02-23 02:12:15.676 27 DEBUG neutron_lib.callbacks.manager [req-b5f4c3bc-3160-4cc0-9d58-9542d9f8ca8c - - - - -] Publish callbacks ['neutron.services.segments.db._update_segment_host_mapping_for_agent-8737758084672', 'neutron.plugins.ml2.plugin.Ml2Plugin._retry_binding_revived_agents--9223372036821980424'] for agent (032dad67-f4ac-4374-ad5c-6cb6566d127c), after_update _notify_loop /var/lib/kolla/venv/lib/python3.6/site-packages/neutron_lib/callbacks/manager.py:177
2026-02-23 02:12:21.806 7 INFO oslo_service.service [-] Caught SIGTERM, stopping children
2026-02-23 02:12:21.807 7 DEBUG oslo_concurrency.lockutils [-] Acquired lock "singleton_lock" lock /var/lib/kolla/venv/lib/python3.6/site-packages/oslo_concurrency/lockutils.py:294
2026-02-23 02:12:21.807 7 DEBUG oslo_concurrency.lockutils [-] Releasing lock "singleton_lock" lock /var/lib/kolla/venv/lib/python3.6/site-packages/oslo_concurrency/lockutils.py:312
2026-02-23 02:12:21.807 7 DEBUG oslo_service.service [-] Stop services. stop /var/lib/kolla/venv/lib/python3.6/site-packages/oslo_service/service.py:695
2026-02-23 02:12:21.807 7 DEBUG neutron.service [-] calling RpcWorker stop() stop /var/lib/kolla/venv/lib/python3.6/site-packages/neutron/service.py:138
2026-02-23 02:12:21.808 7 DEBUG neutron.service [-] calling RpcWorker stop() stop /var/lib/kolla/venv/lib/python3.6/site-packages/neutron/service.py:138
2026-02-23 02:12:21.808 7 DEBUG oslo_service.service [-] Killing children. stop /var/lib/kolla/venv/lib/python3.6/site-packages/oslo_service/service.py:700
2026-02-23 02:12:21.808 7 INFO oslo_service.service [-] Waiting on 8 children to exit
2026-02-23 02:12:21.808 29 DEBUG neutron.service [-] calling RpcWorker stop() stop /var/lib/kolla/venv/lib/python3.6/site-packages/neutron/service.py:138
2026-02-23 02:12:21.808 24 DEBUG neutron.service [-] calling RpcWorker stop() stop /var/lib/kolla/venv/lib/python3.6/site-packages/neutron/service.py:138
2026-02-23 02:12:21.808 23 DEBUG neutron.service [-] calling RpcWorker stop() stop /var/lib/kolla/venv/lib/python3.6/site-packages/neutron/service.py:138
2026-02-23 02:12:21.809 29 DEBUG neutron.service [-] calling stop on stop /var/lib/kolla/venv/lib/python3.6/site-packages/neutron/service.py:141
2026-02-23 02:12:21.809 24 DEBUG neutron.service [-] calling stop on stop /var/lib/kolla/venv/lib/python3.6/site-packages/neutron/service.py:141
2026-02-23 02:12:21.810 22 INFO neutron.wsgi [-] (22) wsgi exited, is_accepting=True
2026-02-23 02:12:21.810 22 DEBUG oslo_concurrency.lockutils [req-37184f2c-791a-4e9a-8079-bc7bc35b40a5 - - - - -] Acquired lock "singleton_lock" lock /var/lib/kolla/venv/lib/python3.6/site-packages/oslo_concurrency/lockutils.py:294
2026-02-23 02:12:21.811 22 DEBUG oslo_concurrency.lockutils [req-37184f2c-791a-4e9a-8079-bc7bc35b40a5 - - - - -] Releasing lock "singleton_lock" lock /var/lib/kolla/venv/lib/python3.6/site-packages/oslo_concurrency/lockutils.py:312
2026-02-23 02:12:21.809 23 DEBUG neutron.service [-] calling stop on stop /var/lib/kolla/venv/lib/python3.6/site-packages/neutron/service.py:141
2026-02-23 02:12:21.815 27 DEBUG neutron.service [-] calling RpcWorker stop() stop /var/lib/kolla/venv/lib/python3.6/site-packages/neutron/service.py:138
2026-02-23 02:12:21.816 7 INFO oslo_service.service [-] Child 22 exited with status 0
2026-02-23 02:12:21.817 25 DEBUG neutron.service [-] calling RpcWorker stop() stop /var/lib/kolla/venv/lib/python3.6/site-packages/neutron/service.py:138
2026-02-23 02:12:21.817 28 DEBUG neutron.service [-] calling RpcWorker stop() stop /var/lib/kolla/venv/lib/python3.6/site-packages/neutron/service.py:138
2026-02-23 02:12:21.815 27 DEBUG neutron.service [-] calling stop on stop /var/lib/kolla/venv/lib/python3.6/site-packages/neutron/service.py:141
2026-02-23 02:12:21.818 26 DEBUG neutron.service [-] calling RpcWorker stop() stop /var/lib/kolla/venv/lib/python3.6/site-packages/neutron/service.py:138
2026-02-23 02:12:21.817 28 DEBUG neutron.service [-] calling stop on stop /var/lib/kolla/venv/lib/python3.6/site-packages/neutron/service.py:141
2026-02-23 02:12:21.817 25 DEBUG neutron.service [-] calling stop on stop /var/lib/kolla/venv/lib/python3.6/site-packages/neutron/service.py:141
2026-02-23 02:12:21.818 26 DEBUG neutron.service [-] calling stop on stop /var/lib/kolla/venv/lib/python3.6/site-packages/neutron/service.py:141
2026-02-23 02:12:23.851 27 DEBUG oslo_concurrency.lockutils [req-37184f2c-791a-4e9a-8079-bc7bc35b40a5 - - - - -] Acquired lock "singleton_lock" lock /var/lib/kolla/venv/lib/python3.6/site-packages/oslo_concurrency/lockutils.py:294
2026-02-23 02:12:23.851 27 DEBUG oslo_concurrency.lockutils [req-37184f2c-791a-4e9a-8079-bc7bc35b40a5 - - - - -] Releasing lock "singleton_lock" lock /var/lib/kolla/venv/lib/python3.6/site-packages/oslo_concurrency/lockutils.py:312
2026-02-23 02:12:23.851 27 DEBUG neutron.service [req-37184f2c-791a-4e9a-8079-bc7bc35b40a5 - - - - -] calling RpcWorker wait() _wait /var/lib/kolla/venv/lib/python3.6/site-packages/neutron/service.py:128
2026-02-23 02:12:23.851 27 DEBUG neutron.service [req-37184f2c-791a-4e9a-8079-bc7bc35b40a5 - - - - -] calling wait on _wait /var/lib/kolla/venv/lib/python3.6/site-packages/neutron/service.py:131
2026-02-23 02:12:23.857 27 WARNING amqp [req-37184f2c-791a-4e9a-8079-bc7bc35b40a5 - - - - -] Received method (60, 30) during closing channel 1. This method will be ignored
2026-02-23 02:12:23.859 27 DEBUG neutron.service [req-37184f2c-791a-4e9a-8079-bc7bc35b40a5 - - - - -] returning from RpcWorker wait() _wait /var/lib/kolla/venv/lib/python3.6/site-packages/neutron/service.py:135
2026-02-23 02:12:23.864 7 INFO oslo_service.service [-] Child 27 exited with status 0
2026-02-23 02:12:26.046 26 DEBUG oslo_concurrency.lockutils [req-37184f2c-791a-4e9a-8079-bc7bc35b40a5 - - - - -] Acquired lock "singleton_lock" lock /var/lib/kolla/venv/lib/python3.6/site-packages/oslo_concurrency/lockutils.py:294
2026-02-23 02:12:26.046 26 DEBUG oslo_concurrency.lockutils [req-37184f2c-791a-4e9a-8079-bc7bc35b40a5 - - - - -] Releasing lock "singleton_lock" lock /var/lib/kolla/venv/lib/python3.6/site-packages/oslo_concurrency/lockutils.py:312
2026-02-23 02:12:26.047 26 DEBUG neutron.service [req-37184f2c-791a-4e9a-8079-bc7bc35b40a5 - - - - -] calling RpcWorker wait() _wait /var/lib/kolla/venv/lib/python3.6/site-packages/neutron/service.py:128
2026-02-23 02:12:26.047 26 DEBUG neutron.service [req-37184f2c-791a-4e9a-8079-bc7bc35b40a5 - - - - -] calling wait on _wait /var/lib/kolla/venv/lib/python3.6/site-packages/neutron/service.py:131
2026-02-23 02:12:26.127 26 DEBUG neutron_lib.callbacks.manager [req-13de487a-e3a1-4d15-915f-22d6a14df2bf - - - - -] Publish callbacks ['neutron.services.segments.db._update_segment_host_mapping_for_agent-8737758084672', 'neutron.plugins.ml2.plugin.Ml2Plugin._retry_binding_revived_agents--9223372036821980424'] for agent (308afbf2-b025-4e92-bd0f-e08a47741133), after_update _notify_loop /var/lib/kolla/venv/lib/python3.6/site-packages/neutron_lib/callbacks/manager.py:177
2026-02-23 02:12:26.186 26 WARNING amqp [req-37184f2c-791a-4e9a-8079-bc7bc35b40a5 - - - - -] Received method (60, 30) during closing channel 1. This method will be ignored
2026-02-23 02:12:26.207 26 DEBUG neutron.service [req-37184f2c-791a-4e9a-8079-bc7bc35b40a5 - - - - -] returning from RpcWorker wait() _wait /var/lib/kolla/venv/lib/python3.6/site-packages/neutron/service.py:135
2026-02-23 02:12:26.213 7 INFO oslo_service.service [-] Child 26 exited with status 0
2026-02-23 02:12:27.500 24 DEBUG neutron.service [-] calling stop on stop /var/lib/kolla/venv/lib/python3.6/site-packages/neutron/service.py:141
2026-02-23 02:12:27.502 25 DEBUG neutron.service [-] calling stop on stop /var/lib/kolla/venv/lib/python3.6/site-packages/neutron/service.py:141
2026-02-23 02:12:27.504 23 DEBUG neutron.service [-] calling stop on stop /var/lib/kolla/venv/lib/python3.6/site-packages/neutron/service.py:141
2026-02-23 02:12:27.515 25 DEBUG neutron.service [-] calling stop on stop /var/lib/kolla/venv/lib/python3.6/site-packages/neutron/service.py:141
2026-02-23 02:12:27.519 24 DEBUG neutron.service [-] calling stop on stop /var/lib/kolla/venv/lib/python3.6/site-packages/neutron/service.py:141
2026-02-23 02:12:27.521 23 DEBUG neutron.service [-] calling stop on stop /var/lib/kolla/venv/lib/python3.6/site-packages/neutron/service.py:141
2026-02-23 02:12:27.522 28 DEBUG oslo_concurrency.lockutils [req-37184f2c-791a-4e9a-8079-bc7bc35b40a5 - - - - -] Acquired lock "singleton_lock" lock /var/lib/kolla/venv/lib/python3.6/site-packages/oslo_concurrency/lockutils.py:294
2026-02-23 02:12:27.522 28 DEBUG oslo_concurrency.lockutils [req-37184f2c-791a-4e9a-8079-bc7bc35b40a5 - - - - -] Releasing lock "singleton_lock" lock /var/lib/kolla/venv/lib/python3.6/site-packages/oslo_concurrency/lockutils.py:312
2026-02-23 02:12:27.522 28 DEBUG neutron.service [req-37184f2c-791a-4e9a-8079-bc7bc35b40a5 - - - - -] calling RpcWorker wait() _wait /var/lib/kolla/venv/lib/python3.6/site-packages/neutron/service.py:128
2026-02-23 02:12:27.522 28 DEBUG neutron.service [req-37184f2c-791a-4e9a-8079-bc7bc35b40a5 - - - - -] calling wait on _wait /var/lib/kolla/venv/lib/python3.6/site-packages/neutron/service.py:131
2026-02-23 02:12:27.524 29 DEBUG oslo_concurrency.lockutils [req-37184f2c-791a-4e9a-8079-bc7bc35b40a5 - - - - -] Acquired lock "singleton_lock" lock /var/lib/kolla/venv/lib/python3.6/site-packages/oslo_concurrency/lockutils.py:294
2026-02-23 02:12:27.524 29 DEBUG oslo_concurrency.lockutils [req-37184f2c-791a-4e9a-8079-bc7bc35b40a5 - - - - -] Releasing lock "singleton_lock" lock /var/lib/kolla/venv/lib/python3.6/site-packages/oslo_concurrency/lockutils.py:312
2026-02-23 02:12:27.524 29 DEBUG neutron.service [req-37184f2c-791a-4e9a-8079-bc7bc35b40a5 - - - - -] calling RpcWorker wait() _wait /var/lib/kolla/venv/lib/python3.6/site-packages/neutron/service.py:128
2026-02-23 02:12:27.525 29 DEBUG neutron.service [req-37184f2c-791a-4e9a-8079-bc7bc35b40a5 - - - - -] calling wait on _wait /var/lib/kolla/venv/lib/python3.6/site-packages/neutron/service.py:131
2026-02-23 02:12:27.528 28 WARNING amqp [req-37184f2c-791a-4e9a-8079-bc7bc35b40a5 - - - - -] Received method (60, 30) during closing channel 1. This method will be ignored
2026-02-23 02:12:27.530 24 DEBUG neutron.service [-] calling stop on stop /var/lib/kolla/venv/lib/python3.6/site-packages/neutron/service.py:141
2026-02-23 02:12:27.531 28 DEBUG neutron.service [req-37184f2c-791a-4e9a-8079-bc7bc35b40a5 - - - - -] returning from RpcWorker wait() _wait /var/lib/kolla/venv/lib/python3.6/site-packages/neutron/service.py:135
2026-02-23 02:12:27.531 29 WARNING amqp [req-37184f2c-791a-4e9a-8079-bc7bc35b40a5 - - - - -] Received method (60, 30) during closing channel 1. This method will be ignored
2026-02-23 02:12:27.532 29 DEBUG neutron.service [req-37184f2c-791a-4e9a-8079-bc7bc35b40a5 - - - - -] returning from RpcWorker wait() _wait /var/lib/kolla/venv/lib/python3.6/site-packages/neutron/service.py:135
2026-02-23 02:12:27.537 23 DEBUG neutron.service [-] calling stop on stop /var/lib/kolla/venv/lib/python3.6/site-packages/neutron/service.py:141
2026-02-23 02:12:27.538 7 INFO oslo_service.service [-] Child 28 exited with status 0
2026-02-23 02:12:27.538 7 INFO oslo_service.service [-] Child 29 exited with status 0
2026-02-23 02:12:27.543 24 DEBUG oslo_concurrency.lockutils [req-37184f2c-791a-4e9a-8079-bc7bc35b40a5 - - - - -] Acquired lock "singleton_lock" lock /var/lib/kolla/venv/lib/python3.6/site-packages/oslo_concurrency/lockutils.py:294
2026-02-23 02:12:27.543 24 DEBUG oslo_concurrency.lockutils [req-37184f2c-791a-4e9a-8079-bc7bc35b40a5 - - - - -] Releasing lock "singleton_lock" lock /var/lib/kolla/venv/lib/python3.6/site-packages/oslo_concurrency/lockutils.py:312
2026-02-23 02:12:27.543 24 DEBUG neutron.service [req-37184f2c-791a-4e9a-8079-bc7bc35b40a5 - - - - -] calling RpcWorker wait() _wait /var/lib/kolla/venv/lib/python3.6/site-packages/neutron/service.py:128
2026-02-23 02:12:27.544 24 DEBUG neutron.service [req-37184f2c-791a-4e9a-8079-bc7bc35b40a5 - - - - -] calling wait on _wait /var/lib/kolla/venv/lib/python3.6/site-packages/neutron/service.py:131
2026-02-23 02:12:27.547 23 DEBUG oslo_concurrency.lockutils [req-37184f2c-791a-4e9a-8079-bc7bc35b40a5 - - - - -] Acquired lock "singleton_lock" lock /var/lib/kolla/venv/lib/python3.6/site-packages/oslo_concurrency/lockutils.py:294
2026-02-23 02:12:27.548 23 DEBUG oslo_concurrency.lockutils [req-37184f2c-791a-4e9a-8079-bc7bc35b40a5 - - - - -] Releasing lock "singleton_lock" lock /var/lib/kolla/venv/lib/python3.6/site-packages/oslo_concurrency/lockutils.py:312
2026-02-23 02:12:27.548 23 DEBUG neutron.service [req-37184f2c-791a-4e9a-8079-bc7bc35b40a5 - - - - -] calling RpcWorker wait() _wait /var/lib/kolla/venv/lib/python3.6/site-packages/neutron/service.py:128
2026-02-23 02:12:27.548 23 DEBUG neutron.service [req-37184f2c-791a-4e9a-8079-bc7bc35b40a5 - - - - -] calling wait on _wait /var/lib/kolla/venv/lib/python3.6/site-packages/neutron/service.py:131
2026-02-23 02:12:27.550 24 WARNING amqp [req-37184f2c-791a-4e9a-8079-bc7bc35b40a5 - - - - -] Received method (60, 30) during closing channel 1. This method will be ignored
2026-02-23 02:12:27.551 24 DEBUG neutron.service [req-37184f2c-791a-4e9a-8079-bc7bc35b40a5 - - - - -] calling wait on _wait /var/lib/kolla/venv/lib/python3.6/site-packages/neutron/service.py:131
2026-02-23 02:12:27.553 23 WARNING amqp [req-37184f2c-791a-4e9a-8079-bc7bc35b40a5 - - - - -] Received method (60, 30) during closing channel 1. This method will be ignored
2026-02-23 02:12:27.554 23 DEBUG neutron.service [req-37184f2c-791a-4e9a-8079-bc7bc35b40a5 - - - - -] calling wait on _wait /var/lib/kolla/venv/lib/python3.6/site-packages/neutron/service.py:131
2026-02-23 02:12:27.556 24 WARNING amqp [req-37184f2c-791a-4e9a-8079-bc7bc35b40a5 - - - - -] Received method (60, 30) during closing channel 1. This method will be ignored
2026-02-23 02:12:27.557 24 DEBUG neutron.service [req-37184f2c-791a-4e9a-8079-bc7bc35b40a5 - - - - -] calling wait on _wait /var/lib/kolla/venv/lib/python3.6/site-packages/neutron/service.py:131
2026-02-23 02:12:27.559 23 WARNING amqp [req-37184f2c-791a-4e9a-8079-bc7bc35b40a5 - - - - -] Received method (60, 30) during closing channel 1. This method will be ignored
2026-02-23 02:12:27.560 23 DEBUG neutron.service [req-37184f2c-791a-4e9a-8079-bc7bc35b40a5 - - - - -] calling wait on _wait /var/lib/kolla/venv/lib/python3.6/site-packages/neutron/service.py:131
2026-02-23 02:12:27.563 24 WARNING amqp [req-37184f2c-791a-4e9a-8079-bc7bc35b40a5 - - - - -] Received method (60, 30) during closing channel 1. This method will be ignored
2026-02-23 02:12:27.564 24 DEBUG neutron.service [req-37184f2c-791a-4e9a-8079-bc7bc35b40a5 - - - - -] calling wait on _wait /var/lib/kolla/venv/lib/python3.6/site-packages/neutron/service.py:131
2026-02-23 02:12:27.566 23 WARNING amqp [req-37184f2c-791a-4e9a-8079-bc7bc35b40a5 - - - - -] Received method (60, 30) during closing channel 1. This method will be ignored
2026-02-23 02:12:27.568 23 DEBUG neutron.service [req-37184f2c-791a-4e9a-8079-bc7bc35b40a5 - - - - -] calling wait on _wait /var/lib/kolla/venv/lib/python3.6/site-packages/neutron/service.py:131
2026-02-23 02:12:27.570 24 WARNING amqp [req-37184f2c-791a-4e9a-8079-bc7bc35b40a5 - - - - -] Received method (60, 30) during closing channel 1. This method will be ignored
2026-02-23 02:12:27.572 24 DEBUG neutron.service [req-37184f2c-791a-4e9a-8079-bc7bc35b40a5 - - - - -] returning from RpcWorker wait() _wait /var/lib/kolla/venv/lib/python3.6/site-packages/neutron/service.py:135
2026-02-23 02:12:27.574 23 WARNING amqp [req-37184f2c-791a-4e9a-8079-bc7bc35b40a5 - - - - -] Received method (60, 30) during closing channel 1. This method will be ignored
2026-02-23 02:12:27.575 23 DEBUG neutron.service [req-37184f2c-791a-4e9a-8079-bc7bc35b40a5 - - - - -] returning from RpcWorker wait() _wait /var/lib/kolla/venv/lib/python3.6/site-packages/neutron/service.py:135
2026-02-23 02:12:27.583 7 INFO oslo_service.service [-] Child 23 exited with status 0
2026-02-23 02:12:27.586 7 INFO oslo_service.service [-] Child 24 exited with status 0
2026-02-23 02:12:29.251 25 DEBUG neutron.service [-] calling stop on stop /var/lib/kolla/venv/lib/python3.6/site-packages/neutron/service.py:141
2026-02-23 02:12:34.280 7 INFO neutron.common.config [-] Logging enabled!
2026-02-23 02:12:34.280 7 INFO neutron.common.config [-] /var/lib/kolla/venv/bin/neutron-server version 20.5.1.dev23
2026-02-23 02:12:34.280 7 DEBUG neutron.common.config [-] command line: /var/lib/kolla/venv/bin/neutron-server --config-file /etc/neutron/neutron.conf --config-file /etc/neutron/ContrailPlugin.ini --config-file /etc/neutron/api-paste.ini setup_logging /var/lib/kolla/venv/lib/python3.6/site-packages/neutron/common/config.py:115
2026-02-23 02:12:34.285 7 INFO neutron.common.config [-] Logging enabled!
2026-02-23 02:12:34.286 7 INFO neutron.common.config [-] /var/lib/kolla/venv/bin/neutron-server version 20.5.1.dev23
2026-02-23 02:12:34.286 7 DEBUG neutron.common.config [-] command line: /var/lib/kolla/venv/bin/neutron-server --config-file /etc/neutron/neutron.conf --config-file /etc/neutron/ContrailPlugin.ini --config-file /etc/neutron/api-paste.ini setup_logging /var/lib/kolla/venv/lib/python3.6/site-packages/neutron/common/config.py:115
2026-02-23 02:12:34.286 7 DEBUG neutron.common.config [-] ******************************************************************************** log_opt_values /var/lib/kolla/venv/lib/python3.6/site-packages/oslo_config/cfg.py:2589
2026-02-23 02:12:34.286 7 DEBUG neutron.common.config [-] Configuration options gathered from: log_opt_values /var/lib/kolla/venv/lib/python3.6/site-packages/oslo_config/cfg.py:2590
2026-02-23 02:12:34.287 7 DEBUG neutron.common.config [-] command line args: ['--config-file', '/etc/neutron/neutron.conf', '--config-file', '/etc/neutron/ContrailPlugin.ini', '--config-file', '/etc/neutron/api-paste.ini'] log_opt_values /var/lib/kolla/venv/lib/python3.6/site-packages/oslo_config/cfg.py:2591
2026-02-23 02:12:34.287 7 DEBUG neutron.common.config [-] config files: ['/etc/neutron/neutron.conf', '/etc/neutron/ContrailPlugin.ini', '/etc/neutron/api-paste.ini'] log_opt_values /var/lib/kolla/venv/lib/python3.6/site-packages/oslo_config/cfg.py:2593
2026-02-23 02:12:34.287 7 DEBUG neutron.common.config [-] ================================================================================ log_opt_values /var/lib/kolla/venv/lib/python3.6/site-packages/oslo_config/cfg.py:2594
2026-02-23 02:12:34.288 7 DEBUG neutron.common.config [-] allow_bulk = True log_opt_values /var/lib/kolla/venv/lib/python3.6/site-packages/oslo_config/cfg.py:2603
2026-02-23 02:12:34.288 7 WARNING oslo_config.cfg [-] Deprecated: Option "allow_overlapping_ips" from group "DEFAULT" is deprecated for removal. Its value may be silently ignored in the future.
2026-02-23 02:12:34.288 7 DEBUG neutron.common.config [-] allow_overlapping_ips = True log_opt_values /var/lib/kolla/venv/lib/python3.6/site-packages/oslo_config/cfg.py:2603
2026-02-23 02:12:34.288 7 DEBUG neutron.common.config [-] api_extensions_path = /opt/plugin/site-packages/neutron_plugin_contrail/extensions:/opt/plugin/site-packages/neutron_lbaas/extensions log_opt_values /var/lib/kolla/venv/lib/python3.6/site-packages/oslo_config/cfg.py:2603
2026-02-23 02:12:34.288 7 DEBUG neutron.common.config [-] api_paste_config = /etc/neutron/api-paste.ini log_opt_values /var/lib/kolla/venv/lib/python3.6/site-packages/oslo_config/cfg.py:2603
2026-02-23 02:12:34.288 7 DEBUG neutron.common.config [-] api_workers = 1 log_opt_values /var/lib/kolla/venv/lib/python3.6/site-packages/oslo_config/cfg.py:2603
2026-02-23 02:12:34.288 7 DEBUG neutron.common.config [-] auth_strategy = keystone log_opt_values /var/lib/kolla/venv/lib/python3.6/site-packages/oslo_config/cfg.py:2603
2026-02-23 02:12:34.288 7 DEBUG neutron.common.config [-] backlog = 4096 log_opt_values /var/lib/kolla/venv/lib/python3.6/site-packages/oslo_config/cfg.py:2603
2026-02-23 02:12:34.289 7 DEBUG neutron.common.config [-] base_mac = fa:16:3e:00:00:00 log_opt_values /var/lib/kolla/venv/lib/python3.6/site-packages/oslo_config/cfg.py:2603
